51.222.253.10 - - [28/Jan/2023:16:01:42 -0800] "GET /PDFContent/MATHS%20WORLD/?C=N;O=D HTTP/1.1" 200 443 "-" "Mozilla/5.0 (compatible; AhrefsBot/7.0; +http://ahrefs.com/robot/)" "brainbox.co.in"
51.222.253.14 - - [28/Jan/2023:16:05:13 -0800] "GET /PDFContent/MATHS%20WORLD/?C=S;O=A HTTP/1.1" 200 445 "-" "Mozilla/5.0 (compatible; AhrefsBot/7.0; +http://ahrefs.com/robot/)" "brainbox.co.in"
51.222.253.16 - - [28/Jan/2023:16:08:57 -0800] "GET /PDFContent/MATHS%20WORLD/CLASS%20-%201%20WORKSHEETS/ HTTP/1.1" 200 821 "-" "Mozilla/5.0 (compatible; AhrefsBot/7.0; +http://ahrefs.com/robot/)" "brainbox.co.in"
5.255.253.149 - - [28/Jan/2023:16:13:29 -0800] "GET /PDFContent/Beetle/CLASS%20I/EVS%20class1-sem1/Lesson%207.%20my%20school.pdf HTTP/1.1" 200 91605 "-" "Mozilla/5.0 (compatible; YandexBot/3.0; +http://yandex.com/bots)" "brainbox.co.in"
51.222.253.17 - - [28/Jan/2023:16:13:29 -0800] "GET /PDFContent/MATHS%20WORLD/CLASS%20-%202%20WORKSHEETS/ HTTP/1.1" 200 749 "-" "Mozilla/5.0 (compatible; AhrefsBot/7.0; +http://ahrefs.com/robot/)" "brainbox.co.in"
51.222.253.15 - - [28/Jan/2023:16:17:45 -0800] "GET /PDFContent/MATHS%20WORLD/CLASS%20-%203%20WORKSHEETS/ HTTP/1.1" 200 825 "-" "Mozilla/5.0 (compatible; AhrefsBot/7.0; +http://ahrefs.com/robot/)" "brainbox.co.in"
51.222.253.1 - - [28/Jan/2023:16:21:51 -0800] "GET /PDFContent/MATHS%20WORLD/CLASS%20-%204%20WORKSHEETS/ HTTP/1.1" 200 729 "-" "Mozilla/5.0 (compatible; AhrefsBot/7.0; +http://ahrefs.com/robot/)" "brainbox.co.in"
87.250.224.89 - - [28/Jan/2023:16:24:34 -0800] "GET /PDFContent/SPECIAL%20CROUSE/Part%201%20Grammar%20Essentials/STD_VI/UNIT-8.pdf HTTP/1.1" 200 318328 "-" "Mozilla/5.0 (compatible; YandexBot/3.0; +http://yandex.com/bots)" "brainbox.co.in"
51.222.253.19 - - [28/Jan/2023:16:25:30 -0800] "GET /PDFContent/MATHS%20WORLD/CLASS%20-%205%20WORKSHEETS/ HTTP/1.1" 200 737 "-" "Mozilla/5.0 (compatible; AhrefsBot/7.0; +http://ahrefs.com/robot/)" "brainbox.co.in"
51.222.253.20 - - [28/Jan/2023:16:29:27 -0800] "GET /PDFContent/03%20CBSE/06%20Class%20XI/Chemistry/L02_STRUCTURE%20OF%20ATOM/?C=D;O=A HTTP/1.1" 200 765 "-" "Mozilla/5.0 (compatible; AhrefsBot/7.0; +http://ahrefs.com/robot/)" "brainbox.co.in"
51.222.253.5 - - [28/Jan/2023:16:33:24 -0800] "GET /PDFContent/03%20CBSE/06%20Class%20XI/Chemistry/L02_STRUCTURE%20OF%20ATOM/?C=N;O=D HTTP/1.1" 200 761 "-" "Mozilla/5.0 (compatible; AhrefsBot/7.0; +http://ahrefs.com/robot/)" "brainbox.co.in"
54.151.70.207 - - [28/Jan/2023:16:33:51 -0800] "GET /~richard/templates/beez/US/uk/paypal/login.htm HTTP/1.1" 404 73 "-" "Mozilla/5.0 (Macintosh; Intel Mac OS X 10_10_5) AppleWebKit/537.36 (KHTML, like Gecko) Chrome/52.0.2743.116 Safari/537.36" "brainbox.co.in"
51.222.253.8 - - [28/Jan/2023:16:37:15 -0800] "GET /PDFContent/Beetle/CLASS%20I/ENGLISH%20class1-sem2/?C=M;O=A HTTP/1.1" 200 632 "-" "Mozilla/5.0 (compatible; AhrefsBot/7.0; +http://ahrefs.com/robot/)" "brainbox.co.in"
51.222.253.15 - - [28/Jan/2023:16:41:25 -0800] "GET /PDFContent/Beetle/CLASS%20I/ENGLISH%20class1-sem2/?C=N;O=D HTTP/1.1" 200 628 "-" "Mozilla/5.0 (compatible; AhrefsBot/7.0; +http://ahrefs.com/robot/)" "brainbox.co.in"
51.222.253.15 - - [28/Jan/2023:16:45:19 -0800] "GET /PDFContent/Beetle/CLASS%20I/ENGLISH%20class1-sem2/?C=S;O=A HTTP/1.1" 200 629 "-" "Mozilla/5.0 (compatible; AhrefsBot/7.0; +http://ahrefs.com/robot/)" "brainbox.co.in"
51.222.253.18 - - [28/Jan/2023:16:49:29 -0800] "GET /PDFContent/Beetle/CLASS%20I/MATHEMATICS%20class1-sem1/?C=D;O=D HTTP/1.1" 200 608 "-" "Mozilla/5.0 (compatible; AhrefsBot/7.0; +http://ahrefs.com/robot/)" "brainbox.co.in"
51.222.253.2 - - [28/Jan/2023:16:53:31 -0800] "GET /PDFContent/Beetle/CLASS%20I/MATHEMATICS%20class1-sem1/?C=M;O=D HTTP/1.1" 200 608 "-" "Mozilla/5.0 (compatible; AhrefsBot/7.0; +http://ahrefs.com/robot/)" "brainbox.co.in"
5.255.231.115 - - [28/Jan/2023:16:53:57 -0800] "GET /PDFContent/01%20TSB/05%20Class%20X/English/THE%20STOREYED%20HOUSE%20P2/TSB_X_ENGLISH_LS05B_THE%20STOREYED%20HOUSE%20P2_ASSIGNMENT.pdf HTTP/1.1" 200 332678 "-" "Mozilla/5.0 (compatible; YandexBot/3.0; +http://yandex.com/bots)" "brainbox.co.in"
87.250.224.183 - - [28/Jan/2023:16:55:47 -0800] "GET /PDFContent/Beetle/CLASS%20III/MATHEMATICS/SEM%202/Lesson%203.%20Measurement%20of%20mass.pdf HTTP/1.1" 200 119182 "-" "Mozilla/5.0 (compatible; YandexBot/3.0; +http://yandex.com/bots)" "brainbox.co.in"
51.222.253.17 - - [28/Jan/2023:17:02:03 -0800] "GET /PDFContent/Beetle/CLASS%20I/MATHEMATICS%20class1-sem1/?C=S;O=D HTTP/1.1" 200 608 "-" "Mozilla/5.0 (compatible; AhrefsBot/7.0; +http://ahrefs.com/robot/)" "brainbox.co.in"
66.249.72.32 - - [28/Jan/2023:17:08:38 -0800] "GET /PDFContent/03%20CBSE/03%20Class%20VIII/Maths/ALGEBRAIC%20EXPRESSIONS%20AND%20IDENTITIES/CBSE_VIII_MATHS_LS09_ALGEBRAIC%20EXPRESSION%20OF%20IDENTITIES_STANDARD_IDENTITY_03.pdf HTTP/1.1" 200 266135 "-" "Mozilla/5.0 (Windows NT 10.0; Win64; x64)AppleWebKit/537.36 (KHTML, like Gecko) Chrome/91.0.4472.101 Safari/537.36 (compatible; GoogleOther)" "brainbox.co.in"
51.222.253.2 - - [28/Jan/2023:17:15:21 -0800] "GET /PDFContent/Beetle/CLASS%20I/EVS%20class1-sem2/?C=D;O=D HTTP/1.1" 200 596 "-" "Mozilla/5.0 (compatible; AhrefsBot/7.0; +http://ahrefs.com/robot/)" "brainbox.co.in"
51.222.253.18 - - [28/Jan/2023:17:23:49 -0800] "GET /PDFContent/Beetle/CLASS%20I/EVS%20class1-sem2/?C=S;O=D HTTP/1.1" 200 598 "-" "Mozilla/5.0 (compatible; AhrefsBot/7.0; +http://ahrefs.com/robot/)" "brainbox.co.in"
51.222.253.17 - - [28/Jan/2023:17:37:42 -0800] "GET /PDFContent/Beetle/CLASS%20I/MATHEMATICS%20class1-sem2/?C=D;O=D HTTP/1.1" 200 645 "-" "Mozilla/5.0 (compatible; AhrefsBot/7.0; +http://ahrefs.com/robot/)" "brainbox.co.in"
15.235.12.96 - - [28/Jan/2023:17:45:09 -0800] "GET / HTTP/1.1" 200 429 "http://brainbox.co.in/" "Mozilla/5.0 (Macintosh; Intel Mac OS X 13_0) AppleWebKit/537.36 (KHTML, like Gecko) Chrome/107.0.0.0 Safari/537.36" "brainbox.co.in"
15.235.12.96 - - [28/Jan/2023:17:45:09 -0800] "GET / HTTP/1.1" 200 429 "http://www.brainbox.co.in/" "Mozilla/5.0 (Macintosh; Intel Mac OS X 13_0) AppleWebKit/537.36 (KHTML, like Gecko) Chrome/107.0.0.0 Safari/537.36" "www.brainbox.co.in"
51.222.253.9 - - [28/Jan/2023:17:51:15 -0800] "GET /PDFContent/Beetle/CLASS%20I/MATHEMATICS%20class1-sem2/?C=M;O=D HTTP/1.1" 200 647 "-" "Mozilla/5.0 (compatible; AhrefsBot/7.0; +http://ahrefs.com/robot/)" "brainbox.co.in"
3.138.100.173 - - [28/Jan/2023:17:59:24 -0800] "GET /~richard/templates/beez/US/uk/paypal/login.htm HTTP/1.1" 404 73 "-" "Mozilla/5.0 (Macintosh; Intel Mac OS X 10_10_5) AppleWebKit/537.36 (KHTML, like Gecko) Chrome/52.0.2743.116 Safari/537.36" "brainbox.co.in"
51.222.253.17 - - [28/Jan/2023:18:09:26 -0800] "GET /PDFContent/Beetle/CLASS%20I/MATHEMATICS%20class1-sem2/?C=S;O=D HTTP/1.1" 200 649 "-" "Mozilla/5.0 (compatible; AhrefsBot/7.0; +http://ahrefs.com/robot/)" "brainbox.co.in"
5.45.207.153 - - [28/Jan/2023:18:18:19 -0800] "GET /PDFContent/SPECIAL%20CROUSE/Part%201%20Grammar%20Essentials/STD_VI/UNIT-5.pdf HTTP/1.1" 200 346712 "-" "Mozilla/5.0 (compatible; YandexBot/3.0; +http://yandex.com/bots)" "brainbox.co.in"
51.222.253.15 - - [28/Jan/2023:18:19:42 -0800] "GET /PDFContent/CUBE%20Maths/CLASS%20-%202%20WORKSHEETS/?C=D;O=A HTTP/1.1" 200 775 "-" "Mozilla/5.0 (compatible; AhrefsBot/7.0; +http://ahrefs.com/robot/)" "brainbox.co.in"
157.55.39.196 - - [28/Jan/2023:18:19:49 -0800] "GET /PDFContent/01%20TSB/01%20Class%20VI/English/ HTTP/1.1" 200 430 "-" "Mozilla/5.0 AppleWebKit/537.36 (KHTML, like Gecko; compatible; bingbot/2.0; +http://www.bing.com/bingbot.htm) Chrome/103.0.5060.134 Safari/537.36" "www.brainbox.co.in"
51.222.253.12 - - [28/Jan/2023:18:23:00 -0800] "GET /PDFContent/English%20World/CLASS%20-%202%20WORKSHEETS/?C=M;O=A HTTP/1.1" 200 819 "-" "Mozilla/5.0 (compatible; AhrefsBot/7.0; +http://ahrefs.com/robot/)" "brainbox.co.in"
87.250.224.110 - - [28/Jan/2023:18:25:13 -0800] "GET /PDFContent/Beetle/CLASS%20III/SOCIAL/SEM%202/Lesson%209.%20Some%20more%20cities.pdf HTTP/1.1" 200 133105 "-" "Mozilla/5.0 (compatible; YandexBot/3.0; +http://yandex.com/bots)" "brainbox.co.in"
51.222.253.16 - - [28/Jan/2023:18:25:44 -0800] "GET /PDFContent/CUBE%20Maths/CLASS%20-%205%20WORKSHEETS/?C=N;O=D HTTP/1.1" 200 827 "-" "Mozilla/5.0 (compatible; AhrefsBot/7.0; +http://ahrefs.com/robot/)" "brainbox.co.in"
51.222.253.13 - - [28/Jan/2023:18:27:49 -0800] "GET /PDFContent/CUBE%20Maths/CLASS%20-%203%20WORKSHEETS/?C=M;O=A HTTP/1.1" 200 790 "-" "Mozilla/5.0 (compatible; AhrefsBot/7.0; +http://ahrefs.com/robot/)" "brainbox.co.in"
51.222.253.6 - - [28/Jan/2023:18:28:27 -0800] "GET /PDFContent/English%20World/CLASS%20-%205%20WORKSHEETS/?C=N;O=D HTTP/1.1" 200 899 "-" "Mozilla/5.0 (compatible; AhrefsBot/7.0; +http://ahrefs.com/robot/)" "brainbox.co.in"
51.222.253.16 - - [28/Jan/2023:18:28:56 -0800] "GET /PDFContent/CUBE%20Maths/CLASS%20-%201%20WORKSHEETS/?C=D;O=A HTTP/1.1" 200 865 "-" "Mozilla/5.0 (compatible; AhrefsBot/7.0; +http://ahrefs.com/robot/)" "brainbox.co.in"
51.222.253.18 - - [28/Jan/2023:18:29:32 -0800] "GET /PDFContent/CUBE%20Maths/CLASS%20-%201%20WORKSHEETS/?C=N;O=D HTTP/1.1" 200 864 "-" "Mozilla/5.0 (compatible; AhrefsBot/7.0; +http://ahrefs.com/robot/)" "brainbox.co.in"
51.222.253.19 - - [28/Jan/2023:18:29:59 -0800] "GET /PDFContent/CUBE%20Maths/CLASS%20-%201%20WORKSHEETS/?C=S;O=A HTTP/1.1" 200 876 "-" "Mozilla/5.0 (compatible; AhrefsBot/7.0; +http://ahrefs.com/robot/)" "brainbox.co.in"
51.222.253.4 - - [28/Jan/2023:18:30:03 -0800] "GET /PDFContent/English%20World/CLASS%20-%203%20WORKSHEETS/?C=N;O=D HTTP/1.1" 200 925 "-" "Mozilla/5.0 (compatible; AhrefsBot/7.0; +http://ahrefs.com/robot/)" "brainbox.co.in"
51.222.253.6 - - [28/Jan/2023:18:30:06 -0800] "GET /PDFContent/03%20CBSE/06%20Class%20XI/Chemistry/L02_STRUCTURE%20OF%20ATOM/?C=S;O=A HTTP/1.1" 200 763 "-" "Mozilla/5.0 (compatible; AhrefsBot/7.0; +http://ahrefs.com/robot/)" "brainbox.co.in"
51.222.253.15 - - [28/Jan/2023:18:30:09 -0800] "GET /PDFContent/Beetle/CLASS%20I/ENGLISH%20class1-sem1/?C=M;O=A HTTP/1.1" 200 921 "-" "Mozilla/5.0 (compatible; AhrefsBot/7.0; +http://ahrefs.com/robot/)" "brainbox.co.in"
51.222.253.1 - - [28/Jan/2023:18:30:12 -0800] "GET /PDFContent/Beetle/CLASS%20I/ENGLISH%20class1-sem1/?C=N;O=D HTTP/1.1" 200 903 "-" "Mozilla/5.0 (compatible; AhrefsBot/7.0; +http://ahrefs.com/robot/)" "brainbox.co.in"
51.222.253.5 - - [28/Jan/2023:18:35:21 -0800] "GET /PDFContent/03%20CBSE/07%20Class%20XII/Maths/?C=N;O=D HTTP/1.1" 200 748 "-" "Mozilla/5.0 (compatible; AhrefsBot/7.0; +http://ahrefs.com/robot/)" "brainbox.co.in"
51.222.253.11 - - [28/Jan/2023:18:39:05 -0800] "GET /PDFContent/Beetle/CLASS%20III/SOCIAL/SEM%202/ HTTP/1.1" 200 677 "-" "Mozilla/5.0 (compatible; AhrefsBot/7.0; +http://ahrefs.com/robot/)" "brainbox.co.in"
66.249.72.62 - - [28/Jan/2023:18:39:46 -0800] "GET /PDFContent/03%20CBSE/03%20Class%20VIII/Maths/ALGEBRAIC%20EXPRESSIONS%20AND%20IDENTITIES/CBSE_VIII_MATHS_LS09_ALGEBRAIC%20EXPRESSION%20OF%20IDENTITIES_FACTORS%20OF%20A%20TERM.pdf HTTP/1.1" 200 360399 "-" "Mozilla/5.0 (Windows NT 10.0; Win64; x64)AppleWebKit/537.36 (KHTML, like Gecko) Chrome/91.0.4472.101 Safari/537.36 (compatible; GoogleOther)" "brainbox.co.in"
51.222.253.16 - - [28/Jan/2023:18:42:41 -0800] "GET /MyERP/?C=N;O=A HTTP/1.1" 200 312 "-" "Mozilla/5.0 (compatible; AhrefsBot/7.0; +http://ahrefs.com/robot/)" "brainbox.co.in"
51.222.253.18 - - [28/Jan/2023:18:46:04 -0800] "GET /PDFContent/English%20World/?C=N;O=A HTTP/1.1" 200 445 "-" "Mozilla/5.0 (compatible; AhrefsBot/7.0; +http://ahrefs.com/robot/)" "brainbox.co.in"
51.222.253.12 - - [28/Jan/2023:18:49:53 -0800] "GET /PDFContent/MATHS%20WORLD/?C=N;O=A HTTP/1.1" 200 445 "-" "Mozilla/5.0 (compatible; AhrefsBot/7.0; +http://ahrefs.com/robot/)" "brainbox.co.in"
51.222.253.19 - - [28/Jan/2023:18:53:30 -0800] "GET /PDFContent/Beetle/CLASS%20I/ENGLISH%20class1-sem2/?C=D;O=A HTTP/1.1" 200 629 "-" "Mozilla/5.0 (compatible; AhrefsBot/7.0; +http://ahrefs.com/robot/)" "brainbox.co.in"
51.222.253.8 - - [28/Jan/2023:19:00:47 -0800] "GET /PDFContent/Beetle/CLASS%20I/ENGLISH%20class1-sem2/?C=N;O=A HTTP/1.1" 200 629 "-" "Mozilla/5.0 (compatible; AhrefsBot/7.0; +http://ahrefs.com/robot/)" "brainbox.co.in"
51.222.253.16 - - [28/Jan/2023:19:08:43 -0800] "GET /PDFContent/03%20CBSE/06%20Class%20XI/Chemistry/L02_STRUCTURE%20OF%20ATOM/?C=M;O=A HTTP/1.1" 200 764 "-" "Mozilla/5.0 (compatible; AhrefsBot/7.0; +http://ahrefs.com/robot/)" "brainbox.co.in"
51.222.253.9 - - [28/Jan/2023:19:16:00 -0800] "GET /PDFContent/CREEPERS/?C=D;O=A HTTP/1.1" 200 433 "-" "Mozilla/5.0 (compatible; AhrefsBot/7.0; +http://ahrefs.com/robot/)" "brainbox.co.in"
51.222.253.18 - - [28/Jan/2023:19:23:07 -0800] "GET /PDFContent/CREEPERS/?C=M;O=A HTTP/1.1" 200 432 "-" "Mozilla/5.0 (compatible; AhrefsBot/7.0; +http://ahrefs.com/robot/)" "brainbox.co.in"
51.222.253.14 - - [28/Jan/2023:19:31:20 -0800] "GET /PDFContent/CREEPERS/?C=N;O=D HTTP/1.1" 200 431 "-" "Mozilla/5.0 (compatible; AhrefsBot/7.0; +http://ahrefs.com/robot/)" "brainbox.co.in"
51.222.253.19 - - [28/Jan/2023:19:38:42 -0800] "GET /PDFContent/CREEPERS/?C=S;O=A HTTP/1.1" 200 434 "-" "Mozilla/5.0 (compatible; AhrefsBot/7.0; +http://ahrefs.com/robot/)" "brainbox.co.in"
51.222.253.16 - - [28/Jan/2023:19:46:22 -0800] "GET /PDFContent/CREEPERS/CLASS%2001/ HTTP/1.1" 200 435 "-" "Mozilla/5.0 (compatible; AhrefsBot/7.0; +http://ahrefs.com/robot/)" "brainbox.co.in"
51.222.253.6 - - [28/Jan/2023:19:54:11 -0800] "GET /PDFContent/CREEPERS/CLASS%2002/ HTTP/1.1" 200 437 "-" "Mozilla/5.0 (compatible; AhrefsBot/7.0; +http://ahrefs.com/robot/)" "brainbox.co.in"
51.222.253.13 - - [28/Jan/2023:20:01:43 -0800] "GET /PDFContent/CREEPERS/CLASS%2003/ HTTP/1.1" 200 435 "-" "Mozilla/5.0 (compatible; AhrefsBot/7.0; +http://ahrefs.com/robot/)" "brainbox.co.in"
51.222.253.14 - - [28/Jan/2023:20:09:33 -0800] "GET /PDFContent/CREEPERS/CLASS%2004/ HTTP/1.1" 200 440 "-" "Mozilla/5.0 (compatible; AhrefsBot/7.0; +http://ahrefs.com/robot/)" "brainbox.co.in"
51.222.253.5 - - [28/Jan/2023:20:14:06 -0800] "GET /PDFContent/CREEPERS/CLASS%2005/ HTTP/1.1" 200 438 "-" "Mozilla/5.0 (compatible; AhrefsBot/7.0; +http://ahrefs.com/robot/)" "brainbox.co.in"
51.222.253.12 - - [28/Jan/2023:20:19:17 -0800] "GET /PDFContent/CUBE%20Maths/?C=D;O=A HTTP/1.1" 200 441 "-" "Mozilla/5.0 (compatible; AhrefsBot/7.0; +http://ahrefs.com/robot/)" "brainbox.co.in"
51.222.253.16 - - [28/Jan/2023:20:24:19 -0800] "GET /PDFContent/CUBE%20Maths/?C=M;O=A HTTP/1.1" 200 441 "-" "Mozilla/5.0 (compatible; AhrefsBot/7.0; +http://ahrefs.com/robot/)" "brainbox.co.in"
51.222.253.8 - - [28/Jan/2023:20:28:57 -0800] "GET /PDFContent/CUBE%20Maths/?C=N;O=D HTTP/1.1" 200 439 "-" "Mozilla/5.0 (compatible; AhrefsBot/7.0; +http://ahrefs.com/robot/)" "brainbox.co.in"
51.222.253.18 - - [28/Jan/2023:20:33:34 -0800] "GET /PDFContent/CUBE%20Maths/?C=S;O=A HTTP/1.1" 200 441 "-" "Mozilla/5.0 (compatible; AhrefsBot/7.0; +http://ahrefs.com/robot/)" "brainbox.co.in"
66.249.72.32 - - [28/Jan/2023:20:38:07 -0800] "GET /PDFContent//01%20TSB/02%20Class%20VII/English/01LS4C/TSBoard_English_Vll_LS04C_Q&A.pdf HTTP/1.1" 200 207675 "-" "Mozilla/5.0 (Windows NT 10.0; Win64; x64)AppleWebKit/537.36 (KHTML, like Gecko) Chrome/91.0.4472.101 Safari/537.36 (compatible; GoogleOther)" "brainbox.co.in"
51.222.253.11 - - [28/Jan/2023:20:38:18 -0800] "GET /PDFContent/English/?C=D;O=A HTTP/1.1" 200 439 "-" "Mozilla/5.0 (compatible; AhrefsBot/7.0; +http://ahrefs.com/robot/)" "brainbox.co.in"
51.222.253.13 - - [28/Jan/2023:20:43:28 -0800] "GET /PDFContent/English/?C=M;O=A HTTP/1.1" 200 439 "-" "Mozilla/5.0 (compatible; AhrefsBot/7.0; +http://ahrefs.com/robot/)" "brainbox.co.in"
87.250.224.146 - - [28/Jan/2023:20:45:41 -0800] "GET /robots.txt HTTP/1.1" 404 73 "-" "Mozilla/5.0 (compatible; YandexBot/3.0; +http://yandex.com/bots)" "brainbox.co.in"
87.250.224.199 - - [28/Jan/2023:20:45:45 -0800] "GET /PDFContent/SPECIAL%20CROUSE/Part%201%20Grammar%20Essentials/STD_VII/UNIT-3.pdf HTTP/1.1" 200 312201 "-" "Mozilla/5.0 (compatible; YandexBot/3.0; +http://yandex.com/bots)" "brainbox.co.in"
51.222.253.5 - - [28/Jan/2023:20:47:42 -0800] "GET /PDFContent/English/?C=N;O=D HTTP/1.1" 200 437 "-" "Mozilla/5.0 (compatible; AhrefsBot/7.0; +http://ahrefs.com/robot/)" "brainbox.co.in"
114.119.145.137 - - [28/Jan/2023:20:50:50 -0800] "GET /PDFContent/English%20World/CLASS%20-%204%20WORKSHEETS/Lesson%208%20-%20The%20Old%20Woman%20And%20The%20Physician.pdf HTTP/1.1" 200 103749 "https://brainbox.co.in/PDFContent/English%20World/CLASS%20-%204%20WORKSHEETS/?C=S%3BO%3DA" "Mozilla/5.0 (Linux; Android 7.0;) AppleWebKit/537.36 (KHTML, like Gecko) Mobile Safari/537.36 (compatible; PetalBot;+https://webmaster.petalsearch.com/site/petalbot)" "brainbox.co.in"
51.222.253.9 - - [28/Jan/2023:20:51:15 -0800] "GET /PDFContent/English/?C=S;O=A HTTP/1.1" 200 439 "-" "Mozilla/5.0 (compatible; AhrefsBot/7.0; +http://ahrefs.com/robot/)" "brainbox.co.in"
51.222.253.1 - - [28/Jan/2023:20:54:31 -0800] "GET /PDFContent/English%20World/?C=D;O=D HTTP/1.1" 200 443 "-" "Mozilla/5.0 (compatible; AhrefsBot/7.0; +http://ahrefs.com/robot/)" "brainbox.co.in"
40.77.167.98 - - [28/Jan/2023:20:54:47 -0800] "GET /robots.txt HTTP/1.1" 404 88 "-" "Mozilla/5.0 AppleWebKit/537.36 (KHTML, like Gecko; compatible; bingbot/2.0; +http://www.bing.com/bingbot.htm) Chrome/103.0.5060.134 Safari/537.36" "brainbox.co.in"
157.55.39.133 - - [28/Jan/2023:20:54:49 -0800] "GET /PDFContent/03%20CBSE/03%20Class%20VIII/Maths/INTRODUCTION%20TO%20GRAPHS/Introduction%20to%20Graphs_Locating%20a%20point%20In%20a%20Cartesian%20plane%20through%20an%20line.pdf HTTP/1.1" 200 157217 "-" "Mozilla/5.0 AppleWebKit/537.36 (KHTML, like Gecko; compatible; bingbot/2.0; +http://www.bing.com/bingbot.htm) Chrome/103.0.5060.134 Safari/537.36" "brainbox.co.in"
65.109.67.80 - - [28/Jan/2023:20:56:20 -0800] "GET /robots.txt HTTP/1.1" 404 73 "-" "Mozilla/5.0 (compatible; MJ12bot/v1.4.8; http://mj12bot.com/)" "brainbox.co.in"
65.109.67.80 - - [28/Jan/2023:20:56:21 -0800] "GET /PDFContent/01%20TSB/07%20Class%20XII/Maths/LS02A_De%20Moivre%E2%80%99s%20theorem/ HTTP/1.1" 200 512 "-" "Mozilla/5.0 (compatible; MJ12bot/v1.4.8; http://mj12bot.com/)" "brainbox.co.in"
51.222.253.5 - - [28/Jan/2023:20:57:28 -0800] "GET /PDFContent/English%20World/?C=M;O=D HTTP/1.1" 200 443 "-" "Mozilla/5.0 (compatible; AhrefsBot/7.0; +http://ahrefs.com/robot/)" "brainbox.co.in"
54.183.245.14 - - [28/Jan/2023:20:59:34 -0800] "GET /~richard/templates/beez/US/uk/paypal/login.htm HTTP/1.1" 404 73 "-" "Mozilla/5.0 (Macintosh; Intel Mac OS X 10_10_5) AppleWebKit/537.36 (KHTML, like Gecko) Chrome/52.0.2743.116 Safari/537.36" "brainbox.co.in"
51.222.253.16 - - [28/Jan/2023:21:00:33 -0800] "GET /PDFContent/English%20World/?C=S;O=D HTTP/1.1" 200 443 "-" "Mozilla/5.0 (compatible; AhrefsBot/7.0; +http://ahrefs.com/robot/)" "brainbox.co.in"
51.222.253.19 - - [28/Jan/2023:21:03:49 -0800] "GET /PDFContent/MATHS%20WORLD/?C=D;O=D HTTP/1.1" 200 443 "-" "Mozilla/5.0 (compatible; AhrefsBot/7.0; +http://ahrefs.com/robot/)" "brainbox.co.in"
51.222.253.10 - - [28/Jan/2023:21:07:07 -0800] "GET /PDFContent/MATHS%20WORLD/?C=M;O=D HTTP/1.1" 200 443 "-" "Mozilla/5.0 (compatible; AhrefsBot/7.0; +http://ahrefs.com/robot/)" "brainbox.co.in"
51.222.253.3 - - [28/Jan/2023:21:09:54 -0800] "GET /PDFContent/MATHS%20WORLD/?C=S;O=D HTTP/1.1" 200 443 "-" "Mozilla/5.0 (compatible; AhrefsBot/7.0; +http://ahrefs.com/robot/)" "brainbox.co.in"
51.222.253.9 - - [28/Jan/2023:21:15:34 -0800] "GET /PDFContent/03%20CBSE/06%20Class%20XI/Chemistry/L02_STRUCTURE%20OF%20ATOM/?C=N;O=A HTTP/1.1" 200 765 "-" "Mozilla/5.0 (compatible; AhrefsBot/7.0; +http://ahrefs.com/robot/)" "brainbox.co.in"
51.222.253.2 - - [28/Jan/2023:21:21:29 -0800] "GET /PDFContent/Beetle/CLASS%20I/ENGLISH%20class1-sem2/?C=M;O=D HTTP/1.1" 200 627 "-" "Mozilla/5.0 (compatible; AhrefsBot/7.0; +http://ahrefs.com/robot/)" "brainbox.co.in"
51.222.253.13 - - [28/Jan/2023:21:33:25 -0800] "GET /PDFContent/Beetle/CLASS%20I/ENGLISH%20class1-sem2/?C=S;O=D HTTP/1.1" 200 627 "-" "Mozilla/5.0 (compatible; AhrefsBot/7.0; +http://ahrefs.com/robot/)" "brainbox.co.in"
213.180.203.66 - - [28/Jan/2023:21:38:01 -0800] "GET /PDFContent/01%20TSB/05%20Class%20X/Biology/EXCRETION/Excretion_T01_Introduction.pdf HTTP/1.1" 200 131581 "-" "Mozilla/5.0 (compatible; YandexBot/3.0; +http://yandex.com/bots)" "brainbox.co.in"
66.249.72.62 - - [28/Jan/2023:21:38:32 -0800] "GET /PDFContent/03%20CBSE/07%20Class%20XII/Biology/CBSE_XII_BIOLOGY_LS03_%20HUMAN%20REPRODUCTION_GAMETOGENESIS_FEMALE_OOGENESIS.pdf HTTP/1.1" 200 783506 "-" "Mozilla/5.0 (Windows NT 10.0; Win64; x64)AppleWebKit/537.36 (KHTML, like Gecko) Chrome/91.0.4472.101 Safari/537.36 (compatible; GoogleOther)" "brainbox.co.in"
66.249.73.172 - - [28/Jan/2023:21:40:34 -0800] "GET /ads.txt HTTP/1.1" 404 88 "-" "Mozilla/5.0 (compatible; Googlebot/2.1; +http://www.google.com/bot.html)" "brainbox.co.in"
51.222.253.2 - - [28/Jan/2023:21:45:14 -0800] "GET /PDFContent/Beetle/CLASS%20I/EVS%20class1-sem2/?C=M;O=D HTTP/1.1" 200 596 "-" "Mozilla/5.0 (compatible; AhrefsBot/7.0; +http://ahrefs.com/robot/)" "brainbox.co.in"
157.55.39.103 - - [28/Jan/2023:21:48:15 -0800] "GET /PDFContent/01%20TSB/03%20Class%20VIII/English/LS6C/TSB_VIII_ENGLISH_LS06C_MAESTRO%20WITH%20A%20MISSION_Introduction.pdf HTTP/1.1" 200 231756 "-" "Mozilla/5.0 AppleWebKit/537.36 (KHTML, like Gecko; compatible; bingbot/2.0; +http://www.bing.com/bingbot.htm) Chrome/103.0.5060.134 Safari/537.36" "www.brainbox.co.in"
51.222.253.7 - - [28/Jan/2023:21:54:56 -0800] "GET /PDFContent/MATHS%20WORLD/CLASS%20-%204%20WORKSHEETS/?C=M;O=A HTTP/1.1" 200 735 "-" "Mozilla/5.0 (compatible; AhrefsBot/7.0; +http://ahrefs.com/robot/)" "brainbox.co.in"
51.222.253.9 - - [28/Jan/2023:22:04:54 -0800] "GET /PDFContent/MATHS%20WORLD/CLASS%20-%204%20WORKSHEETS/?C=N;O=D HTTP/1.1" 200 733 "-" "Mozilla/5.0 (compatible; AhrefsBot/7.0; +http://ahrefs.com/robot/)" "brainbox.co.in"
51.222.253.8 - - [28/Jan/2023:22:07:04 -0800] "GET /PDFContent/MATHS%20WORLD/CLASS%20-%204%20WORKSHEETS/?C=S;O=A HTTP/1.1" 200 737 "-" "Mozilla/5.0 (compatible; AhrefsBot/7.0; +http://ahrefs.com/robot/)" "brainbox.co.in"
157.55.39.187 - - [28/Jan/2023:22:19:16 -0800] "GET /PDFContent/03%20CBSE/02%20Class%20VII/Hindi/GLOSSARY/CBSC_VII_LS02_SABSE%20SUNDAR%20LADKI_GLOSSARY.pdf HTTP/1.1" 200 1243084 "-" "Mozilla/5.0 AppleWebKit/537.36 (KHTML, like Gecko; compatible; bingbot/2.0; +http://www.bing.com/bingbot.htm) Chrome/103.0.5060.134 Safari/537.36" "brainbox.co.in"
114.119.131.231 - - [28/Jan/2023:22:41:08 -0800] "GET /PDFContent/SPECIAL%20CROUSE/Part%201%20Grammar%20Essentials/STD_X/?C=N%3BO%3DD HTTP/1.1" 200 498 "https://brainbox.co.in/PDFContent/SPECIAL%20CROUSE/Part%201%20Grammar%20Essentials/STD_X/?C=M%3BO%3DA" "Mozilla/5.0 (Linux; Android 7.0;) AppleWebKit/537.36 (KHTML, like Gecko) Mobile Safari/537.36 (compatible; PetalBot;+https://webmaster.petalsearch.com/site/petalbot)" "brainbox.co.in"
5.255.253.121 - - [28/Jan/2023:22:55:41 -0800] "GET /PDFContent/SPECIAL%20CROUSE/Part%201%20Grammar%20Essentials/STD_V/UNIT-7.pdf HTTP/1.1" 200 322854 "-" "Mozilla/5.0 (compatible; YandexBot/3.0; +http://yandex.com/bots)" "brainbox.co.in"
192.99.37.133 - - [28/Jan/2023:23:07:09 -0800] "GET /robots.txt HTTP/1.1" 404 73 "-" "Mozilla/5.0 (compatible; MJ12bot/v1.4.8; http://mj12bot.com/)" "www.brainbox.co.in"
192.99.37.133 - - [28/Jan/2023:23:07:11 -0800] "GET /PDFContent/01%20TSB/07%20Class%20XII/Maths/LS02A_De%20Moivre%E2%80%99s%20theorem/ HTTP/1.1" 200 512 "-" "Mozilla/5.0 (compatible; MJ12bot/v1.4.8; http://mj12bot.com/)" "www.brainbox.co.in"
51.222.253.18 - - [28/Jan/2023:23:14:47 -0800] "GET /PDFContent/CREEPERS/ HTTP/1.1" 200 433 "-" "Mozilla/5.0 (compatible; AhrefsBot/7.0; +http://ahrefs.com/robot/)" "brainbox.co.in"
87.250.224.158 - - [28/Jan/2023:23:25:20 -0800] "GET /PDFContent/01%20TSB/02%20Class%20VII/English/TSBoard_English_VII_LS1B_The_Town_Child_summary.pdf HTTP/1.1" 200 270622 "-" "Mozilla/5.0 (compatible; YandexBot/3.0; +http://yandex.com/bots)" "brainbox.co.in"
51.222.253.8 - - [28/Jan/2023:23:36:09 -0800] "GET /PDFContent/03%20CBSE/03%20Class%20VIII/English/?C=N;O=D HTTP/1.1" 200 398 "-" "Mozilla/5.0 (compatible; AhrefsBot/7.0; +http://ahrefs.com/robot/)" "brainbox.co.in"
51.15.205.3 - - [28/Jan/2023:23:43:26 -0800] "GET / HTTP/1.1" 200 1155 "-" "-" "brainbox.co.in"
51.222.253.9 - - [28/Jan/2023:23:57:42 -0800] "GET /PDFContent/02%20APSB/07%20Class%20XII/Hindi/?C=N;O=D HTTP/1.1" 200 353 "-" "Mozilla/5.0 (compatible; AhrefsBot/7.0; +http://ahrefs.com/robot/)" "brainbox.co.in"
18.117.149.62 - - [29/Jan/2023:00:02:39 -0800] "GET /~richard/templates/beez/US/uk/paypal/login.htm HTTP/1.1" 404 73 "-" "Mozilla/5.0 (Macintosh; Intel Mac OS X 10_10_5) AppleWebKit/537.36 (KHTML, like Gecko) Chrome/52.0.2743.116 Safari/537.36" "brainbox.co.in"
51.222.253.16 - - [29/Jan/2023:00:09:01 -0800] "GET /PDFContent/?C=M;O=D HTTP/1.1" 200 1136 "-" "Mozilla/5.0 (compatible; AhrefsBot/7.0; +http://ahrefs.com/robot/)" "brainbox.co.in"
51.222.253.7 - - [29/Jan/2023:00:20:08 -0800] "GET /PDFContent/03%20CBSE/03%20Class%20VIII/Biology/Cell%20Structures/ HTTP/1.1" 200 768 "-" "Mozilla/5.0 (compatible; AhrefsBot/7.0; +http://ahrefs.com/robot/)" "brainbox.co.in"
51.222.253.9 - - [29/Jan/2023:00:25:50 -0800] "GET /PDFContent/Beetle/CLASS%20V/ENGLISH/SEM%202/ HTTP/1.1" 200 673 "-" "Mozilla/5.0 (compatible; AhrefsBot/7.0; +http://ahrefs.com/robot/)" "brainbox.co.in"
51.222.253.9 - - [29/Jan/2023:00:31:22 -0800] "GET /PDFContent/CREEPERS/?C=N;O=A HTTP/1.1" 200 433 "-" "Mozilla/5.0 (compatible; AhrefsBot/7.0; +http://ahrefs.com/robot/)" "brainbox.co.in"
5.255.253.121 - - [29/Jan/2023:00:34:56 -0800] "GET /robots.txt HTTP/1.1" 404 73 "-" "Mozilla/5.0 (compatible; YandexBot/3.0; +http://yandex.com/bots)" "brainbox.co.in"
87.250.224.18 - - [29/Jan/2023:00:35:00 -0800] "GET /PDFContent/SPECIAL%20CROUSE/Part%201%20Grammar%20Essentials/STD_IX/UNIT-3.pdf HTTP/1.1" 200 288036 "-" "Mozilla/5.0 (compatible; YandexBot/3.0; +http://yandex.com/bots)" "brainbox.co.in"
51.222.253.15 - - [29/Jan/2023:00:36:28 -0800] "GET /PDFContent/CUBE%20Maths/?C=N;O=A HTTP/1.1" 200 441 "-" "Mozilla/5.0 (compatible; AhrefsBot/7.0; +http://ahrefs.com/robot/)" "brainbox.co.in"
51.222.253.19 - - [29/Jan/2023:00:42:36 -0800] "GET /PDFContent/English/?C=N;O=A HTTP/1.1" 200 439 "-" "Mozilla/5.0 (compatible; AhrefsBot/7.0; +http://ahrefs.com/robot/)" "brainbox.co.in"
51.222.253.7 - - [29/Jan/2023:00:48:18 -0800] "GET /PDFContent/CUBE%20Maths/CLASS%20-%201%20WORKSHEETS/?C=M;O=A HTTP/1.1" 200 875 "-" "Mozilla/5.0 (compatible; AhrefsBot/7.0; +http://ahrefs.com/robot/)" "brainbox.co.in"
51.222.253.19 - - [29/Jan/2023:00:54:05 -0800] "GET /PDFContent/CREEPERS/CLASS%2001/CLASS%20-%201%20-%20TERM-1%20-%20WORKSHEETS/ HTTP/1.1" 200 440 "-" "Mozilla/5.0 (compatible; AhrefsBot/7.0; +http://ahrefs.com/robot/)" "brainbox.co.in"
157.55.39.133 - - [29/Jan/2023:00:56:03 -0800] "GET /PDFContent/01%20TSB/03%20Class%20VIII/English/LS7A/TSB_VIII_ENGLISH_LS07A_BONSAILIFE_P1_Glossary.pdf HTTP/1.1" 200 251087 "-" "Mozilla/5.0 AppleWebKit/537.36 (KHTML, like Gecko; compatible; bingbot/2.0; +http://www.bing.com/bingbot.htm) Chrome/103.0.5060.134 Safari/537.36" "www.brainbox.co.in"
54.153.53.170 - - [29/Jan/2023:00:58:20 -0800] "GET /~richard/templates/beez/US/uk/paypal/login.htm HTTP/1.1" 404 73 "-" "Mozilla/5.0 (Macintosh; Intel Mac OS X 10_10_5) AppleWebKit/537.36 (KHTML, like Gecko) Chrome/52.0.2743.116 Safari/537.36" "brainbox.co.in"
51.222.253.2 - - [29/Jan/2023:00:59:42 -0800] "GET /PDFContent/CREEPERS/CLASS%2001/CLASS%20-%201%20-%20TERM-2%20-%20WORKSHEETS/ HTTP/1.1" 200 442 "-" "Mozilla/5.0 (compatible; AhrefsBot/7.0; +http://ahrefs.com/robot/)" "brainbox.co.in"
114.119.162.251 - - [29/Jan/2023:01:02:15 -0800] "GET /PDFContent/SPECIAL%20CROUSE/Part%201%20Grammar%20Essentials/STD_VI/ HTTP/1.1" 200 508 "https://brainbox.co.in/PDFContent/SPECIAL%20CROUSE/Part%201%20Grammar%20Essentials/?C=S%3BO%3DA" "Mozilla/5.0 (Linux; Android 7.0;) AppleWebKit/537.36 (KHTML, like Gecko) Mobile Safari/537.36 (compatible; PetalBot;+https://webmaster.petalsearch.com/site/petalbot)" "brainbox.co.in"
51.222.253.11 - - [29/Jan/2023:01:05:43 -0800] "GET /PDFContent/CREEPERS/CLASS%2001/CLASS%20-%201%20-%20TERM-3%20-%20WORKSHEETS/ HTTP/1.1" 200 439 "-" "Mozilla/5.0 (compatible; AhrefsBot/7.0; +http://ahrefs.com/robot/)" "brainbox.co.in"
51.222.253.16 - - [29/Jan/2023:01:12:05 -0800] "GET /PDFContent/CREEPERS/CLASS%2002/?C=D;O=A HTTP/1.1" 200 437 "-" "Mozilla/5.0 (compatible; AhrefsBot/7.0; +http://ahrefs.com/robot/)" "brainbox.co.in"
51.222.253.3 - - [29/Jan/2023:01:19:26 -0800] "GET /PDFContent/CREEPERS/CLASS%2002/?C=M;O=A HTTP/1.1" 200 437 "-" "Mozilla/5.0 (compatible; AhrefsBot/7.0; +http://ahrefs.com/robot/)" "brainbox.co.in"
5.45.207.108 - - [29/Jan/2023:01:25:12 -0800] "GET /PDFContent/Beetle/CLASS%20V/MATHEMATICS/SEM%202/Lesson%207.%20Money.pdf HTTP/1.1" 200 227041 "-" "Mozilla/5.0 (compatible; YandexBot/3.0; +http://yandex.com/bots)" "brainbox.co.in"
51.222.253.18 - - [29/Jan/2023:01:27:12 -0800] "GET /PDFContent/CREEPERS/CLASS%2002/CLASS%20-%202%20-%20TERM-1%20-%20WORKSHEETS/ HTTP/1.1" 200 442 "-" "Mozilla/5.0 (compatible; AhrefsBot/7.0; +http://ahrefs.com/robot/)" "brainbox.co.in"
66.249.72.32 - - [29/Jan/2023:01:28:17 -0800] "GET /robots.txt HTTP/1.1" 404 88 "-" "Mozilla/5.0 (compatible; Googlebot/2.1; +http://www.google.com/bot.html)" "brainbox.co.in"
66.249.72.60 - - [29/Jan/2023:01:28:32 -0800] "GET /PDFContent/03%20CBSE/03%20Class%20VIII/Maths/ALGEBRAIC%20EXPRESSIONS%20AND%20IDENTITIES/CBSE_VIII_MATHS_LS09_ALGEBRAIC%20EXPRESSION%20OF%20IDENTITIES_STANDARD_IDENTITY_03.pdf HTTP/1.1" 200 266135 "-" "Mozilla/5.0 (Windows NT 10.0; Win64; x64)AppleWebKit/537.36 (KHTML, like Gecko) Chrome/91.0.4472.101 Safari/537.36 (compatible; GoogleOther)" "brainbox.co.in"
87.250.224.163 - - [29/Jan/2023:01:34:18 -0800] "GET /PDFContent/SPECIAL%20CROUSE/Part%201%20Grammar%20Essentials/STD_VIII/UNIT-6.pdf HTTP/1.1" 200 291159 "-" "Mozilla/5.0 (compatible; YandexBot/3.0; +http://yandex.com/bots)" "brainbox.co.in"
51.222.253.18 - - [29/Jan/2023:01:36:27 -0800] "GET /PDFContent/CREEPERS/CLASS%2002/CLASS%20-%202%20-%20TERM-2%20-%20WORKSHEETS/ HTTP/1.1" 200 439 "-" "Mozilla/5.0 (compatible; AhrefsBot/7.0; +http://ahrefs.com/robot/)" "brainbox.co.in"
51.222.253.19 - - [29/Jan/2023:01:44:57 -0800] "GET /PDFContent/CREEPERS/CLASS%2002/CLASS%20-%202%20-%20TERM-3%20-%20WORKSHEETS/ HTTP/1.1" 200 446 "-" "Mozilla/5.0 (compatible; AhrefsBot/7.0; +http://ahrefs.com/robot/)" "brainbox.co.in"
51.222.253.9 - - [29/Jan/2023:01:52:48 -0800] "GET /PDFContent/CREEPERS/CLASS%2003/?C=N;O=D HTTP/1.1" 200 433 "-" "Mozilla/5.0 (compatible; AhrefsBot/7.0; +http://ahrefs.com/robot/)" "brainbox.co.in"
114.119.132.135 - - [29/Jan/2023:01:56:42 -0800] "GET /PDFContent/SPECIAL%20CROUSE/Part%201%20Grammar%20Essentials/STD_IV/UNIT%208%20%E2%80%93%20THE%20UNLUCKY%20FACE.pdf HTTP/1.1" 200 471161 "https://brainbox.co.in/PDFContent/SPECIAL%20CROUSE/Part%201%20Grammar%20Essentials/STD_IV/?C=D%3BO%3DA" "Mozilla/5.0 (Linux; Android 7.0;) AppleWebKit/537.36 (KHTML, like Gecko) Mobile Safari/537.36 (compatible; PetalBot;+https://webmaster.petalsearch.com/site/petalbot)" "brainbox.co.in"
51.222.253.18 - - [29/Jan/2023:02:00:26 -0800] "GET /PDFContent/CREEPERS/CLASS%2003/CLASS%20-%203%20-%20TERM-1%20-%20WORKSHEETS/ HTTP/1.1" 200 459 "-" "Mozilla/5.0 (compatible; AhrefsBot/7.0; +http://ahrefs.com/robot/)" "brainbox.co.in"
114.119.138.59 - - [29/Jan/2023:02:03:09 -0800] "GET /PDFContent/SPECIAL%20CROUSE/Part%201%20Grammar%20Essentials/STD_IV/UNIT%206%20%E2%80%93%20HONESTY.pdf HTTP/1.1" 200 528824 "https://brainbox.co.in/PDFContent/SPECIAL%20CROUSE/Part%201%20Grammar%20Essentials/STD_IV/?C=D%3BO%3DA" "Mozilla/5.0 (Linux; Android 7.0;) AppleWebKit/537.36 (KHTML, like Gecko) Mobile Safari/537.36 (compatible; PetalBot;+https://webmaster.petalsearch.com/site/petalbot)" "brainbox.co.in"
114.119.136.188 - - [29/Jan/2023:02:07:23 -0800] "GET /PDFContent/SPECIAL%20CROUSE/Part%201%20Grammar%20Essentials/STD_III/UNIT-3_I%20LIKE%20IT%20THIS%20WAY.pdf HTTP/1.1" 200 463985 "https://brainbox.co.in/PDFContent/SPECIAL%20CROUSE/Part%201%20Grammar%20Essentials/STD_III/?C=M%3BO%3DA" "Mozilla/5.0 (Linux; Android 7.0;) AppleWebKit/537.36 (KHTML, like Gecko) Mobile Safari/537.36 (compatible; PetalBot;+https://webmaster.petalsearch.com/site/petalbot)" "brainbox.co.in"
54.36.148.117 - - [29/Jan/2023:02:07:52 -0800] "GET /robots.txt HTTP/1.1" 404 88 "-" "Mozilla/5.0 (compatible; AhrefsBot/7.0; +http://ahrefs.com/robot/)" "brainbox.co.in"
51.222.253.2 - - [29/Jan/2023:02:07:53 -0800] "GET /PDFContent/CREEPERS/CLASS%2003/CLASS%20-%203%20-%20TERM-2%20-%20WORKSHEETS/ HTTP/1.1" 200 461 "-" "Mozilla/5.0 (compatible; AhrefsBot/7.0; +http://ahrefs.com/robot/)" "brainbox.co.in"
114.119.154.189 - - [29/Jan/2023:02:09:42 -0800] "GET /PDFContent/MATHS%20WORLD/CLASS%20-%205%20WORKSHEETS/Lesson%2013.%20Data%20Handling.pdf HTTP/1.1" 200 50086 "https://brainbox.co.in/PDFContent/MATHS%20WORLD/CLASS%20-%205%20WORKSHEETS/" "Mozilla/5.0 (Linux; Android 7.0;) AppleWebKit/537.36 (KHTML, like Gecko) Mobile Safari/537.36 (compatible; PetalBot;+https://webmaster.petalsearch.com/site/petalbot)" "brainbox.co.in"
114.119.147.15 - - [29/Jan/2023:02:13:05 -0800] "GET /PDFContent/MATHS%20WORLD/CLASS%20-%203%20WORKSHEETS/?C=N%3BO%3DD HTTP/1.1" 200 825 "https://brainbox.co.in/PDFContent/MATHS%20WORLD/CLASS%20-%203%20WORKSHEETS/?C=S%3BO%3DA" "Mozilla/5.0 (Linux; Android 7.0;) AppleWebKit/537.36 (KHTML, like Gecko) Mobile Safari/537.36 (compatible; PetalBot;+https://webmaster.petalsearch.com/site/petalbot)" "brainbox.co.in"
87.250.224.43 - - [29/Jan/2023:02:13:42 -0800] "GET /PDFContent/Beetle/CLASS%20III/ENGLISH/SEM%202/Lesson%207%20-%20The%20young%20hero.pdf HTTP/1.1" 200 136678 "-" "Mozilla/5.0 (compatible; YandexBot/3.0; +http://yandex.com/bots)" "brainbox.co.in"
51.222.253.3 - - [29/Jan/2023:02:14:46 -0800] "GET /PDFContent/CREEPERS/CLASS%2003/CLASS%20-%203%20-%20TERM-3%20-%20WORKSHEETS/ HTTP/1.1" 200 459 "-" "Mozilla/5.0 (compatible; AhrefsBot/7.0; +http://ahrefs.com/robot/)" "brainbox.co.in"
114.119.135.107 - - [29/Jan/2023:02:14:54 -0800] "GET /PDFContent/MATHS%20WORLD/CLASS%20-%202%20WORKSHEETS/Lesson%205.%20Division.pdf HTTP/1.1" 200 71187 "https://brainbox.co.in/PDFContent/MATHS%20WORLD/CLASS%20-%202%20WORKSHEETS/?C=D%3BO%3DA" "Mozilla/5.0 (Linux; Android 7.0;) AppleWebKit/537.36 (KHTML, like Gecko) Mobile Safari/537.36 (compatible; PetalBot;+https://webmaster.petalsearch.com/site/petalbot)" "brainbox.co.in"
114.119.133.120 - - [29/Jan/2023:02:16:53 -0800] "GET /PDFContent/MATHS%20WORLD/CLASS%20-%202%20WORKSHEETS/Lesson%204.%20Multiplication.pdf HTTP/1.1" 200 106411 "https://brainbox.co.in/PDFContent/MATHS%20WORLD/CLASS%20-%202%20WORKSHEETS/?C=D%3BO%3DA" "Mozilla/5.0 (Linux; Android 7.0;) AppleWebKit/537.36 (KHTML, like Gecko) Mobile Safari/537.36 (compatible; PetalBot;+https://webmaster.petalsearch.com/site/petalbot)" "brainbox.co.in"
94.23.203.107 - - [29/Jan/2023:02:19:06 -0800] "GET /robots.txt HTTP/1.1" 404 73 "-" "Mozilla/5.0 (compatible; MJ12bot/v1.4.8; http://mj12bot.com/)" "www.brainbox.co.in"
94.23.203.107 - - [29/Jan/2023:02:19:09 -0800] "GET /PDFContent/01%20TSB/07%20Class%20XII/Maths/LS02A_De%20Moivre%E2%80%99s%20theorem/TSB_XII_MATHS_LS02A_De%20Moivre%E2%80%99s%20theorem_T01_Definition%20of%20De%20Moivre%E2%80%99s%20theorem.pdf HTTP/1.1" 200 258445 "-" "Mozilla/5.0 (compatible; MJ12bot/v1.4.8; http://mj12bot.com/)" "www.brainbox.co.in"
94.23.203.107 - - [29/Jan/2023:02:19:11 -0800] "GET /PDFContent/01%20TSB/07%20Class%20XII/Maths/LS02A_De%20Moivre%E2%80%99s%20theorem/TSB_XII_MATHS_LS02A_De%20Moivre%E2%80%99s%20theorem_T02_Problem%201.pdf HTTP/1.1" 200 266264 "-" "Mozilla/5.0 (compatible; MJ12bot/v1.4.8; http://mj12bot.com/)" "www.brainbox.co.in"
94.23.203.107 - - [29/Jan/2023:02:19:14 -0800] "GET /PDFContent/01%20TSB/07%20Class%20XII/Maths/LS02A_De%20Moivre%E2%80%99s%20theorem/TSB_XII_MATHS_LS02A_De%20Moivre%E2%80%99s%20theorem_T03_Problem%202.pdf HTTP/1.1" 200 279956 "-" "Mozilla/5.0 (compatible; MJ12bot/v1.4.8; http://mj12bot.com/)" "www.brainbox.co.in"
114.119.145.183 - - [29/Jan/2023:02:20:17 -0800] "GET /PDFContent/MATHS%20WORLD/CLASS%20-%201%20WORKSHEETS/Lesson%202%20-%20Addition%20and%20Subtraction%20upto%2010.pdf HTTP/1.1" 200 567367 "https://brainbox.co.in/PDFContent/MATHS%20WORLD/CLASS%20-%201%20WORKSHEETS/?C=N%3BO%3DD" "Mozilla/5.0 (Linux; Android 7.0;) AppleWebKit/537.36 (KHTML, like Gecko) Mobile Safari/537.36 (compatible; PetalBot;+https://webmaster.petalsearch.com/site/petalbot)" "brainbox.co.in"
51.222.253.2 - - [29/Jan/2023:02:21:35 -0800] "GET /PDFContent/CREEPERS/CLASS%2004/?C=M;O=A HTTP/1.1" 200 440 "-" "Mozilla/5.0 (compatible; AhrefsBot/7.0; +http://ahrefs.com/robot/)" "brainbox.co.in"
114.119.129.211 - - [29/Jan/2023:02:22:36 -0800] "GET /PDFContent/English/CLASS%20-%205%20WORKSHEETS/Lesson%201.%20King%20Vikramaditya.pdf HTTP/1.1" 200 46514 "https://brainbox.co.in/PDFContent/English/CLASS%20-%205%20WORKSHEETS/?C=S%3BO%3DA" "Mozilla/5.0 (Linux; Android 7.0;) AppleWebKit/537.36 (KHTML, like Gecko) Mobile Safari/537.36 (compatible; PetalBot;+https://webmaster.petalsearch.com/site/petalbot)" "brainbox.co.in"
46.246.122.187 - - [29/Jan/2023:02:22:41 -0800] "GET /sgYufFJFosBiIiOSxkBt HTTP/1.1" 404 88 "-" "Go-http-client/1.1" "www.brainbox.co.in"
46.246.122.187 - - [29/Jan/2023:02:22:41 -0800] "GET / HTTP/1.1" 200 429 "-" "Mozilla/5.0 (iPhone14,3; U; CPU iPhone OS 15_0 like Mac OS X) AppleWebKit/602.1.50 (KHTML, like Gecko) Version/10.0 Mobile/19A346 Safari/602.1" "www.brainbox.co.in"
46.246.122.187 - - [29/Jan/2023:02:22:41 -0800] "GET /cFwFkCdJcPfngEtkVDye HTTP/1.1" 404 88 "-" "Go-http-client/1.1" "www.brainbox.co.in"
46.246.122.187 - - [29/Jan/2023:02:22:41 -0800] "GET / HTTP/1.1" 200 429 "-" "Go-http-client/1.1" "www.brainbox.co.in"
46.246.122.187 - - [29/Jan/2023:02:22:41 -0800] "GET /CYrwGunyltCiOtSbdiGc HTTP/1.1" 404 88 "-" "Go-http-client/1.1" "www.brainbox.co.in"
46.246.122.187 - - [29/Jan/2023:02:22:42 -0800] "GET / HTTP/1.1" 200 429 "-" "Go-http-client/1.1" "www.brainbox.co.in"
46.246.122.187 - - [29/Jan/2023:02:22:42 -0800] "GET /index.php HTTP/1.1" 404 88 "-" "Mozilla/5.0 (iPhone14,3; U; CPU iPhone OS 15_0 like Mac OS X) AppleWebKit/602.1.50 (KHTML, like Gecko) Version/10.0 Mobile/19A346 Safari/602.1" "www.brainbox.co.in"
46.246.122.187 - - [29/Jan/2023:02:22:42 -0800] "GET / HTTP/1.1" 200 429 "-" "Go-http-client/1.1" "www.brainbox.co.in"
46.246.122.187 - - [29/Jan/2023:02:22:42 -0800] "GET / HTTP/1.1" 200 429 "-" "Mozilla/5.0 (iPhone14,3; U; CPU iPhone OS 15_0 like Mac OS X) AppleWebKit/602.1.50 (KHTML, like Gecko) Version/10.0 Mobile/19A346 Safari/602.1" "www.brainbox.co.in"
46.246.122.187 - - [29/Jan/2023:02:22:42 -0800] "GET / HTTP/1.1" 200 429 "-" "Go-http-client/1.1" "www.brainbox.co.in"
46.246.122.187 - - [29/Jan/2023:02:22:42 -0800] "GET / HTTP/1.1" 200 429 "-" "Mozilla/5.0 (iPhone14,3; U; CPU iPhone OS 15_0 like Mac OS X) AppleWebKit/602.1.50 (KHTML, like Gecko) Version/10.0 Mobile/19A346 Safari/602.1" "www.brainbox.co.in"
46.246.122.187 - - [29/Jan/2023:02:22:42 -0800] "GET / HTTP/1.1" 200 429 "-" "Go-http-client/1.1" "www.brainbox.co.in"
46.246.122.187 - - [29/Jan/2023:02:22:42 -0800] "GET / HTTP/1.1" 200 429 "-" "Mozilla/5.0 (iPhone14,3; U; CPU iPhone OS 15_0 like Mac OS X) AppleWebKit/602.1.50 (KHTML, like Gecko) Version/10.0 Mobile/19A346 Safari/602.1" "www.brainbox.co.in"
46.246.122.187 - - [29/Jan/2023:02:22:42 -0800] "GET /MyERP/ HTTP/1.1" 200 312 "https://www.brainbox.co.in" "Mozilla/5.0 (iPhone14,3; U; CPU iPhone OS 15_0 like Mac OS X) AppleWebKit/602.1.50 (KHTML, like Gecko) Version/10.0 Mobile/19A346 Safari/602.1" "www.brainbox.co.in"
46.246.122.187 - - [29/Jan/2023:02:22:42 -0800] "GET / HTTP/1.1" 200 429 "-" "Mozilla/5.0 (iPhone14,3; U; CPU iPhone OS 15_0 like Mac OS X) AppleWebKit/602.1.50 (KHTML, like Gecko) Version/10.0 Mobile/19A346 Safari/602.1" "www.brainbox.co.in"
46.246.122.187 - - [29/Jan/2023:02:22:43 -0800] "GET / HTTP/1.1" 200 429 "-" "Mozilla/5.0 (iPhone14,3; U; CPU iPhone OS 15_0 like Mac OS X) AppleWebKit/602.1.50 (KHTML, like Gecko) Version/10.0 Mobile/19A346 Safari/602.1" "www.brainbox.co.in"
46.246.122.187 - - [29/Jan/2023:02:22:43 -0800] "GET /MyERP/ HTTP/1.1" 200 312 "https://www.brainbox.co.in" "Mozilla/5.0 (iPhone14,3; U; CPU iPhone OS 15_0 like Mac OS X) AppleWebKit/602.1.50 (KHTML, like Gecko) Version/10.0 Mobile/19A346 Safari/602.1" "www.brainbox.co.in"
46.246.122.187 - - [29/Jan/2023:02:22:43 -0800] "GET /MyERP/ HTTP/1.1" 200 312 "https://www.brainbox.co.in" "Mozilla/5.0 (iPhone14,3; U; CPU iPhone OS 15_0 like Mac OS X) AppleWebKit/602.1.50 (KHTML, like Gecko) Version/10.0 Mobile/19A346 Safari/602.1" "www.brainbox.co.in"
46.246.122.187 - - [29/Jan/2023:02:22:43 -0800] "GET /PDFContent/ HTTP/1.1" 200 1148 "https://www.brainbox.co.in" "Mozilla/5.0 (iPhone14,3; U; CPU iPhone OS 15_0 like Mac OS X) AppleWebKit/602.1.50 (KHTML, like Gecko) Version/10.0 Mobile/19A346 Safari/602.1" "www.brainbox.co.in"
46.246.122.187 - - [29/Jan/2023:02:22:43 -0800] "GET / HTTP/1.1" 200 429 "-" "Go-http-client/1.1" "www.brainbox.co.in"
46.246.122.187 - - [29/Jan/2023:02:22:43 -0800] "GET / HTTP/1.1" 200 429 "-" "Mozilla/5.0 (iPhone14,3; U; CPU iPhone OS 15_0 like Mac OS X) AppleWebKit/602.1.50 (KHTML, like Gecko) Version/10.0 Mobile/19A346 Safari/602.1" "www.brainbox.co.in"
46.246.122.187 - - [29/Jan/2023:02:22:43 -0800] "GET /MyERP/ HTTP/1.1" 200 312 "https://www.brainbox.co.in" "Mozilla/5.0 (iPhone14,3; U; CPU iPhone OS 15_0 like Mac OS X) AppleWebKit/602.1.50 (KHTML, like Gecko) Version/10.0 Mobile/19A346 Safari/602.1" "www.brainbox.co.in"
46.246.122.187 - - [29/Jan/2023:02:22:43 -0800] "GET /MyERP/ HTTP/1.1" 200 312 "https://www.brainbox.co.in" "Mozilla/5.0 (iPhone14,3; U; CPU iPhone OS 15_0 like Mac OS X) AppleWebKit/602.1.50 (KHTML, like Gecko) Version/10.0 Mobile/19A346 Safari/602.1" "www.brainbox.co.in"
46.246.122.187 - - [29/Jan/2023:02:22:43 -0800] "GET /MyERP/ HTTP/1.1" 200 312 "https://www.brainbox.co.in" "Mozilla/5.0 (iPhone14,3; U; CPU iPhone OS 15_0 like Mac OS X) AppleWebKit/602.1.50 (KHTML, like Gecko) Version/10.0 Mobile/19A346 Safari/602.1" "www.brainbox.co.in"
46.246.122.187 - - [29/Jan/2023:02:22:43 -0800] "GET / HTTP/1.1" 200 429 "-" "Go-http-client/1.1" "www.brainbox.co.in"
46.246.122.187 - - [29/Jan/2023:02:22:43 -0800] "GET /MyERP/ HTTP/1.1" 200 312 "https://www.brainbox.co.in" "Mozilla/5.0 (iPhone14,3; U; CPU iPhone OS 15_0 like Mac OS X) AppleWebKit/602.1.50 (KHTML, like Gecko) Version/10.0 Mobile/19A346 Safari/602.1" "www.brainbox.co.in"
46.246.122.187 - - [29/Jan/2023:02:22:43 -0800] "GET /PDFContent/ HTTP/1.1" 200 1148 "https://www.brainbox.co.in" "Mozilla/5.0 (iPhone14,3; U; CPU iPhone OS 15_0 like Mac OS X) AppleWebKit/602.1.50 (KHTML, like Gecko) Version/10.0 Mobile/19A346 Safari/602.1" "www.brainbox.co.in"
46.246.122.187 - - [29/Jan/2023:02:22:43 -0800] "GET /PDFContent/ HTTP/1.1" 200 1148 "https://www.brainbox.co.in" "Mozilla/5.0 (iPhone14,3; U; CPU iPhone OS 15_0 like Mac OS X) AppleWebKit/602.1.50 (KHTML, like Gecko) Version/10.0 Mobile/19A346 Safari/602.1" "www.brainbox.co.in"
46.246.122.187 - - [29/Jan/2023:02:22:43 -0800] "GET / HTTP/1.1" 200 429 "-" "Go-http-client/1.1" "www.brainbox.co.in"
46.246.122.187 - - [29/Jan/2023:02:22:43 -0800] "GET /taskdiary/ HTTP/1.1" 200 314 "https://www.brainbox.co.in" "Mozilla/5.0 (iPhone14,3; U; CPU iPhone OS 15_0 like Mac OS X) AppleWebKit/602.1.50 (KHTML, like Gecko) Version/10.0 Mobile/19A346 Safari/602.1" "www.brainbox.co.in"
46.246.122.187 - - [29/Jan/2023:02:22:44 -0800] "GET /PDFContent/ HTTP/1.1" 200 1148 "https://www.brainbox.co.in" "Mozilla/5.0 (iPhone14,3; U; CPU iPhone OS 15_0 like Mac OS X) AppleWebKit/602.1.50 (KHTML, like Gecko) Version/10.0 Mobile/19A346 Safari/602.1" "www.brainbox.co.in"
46.246.122.187 - - [29/Jan/2023:02:22:44 -0800] "GET /PDFContent/ HTTP/1.1" 200 1148 "https://www.brainbox.co.in" "Mozilla/5.0 (iPhone14,3; U; CPU iPhone OS 15_0 like Mac OS X) AppleWebKit/602.1.50 (KHTML, like Gecko) Version/10.0 Mobile/19A346 Safari/602.1" "www.brainbox.co.in"
46.246.122.187 - - [29/Jan/2023:02:22:44 -0800] "GET /taskdiary/ HTTP/1.1" 200 314 "https://www.brainbox.co.in" "Mozilla/5.0 (iPhone14,3; U; CPU iPhone OS 15_0 like Mac OS X) AppleWebKit/602.1.50 (KHTML, like Gecko) Version/10.0 Mobile/19A346 Safari/602.1" "www.brainbox.co.in"
46.246.122.187 - - [29/Jan/2023:02:22:44 -0800] "GET / HTTP/1.1" 200 429 "-" "Go-http-client/1.1" "www.brainbox.co.in"
46.246.122.187 - - [29/Jan/2023:02:22:44 -0800] "GET /taskdiary/ HTTP/1.1" 200 314 "https://www.brainbox.co.in" "Mozilla/5.0 (iPhone14,3; U; CPU iPhone OS 15_0 like Mac OS X) AppleWebKit/602.1.50 (KHTML, like Gecko) Version/10.0 Mobile/19A346 Safari/602.1" "www.brainbox.co.in"
46.246.122.187 - - [29/Jan/2023:02:22:43 -0800] "GET /MySQL_Database/ HTTP/1.1" 200 2314 "https://www.brainbox.co.in" "Mozilla/5.0 (iPhone14,3; U; CPU iPhone OS 15_0 like Mac OS X) AppleWebKit/602.1.50 (KHTML, like Gecko) Version/10.0 Mobile/19A346 Safari/602.1" "www.brainbox.co.in"
46.246.122.187 - - [29/Jan/2023:02:22:44 -0800] "GET / HTTP/1.1" 200 429 "-" "Go-http-client/1.1" "www.brainbox.co.in"
46.246.122.187 - - [29/Jan/2023:02:22:44 -0800] "GET /PDFContent/ HTTP/1.1" 200 1148 "https://www.brainbox.co.in" "Mozilla/5.0 (iPhone14,3; U; CPU iPhone OS 15_0 like Mac OS X) AppleWebKit/602.1.50 (KHTML, like Gecko) Version/10.0 Mobile/19A346 Safari/602.1" "www.brainbox.co.in"
46.246.122.187 - - [29/Jan/2023:02:22:44 -0800] "GET /PDFContent/ HTTP/1.1" 200 1148 "https://www.brainbox.co.in" "Mozilla/5.0 (iPhone14,3; U; CPU iPhone OS 15_0 like Mac OS X) AppleWebKit/602.1.50 (KHTML, like Gecko) Version/10.0 Mobile/19A346 Safari/602.1" "www.brainbox.co.in"
46.246.122.187 - - [29/Jan/2023:02:22:44 -0800] "GET /taskdiary/ HTTP/1.1" 200 314 "https://www.brainbox.co.in" "Mozilla/5.0 (iPhone14,3; U; CPU iPhone OS 15_0 like Mac OS X) AppleWebKit/602.1.50 (KHTML, like Gecko) Version/10.0 Mobile/19A346 Safari/602.1" "www.brainbox.co.in"
46.246.122.187 - - [29/Jan/2023:02:22:44 -0800] "GET / HTTP/1.1" 200 429 "-" "Go-http-client/1.1" "www.brainbox.co.in"
46.246.122.187 - - [29/Jan/2023:02:22:44 -0800] "GET /taskdiary/ HTTP/1.1" 200 314 "https://www.brainbox.co.in" "Mozilla/5.0 (iPhone14,3; U; CPU iPhone OS 15_0 like Mac OS X) AppleWebKit/602.1.50 (KHTML, like Gecko) Version/10.0 Mobile/19A346 Safari/602.1" "www.brainbox.co.in"
46.246.122.187 - - [29/Jan/2023:02:22:43 -0800] "GET /SchoolERP/ HTTP/1.1" 200 2310 "https://www.brainbox.co.in" "Mozilla/5.0 (iPhone14,3; U; CPU iPhone OS 15_0 like Mac OS X) AppleWebKit/602.1.50 (KHTML, like Gecko) Version/10.0 Mobile/19A346 Safari/602.1" "www.brainbox.co.in"
46.246.122.187 - - [29/Jan/2023:02:22:45 -0800] "GET /taskdiary/ HTTP/1.1" 200 314 "https://www.brainbox.co.in" "Mozilla/5.0 (iPhone14,3; U; CPU iPhone OS 15_0 like Mac OS X) AppleWebKit/602.1.50 (KHTML, like Gecko) Version/10.0 Mobile/19A346 Safari/602.1" "www.brainbox.co.in"
46.246.122.187 - - [29/Jan/2023:02:22:45 -0800] "GET / HTTP/1.1" 200 429 "-" "Go-http-client/1.1" "www.brainbox.co.in"
46.246.122.187 - - [29/Jan/2023:02:22:45 -0800] "GET /taskdiary/ HTTP/1.1" 200 314 "https://www.brainbox.co.in" "Mozilla/5.0 (iPhone14,3; U; CPU iPhone OS 15_0 like Mac OS X) AppleWebKit/602.1.50 (KHTML, like Gecko) Version/10.0 Mobile/19A346 Safari/602.1" "www.brainbox.co.in"
46.246.122.187 - - [29/Jan/2023:02:22:45 -0800] "GET / HTTP/1.1" 200 429 "-" "Go-http-client/1.1" "www.brainbox.co.in"
46.246.122.187 - - [29/Jan/2023:02:22:45 -0800] "GET / HTTP/1.1" 200 429 "-" "Go-http-client/1.1" "www.brainbox.co.in"
46.246.122.187 - - [29/Jan/2023:02:22:44 -0800] "GET /MySQL_Database/ HTTP/1.1" 200 2315 "https://www.brainbox.co.in" "Mozilla/5.0 (iPhone14,3; U; CPU iPhone OS 15_0 like Mac OS X) AppleWebKit/602.1.50 (KHTML, like Gecko) Version/10.0 Mobile/19A346 Safari/602.1" "www.brainbox.co.in"
46.246.122.187 - - [29/Jan/2023:02:22:45 -0800] "GET /SchoolERP/ HTTP/1.1" 200 2323 "https://www.brainbox.co.in" "Mozilla/5.0 (iPhone14,3; U; CPU iPhone OS 15_0 like Mac OS X) AppleWebKit/602.1.50 (KHTML, like Gecko) Version/10.0 Mobile/19A346 Safari/602.1" "www.brainbox.co.in"
46.246.122.187 - - [29/Jan/2023:02:22:45 -0800] "GET / HTTP/1.1" 200 429 "-" "Go-http-client/1.1" "www.brainbox.co.in"
46.246.122.187 - - [29/Jan/2023:02:22:45 -0800] "GET /SchoolERP/ HTTP/1.1" 200 2315 "https://www.brainbox.co.in" "Mozilla/5.0 (iPhone14,3; U; CPU iPhone OS 15_0 like Mac OS X) AppleWebKit/602.1.50 (KHTML, like Gecko) Version/10.0 Mobile/19A346 Safari/602.1" "www.brainbox.co.in"
46.246.122.187 - - [29/Jan/2023:02:22:44 -0800] "GET /MySQL_Database/ HTTP/1.1" 200 2314 "https://www.brainbox.co.in" "Mozilla/5.0 (iPhone14,3; U; CPU iPhone OS 15_0 like Mac OS X) AppleWebKit/602.1.50 (KHTML, like Gecko) Version/10.0 Mobile/19A346 Safari/602.1" "www.brainbox.co.in"
46.246.122.187 - - [29/Jan/2023:02:22:46 -0800] "GET /MySQL_Database/themes/pmahomme/jquery/ HTTP/1.1" 200 416 "-" "Go-http-client/1.1" "www.brainbox.co.in"
46.246.122.187 - - [29/Jan/2023:02:22:45 -0800] "GET /SchoolERP/ HTTP/1.1" 200 2311 "https://www.brainbox.co.in" "Mozilla/5.0 (iPhone14,3; U; CPU iPhone OS 15_0 like Mac OS X) AppleWebKit/602.1.50 (KHTML, like Gecko) Version/10.0 Mobile/19A346 Safari/602.1" "www.brainbox.co.in"
46.246.122.187 - - [29/Jan/2023:02:22:45 -0800] "GET /MySQL_Database/ HTTP/1.1" 200 2314 "https://www.brainbox.co.in" "Mozilla/5.0 (iPhone14,3; U; CPU iPhone OS 15_0 like Mac OS X) AppleWebKit/602.1.50 (KHTML, like Gecko) Version/10.0 Mobile/19A346 Safari/602.1" "www.brainbox.co.in"
46.246.122.187 - - [29/Jan/2023:02:22:46 -0800] "GET /MySQL_Database/themes/pmahomme/ HTTP/1.1" 200 485 "-" "Go-http-client/1.1" "www.brainbox.co.in"
46.246.122.187 - - [29/Jan/2023:02:22:46 -0800] "GET /MySQL_Database/ HTTP/1.1" 200 2311 "https://www.brainbox.co.in" "Mozilla/5.0 (iPhone14,3; U; CPU iPhone OS 15_0 like Mac OS X) AppleWebKit/602.1.50 (KHTML, like Gecko) Version/10.0 Mobile/19A346 Safari/602.1" "www.brainbox.co.in"
