114.119.128.23 - - [06/Jan/2023:16:00:08 -0800] "GET /PDFContent/03%20CBSE/04%20Class%20IX/Maths/CBSE_IX_MATHS_LS03_COORDINATE%20GEOMETRY/1.%20CBSE_IX_MATHS_%20LS03_COORDINATE%20GEOMETRY_Main%20content.pdf HTTP/1.1" 200 712702 "https://brainbox.co.in/PDFContent/03%20CBSE/04%20Class%20IX/Maths/CBSE_IX_MATHS_LS03_COORDINATE%20GEOMETRY/?C=M%3BO%3DA" "Mozilla/5.0 (Linux; Android 7.0;) AppleWebKit/537.36 (KHTML, like Gecko) Mobile Safari/537.36 (compatible; PetalBot;+https://webmaster.petalsearch.com/site/petalbot)" "brainbox.co.in"
114.119.130.201 - - [06/Jan/2023:16:03:11 -0800] "GET /PDFContent/03%20CBSE/05%20Class%20X/Maths/CBSE_X_MATHS_LS02_POLYNOMIALS_REPRESENTATION%20OF%20LINEAR%20POLYNOMIALS.pdf HTTP/1.1" 200 298584 "https://brainbox.co.in/PDFContent/03%20CBSE/05%20Class%20X/Maths/" "Mozilla/5.0 (Linux; Android 7.0;) AppleWebKit/537.36 (KHTML, like Gecko) Mobile Safari/537.36 (compatible; PetalBot;+https://webmaster.petalsearch.com/site/petalbot)" "brainbox.co.in"
114.119.133.14 - - [06/Jan/2023:16:05:46 -0800] "GET /PDFContent/English%20World/CLASS%20-%202%20WORKSHEETS/Lesson%2014%20-%20A%20brave%20lad.pdf HTTP/1.1" 200 66885 "https://brainbox.co.in/PDFContent/English%20World/CLASS%20-%202%20WORKSHEETS/?C=M%3BO%3DA" "Mozilla/5.0 (Linux; Android 7.0;) AppleWebKit/537.36 (KHTML, like Gecko) Mobile Safari/537.36 (compatible; PetalBot;+https://webmaster.petalsearch.com/site/petalbot)" "brainbox.co.in"
185.191.171.35 - - [06/Jan/2023:16:07:54 -0800] "GET /PDFContent/CREEPERS/CLASS%2004/CLASS%20-%204%20-%20TERM-2%20-%20WORKSHEETS/SOCIAL/?C=S%3BO%3DA HTTP/1.1" 200 608 "-" "Mozilla/5.0 (compatible; SemrushBot/7~bl; +http://www.semrush.com/bot.html)" "brainbox.co.in"
114.119.129.211 - - [06/Jan/2023:16:08:45 -0800] "GET /PDFContent/Beetle/CLASS%20III/MATHEMATICS/SEM%201/Lesson%205.%20Subtraction.pdf HTTP/1.1" 200 124931 "https://brainbox.co.in/PDFContent/Beetle/CLASS%20III/MATHEMATICS/SEM%201/" "Mozilla/5.0 (Linux; Android 7.0;) AppleWebKit/537.36 (KHTML, like Gecko) Mobile Safari/537.36 (compatible; PetalBot;+https://webmaster.petalsearch.com/site/petalbot)" "brainbox.co.in"
114.119.130.105 - - [06/Jan/2023:16:11:14 -0800] "GET /PDFContent/03%20CBSE/04%20Class%20IX/Biology/Fundamental%20Unit%20of%20Life/Types%20of%20organism%20based%20on%20nucleus%20organisation(Prokary)-P2 HTTP/1.1" 200 250445 "https://brainboxschool.com/material/CBSE/IX/Biology/THE_FUNDAMENTAL_UNIT_OF_LIFE.html" "Mozilla/5.0 (Linux; Android 7.0;) AppleWebKit/537.36 (KHTML, like Gecko) Mobile Safari/537.36 (compatible; PetalBot;+https://webmaster.petalsearch.com/site/petalbot)" "brainbox.co.in"
114.119.153.208 - - [06/Jan/2023:16:13:30 -0800] "GET /PDFContent/03%20CBSE/04%20Class%20IX/Biology/Fundamental%20Unit%20of%20Life/Chloroplast HTTP/1.1" 200 216508 "https://brainboxschool.com/material/CBSE/IX/Biology/THE_FUNDAMENTAL_UNIT_OF_LIFE.html" "Mozilla/5.0 (Linux; Android 7.0;) AppleWebKit/537.36 (KHTML, like Gecko) Mobile Safari/537.36 (compatible; PetalBot;+https://webmaster.petalsearch.com/site/petalbot)" "brainbox.co.in"
114.119.148.189 - - [06/Jan/2023:16:15:43 -0800] "GET /PDFContent/English/CLASS%20-%205%20WORKSHEETS/Lesson%2015.%20Adventure%20at%20Kapkhaal.pdf HTTP/1.1" 200 47587 "https://brainbox.co.in/PDFContent/English/CLASS%20-%205%20WORKSHEETS/?C=N%3BO%3DD" "Mozilla/5.0 (Linux; Android 7.0;) AppleWebKit/537.36 (KHTML, like Gecko) Mobile Safari/537.36 (compatible; PetalBot;+https://webmaster.petalsearch.com/site/petalbot)" "brainbox.co.in"
65.108.2.171 - - [06/Jan/2023:16:16:19 -0800] "GET /robots.txt HTTP/1.1" 404 73 "-" "Mozilla/5.0 (compatible; MJ12bot/v1.4.8; http://mj12bot.com/)" "brainbox.co.in"
65.108.2.171 - - [06/Jan/2023:16:16:22 -0800] "GET /PDFContent/SPECIAL%20CROUSE/Part%201%20Grammar%20Essentials/STD_IV/UNIT%201%20%E2%80%93%20EKALAVYA.pdf HTTP/1.1" 200 494500 "-" "Mozilla/5.0 (compatible; MJ12bot/v1.4.8; http://mj12bot.com/)" "brainbox.co.in"
65.108.2.171 - - [06/Jan/2023:16:16:24 -0800] "GET /PDFContent/SPECIAL%20CROUSE/Part%201%20Grammar%20Essentials/STD_IV/UNIT%202%20%E2%80%93%20THE%20PANCAKE.pdf HTTP/1.1" 200 485215 "-" "Mozilla/5.0 (compatible; MJ12bot/v1.4.8; http://mj12bot.com/)" "brainbox.co.in"
65.108.2.171 - - [06/Jan/2023:16:16:26 -0800] "GET /PDFContent/SPECIAL%20CROUSE/Part%201%20Grammar%20Essentials/STD_IV/UNIT%203%20%E2%80%93%20WHAT%20IS%20A%20TREE.pdf HTTP/1.1" 200 690004 "-" "Mozilla/5.0 (compatible; MJ12bot/v1.4.8; http://mj12bot.com/)" "brainbox.co.in"
65.108.2.171 - - [06/Jan/2023:16:16:28 -0800] "GET /PDFContent/SPECIAL%20CROUSE/Part%201%20Grammar%20Essentials/STD_IV/UNIT%204%20%E2%80%93%20THE%20MILLER,%20HIS%20SON%20AND%20DONKEY.pdf HTTP/1.1" 200 491966 "-" "Mozilla/5.0 (compatible; MJ12bot/v1.4.8; http://mj12bot.com/)" "brainbox.co.in"
65.108.2.171 - - [06/Jan/2023:16:16:30 -0800] "GET /PDFContent/SPECIAL%20CROUSE/Part%201%20Grammar%20Essentials/STD_IV/UNIT%205%20%E2%80%93%20FUDI%E2%80%99s%20DESERT%20JOURNEY.pdf HTTP/1.1" 200 484885 "-" "Mozilla/5.0 (compatible; MJ12bot/v1.4.8; http://mj12bot.com/)" "brainbox.co.in"
65.108.2.171 - - [06/Jan/2023:16:16:33 -0800] "GET /PDFContent/SPECIAL%20CROUSE/Part%201%20Grammar%20Essentials/STD_IV/UNIT%206%20%E2%80%93%20HONESTY.pdf HTTP/1.1" 200 528824 "-" "Mozilla/5.0 (compatible; MJ12bot/v1.4.8; http://mj12bot.com/)" "brainbox.co.in"
65.108.2.171 - - [06/Jan/2023:16:16:35 -0800] "GET /PDFContent/SPECIAL%20CROUSE/Part%201%20Grammar%20Essentials/STD_IV/UNIT%207%20%E2%80%93%20THE%20BOY%20AND%20THE%20CATAPULT.pdf HTTP/1.1" 200 660874 "-" "Mozilla/5.0 (compatible; MJ12bot/v1.4.8; http://mj12bot.com/)" "brainbox.co.in"
65.108.2.171 - - [06/Jan/2023:16:16:37 -0800] "GET /PDFContent/SPECIAL%20CROUSE/Part%201%20Grammar%20Essentials/STD_IV/UNIT%208%20%E2%80%93%20THE%20UNLUCKY%20FACE.pdf HTTP/1.1" 200 471161 "-" "Mozilla/5.0 (compatible; MJ12bot/v1.4.8; http://mj12bot.com/)" "brainbox.co.in"
65.108.2.171 - - [06/Jan/2023:16:16:39 -0800] "GET /PDFContent/SPECIAL%20CROUSE/STD_III/UNIT%201%20%E2%80%93%20TALKING%20TRAIN.pdf HTTP/1.1" 404 88 "-" "Mozilla/5.0 (compatible; MJ12bot/v1.4.8; http://mj12bot.com/)" "brainbox.co.in"
65.108.2.171 - - [06/Jan/2023:16:16:41 -0800] "GET /PDFContent/SPECIAL%20CROUSE/STD_III/UNIT%202%20%E2%80%93%20SWAMY%20&%20THE%20MAGIC%20BEANS.pdf HTTP/1.1" 404 88 "-" "Mozilla/5.0 (compatible; MJ12bot/v1.4.8; http://mj12bot.com/)" "brainbox.co.in"
65.108.2.171 - - [06/Jan/2023:16:16:44 -0800] "GET /PDFContent/SPECIAL%20CROUSE/STD_III/UNIT%203%20%E2%80%93%20I%20LIKE%20IT%20THIS%20WAY.pdf HTTP/1.1" 404 88 "-" "Mozilla/5.0 (compatible; MJ12bot/v1.4.8; http://mj12bot.com/)" "brainbox.co.in"
65.108.2.171 - - [06/Jan/2023:16:16:46 -0800] "GET /PDFContent/SPECIAL%20CROUSE/STD_III/UNIT%204%20%E2%80%93%20THE%20MOUSE%20&%20THE%20PENCIL.pdf HTTP/1.1" 404 88 "-" "Mozilla/5.0 (compatible; MJ12bot/v1.4.8; http://mj12bot.com/)" "brainbox.co.in"
65.108.2.171 - - [06/Jan/2023:16:16:48 -0800] "GET /PDFContent/SPECIAL%20CROUSE/STD_III/UNIT%205%20%E2%80%93%20THE%20LITTLE%20RED%20HEN.pdf HTTP/1.1" 404 88 "-" "Mozilla/5.0 (compatible; MJ12bot/v1.4.8; http://mj12bot.com/)" "brainbox.co.in"
65.108.2.171 - - [06/Jan/2023:16:16:50 -0800] "GET /PDFContent/SPECIAL%20CROUSE/STD_III/UNIT%206%20%E2%80%93%20MARY%20&%20THE%20THREE%20BEARS.pdf HTTP/1.1" 404 88 "-" "Mozilla/5.0 (compatible; MJ12bot/v1.4.8; http://mj12bot.com/)" "brainbox.co.in"
65.108.2.171 - - [06/Jan/2023:16:16:52 -0800] "GET /PDFContent/SPECIAL%20CROUSE/STD_III/UNIT%207%20%E2%80%93%20THE%20ANIMAL%20SCHOOL.pdf HTTP/1.1" 404 88 "-" "Mozilla/5.0 (compatible; MJ12bot/v1.4.8; http://mj12bot.com/)" "brainbox.co.in"
65.108.2.171 - - [06/Jan/2023:16:16:54 -0800] "GET /PDFContent/SPECIAL%20CROUSE/STD_III/UNIT%208%20%E2%80%93%20BIRBAL%20OUTWITS%20THE%20CHEAT.pdf HTTP/1.1" 404 88 "-" "Mozilla/5.0 (compatible; MJ12bot/v1.4.8; http://mj12bot.com/)" "brainbox.co.in"
65.108.2.171 - - [06/Jan/2023:16:16:57 -0800] "GET /PDFContent/SPECIAL%20CROUSE/STD_IV/UNIT%201%20%E2%80%93%20EKALAVYA.pdf HTTP/1.1" 404 88 "-" "Mozilla/5.0 (compatible; MJ12bot/v1.4.8; http://mj12bot.com/)" "brainbox.co.in"
65.108.2.171 - - [06/Jan/2023:16:16:59 -0800] "GET /PDFContent/SPECIAL%20CROUSE/STD_IV/UNIT%202%20%E2%80%93%20THE%20PANCAKE.pdf HTTP/1.1" 404 88 "-" "Mozilla/5.0 (compatible; MJ12bot/v1.4.8; http://mj12bot.com/)" "brainbox.co.in"
65.108.2.171 - - [06/Jan/2023:16:17:01 -0800] "GET /PDFContent/SPECIAL%20CROUSE/STD_IV/UNIT%203%20%E2%80%93%20WHAT%20IS%20A%20TREE.pdf HTTP/1.1" 404 88 "-" "Mozilla/5.0 (compatible; MJ12bot/v1.4.8; http://mj12bot.com/)" "brainbox.co.in"
65.108.2.171 - - [06/Jan/2023:16:17:03 -0800] "GET /PDFContent/SPECIAL%20CROUSE/STD_IV/UNIT%204%20%E2%80%93%20THE%20MILLER,%20HIS%20SON%20AND%20DONKEY.pdf HTTP/1.1" 404 88 "-" "Mozilla/5.0 (compatible; MJ12bot/v1.4.8; http://mj12bot.com/)" "brainbox.co.in"
65.108.2.171 - - [06/Jan/2023:16:17:06 -0800] "GET /PDFContent/SPECIAL%20CROUSE/STD_IV/UNIT%205%20%E2%80%93%20FUDI%E2%80%99s%20DESERT%20JOURNEY.pdf HTTP/1.1" 404 88 "-" "Mozilla/5.0 (compatible; MJ12bot/v1.4.8; http://mj12bot.com/)" "brainbox.co.in"
65.108.2.171 - - [06/Jan/2023:16:17:08 -0800] "GET /PDFContent/SPECIAL%20CROUSE/STD_IV/UNIT%206%20%E2%80%93%20HONESTY.pdf HTTP/1.1" 404 88 "-" "Mozilla/5.0 (compatible; MJ12bot/v1.4.8; http://mj12bot.com/)" "brainbox.co.in"
65.108.2.171 - - [06/Jan/2023:16:17:10 -0800] "GET /PDFContent/SPECIAL%20CROUSE/STD_IV/UNIT%207%20%E2%80%93%20THE%20BOY%20AND%20THE%20CATAPULT.pdf HTTP/1.1" 404 88 "-" "Mozilla/5.0 (compatible; MJ12bot/v1.4.8; http://mj12bot.com/)" "brainbox.co.in"
65.108.2.171 - - [06/Jan/2023:16:17:12 -0800] "GET /PDFContent/SPECIAL%20CROUSE/STD_IV/UNIT%208%20%E2%80%93%20THE%20UNLUCKY%20FACE.pdf HTTP/1.1" 404 88 "-" "Mozilla/5.0 (compatible; MJ12bot/v1.4.8; http://mj12bot.com/)" "brainbox.co.in"
65.108.2.171 - - [06/Jan/2023:16:17:14 -0800] "GET /robots.txt HTTP/1.1" 404 73 "-" "Mozilla/5.0 (compatible; MJ12bot/v1.4.8; http://mj12bot.com/)" "www.brainbox.co.in"
65.108.2.171 - - [06/Jan/2023:16:17:16 -0800] "GET /PDFContent/Beetle/CLASS%20I/ENGLISH%201-2/Lesson%204%20%E2%80%90%20Neha%20learns%20a%20lesson.pdf HTTP/1.1" 404 88 "-" "Mozilla/5.0 (compatible; MJ12bot/v1.4.8; http://mj12bot.com/)" "www.brainbox.co.in"
65.108.2.171 - - [06/Jan/2023:16:17:18 -0800] "GET /PDFContent/Beetle/CLASS%20I/ENGLISH%201-2/Lesson%205%20%E2%80%90%20A%20birthday%20party.pdf HTTP/1.1" 404 88 "-" "Mozilla/5.0 (compatible; MJ12bot/v1.4.8; http://mj12bot.com/)" "www.brainbox.co.in"
65.108.2.171 - - [06/Jan/2023:16:17:20 -0800] "GET /PDFContent/Beetle/CLASS%20I/ENGLISH/Lesson%205%20%E2%80%90%20Tenali%20Raman%20And%20The%20Thieves.pdf HTTP/1.1" 404 88 "-" "Mozilla/5.0 (compatible; MJ12bot/v1.4.8; http://mj12bot.com/)" "www.brainbox.co.in"
65.108.2.171 - - [06/Jan/2023:16:17:22 -0800] "GET /PDFContent/Beetle/CLASS%20I/ENGLISH/Lesson%207%20%E2%80%90%20The%20wish.pdf HTTP/1.1" 404 88 "-" "Mozilla/5.0 (compatible; MJ12bot/v1.4.8; http://mj12bot.com/)" "www.brainbox.co.in"
65.108.2.171 - - [06/Jan/2023:16:17:24 -0800] "GET /PDFContent/Beetle/CLASS%20IV/ENGLISH%20SEM%202/Lesson%203%20-%20The%20Emperor%E2%80%99s%20New%20Clothes.pdf HTTP/1.1" 200 155207 "-" "Mozilla/5.0 (compatible; MJ12bot/v1.4.8; http://mj12bot.com/)" "www.brainbox.co.in"
65.108.2.171 - - [06/Jan/2023:16:17:27 -0800] "GET /PDFContent/Beetle/CLASS%20IV/ENGLISH%20SEM%202/Lesson%205%20-%20Mother%E2%80%99s%20Love.pdf HTTP/1.1" 200 132907 "-" "Mozilla/5.0 (compatible; MJ12bot/v1.4.8; http://mj12bot.com/)" "www.brainbox.co.in"
65.108.2.171 - - [06/Jan/2023:16:17:29 -0800] "GET /PDFContent/Beetle/CLASS%20IV/ENGLISH/Lesson%205%20%E2%80%90%20Tenali%20Raman%20And%20The%20Thieves.pdf HTTP/1.1" 200 99880 "-" "Mozilla/5.0 (compatible; MJ12bot/v1.4.8; http://mj12bot.com/)" "www.brainbox.co.in"
65.108.2.171 - - [06/Jan/2023:16:17:31 -0800] "GET /PDFContent/Beetle/CLASS%20IV/ENGLISH/Lesson%207%20%E2%80%90%20The%20wish.pdf HTTP/1.1" 200 76025 "-" "Mozilla/5.0 (compatible; MJ12bot/v1.4.8; http://mj12bot.com/)" "www.brainbox.co.in"
65.108.2.171 - - [06/Jan/2023:16:17:33 -0800] "GET /PDFContent/Beetle/CLASS%20V/SOCIAL/SEM%201/LESSON%201.%20GLOBE%E2%80%90%20A%20MODEL%20OF%20THE%20EARTH.pdf HTTP/1.1" 200 52635 "-" "Mozilla/5.0 (compatible; MJ12bot/v1.4.8; http://mj12bot.com/)" "www.brainbox.co.in"
65.108.2.171 - - [06/Jan/2023:16:17:35 -0800] "GET /PDFContent/Beetle/CLASS%20V/SOCIAL/SEM%201/LESSON%204.%20EQUATORIAL%20CLIMATE%E2%80%90%20THE%20DEMOCRATIC%20REPUBLIC%20OF.pdf HTTP/1.1" 200 120271 "-" "Mozilla/5.0 (compatible; MJ12bot/v1.4.8; http://mj12bot.com/)" "www.brainbox.co.in"
65.108.2.171 - - [06/Jan/2023:16:17:38 -0800] "GET /PDFContent/Beetle/CLASS%20V/SOCIAL/SEM%201/LESSON%206.%20FRIGID%20CLIMATE%20%E2%80%93%20GREENLAND.pdf HTTP/1.1" 200 90607 "-" "Mozilla/5.0 (compatible; MJ12bot/v1.4.8; http://mj12bot.com/)" "www.brainbox.co.in"
65.108.2.171 - - [06/Jan/2023:16:17:40 -0800] "GET /PDFContent/Beetle/CLASS%20V/SOCIAL/SEM%201/LESSON%207.%20TEMPERATE%20CLIMATE%E2%80%90%20GRASSLANDS.pdf HTTP/1.1" 200 118420 "-" "Mozilla/5.0 (compatible; MJ12bot/v1.4.8; http://mj12bot.com/)" "www.brainbox.co.in"
114.119.148.0 - - [06/Jan/2023:16:17:47 -0800] "GET /PDFContent/Beetle/CLASS%20V/SCIENCE/SEM%201/Lesson%205.%20Food%20and%20health.pdf HTTP/1.1" 200 119319 "https://brainbox.co.in/PDFContent/Beetle/CLASS%20V/SCIENCE/SEM%201/?C=N%3BO%3DD" "Mozilla/5.0 (Linux; Android 7.0;) AppleWebKit/537.36 (KHTML, like Gecko) Mobile Safari/537.36 (compatible; PetalBot;+https://webmaster.petalsearch.com/site/petalbot)" "brainbox.co.in"
185.191.171.36 - - [06/Jan/2023:16:19:13 -0800] "GET /PDFContent/CREEPERS/CLASS%2002/CLASS%20-%202%20-%20TERM-3%20-%20WORKSHEETS/MATHEMATICS/?C=D%3BO%3DA HTTP/1.1" 200 605 "-" "Mozilla/5.0 (compatible; SemrushBot/7~bl; +http://www.semrush.com/bot.html)" "brainbox.co.in"
114.119.131.207 - - [06/Jan/2023:16:20:08 -0800] "GET /PDFContent/03%20CBSE/04%20Class%20IX/Biology/CBSE_lX_BIOLOGY_LS07_DIVERSTY%20IN%20LIVING%20ORGANISMS_ANIMALIA_P6.pdf HTTP/1.1" 200 529902 "https://brainbox.co.in/PDFContent/03%20CBSE/04%20Class%20IX/Biology/" "Mozilla/5.0 (Linux; Android 7.0;) AppleWebKit/537.36 (KHTML, like Gecko) Mobile Safari/537.36 (compatible; PetalBot;+https://webmaster.petalsearch.com/site/petalbot)" "brainbox.co.in"
114.119.140.84 - - [06/Jan/2023:16:21:34 -0800] "GET /PDFContent/03%20CBSE/03%20Class%20VIII/Physics/SOME%20NATURAL%20PHENOMENA/SOME%20NATURAL%20PHENOMENA_Earthquake.pdf HTTP/1.1" 200 287747 "https://brainbox.co.in/PDFContent/03%20CBSE/03%20Class%20VIII/Physics/SOME%20NATURAL%20PHENOMENA/" "Mozilla/5.0 (Linux; Android 7.0;) AppleWebKit/537.36 (KHTML, like Gecko) Mobile Safari/537.36 (compatible; PetalBot;+https://webmaster.petalsearch.com/site/petalbot)" "brainbox.co.in"
114.119.156.126 - - [06/Jan/2023:16:23:20 -0800] "GET /PDFContent/CREEPERS/CLASS%2004/CLASS%20-%204%20-%20TERM-1%20-%20WORKSHEETS/SOCIAL/?C=S%3BO%3DA HTTP/1.1" 200 661 "https://brainbox.co.in/PDFContent/CREEPERS/CLASS%2004/CLASS%20-%204%20-%20TERM-1%20-%20WORKSHEETS/SOCIAL/?C=N%3BO%3DD" "Mozilla/5.0 (Linux; Android 7.0;) AppleWebKit/537.36 (KHTML, like Gecko) Mobile Safari/537.36 (compatible; PetalBot;+https://webmaster.petalsearch.com/site/petalbot)" "brainbox.co.in"
114.119.135.174 - - [06/Jan/2023:16:25:17 -0800] "GET /PDFContent/03%20CBSE/04%20Class%20IX/Biology/Fundamental%20Unit%20of%20Life/Shape%20and%20Size%20of%20Cell.pdf HTTP/1.1" 200 244467 "https://brainbox.co.in/PDFContent/03%20CBSE/04%20Class%20IX/Biology/Fundamental%20Unit%20of%20Life/" "Mozilla/5.0 (Linux; Android 7.0;) AppleWebKit/537.36 (KHTML, like Gecko) Mobile Safari/537.36 (compatible; PetalBot;+https://webmaster.petalsearch.com/site/petalbot)" "brainbox.co.in"
114.119.143.215 - - [06/Jan/2023:16:27:40 -0800] "GET /PDFContent/03%20CBSE/05%20Class%20X/Maths/CBSE_X_MATHS_LS04_QUADRATIC%20EQUATIONS_QUADRATIC%20EQUATION.pdf HTTP/1.1" 200 395962 "https://brainbox.co.in/PDFContent/03%20CBSE/05%20Class%20X/Maths/" "Mozilla/5.0 (Linux; Android 7.0;) AppleWebKit/537.36 (KHTML, like Gecko) Mobile Safari/537.36 (compatible; PetalBot;+https://webmaster.petalsearch.com/site/petalbot)" "brainbox.co.in"
114.119.155.50 - - [06/Jan/2023:16:30:14 -0800] "GET /PDFContent/03%20CBSE/03%20Class%20VIII/Physics/CBSE_VIII_FORCE_AND_PRESSURE_KEYWORDS.pdf HTTP/1.1" 200 603091 "https://brainbox.co.in/PDFContent/03%20CBSE/03%20Class%20VIII/Physics/" "Mozilla/5.0 (Linux; Android 7.0;) AppleWebKit/537.36 (KHTML, like Gecko) Mobile Safari/537.36 (compatible; PetalBot;+https://webmaster.petalsearch.com/site/petalbot)" "brainbox.co.in"
185.191.171.39 - - [06/Jan/2023:16:31:12 -0800] "GET /robots.txt HTTP/1.1" 404 88 "-" "Mozilla/5.0 (compatible; SemrushBot/7~bl; +http://www.semrush.com/bot.html)" "brainbox.co.in"
185.191.171.10 - - [06/Jan/2023:16:31:12 -0800] "GET /PDFContent/CREEPERS/CLASS%2003/CLASS%20-%203%20-%20TERM-2%20-%20WORKSHEETS/SOCIAL/?C=N%3BO%3DD HTTP/1.1" 200 627 "-" "Mozilla/5.0 (compatible; SemrushBot/7~bl; +http://www.semrush.com/bot.html)" "brainbox.co.in"
114.119.146.88 - - [06/Jan/2023:16:33:03 -0800] "GET /PDFContent/03%20CBSE/03%20Class%20VIII/Maths/PRACTICAL%20GEOMETRY/Practical%20Geometry_T07_Construction%20of%20special%20quadrilaterals.pdf HTTP/1.1" 200 151989 "https://brainbox.co.in/PDFContent/03%20CBSE/03%20Class%20VIII/Maths/PRACTICAL%20GEOMETRY/?C=S%3BO%3DA" "Mozilla/5.0 (Linux; Android 7.0;) AppleWebKit/537.36 (KHTML, like Gecko) Mobile Safari/537.36 (compatible; PetalBot;+https://webmaster.petalsearch.com/site/petalbot)" "brainbox.co.in"
114.119.128.46 - - [06/Jan/2023:16:35:34 -0800] "GET /PDFContent/03%20CBSE/03%20Class%20VIII/Chemistry/COAL%20AND%20PETROLEUM/?C=N%3BO%3DD HTTP/1.1" 200 523 "https://brainbox.co.in/PDFContent/03%20CBSE/03%20Class%20VIII/Chemistry/COAL%20AND%20PETROLEUM/?C=M%3BO%3DA" "Mozilla/5.0 (Linux; Android 7.0;) AppleWebKit/537.36 (KHTML, like Gecko) Mobile Safari/537.36 (compatible; PetalBot;+https://webmaster.petalsearch.com/site/petalbot)" "brainbox.co.in"
114.119.133.53 - - [06/Jan/2023:16:38:02 -0800] "GET /PDFContent/03%20CBSE/03%20Class%20VIII/Biology/Reproduction%20in%20Animals/Sexual%20Reproduction.pdf HTTP/1.1" 200 266781 "https://brainbox.co.in/PDFContent/03%20CBSE/03%20Class%20VIII/Biology/Reproduction%20in%20Animals/?C=M%3BO%3DA" "Mozilla/5.0 (Linux; Android 7.0;) AppleWebKit/537.36 (KHTML, like Gecko) Mobile Safari/537.36 (compatible; PetalBot;+https://webmaster.petalsearch.com/site/petalbot)" "brainbox.co.in"
114.119.155.228 - - [06/Jan/2023:16:40:18 -0800] "GET /PDFContent/03%20CBSE/03%20Class%20VIII/Biology/Cell%20Structures/Questions%20&%20Answers.pdf HTTP/1.1" 200 228474 "https://brainbox.co.in/PDFContent/03%20CBSE/03%20Class%20VIII/Biology/Cell%20Structures/?C=N%3BO%3DD" "Mozilla/5.0 (Linux; Android 7.0;) AppleWebKit/537.36 (KHTML, like Gecko) Mobile Safari/537.36 (compatible; PetalBot;+https://webmaster.petalsearch.com/site/petalbot)" "brainbox.co.in"
114.119.154.200 - - [06/Jan/2023:16:43:08 -0800] "GET /PDFContent/01%20TSB/07%20Class%20XII/Maths/LS02A_De%20Moivre%E2%80%99s%20theorem/?C=S%3BO%3DA HTTP/1.1" 200 512 "https://brainbox.co.in/PDFContent/01%20TSB/07%20Class%20XII/Maths/LS02A_De%20Moivre%E2%80%99s%20theorem/?C=D%3BO%3DA" "Mozilla/5.0 (Linux; Android 7.0;) AppleWebKit/537.36 (KHTML, like Gecko) Mobile Safari/537.36 (compatible; PetalBot;+https://webmaster.petalsearch.com/site/petalbot)" "brainbox.co.in"
114.119.138.214 - - [06/Jan/2023:16:45:56 -0800] "GET /PDFContent/01%20TSB/05%20Class%20X/Physics/LS04%20Refraction%20of%20light%20at%20curved%20surfaces/V11%20TSB_X_SCIENCE_LS04_Refraction%20of%20Light%20at%20Curved%20Surfaces_PROBLEM_Part%2002.pdf HTTP/1.1" 200 570884 "https://brainbox.co.in/PDFContent/01%20TSB/05%20Class%20X/Physics/LS04%20Refraction%20of%20light%20at%20curved%20surfaces/?C=D%3BO%3DA" "Mozilla/5.0 (Linux; Android 7.0;) AppleWebKit/537.36 (KHTML, like Gecko) Mobile Safari/537.36 (compatible; PetalBot;+https://webmaster.petalsearch.com/site/petalbot)" "brainbox.co.in"
114.119.137.139 - - [06/Jan/2023:16:48:53 -0800] "GET /PDFContent/MATHS%20WORLD/?C=S%3BO%3DA HTTP/1.1" 200 445 "https://brainbox.co.in/PDFContent/MATHS%20WORLD/" "Mozilla/5.0 (Linux; Android 7.0;) AppleWebKit/537.36 (KHTML, like Gecko) Mobile Safari/537.36 (compatible; PetalBot;+https://webmaster.petalsearch.com/site/petalbot)" "brainbox.co.in"
185.191.171.39 - - [06/Jan/2023:16:51:02 -0800] "GET /PDFContent/CREEPERS/CLASS%2005/CLASS%20-%205%20-%20TERM-3%20-%20WORKSHEETS/SCIENCE/?C=M%3BO%3DA HTTP/1.1" 200 586 "-" "Mozilla/5.0 (compatible; SemrushBot/7~bl; +http://www.semrush.com/bot.html)" "brainbox.co.in"
114.119.134.156 - - [06/Jan/2023:16:51:11 -0800] "GET /PDFContent/01%20TSB/05%20Class%20X/Physics/LS04%20Refraction%20of%20light%20at%20curved%20surfaces/?C=D%3BO%3DA HTTP/1.1" 200 726 "https://brainbox.co.in/PDFContent/01%20TSB/05%20Class%20X/Physics/LS04%20Refraction%20of%20light%20at%20curved%20surfaces/?C=M%3BO%3DA" "Mozilla/5.0 (Linux; Android 7.0;) AppleWebKit/537.36 (KHTML, like Gecko) Mobile Safari/537.36 (compatible; PetalBot;+https://webmaster.petalsearch.com/site/petalbot)" "brainbox.co.in"
114.119.137.108 - - [06/Jan/2023:16:53:01 -0800] "GET /PDFContent/01%20TSB/05%20Class%20X/English/A%20TALE%20OF%20THREE%20VILLAGES/TSB_X_ENGLISH_LS06C_A%20TALE%20OF%20THREE%20VILLAGES_GLOSSARY.pdf HTTP/1.1" 200 342252 "https://brainbox.co.in/PDFContent/01%20TSB/05%20Class%20X/English/A%20TALE%20OF%20THREE%20VILLAGES/" "Mozilla/5.0 (Linux; Android 7.0;) AppleWebKit/537.36 (KHTML, like Gecko) Mobile Safari/537.36 (compatible; PetalBot;+https://webmaster.petalsearch.com/site/petalbot)" "brainbox.co.in"
114.119.152.171 - - [06/Jan/2023:16:54:16 -0800] "GET /PDFContent/01%20TSB/03%20Class%20VIII/English/LS7A/TSB_VIII_ENGLISH_LS07A_BONSAILIFE_P1_Explanation.pdf HTTP/1.1" 200 332691 "https://brainbox.co.in/PDFContent/01%20TSB/03%20Class%20VIII/English/LS7A/" "Mozilla/5.0 (Linux; Android 7.0;) AppleWebKit/537.36 (KHTML, like Gecko) Mobile Safari/537.36 (compatible; PetalBot;+https://webmaster.petalsearch.com/site/petalbot)" "brainbox.co.in"
114.119.132.149 - - [06/Jan/2023:16:55:44 -0800] "GET /PDFContent/01%20TSB/03%20Class%20VIII/English/LS6B/TSB_VIII_ENGLISH_LS06B_THE%20EARTHEN%20GOBLET_Glossary.pdf HTTP/1.1" 200 248805 "https://brainbox.co.in/PDFContent/01%20TSB/03%20Class%20VIII/English/LS6B/?C=D%3BO%3DA" "Mozilla/5.0 (Linux; Android 7.0;) AppleWebKit/537.36 (KHTML, like Gecko) Mobile Safari/537.36 (compatible; PetalBot;+https://webmaster.petalsearch.com/site/petalbot)" "brainbox.co.in"
54.219.159.46 - - [06/Jan/2023:16:56:02 -0800] "GET /~richard/templates/beez/US/uk/paypal/login.htm HTTP/1.1" 404 73 "-" "Mozilla/5.0 (Macintosh; Intel Mac OS X 10_10_5) AppleWebKit/537.36 (KHTML, like Gecko) Chrome/52.0.2743.116 Safari/537.36" "brainbox.co.in"
114.119.135.96 - - [06/Jan/2023:16:57:00 -0800] "GET /PDFContent/01%20TSB/03%20Class%20VIII/English/LS6A/?C=S%3BO%3DA HTTP/1.1" 200 537 "https://brainbox.co.in/PDFContent/01%20TSB/03%20Class%20VIII/English/LS6A/?C=D%3BO%3DA" "Mozilla/5.0 (Linux; Android 7.0;) AppleWebKit/537.36 (KHTML, like Gecko) Mobile Safari/537.36 (compatible; PetalBot;+https://webmaster.petalsearch.com/site/petalbot)" "brainbox.co.in"
114.119.135.130 - - [06/Jan/2023:16:58:36 -0800] "GET /PDFContent/01%20TSB/03%20Class%20VIII/English/LS4C/TSB_VIII_ENGLISH_LS04C_THE%20COMPUTER%20GAME_Glossary.pdf HTTP/1.1" 200 249028 "https://brainbox.co.in/PDFContent/01%20TSB/03%20Class%20VIII/English/LS4C/?C=S%3BO%3DA" "Mozilla/5.0 (Linux; Android 7.0;) AppleWebKit/537.36 (KHTML, like Gecko) Mobile Safari/537.36 (compatible; PetalBot;+https://webmaster.petalsearch.com/site/petalbot)" "brainbox.co.in"
114.119.155.232 - - [06/Jan/2023:16:59:51 -0800] "GET /PDFContent/01%20TSB/03%20Class%20VIII/English/LS3A/TSB_VIII_ENGLISH_LS3A_%20THE%20SELFISH%20GIANT%20P1_CHARACTERS.pdf HTTP/1.1" 200 349357 "https://brainbox.co.in/PDFContent/01%20TSB/03%20Class%20VIII/English/LS3A/?C=N%3BO%3DD" "Mozilla/5.0 (Linux; Android 7.0;) AppleWebKit/537.36 (KHTML, like Gecko) Mobile Safari/537.36 (compatible; PetalBot;+https://webmaster.petalsearch.com/site/petalbot)" "brainbox.co.in"
114.119.133.228 - - [06/Jan/2023:17:01:09 -0800] "GET /PDFContent/01%20TSB/03%20Class%20VIII/English/LS2C/TSBoard_English_VllI_LS02C_REACHING%20THE%20UNREACHED_QUESTIONS%20AND%20ANSWERS.pdf HTTP/1.1" 200 347736 "https://brainbox.co.in/PDFContent/01%20TSB/03%20Class%20VIII/English/LS2C/?C=S%3BO%3DA" "Mozilla/5.0 (Linux; Android 7.0;) AppleWebKit/537.36 (KHTML, like Gecko) Mobile Safari/537.36 (compatible; PetalBot;+https://webmaster.petalsearch.com/site/petalbot)" "brainbox.co.in"
114.119.159.233 - - [06/Jan/2023:17:02:26 -0800] "GET /PDFContent/01%20TSB/03%20Class%20VIII/English/LS2C/?C=S%3BO%3DA HTTP/1.1" 200 542 "https://brainbox.co.in/PDFContent/01%20TSB/03%20Class%20VIII/English/LS2C/?C=N%3BO%3DD" "Mozilla/5.0 (Linux; Android 7.0;) AppleWebKit/537.36 (KHTML, like Gecko) Mobile Safari/537.36 (compatible; PetalBot;+https://webmaster.petalsearch.com/site/petalbot)" "brainbox.co.in"
114.119.150.203 - - [06/Jan/2023:17:03:57 -0800] "GET /PDFContent/01%20TSB/03%20Class%20VIII/English/LS2A/TSBoard_English_VIII_LS2A_explanation.pdf HTTP/1.1" 200 180474 "https://brainbox.co.in/PDFContent/01%20TSB/03%20Class%20VIII/English/LS2A/" "Mozilla/5.0 (Linux; Android 7.0;) AppleWebKit/537.36 (KHTML, like Gecko) Mobile Safari/537.36 (compatible; PetalBot;+https://webmaster.petalsearch.com/site/petalbot)" "brainbox.co.in"
66.249.74.94 - - [06/Jan/2023:17:05:08 -0800] "GET /robots.txt HTTP/1.1" 404 88 "-" "Mozilla/5.0 (compatible; Googlebot/2.1; +http://www.google.com/bot.html)" "brainbox.co.in"
114.119.148.202 - - [06/Jan/2023:17:05:26 -0800] "GET /PDFContent/01%20TSB/02%20Class%20VII/Science/FOOD%20COMPONENTS/BALANCED%20DIET%20&%20SUMMARY%20P2%20&%20P3.pdf HTTP/1.1" 200 472870 "https://brainbox.co.in/PDFContent/01%20TSB/02%20Class%20VII/Science/FOOD%20COMPONENTS/?C=S%3BO%3DA" "Mozilla/5.0 (Linux; Android 7.0;) AppleWebKit/537.36 (KHTML, like Gecko) Mobile Safari/537.36 (compatible; PetalBot;+https://webmaster.petalsearch.com/site/petalbot)" "brainbox.co.in"
114.119.163.186 - - [06/Jan/2023:17:07:10 -0800] "GET /PDFContent/01%20TSB/02%20Class%20VII/Science/ACIDS%20AND%20BASES/ACIDS%20AND%20BASES.P1.pdf HTTP/1.1" 200 325167 "https://brainbox.co.in/PDFContent/01%20TSB/02%20Class%20VII/Science/ACIDS%20AND%20BASES/?C=N%3BO%3DD" "Mozilla/5.0 (Linux; Android 7.0;) AppleWebKit/537.36 (KHTML, like Gecko) Mobile Safari/537.36 (compatible; PetalBot;+https://webmaster.petalsearch.com/site/petalbot)" "brainbox.co.in"
66.249.74.64 - - [06/Jan/2023:17:07:26 -0800] "GET /robots.txt HTTP/1.1" 404 88 "-" "Mozilla/5.0 (compatible; Googlebot/2.1; +http://www.google.com/bot.html)" "brainbox.co.in"
66.249.74.92 - - [06/Jan/2023:17:08:18 -0800] "GET /ads.txt HTTP/1.1" 404 88 "-" "Mozilla/5.0 (compatible; Googlebot/2.1; +http://www.google.com/bot.html)" "brainbox.co.in"
114.119.145.116 - - [06/Jan/2023:17:09:12 -0800] "GET /PDFContent/SPECIAL%20CROUSE/Part%201%20Grammar%20Essentials/STD_VII/UNIT-7.pdf HTTP/1.1" 200 304775 "https://brainbox.co.in/PDFContent/SPECIAL%20CROUSE/Part%201%20Grammar%20Essentials/STD_VII/?C=N%3BO%3DD" "Mozilla/5.0 (Linux; Android 7.0;) AppleWebKit/537.36 (KHTML, like Gecko) Mobile Safari/537.36 (compatible; PetalBot;+https://webmaster.petalsearch.com/site/petalbot)" "brainbox.co.in"
114.119.134.107 - - [06/Jan/2023:17:12:18 -0800] "GET /PDFContent/03%20CBSE/05%20Class%20X/Biology/Our%20Environment/Ecology HTTP/1.1" 200 507125 "https://brainboxschool.com/material/CBSE/X/Biology/OUR_ENVIRONMENT.html" "Mozilla/5.0 (Linux; Android 7.0;) AppleWebKit/537.36 (KHTML, like Gecko) Mobile Safari/537.36 (compatible; PetalBot;+https://webmaster.petalsearch.com/site/petalbot)" "brainbox.co.in"
185.191.171.5 - - [06/Jan/2023:17:14:24 -0800] "GET /PDFContent/CREEPERS/CLASS%2005/CLASS%20-%205%20-%20TERM-1%20-%20WORKSHEETS/ENGLISH/?C=S%3BO%3DA HTTP/1.1" 200 610 "-" "Mozilla/5.0 (compatible; SemrushBot/7~bl; +http://www.semrush.com/bot.html)" "brainbox.co.in"
114.119.145.154 - - [06/Jan/2023:17:18:22 -0800] "GET /PDFContent/CREEPERS/CLASS%2004/CLASS%20-%204%20-%20TERM-2%20-%20WORKSHEETS/SOCIAL/?C=M%3BO%3DA HTTP/1.1" 200 608 "https://brainbox.co.in/PDFContent/CREEPERS/CLASS%2004/CLASS%20-%204%20-%20TERM-2%20-%20WORKSHEETS/SOCIAL/" "Mozilla/5.0 (Linux; Android 7.0;) AppleWebKit/537.36 (KHTML, like Gecko) Mobile Safari/537.36 (compatible; PetalBot;+https://webmaster.petalsearch.com/site/petalbot)" "brainbox.co.in"
114.119.156.30 - - [06/Jan/2023:17:26:08 -0800] "GET /PDFContent/03%20CBSE/05%20Class%20X/Physics/REFLECTION%20AND%20REFRACTION/CBSE_X_PHYSCIS_LS10_REFLECTION%20&%20REFRACTION_REFLECTION%20DUE%20TO%20SPHERICAL%20MIRROR.pdf HTTP/1.1" 200 262473 "https://brainbox.co.in/PDFContent/03%20CBSE/05%20Class%20X/Physics/REFLECTION%20AND%20REFRACTION/?C=N%3BO%3DD" "Mozilla/5.0 (Linux; Android 7.0;) AppleWebKit/537.36 (KHTML, like Gecko) Mobile Safari/537.36 (compatible; PetalBot;+https://webmaster.petalsearch.com/site/petalbot)" "brainbox.co.in"
51.222.253.17 - - [06/Jan/2023:17:26:09 -0800] "GET /PDFContent/01%20TSB/05%20Class%20X/English/ABANDONED/?C=S;O=D HTTP/1.1" 200 494 "-" "Mozilla/5.0 (compatible; AhrefsBot/7.0; +http://ahrefs.com/robot/)" "brainbox.co.in"
114.119.136.146 - - [06/Jan/2023:17:32:30 -0800] "GET /PDFContent/03%20CBSE/03%20Class%20VIII/Maths/CBSE_VIII_MATHS_LS02_LINEAR%20EQUATIONS%20IN%20ONE%20VARIABLE_TYPES%20OF%20L.E.pdf HTTP/1.1" 200 554900 "https://brainbox.co.in/PDFContent/03%20CBSE/03%20Class%20VIII/Maths/" "Mozilla/5.0 (Linux; Android 7.0;) AppleWebKit/537.36 (KHTML, like Gecko) Mobile Safari/537.36 (compatible; PetalBot;+https://webmaster.petalsearch.com/site/petalbot)" "brainbox.co.in"
114.119.134.123 - - [06/Jan/2023:17:36:53 -0800] "GET /PDFContent/CREEPERS/CLASS%2002/CLASS%20-%202%20-%20TERM-2%20-%20WORKSHEETS/MATHEMATICS/?C=M%3BO%3DA HTTP/1.1" 200 538 "https://brainbox.co.in/PDFContent/CREEPERS/CLASS%2002/CLASS%20-%202%20-%20TERM-2%20-%20WORKSHEETS/MATHEMATICS/?C=S%3BO%3DA" "Mozilla/5.0 (Linux; Android 7.0;) AppleWebKit/537.36 (KHTML, like Gecko) Mobile Safari/537.36 (compatible; PetalBot;+https://webmaster.petalsearch.com/site/petalbot)" "brainbox.co.in"
185.191.171.37 - - [06/Jan/2023:17:38:16 -0800] "GET /robots.txt HTTP/1.1" 404 88 "-" "Mozilla/5.0 (compatible; SemrushBot/7~bl; +http://www.semrush.com/bot.html)" "brainbox.co.in"
185.191.171.7 - - [06/Jan/2023:17:38:16 -0800] "GET /PDFContent/CREEPERS/CLASS%2004/CLASS%20-%204%20-%20TERM-2%20-%20WORKSHEETS/SOCIAL/?C=M%3BO%3DA HTTP/1.1" 200 608 "-" "Mozilla/5.0 (compatible; SemrushBot/7~bl; +http://www.semrush.com/bot.html)" "brainbox.co.in"
185.191.171.24 - - [06/Jan/2023:17:40:01 -0800] "GET /PDFContent/CREEPERS/CLASS%2001/CLASS%20-%201%20-%20TERM-3%20-%20WORKSHEETS/EVS/?C=N%3BO%3DD HTTP/1.1" 200 558 "-" "Mozilla/5.0 (compatible; SemrushBot/7~bl; +http://www.semrush.com/bot.html)" "brainbox.co.in"
37.57.218.243 - - [06/Jan/2023:17:40:07 -0800] "GET /robots.txt HTTP/1.1" 404 73 "-" "Mozilla/5.0 (compatible; MJ12bot/v1.4.8; http://mj12bot.com/)" "brainbox.co.in"
37.57.218.243 - - [06/Jan/2023:17:40:20 -0800] "GET /?C=D;O=D/ HTTP/1.1" 200 429 "-" "Mozilla/5.0 (compatible; MJ12bot/v1.4.8; http://mj12bot.com/)" "brainbox.co.in"
37.57.218.243 - - [06/Jan/2023:17:40:25 -0800] "GET /?C=D;O=D// HTTP/1.1" 200 429 "-" "Mozilla/5.0 (compatible; MJ12bot/v1.4.8; http://mj12bot.com/)" "brainbox.co.in"
37.57.218.243 - - [06/Jan/2023:17:40:33 -0800] "GET /?C=M;O=D/ HTTP/1.1" 200 429 "-" "Mozilla/5.0 (compatible; MJ12bot/v1.4.8; http://mj12bot.com/)" "brainbox.co.in"
37.57.218.243 - - [06/Jan/2023:17:40:39 -0800] "GET /?C=M;O=D// HTTP/1.1" 200 429 "-" "Mozilla/5.0 (compatible; MJ12bot/v1.4.8; http://mj12bot.com/)" "brainbox.co.in"
37.57.218.243 - - [06/Jan/2023:17:40:50 -0800] "GET /?C=N;O=A/ HTTP/1.1" 200 429 "-" "Mozilla/5.0 (compatible; MJ12bot/v1.4.8; http://mj12bot.com/)" "brainbox.co.in"
37.57.218.243 - - [06/Jan/2023:17:40:53 -0800] "GET /?C=N;O=A// HTTP/1.1" 200 429 "-" "Mozilla/5.0 (compatible; MJ12bot/v1.4.8; http://mj12bot.com/)" "brainbox.co.in"
37.57.218.243 - - [06/Jan/2023:17:41:03 -0800] "GET /?C=S;O=D/ HTTP/1.1" 200 429 "-" "Mozilla/5.0 (compatible; MJ12bot/v1.4.8; http://mj12bot.com/)" "brainbox.co.in"
37.57.218.243 - - [06/Jan/2023:17:41:10 -0800] "GET /?C=S;O=D// HTTP/1.1" 200 429 "-" "Mozilla/5.0 (compatible; MJ12bot/v1.4.8; http://mj12bot.com/)" "brainbox.co.in"
114.119.152.171 - - [06/Jan/2023:17:41:15 -0800] "GET /PDFContent/Beetle/CLASS%20III/SOCIAL/SEM%201/?C=M%3BO%3DA HTTP/1.1" 200 725 "https://brainbox.co.in/PDFContent/Beetle/CLASS%20III/SOCIAL/SEM%201/?C=N%3BO%3DD" "Mozilla/5.0 (Linux; Android 7.0;) AppleWebKit/537.36 (KHTML, like Gecko) Mobile Safari/537.36 (compatible; PetalBot;+https://webmaster.petalsearch.com/site/petalbot)" "brainbox.co.in"
37.57.218.243 - - [06/Jan/2023:17:41:17 -0800] "GET /PDFContent/01%20TSB/02%20Class%20VII/?C=N;O=A HTTP/1.1" 200 505 "-" "Mozilla/5.0 (compatible; MJ12bot/v1.4.8; http://mj12bot.com/)" "brainbox.co.in"
37.57.218.243 - - [06/Jan/2023:17:41:22 -0800] "GET /PDFContent/01%20TSB/02%20Class%20VII/English/01LS4A/?C=D;O=A HTTP/1.1" 200 474 "-" "Mozilla/5.0 (compatible; MJ12bot/v1.4.8; http://mj12bot.com/)" "brainbox.co.in"
37.57.218.243 - - [06/Jan/2023:17:41:32 -0800] "GET /PDFContent/01%20TSB/02%20Class%20VII/English/01LS4A/?C=M;O=A HTTP/1.1" 200 475 "-" "Mozilla/5.0 (compatible; MJ12bot/v1.4.8; http://mj12bot.com/)" "brainbox.co.in"
37.57.218.243 - - [06/Jan/2023:17:41:38 -0800] "GET /PDFContent/01%20TSB/02%20Class%20VII/English/01LS4A/?C=N;O=D HTTP/1.1" 200 472 "-" "Mozilla/5.0 (compatible; MJ12bot/v1.4.8; http://mj12bot.com/)" "brainbox.co.in"
37.57.218.243 - - [06/Jan/2023:17:41:50 -0800] "GET /PDFContent/01%20TSB/02%20Class%20VII/English/01LS4A/?C=S;O=A HTTP/1.1" 200 474 "-" "Mozilla/5.0 (compatible; MJ12bot/v1.4.8; http://mj12bot.com/)" "brainbox.co.in"
37.57.218.243 - - [06/Jan/2023:17:42:05 -0800] "GET /PDFContent/01%20TSB/02%20Class%20VII/English/01LS4B/?C=D;O=A HTTP/1.1" 200 475 "-" "Mozilla/5.0 (compatible; MJ12bot/v1.4.8; http://mj12bot.com/)" "brainbox.co.in"
37.57.218.243 - - [06/Jan/2023:17:42:13 -0800] "GET /PDFContent/01%20TSB/02%20Class%20VII/English/01LS4B/?C=M;O=A HTTP/1.1" 200 475 "-" "Mozilla/5.0 (compatible; MJ12bot/v1.4.8; http://mj12bot.com/)" "brainbox.co.in"
37.57.218.243 - - [06/Jan/2023:17:42:18 -0800] "GET /PDFContent/01%20TSB/02%20Class%20VII/English/01LS4B/?C=N;O=D HTTP/1.1" 200 472 "-" "Mozilla/5.0 (compatible; MJ12bot/v1.4.8; http://mj12bot.com/)" "brainbox.co.in"
37.57.218.243 - - [06/Jan/2023:17:42:31 -0800] "GET /PDFContent/01%20TSB/02%20Class%20VII/English/01LS4B/?C=S;O=A HTTP/1.1" 200 475 "-" "Mozilla/5.0 (compatible; MJ12bot/v1.4.8; http://mj12bot.com/)" "brainbox.co.in"
37.57.218.243 - - [06/Jan/2023:17:42:44 -0800] "GET /PDFContent/01%20TSB/02%20Class%20VII/English/01LS4C/?C=D;O=A HTTP/1.1" 200 480 "-" "Mozilla/5.0 (compatible; MJ12bot/v1.4.8; http://mj12bot.com/)" "brainbox.co.in"
37.57.218.243 - - [06/Jan/2023:17:42:56 -0800] "GET /PDFContent/01%20TSB/02%20Class%20VII/English/01LS4C/?C=M;O=A HTTP/1.1" 200 480 "-" "Mozilla/5.0 (compatible; MJ12bot/v1.4.8; http://mj12bot.com/)" "brainbox.co.in"
37.57.218.243 - - [06/Jan/2023:17:43:02 -0800] "GET /PDFContent/01%20TSB/02%20Class%20VII/English/01LS4C/?C=N;O=D HTTP/1.1" 200 478 "-" "Mozilla/5.0 (compatible; MJ12bot/v1.4.8; http://mj12bot.com/)" "brainbox.co.in"
37.57.218.243 - - [06/Jan/2023:17:43:11 -0800] "GET /PDFContent/01%20TSB/02%20Class%20VII/English/01LS4C/?C=S;O=A HTTP/1.1" 200 483 "-" "Mozilla/5.0 (compatible; MJ12bot/v1.4.8; http://mj12bot.com/)" "brainbox.co.in"
37.57.218.243 - - [06/Jan/2023:17:43:19 -0800] "GET /PDFContent/01%20TSB/03%20Class%20VIII/English/LS1A/?C=D;O=D HTTP/1.1" 200 610 "-" "Mozilla/5.0 (compatible; MJ12bot/v1.4.8; http://mj12bot.com/)" "brainbox.co.in"
37.57.218.243 - - [06/Jan/2023:17:43:30 -0800] "GET /PDFContent/01%20TSB/03%20Class%20VIII/English/LS1A/?C=M;O=D HTTP/1.1" 200 606 "-" "Mozilla/5.0 (compatible; MJ12bot/v1.4.8; http://mj12bot.com/)" "brainbox.co.in"
37.57.218.243 - - [06/Jan/2023:17:43:39 -0800] "GET /PDFContent/01%20TSB/03%20Class%20VIII/English/LS1A/?C=N;O=A HTTP/1.1" 200 607 "-" "Mozilla/5.0 (compatible; MJ12bot/v1.4.8; http://mj12bot.com/)" "brainbox.co.in"
37.57.218.243 - - [06/Jan/2023:17:44:02 -0800] "GET /PDFContent/01%20TSB/03%20Class%20VIII/English/LS1A/?C=S;O=D HTTP/1.1" 200 608 "-" "Mozilla/5.0 (compatible; MJ12bot/v1.4.8; http://mj12bot.com/)" "brainbox.co.in"
37.57.218.243 - - [06/Jan/2023:17:44:08 -0800] "GET /PDFContent/01%20TSB/03%20Class%20VIII/English/LS1A/New/?C=D;O=D HTTP/1.1" 200 504 "-" "Mozilla/5.0 (compatible; MJ12bot/v1.4.8; http://mj12bot.com/)" "brainbox.co.in"
37.57.218.243 - - [06/Jan/2023:17:44:17 -0800] "GET /PDFContent/01%20TSB/03%20Class%20VIII/English/LS1A/New/?C=M;O=D HTTP/1.1" 200 504 "-" "Mozilla/5.0 (compatible; MJ12bot/v1.4.8; http://mj12bot.com/)" "brainbox.co.in"
37.57.218.243 - - [06/Jan/2023:17:44:29 -0800] "GET /PDFContent/01%20TSB/03%20Class%20VIII/English/LS1A/New/?C=N;O=A HTTP/1.1" 200 507 "-" "Mozilla/5.0 (compatible; MJ12bot/v1.4.8; http://mj12bot.com/)" "brainbox.co.in"
37.57.218.243 - - [06/Jan/2023:17:44:42 -0800] "GET /PDFContent/01%20TSB/03%20Class%20VIII/English/LS1A/New/?C=S;O=D HTTP/1.1" 200 504 "-" "Mozilla/5.0 (compatible; MJ12bot/v1.4.8; http://mj12bot.com/)" "brainbox.co.in"
37.57.218.243 - - [06/Jan/2023:17:44:49 -0800] "GET /PDFContent/01%20TSB/03%20Class%20VIII/English/LS1B/?C=D;O=D HTTP/1.1" 200 540 "-" "Mozilla/5.0 (compatible; MJ12bot/v1.4.8; http://mj12bot.com/)" "brainbox.co.in"
37.57.218.243 - - [06/Jan/2023:17:44:54 -0800] "GET /PDFContent/01%20TSB/03%20Class%20VIII/English/LS1B/?C=M;O=D HTTP/1.1" 200 539 "-" "Mozilla/5.0 (compatible; MJ12bot/v1.4.8; http://mj12bot.com/)" "brainbox.co.in"
37.57.218.243 - - [06/Jan/2023:17:45:09 -0800] "GET /PDFContent/01%20TSB/03%20Class%20VIII/English/LS1B/New/?C=D;O=D HTTP/1.1" 200 525 "-" "Mozilla/5.0 (compatible; MJ12bot/v1.4.8; http://mj12bot.com/)" "brainbox.co.in"
37.57.218.243 - - [06/Jan/2023:17:45:22 -0800] "GET /PDFContent/01%20TSB/03%20Class%20VIII/English/LS1B/New/?C=M;O=D HTTP/1.1" 200 525 "-" "Mozilla/5.0 (compatible; MJ12bot/v1.4.8; http://mj12bot.com/)" "brainbox.co.in"
114.119.157.108 - - [06/Jan/2023:17:45:26 -0800] "GET /PDFContent/01%20TSB/03%20Class%20VIII/Sanskrit/?C=D%3BO%3DA HTTP/1.1" 200 355 "https://brainbox.co.in/PDFContent/01%20TSB/03%20Class%20VIII/Sanskrit/?C=N%3BO%3DD" "Mozilla/5.0 (Linux; Android 7.0;) AppleWebKit/537.36 (KHTML, like Gecko) Mobile Safari/537.36 (compatible; PetalBot;+https://webmaster.petalsearch.com/site/petalbot)" "brainbox.co.in"
37.57.218.243 - - [06/Jan/2023:17:45:26 -0800] "GET /PDFContent/01%20TSB/03%20Class%20VIII/English/LS1B/New/?C=N;O=A HTTP/1.1" 200 527 "-" "Mozilla/5.0 (compatible; MJ12bot/v1.4.8; http://mj12bot.com/)" "brainbox.co.in"
37.57.218.243 - - [06/Jan/2023:17:45:32 -0800] "GET /PDFContent/01%20TSB/03%20Class%20VIII/English/LS1B/New/?C=S;O=D HTTP/1.1" 200 524 "-" "Mozilla/5.0 (compatible; MJ12bot/v1.4.8; http://mj12bot.com/)" "brainbox.co.in"
65.109.63.253 - - [06/Jan/2023:17:45:34 -0800] "GET /robots.txt HTTP/1.1" 404 73 "-" "Mozilla/5.0 (compatible; MJ12bot/v1.4.8; http://mj12bot.com/)" "brainbox.co.in"
65.109.63.253 - - [06/Jan/2023:17:45:36 -0800] "GET /PDFContent/03%20CBSE/02%20Class%20VII/Science/WATER%20A%20PRECIOUS%20RESOURCE/?C=M;O=D HTTP/1.1" 200 505 "-" "Mozilla/5.0 (compatible; MJ12bot/v1.4.8; http://mj12bot.com/)" "brainbox.co.in"
65.109.63.253 - - [06/Jan/2023:17:45:39 -0800] "GET /PDFContent/03%20CBSE/02%20Class%20VII/Science/WATER%20A%20PRECIOUS%20RESOURCE/?C=N;O=A HTTP/1.1" 200 507 "-" "Mozilla/5.0 (compatible; MJ12bot/v1.4.8; http://mj12bot.com/)" "brainbox.co.in"
37.57.218.243 - - [06/Jan/2023:17:45:39 -0800] "GET /PDFContent/01%20TSB/03%20Class%20VIII/English/LS1C/?C=D;O=D HTTP/1.1" 200 516 "-" "Mozilla/5.0 (compatible; MJ12bot/v1.4.8; http://mj12bot.com/)" "brainbox.co.in"
65.109.63.253 - - [06/Jan/2023:17:45:41 -0800] "GET /PDFContent/03%20CBSE/02%20Class%20VII/Science/WATER%20A%20PRECIOUS%20RESOURCE/?C=N;O=D HTTP/1.1" 200 505 "-" "Mozilla/5.0 (compatible; MJ12bot/v1.4.8; http://mj12bot.com/)" "brainbox.co.in"
37.57.218.243 - - [06/Jan/2023:17:45:46 -0800] "GET /PDFContent/01%20TSB/03%20Class%20VIII/English/LS1C/?C=N;O=D HTTP/1.1" 200 516 "-" "Mozilla/5.0 (compatible; MJ12bot/v1.4.8; http://mj12bot.com/)" "brainbox.co.in"
65.109.63.253 - - [06/Jan/2023:17:45:47 -0800] "GET /PDFContent/03%20CBSE/02%20Class%20VII/Science/WATER%20A%20PRECIOUS%20RESOURCE/?C=S;O=A HTTP/1.1" 200 507 "-" "Mozilla/5.0 (compatible; MJ12bot/v1.4.8; http://mj12bot.com/)" "brainbox.co.in"
65.109.63.253 - - [06/Jan/2023:17:45:55 -0800] "GET /PDFContent/03%20CBSE/02%20Class%20VII/Science/WATER%20A%20PRECIOUS%20RESOURCE/?C=S;O=D HTTP/1.1" 200 505 "-" "Mozilla/5.0 (compatible; MJ12bot/v1.4.8; http://mj12bot.com/)" "brainbox.co.in"
65.109.63.253 - - [06/Jan/2023:17:45:57 -0800] "GET /PDFContent/03%20CBSE/02%20Class%20VII/Science/WEATHER%20CLIMATE%20AND%20ADAPTATIONS/?C=D;O=A HTTP/1.1" 200 517 "-" "Mozilla/5.0 (compatible; MJ12bot/v1.4.8; http://mj12bot.com/)" "brainbox.co.in"
37.57.218.243 - - [06/Jan/2023:17:45:57 -0800] "GET /PDFContent/01%20TSB/03%20Class%20VIII/English/LS1C/New/?C=D;O=D HTTP/1.1" 200 518 "-" "Mozilla/5.0 (compatible; MJ12bot/v1.4.8; http://mj12bot.com/)" "brainbox.co.in"
65.109.63.253 - - [06/Jan/2023:17:45:59 -0800] "GET /PDFContent/03%20CBSE/02%20Class%20VII/Science/WEATHER%20CLIMATE%20AND%20ADAPTATIONS/?C=M;O=A HTTP/1.1" 200 517 "-" "Mozilla/5.0 (compatible; MJ12bot/v1.4.8; http://mj12bot.com/)" "brainbox.co.in"
65.109.63.253 - - [06/Jan/2023:17:46:01 -0800] "GET /PDFContent/03%20CBSE/02%20Class%20VII/Science/WEATHER%20CLIMATE%20AND%20ADAPTATIONS/?C=S;O=A HTTP/1.1" 200 517 "-" "Mozilla/5.0 (compatible; MJ12bot/v1.4.8; http://mj12bot.com/)" "brainbox.co.in"
65.109.63.253 - - [06/Jan/2023:17:46:03 -0800] "GET /PDFContent/03%20CBSE/02%20Class%20VII/Science/WINDS%20STORMS%20AND%20CYCLONES/?C=D;O=A HTTP/1.1" 200 516 "-" "Mozilla/5.0 (compatible; MJ12bot/v1.4.8; http://mj12bot.com/)" "brainbox.co.in"
65.109.63.253 - - [06/Jan/2023:17:46:07 -0800] "GET /PDFContent/03%20CBSE/02%20Class%20VII/Science/WINDS%20STORMS%20AND%20CYCLONES/?C=M;O=A HTTP/1.1" 200 516 "-" "Mozilla/5.0 (compatible; MJ12bot/v1.4.8; http://mj12bot.com/)" "brainbox.co.in"
65.109.63.253 - - [06/Jan/2023:17:46:09 -0800] "GET /PDFContent/03%20CBSE/02%20Class%20VII/Science/WINDS%20STORMS%20AND%20CYCLONES/?C=N;O=D HTTP/1.1" 200 515 "-" "Mozilla/5.0 (compatible; MJ12bot/v1.4.8; http://mj12bot.com/)" "brainbox.co.in"
37.57.218.243 - - [06/Jan/2023:17:46:10 -0800] "GET /PDFContent/01%20TSB/03%20Class%20VIII/English/LS1C/New/?C=M;O=D HTTP/1.1" 200 518 "-" "Mozilla/5.0 (compatible; MJ12bot/v1.4.8; http://mj12bot.com/)" "brainbox.co.in"
65.109.63.253 - - [06/Jan/2023:17:46:11 -0800] "GET /PDFContent/03%20CBSE/02%20Class%20VII/Science/WINDS%20STORMS%20AND%20CYCLONES/?C=S;O=A HTTP/1.1" 200 517 "-" "Mozilla/5.0 (compatible; MJ12bot/v1.4.8; http://mj12bot.com/)" "brainbox.co.in"
65.109.63.253 - - [06/Jan/2023:17:46:13 -0800] "GET /PDFContent/03%20CBSE/03%20Class%20VIII/Biology/?C=D;O=A HTTP/1.1" 200 838 "-" "Mozilla/5.0 (compatible; MJ12bot/v1.4.8; http://mj12bot.com/)" "brainbox.co.in"
65.109.63.253 - - [06/Jan/2023:17:46:15 -0800] "GET /PDFContent/03%20CBSE/03%20Class%20VIII/Biology/?C=D;O=D HTTP/1.1" 200 826 "-" "Mozilla/5.0 (compatible; MJ12bot/v1.4.8; http://mj12bot.com/)" "brainbox.co.in"
37.57.218.243 - - [06/Jan/2023:17:46:20 -0800] "GET /PDFContent/01%20TSB/03%20Class%20VIII/English/LS1C/New/?C=N;O=A HTTP/1.1" 200 518 "-" "Mozilla/5.0 (compatible; MJ12bot/v1.4.8; http://mj12bot.com/)" "brainbox.co.in"
65.109.63.253 - - [06/Jan/2023:17:46:27 -0800] "GET /PDFContent/03%20CBSE/03%20Class%20VIII/Biology/?C=M;O=A HTTP/1.1" 200 840 "-" "Mozilla/5.0 (compatible; MJ12bot/v1.4.8; http://mj12bot.com/)" "brainbox.co.in"
65.109.63.253 - - [06/Jan/2023:17:46:29 -0800] "GET /PDFContent/03%20CBSE/03%20Class%20VIII/Biology/?C=M;O=D HTTP/1.1" 200 833 "-" "Mozilla/5.0 (compatible; MJ12bot/v1.4.8; http://mj12bot.com/)" "brainbox.co.in"
37.57.218.243 - - [06/Jan/2023:17:46:31 -0800] "GET /PDFContent/01%20TSB/03%20Class%20VIII/English/LS1C/New/?C=S;O=D HTTP/1.1" 200 518 "-" "Mozilla/5.0 (compatible; MJ12bot/v1.4.8; http://mj12bot.com/)" "brainbox.co.in"
65.109.63.253 - - [06/Jan/2023:17:46:31 -0800] "GET /PDFContent/03%20CBSE/03%20Class%20VIII/Biology/?C=N;O=A HTTP/1.1" 200 838 "-" "Mozilla/5.0 (compatible; MJ12bot/v1.4.8; http://mj12bot.com/)" "brainbox.co.in"
65.109.63.253 - - [06/Jan/2023:17:46:34 -0800] "GET /PDFContent/03%20CBSE/03%20Class%20VIII/Biology/?C=N;O=D HTTP/1.1" 200 826 "-" "Mozilla/5.0 (compatible; MJ12bot/v1.4.8; http://mj12bot.com/)" "brainbox.co.in"
37.57.218.243 - - [06/Jan/2023:17:46:39 -0800] "GET /PDFContent/01%20TSB/03%20Class%20VIII/English/LS2A/?C=D;O=A HTTP/1.1" 200 606 "-" "Mozilla/5.0 (compatible; MJ12bot/v1.4.8; http://mj12bot.com/)" "brainbox.co.in"
65.109.63.253 - - [06/Jan/2023:17:46:40 -0800] "GET /PDFContent/03%20CBSE/03%20Class%20VIII/Biology/?C=S;O=A HTTP/1.1" 200 824 "-" "Mozilla/5.0 (compatible; MJ12bot/v1.4.8; http://mj12bot.com/)" "brainbox.co.in"
65.109.63.253 - - [06/Jan/2023:17:46:42 -0800] "GET /PDFContent/03%20CBSE/03%20Class%20VIII/Biology/?C=S;O=D HTTP/1.1" 200 840 "-" "Mozilla/5.0 (compatible; MJ12bot/v1.4.8; http://mj12bot.com/)" "brainbox.co.in"
65.109.63.253 - - [06/Jan/2023:17:46:46 -0800] "GET /PDFContent/03%20CBSE/03%20Class%20VIII/Biology/Cell%20Structures/?C=D;O=A HTTP/1.1" 200 768 "-" "Mozilla/5.0 (compatible; MJ12bot/v1.4.8; http://mj12bot.com/)" "brainbox.co.in"
65.109.63.253 - - [06/Jan/2023:17:46:47 -0800] "GET /PDFContent/03%20CBSE/03%20Class%20VIII/Biology/Cell%20Structures/?C=D;O=D HTTP/1.1" 200 769 "-" "Mozilla/5.0 (compatible; MJ12bot/v1.4.8; http://mj12bot.com/)" "brainbox.co.in"
65.109.63.253 - - [06/Jan/2023:17:46:51 -0800] "GET /PDFContent/03%20CBSE/03%20Class%20VIII/Biology/Cell%20Structures/?C=M;O=A HTTP/1.1" 200 770 "-" "Mozilla/5.0 (compatible; MJ12bot/v1.4.8; http://mj12bot.com/)" "brainbox.co.in"
37.57.218.243 - - [06/Jan/2023:17:46:53 -0800] "GET /PDFContent/01%20TSB/03%20Class%20VIII/English/LS2A/?C=M;O=A HTTP/1.1" 200 607 "-" "Mozilla/5.0 (compatible; MJ12bot/v1.4.8; http://mj12bot.com/)" "brainbox.co.in"
65.109.63.253 - - [06/Jan/2023:17:46:53 -0800] "GET /PDFContent/03%20CBSE/03%20Class%20VIII/Biology/Cell%20Structures/?C=M;O=D HTTP/1.1" 200 767 "-" "Mozilla/5.0 (compatible; MJ12bot/v1.4.8; http://mj12bot.com/)" "brainbox.co.in"
37.57.218.243 - - [06/Jan/2023:17:47:01 -0800] "GET /PDFContent/01%20TSB/03%20Class%20VIII/English/LS2A/?C=N;O=D HTTP/1.1" 200 609 "-" "Mozilla/5.0 (compatible; MJ12bot/v1.4.8; http://mj12bot.com/)" "brainbox.co.in"
65.109.63.253 - - [06/Jan/2023:17:47:04 -0800] "GET /PDFContent/03%20CBSE/03%20Class%20VIII/Biology/Cell%20Structures/?C=N;O=A HTTP/1.1" 200 768 "-" "Mozilla/5.0 (compatible; MJ12bot/v1.4.8; http://mj12bot.com/)" "brainbox.co.in"
65.109.63.253 - - [06/Jan/2023:17:47:06 -0800] "GET /PDFContent/03%20CBSE/03%20Class%20VIII/Biology/Cell%20Structures/?C=N;O=D HTTP/1.1" 200 769 "-" "Mozilla/5.0 (compatible; MJ12bot/v1.4.8; http://mj12bot.com/)" "brainbox.co.in"
65.109.63.253 - - [06/Jan/2023:17:47:09 -0800] "GET /PDFContent/03%20CBSE/03%20Class%20VIII/Biology/Cell%20Structures/?C=S;O=A HTTP/1.1" 200 767 "-" "Mozilla/5.0 (compatible; MJ12bot/v1.4.8; http://mj12bot.com/)" "brainbox.co.in"
37.57.218.243 - - [06/Jan/2023:17:47:10 -0800] "GET /PDFContent/01%20TSB/03%20Class%20VIII/English/LS2A/?C=S;O=A HTTP/1.1" 200 608 "-" "Mozilla/5.0 (compatible; MJ12bot/v1.4.8; http://mj12bot.com/)" "brainbox.co.in"
65.109.63.253 - - [06/Jan/2023:17:47:11 -0800] "GET /PDFContent/03%20CBSE/03%20Class%20VIII/Biology/Cell%20Structures/?C=S;O=D HTTP/1.1" 200 770 "-" "Mozilla/5.0 (compatible; MJ12bot/v1.4.8; http://mj12bot.com/)" "brainbox.co.in"
65.109.63.253 - - [06/Jan/2023:17:47:13 -0800] "GET /PDFContent/03%20CBSE/03%20Class%20VIII/Biology/Fundamental%20Unit%20of%20Life/?C=D;O=A HTTP/1.1" 200 424 "-" "Mozilla/5.0 (compatible; MJ12bot/v1.4.8; http://mj12bot.com/)" "brainbox.co.in"
65.109.63.253 - - [06/Jan/2023:17:47:16 -0800] "GET /PDFContent/03%20CBSE/03%20Class%20VIII/Biology/Fundamental%20Unit%20of%20Life/?C=D;O=D HTTP/1.1" 200 422 "-" "Mozilla/5.0 (compatible; MJ12bot/v1.4.8; http://mj12bot.com/)" "brainbox.co.in"
37.57.218.243 - - [06/Jan/2023:17:47:21 -0800] "GET /PDFContent/01%20TSB/03%20Class%20VIII/English/LS2A/New/?C=D;O=D HTTP/1.1" 200 520 "-" "Mozilla/5.0 (compatible; MJ12bot/v1.4.8; http://mj12bot.com/)" "brainbox.co.in"
65.109.63.253 - - [06/Jan/2023:17:47:22 -0800] "GET /PDFContent/03%20CBSE/03%20Class%20VIII/Biology/Fundamental%20Unit%20of%20Life/?C=M;O=A HTTP/1.1" 200 424 "-" "Mozilla/5.0 (compatible; MJ12bot/v1.4.8; http://mj12bot.com/)" "brainbox.co.in"
37.57.218.243 - - [06/Jan/2023:17:47:29 -0800] "GET /PDFContent/01%20TSB/03%20Class%20VIII/English/LS2A/New/?C=M;O=D HTTP/1.1" 200 519 "-" "Mozilla/5.0 (compatible; MJ12bot/v1.4.8; http://mj12bot.com/)" "brainbox.co.in"
65.109.63.253 - - [06/Jan/2023:17:47:35 -0800] "GET /PDFContent/03%20CBSE/03%20Class%20VIII/Biology/Fundamental%20Unit%20of%20Life/?C=M;O=D HTTP/1.1" 200 422 "-" "Mozilla/5.0 (compatible; MJ12bot/v1.4.8; http://mj12bot.com/)" "brainbox.co.in"
37.57.218.243 - - [06/Jan/2023:17:47:37 -0800] "GET /PDFContent/01%20TSB/03%20Class%20VIII/English/LS2A/New/?C=N;O=A HTTP/1.1" 200 522 "-" "Mozilla/5.0 (compatible; MJ12bot/v1.4.8; http://mj12bot.com/)" "brainbox.co.in"
37.57.218.243 - - [06/Jan/2023:17:47:48 -0800] "GET /PDFContent/01%20TSB/03%20Class%20VIII/English/LS2A/New/?C=S;O=D HTTP/1.1" 200 519 "-" "Mozilla/5.0 (compatible; MJ12bot/v1.4.8; http://mj12bot.com/)" "brainbox.co.in"
37.57.218.243 - - [06/Jan/2023:17:47:50 -0800] "GET /PDFContent/01%20TSB/03%20Class%20VIII/English/LS2B/?C=D;O=A HTTP/1.1" 200 597 "-" "Mozilla/5.0 (compatible; MJ12bot/v1.4.8; http://mj12bot.com/)" "brainbox.co.in"
37.57.218.243 - - [06/Jan/2023:17:47:59 -0800] "GET /PDFContent/01%20TSB/03%20Class%20VIII/English/LS2B/?C=M;O=A HTTP/1.1" 200 600 "-" "Mozilla/5.0 (compatible; MJ12bot/v1.4.8; http://mj12bot.com/)" "brainbox.co.in"
