37.57.218.243 - - [06/Jan/2023:17:48:06 -0800] "GET /PDFContent/01%20TSB/03%20Class%20VIII/English/LS2B/?C=N;O=D HTTP/1.1" 200 602 "-" "Mozilla/5.0 (compatible; MJ12bot/v1.4.8; http://mj12bot.com/)" "brainbox.co.in"
37.57.218.243 - - [06/Jan/2023:17:48:17 -0800] "GET /PDFContent/01%20TSB/03%20Class%20VIII/English/LS2B/?C=S;O=A HTTP/1.1" 200 595 "-" "Mozilla/5.0 (compatible; MJ12bot/v1.4.8; http://mj12bot.com/)" "brainbox.co.in"
37.57.218.243 - - [06/Jan/2023:17:48:24 -0800] "GET /PDFContent/01%20TSB/03%20Class%20VIII/English/LS2B/New/?C=D;O=D HTTP/1.1" 200 515 "-" "Mozilla/5.0 (compatible; MJ12bot/v1.4.8; http://mj12bot.com/)" "brainbox.co.in"
37.57.218.243 - - [06/Jan/2023:17:48:37 -0800] "GET /PDFContent/01%20TSB/03%20Class%20VIII/English/LS2B/New/?C=M;O=D HTTP/1.1" 200 515 "-" "Mozilla/5.0 (compatible; MJ12bot/v1.4.8; http://mj12bot.com/)" "brainbox.co.in"
37.57.218.243 - - [06/Jan/2023:17:48:43 -0800] "GET /PDFContent/01%20TSB/03%20Class%20VIII/English/LS2B/New/?C=N;O=A HTTP/1.1" 200 516 "-" "Mozilla/5.0 (compatible; MJ12bot/v1.4.8; http://mj12bot.com/)" "brainbox.co.in"
37.57.218.243 - - [06/Jan/2023:17:48:51 -0800] "GET /PDFContent/01%20TSB/03%20Class%20VIII/English/LS2B/New/?C=S;O=D HTTP/1.1" 200 513 "-" "Mozilla/5.0 (compatible; MJ12bot/v1.4.8; http://mj12bot.com/)" "brainbox.co.in"
65.109.63.253 - - [06/Jan/2023:17:48:54 -0800] "GET /PDFContent/03%20CBSE/03%20Class%20VIII/Biology/Fundamental%20Unit%20of%20Life/?C=N;O=A HTTP/1.1" 200 424 "-" "Mozilla/5.0 (compatible; MJ12bot/v1.4.8; http://mj12bot.com/)" "brainbox.co.in"
37.57.218.243 - - [06/Jan/2023:17:48:56 -0800] "GET /PDFContent/01%20TSB/04%20Class%20IX/Biology/Challenging%20in%20Improving%20Agricultural/?C=D;O=A HTTP/1.1" 200 731 "-" "Mozilla/5.0 (compatible; MJ12bot/v1.4.8; http://mj12bot.com/)" "brainbox.co.in"
65.109.63.253 - - [06/Jan/2023:17:49:00 -0800] "GET /PDFContent/03%20CBSE/03%20Class%20VIII/Biology/Fundamental%20Unit%20of%20Life/?C=N;O=D HTTP/1.1" 200 422 "-" "Mozilla/5.0 (compatible; MJ12bot/v1.4.8; http://mj12bot.com/)" "brainbox.co.in"
65.109.63.253 - - [06/Jan/2023:17:49:02 -0800] "GET /PDFContent/03%20CBSE/03%20Class%20VIII/Biology/Fundamental%20Unit%20of%20Life/?C=S;O=A HTTP/1.1" 200 424 "-" "Mozilla/5.0 (compatible; MJ12bot/v1.4.8; http://mj12bot.com/)" "brainbox.co.in"
65.109.63.253 - - [06/Jan/2023:17:49:04 -0800] "GET /PDFContent/03%20CBSE/03%20Class%20VIII/Biology/Fundamental%20Unit%20of%20Life/?C=S;O=D HTTP/1.1" 200 422 "-" "Mozilla/5.0 (compatible; MJ12bot/v1.4.8; http://mj12bot.com/)" "brainbox.co.in"
37.57.218.243 - - [06/Jan/2023:17:49:05 -0800] "GET /PDFContent/01%20TSB/04%20Class%20IX/Biology/Challenging%20in%20Improving%20Agricultural/?C=M;O=A HTTP/1.1" 200 739 "-" "Mozilla/5.0 (compatible; MJ12bot/v1.4.8; http://mj12bot.com/)" "brainbox.co.in"
65.109.63.253 - - [06/Jan/2023:17:49:08 -0800] "GET /PDFContent/03%20CBSE/03%20Class%20VIII/Biology/Reproduction%20in%20Animals/?C=D;O=A HTTP/1.1" 200 674 "-" "Mozilla/5.0 (compatible; MJ12bot/v1.4.8; http://mj12bot.com/)" "brainbox.co.in"
65.109.63.253 - - [06/Jan/2023:17:49:12 -0800] "GET /PDFContent/03%20CBSE/03%20Class%20VIII/Biology/Reproduction%20in%20Animals/?C=D;O=D HTTP/1.1" 200 664 "-" "Mozilla/5.0 (compatible; MJ12bot/v1.4.8; http://mj12bot.com/)" "brainbox.co.in"
37.57.218.243 - - [06/Jan/2023:17:49:16 -0800] "GET /PDFContent/01%20TSB/04%20Class%20IX/Biology/Challenging%20in%20Improving%20Agricultural/?C=N;O=D HTTP/1.1" 200 733 "-" "Mozilla/5.0 (compatible; MJ12bot/v1.4.8; http://mj12bot.com/)" "brainbox.co.in"
65.109.63.253 - - [06/Jan/2023:17:49:25 -0800] "GET /PDFContent/03%20CBSE/03%20Class%20VIII/Biology/Reproduction%20in%20Animals/?C=M;O=A HTTP/1.1" 200 675 "-" "Mozilla/5.0 (compatible; MJ12bot/v1.4.8; http://mj12bot.com/)" "brainbox.co.in"
114.119.137.143 - - [06/Jan/2023:17:49:26 -0800] "GET /PDFContent/01%20TSB/03%20Class%20VIII/English/LS8C/TSB_VIII_ENGLISH_LS08C_THE%20DEAD%20RAT_Introduction.pdf HTTP/1.1" 200 400359 "https://brainbox.co.in/PDFContent/01%20TSB/03%20Class%20VIII/English/LS8C/?C=M%3BO%3DA" "Mozilla/5.0 (Linux; Android 7.0;) AppleWebKit/537.36 (KHTML, like Gecko) Mobile Safari/537.36 (compatible; PetalBot;+https://webmaster.petalsearch.com/site/petalbot)" "brainbox.co.in"
37.57.218.243 - - [06/Jan/2023:17:49:27 -0800] "GET /PDFContent/01%20TSB/04%20Class%20IX/Biology/Challenging%20in%20Improving%20Agricultural/?C=S;O=A HTTP/1.1" 200 737 "-" "Mozilla/5.0 (compatible; MJ12bot/v1.4.8; http://mj12bot.com/)" "brainbox.co.in"
37.57.218.243 - - [06/Jan/2023:17:49:39 -0800] "GET /PDFContent/01%20TSB/04%20Class%20IX/Maths/Biology/?C=D;O=A HTTP/1.1" 200 358 "-" "Mozilla/5.0 (compatible; MJ12bot/v1.4.8; http://mj12bot.com/)" "brainbox.co.in"
37.57.218.243 - - [06/Jan/2023:17:49:48 -0800] "GET /PDFContent/01%20TSB/04%20Class%20IX/Maths/Biology/?C=M;O=A HTTP/1.1" 200 358 "-" "Mozilla/5.0 (compatible; MJ12bot/v1.4.8; http://mj12bot.com/)" "brainbox.co.in"
37.57.218.243 - - [06/Jan/2023:17:50:00 -0800] "GET /PDFContent/01%20TSB/04%20Class%20IX/Maths/Biology/?C=N;O=D HTTP/1.1" 200 356 "-" "Mozilla/5.0 (compatible; MJ12bot/v1.4.8; http://mj12bot.com/)" "brainbox.co.in"
37.57.218.243 - - [06/Jan/2023:17:50:09 -0800] "GET /PDFContent/01%20TSB/04%20Class%20IX/Maths/Biology/?C=S;O=A HTTP/1.1" 200 358 "-" "Mozilla/5.0 (compatible; MJ12bot/v1.4.8; http://mj12bot.com/)" "brainbox.co.in"
37.57.218.243 - - [06/Jan/2023:17:50:28 -0800] "GET /PDFContent/01%20TSB/05%20Class%20X/Biology/NUTRITION/?C=S;O=D HTTP/1.1" 200 512 "-" "Mozilla/5.0 (compatible; MJ12bot/v1.4.8; http://mj12bot.com/)" "brainbox.co.in"
37.57.218.243 - - [06/Jan/2023:17:50:34 -0800] "GET /PDFContent/01%20TSB/05%20Class%20X/Biology/RESPIRATION/ HTTP/1.1" 200 497 "-" "Mozilla/5.0 (compatible; MJ12bot/v1.4.8; http://mj12bot.com/)" "brainbox.co.in"
37.57.218.243 - - [06/Jan/2023:17:50:45 -0800] "GET /PDFContent/01%20TSB/05%20Class%20X/Biology/RESPIRATION/?C=D;O=A HTTP/1.1" 200 497 "-" "Mozilla/5.0 (compatible; MJ12bot/v1.4.8; http://mj12bot.com/)" "brainbox.co.in"
37.57.218.243 - - [06/Jan/2023:17:50:52 -0800] "GET /PDFContent/01%20TSB/05%20Class%20X/Biology/RESPIRATION/?C=D;O=D HTTP/1.1" 200 493 "-" "Mozilla/5.0 (compatible; MJ12bot/v1.4.8; http://mj12bot.com/)" "brainbox.co.in"
37.57.218.243 - - [06/Jan/2023:17:51:01 -0800] "GET /PDFContent/01%20TSB/05%20Class%20X/Biology/RESPIRATION/?C=M;O=A HTTP/1.1" 200 496 "-" "Mozilla/5.0 (compatible; MJ12bot/v1.4.8; http://mj12bot.com/)" "brainbox.co.in"
65.109.63.253 - - [06/Jan/2023:17:51:04 -0800] "GET /PDFContent/03%20CBSE/03%20Class%20VIII/Biology/Reproduction%20in%20Animals/?C=N;O=A HTTP/1.1" 200 674 "-" "Mozilla/5.0 (compatible; MJ12bot/v1.4.8; http://mj12bot.com/)" "brainbox.co.in"
37.57.218.243 - - [06/Jan/2023:17:51:07 -0800] "GET /PDFContent/01%20TSB/05%20Class%20X/Biology/RESPIRATION/?C=M;O=D HTTP/1.1" 200 493 "-" "Mozilla/5.0 (compatible; MJ12bot/v1.4.8; http://mj12bot.com/)" "brainbox.co.in"
37.57.218.243 - - [06/Jan/2023:17:51:10 -0800] "GET /PDFContent/01%20TSB/05%20Class%20X/Biology/RESPIRATION/?C=N;O=A HTTP/1.1" 200 497 "-" "Mozilla/5.0 (compatible; MJ12bot/v1.4.8; http://mj12bot.com/)" "brainbox.co.in"
65.109.63.253 - - [06/Jan/2023:17:51:11 -0800] "GET /PDFContent/03%20CBSE/03%20Class%20VIII/Biology/Reproduction%20in%20Animals/?C=N;O=D HTTP/1.1" 200 664 "-" "Mozilla/5.0 (compatible; MJ12bot/v1.4.8; http://mj12bot.com/)" "brainbox.co.in"
65.109.63.253 - - [06/Jan/2023:17:51:14 -0800] "GET /PDFContent/03%20CBSE/03%20Class%20VIII/Biology/Reproduction%20in%20Animals/?C=S;O=A HTTP/1.1" 200 674 "-" "Mozilla/5.0 (compatible; MJ12bot/v1.4.8; http://mj12bot.com/)" "brainbox.co.in"
65.109.63.253 - - [06/Jan/2023:17:51:16 -0800] "GET /PDFContent/03%20CBSE/03%20Class%20VIII/Biology/Reproduction%20in%20Animals/?C=S;O=D HTTP/1.1" 200 671 "-" "Mozilla/5.0 (compatible; MJ12bot/v1.4.8; http://mj12bot.com/)" "brainbox.co.in"
65.109.63.253 - - [06/Jan/2023:17:51:18 -0800] "GET /PDFContent/03%20CBSE/03%20Class%20VIII/Chemistry/CHEMICAL%20EFFECTS%20OF%20ELECTRIC%20CURRENT/?C=D;O=A HTTP/1.1" 200 550 "-" "Mozilla/5.0 (compatible; MJ12bot/v1.4.8; http://mj12bot.com/)" "brainbox.co.in"
65.109.63.253 - - [06/Jan/2023:17:51:20 -0800] "GET /PDFContent/03%20CBSE/03%20Class%20VIII/Chemistry/CHEMICAL%20EFFECTS%20OF%20ELECTRIC%20CURRENT/?C=D;O=D HTTP/1.1" 200 547 "-" "Mozilla/5.0 (compatible; MJ12bot/v1.4.8; http://mj12bot.com/)" "brainbox.co.in"
37.57.218.243 - - [06/Jan/2023:17:51:23 -0800] "GET /PDFContent/01%20TSB/05%20Class%20X/Biology/RESPIRATION/?C=N;O=D HTTP/1.1" 200 493 "-" "Mozilla/5.0 (compatible; MJ12bot/v1.4.8; http://mj12bot.com/)" "brainbox.co.in"
65.109.63.253 - - [06/Jan/2023:17:51:24 -0800] "GET /PDFContent/03%20CBSE/03%20Class%20VIII/Chemistry/CHEMICAL%20EFFECTS%20OF%20ELECTRIC%20CURRENT/?C=M;O=A HTTP/1.1" 200 552 "-" "Mozilla/5.0 (compatible; MJ12bot/v1.4.8; http://mj12bot.com/)" "brainbox.co.in"
65.109.63.253 - - [06/Jan/2023:17:51:26 -0800] "GET /PDFContent/03%20CBSE/03%20Class%20VIII/Chemistry/CHEMICAL%20EFFECTS%20OF%20ELECTRIC%20CURRENT/?C=M;O=D HTTP/1.1" 200 550 "-" "Mozilla/5.0 (compatible; MJ12bot/v1.4.8; http://mj12bot.com/)" "brainbox.co.in"
65.109.63.253 - - [06/Jan/2023:17:51:28 -0800] "GET /PDFContent/03%20CBSE/03%20Class%20VIII/Chemistry/CHEMICAL%20EFFECTS%20OF%20ELECTRIC%20CURRENT/?C=N;O=A HTTP/1.1" 200 550 "-" "Mozilla/5.0 (compatible; MJ12bot/v1.4.8; http://mj12bot.com/)" "brainbox.co.in"
65.109.63.253 - - [06/Jan/2023:17:51:30 -0800] "GET /PDFContent/03%20CBSE/03%20Class%20VIII/Chemistry/CHEMICAL%20EFFECTS%20OF%20ELECTRIC%20CURRENT/?C=N;O=D HTTP/1.1" 200 547 "-" "Mozilla/5.0 (compatible; MJ12bot/v1.4.8; http://mj12bot.com/)" "brainbox.co.in"
65.109.63.253 - - [06/Jan/2023:17:51:32 -0800] "GET /PDFContent/03%20CBSE/03%20Class%20VIII/Chemistry/CHEMICAL%20EFFECTS%20OF%20ELECTRIC%20CURRENT/?C=S;O=A HTTP/1.1" 200 554 "-" "Mozilla/5.0 (compatible; MJ12bot/v1.4.8; http://mj12bot.com/)" "brainbox.co.in"
37.57.218.243 - - [06/Jan/2023:17:51:33 -0800] "GET /PDFContent/01%20TSB/05%20Class%20X/Biology/RESPIRATION/?C=S;O=A HTTP/1.1" 200 497 "-" "Mozilla/5.0 (compatible; MJ12bot/v1.4.8; http://mj12bot.com/)" "brainbox.co.in"
65.109.63.253 - - [06/Jan/2023:17:51:34 -0800] "GET /PDFContent/03%20CBSE/03%20Class%20VIII/Chemistry/CHEMICAL%20EFFECTS%20OF%20ELECTRIC%20CURRENT/?C=S;O=D HTTP/1.1" 200 551 "-" "Mozilla/5.0 (compatible; MJ12bot/v1.4.8; http://mj12bot.com/)" "brainbox.co.in"
65.109.63.253 - - [06/Jan/2023:17:51:39 -0800] "GET /PDFContent/03%20CBSE/03%20Class%20VIII/Chemistry/COAL%20AND%20PETROLEUM/?C=D;O=A HTTP/1.1" 200 523 "-" "Mozilla/5.0 (compatible; MJ12bot/v1.4.8; http://mj12bot.com/)" "brainbox.co.in"
65.109.63.253 - - [06/Jan/2023:17:51:43 -0800] "GET /PDFContent/03%20CBSE/03%20Class%20VIII/Chemistry/COAL%20AND%20PETROLEUM/?C=D;O=D HTTP/1.1" 200 523 "-" "Mozilla/5.0 (compatible; MJ12bot/v1.4.8; http://mj12bot.com/)" "brainbox.co.in"
37.57.218.243 - - [06/Jan/2023:17:51:44 -0800] "GET /PDFContent/01%20TSB/05%20Class%20X/Biology/RESPIRATION/?C=S;O=D HTTP/1.1" 200 493 "-" "Mozilla/5.0 (compatible; MJ12bot/v1.4.8; http://mj12bot.com/)" "brainbox.co.in"
65.109.63.253 - - [06/Jan/2023:17:51:55 -0800] "GET /PDFContent/03%20CBSE/03%20Class%20VIII/Chemistry/COAL%20AND%20PETROLEUM/?C=M;O=A HTTP/1.1" 200 524 "-" "Mozilla/5.0 (compatible; MJ12bot/v1.4.8; http://mj12bot.com/)" "brainbox.co.in"
37.57.218.243 - - [06/Jan/2023:17:51:56 -0800] "GET /PDFContent/01%20TSB/05%20Class%20X/Biology/TRANSPORTATION/ HTTP/1.1" 200 479 "-" "Mozilla/5.0 (compatible; MJ12bot/v1.4.8; http://mj12bot.com/)" "brainbox.co.in"
65.109.63.253 - - [06/Jan/2023:17:52:09 -0800] "GET /PDFContent/03%20CBSE/03%20Class%20VIII/Chemistry/COAL%20AND%20PETROLEUM/?C=M;O=D HTTP/1.1" 200 520 "-" "Mozilla/5.0 (compatible; MJ12bot/v1.4.8; http://mj12bot.com/)" "brainbox.co.in"
37.57.218.243 - - [06/Jan/2023:17:52:10 -0800] "GET /PDFContent/01%20TSB/05%20Class%20X/Biology/TRANSPORTATION/?C=D;O=A HTTP/1.1" 200 479 "-" "Mozilla/5.0 (compatible; MJ12bot/v1.4.8; http://mj12bot.com/)" "brainbox.co.in"
65.109.63.253 - - [06/Jan/2023:17:52:11 -0800] "GET /PDFContent/03%20CBSE/03%20Class%20VIII/Chemistry/COAL%20AND%20PETROLEUM/?C=N;O=A HTTP/1.1" 200 523 "-" "Mozilla/5.0 (compatible; MJ12bot/v1.4.8; http://mj12bot.com/)" "brainbox.co.in"
65.109.63.253 - - [06/Jan/2023:17:52:16 -0800] "GET /PDFContent/03%20CBSE/03%20Class%20VIII/Chemistry/COAL%20AND%20PETROLEUM/?C=N;O=D HTTP/1.1" 200 523 "-" "Mozilla/5.0 (compatible; MJ12bot/v1.4.8; http://mj12bot.com/)" "brainbox.co.in"
65.109.63.253 - - [06/Jan/2023:17:52:18 -0800] "GET /PDFContent/03%20CBSE/03%20Class%20VIII/Chemistry/COAL%20AND%20PETROLEUM/?C=S;O=A HTTP/1.1" 200 522 "-" "Mozilla/5.0 (compatible; MJ12bot/v1.4.8; http://mj12bot.com/)" "brainbox.co.in"
65.109.63.253 - - [06/Jan/2023:17:52:21 -0800] "GET /PDFContent/03%20CBSE/03%20Class%20VIII/Chemistry/COAL%20AND%20PETROLEUM/?C=S;O=D HTTP/1.1" 200 520 "-" "Mozilla/5.0 (compatible; MJ12bot/v1.4.8; http://mj12bot.com/)" "brainbox.co.in"
37.57.218.243 - - [06/Jan/2023:17:52:22 -0800] "GET /PDFContent/01%20TSB/05%20Class%20X/Biology/TRANSPORTATION/?C=D;O=D HTTP/1.1" 200 478 "-" "Mozilla/5.0 (compatible; MJ12bot/v1.4.8; http://mj12bot.com/)" "brainbox.co.in"
65.109.63.253 - - [06/Jan/2023:17:52:25 -0800] "GET /PDFContent/03%20CBSE/03%20Class%20VIII/Chemistry/Combustion%20and%20Flames/?C=D;O=A HTTP/1.1" 200 612 "-" "Mozilla/5.0 (compatible; MJ12bot/v1.4.8; http://mj12bot.com/)" "brainbox.co.in"
65.109.63.253 - - [06/Jan/2023:17:52:27 -0800] "GET /PDFContent/03%20CBSE/03%20Class%20VIII/Chemistry/Combustion%20and%20Flames/?C=D;O=D HTTP/1.1" 200 604 "-" "Mozilla/5.0 (compatible; MJ12bot/v1.4.8; http://mj12bot.com/)" "brainbox.co.in"
65.109.63.253 - - [06/Jan/2023:17:52:30 -0800] "GET /PDFContent/03%20CBSE/03%20Class%20VIII/Chemistry/Combustion%20and%20Flames/?C=M;O=A HTTP/1.1" 200 612 "-" "Mozilla/5.0 (compatible; MJ12bot/v1.4.8; http://mj12bot.com/)" "brainbox.co.in"
65.109.63.253 - - [06/Jan/2023:17:52:32 -0800] "GET /PDFContent/03%20CBSE/03%20Class%20VIII/Chemistry/Combustion%20and%20Flames/?C=M;O=D HTTP/1.1" 200 604 "-" "Mozilla/5.0 (compatible; MJ12bot/v1.4.8; http://mj12bot.com/)" "brainbox.co.in"
37.57.218.243 - - [06/Jan/2023:17:52:43 -0800] "GET /PDFContent/01%20TSB/05%20Class%20X/Biology/TRANSPORTATION/?C=M;O=A HTTP/1.1" 200 481 "-" "Mozilla/5.0 (compatible; MJ12bot/v1.4.8; http://mj12bot.com/)" "brainbox.co.in"
65.109.63.253 - - [06/Jan/2023:17:52:43 -0800] "GET /PDFContent/03%20CBSE/03%20Class%20VIII/Chemistry/Combustion%20and%20Flames/?C=N;O=A HTTP/1.1" 200 612 "-" "Mozilla/5.0 (compatible; MJ12bot/v1.4.8; http://mj12bot.com/)" "brainbox.co.in"
37.57.218.243 - - [06/Jan/2023:17:52:52 -0800] "GET /PDFContent/01%20TSB/05%20Class%20X/Biology/TRANSPORTATION/?C=M;O=D HTTP/1.1" 200 477 "-" "Mozilla/5.0 (compatible; MJ12bot/v1.4.8; http://mj12bot.com/)" "brainbox.co.in"
65.109.63.253 - - [06/Jan/2023:17:52:55 -0800] "GET /PDFContent/03%20CBSE/03%20Class%20VIII/Chemistry/Combustion%20and%20Flames/?C=N;O=D HTTP/1.1" 200 604 "-" "Mozilla/5.0 (compatible; MJ12bot/v1.4.8; http://mj12bot.com/)" "brainbox.co.in"
37.57.218.243 - - [06/Jan/2023:17:53:00 -0800] "GET /PDFContent/01%20TSB/05%20Class%20X/Biology/TRANSPORTATION/?C=N;O=A HTTP/1.1" 200 479 "-" "Mozilla/5.0 (compatible; MJ12bot/v1.4.8; http://mj12bot.com/)" "brainbox.co.in"
37.57.218.243 - - [06/Jan/2023:17:53:17 -0800] "GET /PDFContent/01%20TSB/05%20Class%20X/Biology/TRANSPORTATION/?C=N;O=D HTTP/1.1" 200 478 "-" "Mozilla/5.0 (compatible; MJ12bot/v1.4.8; http://mj12bot.com/)" "brainbox.co.in"
37.57.218.243 - - [06/Jan/2023:17:53:25 -0800] "GET /PDFContent/01%20TSB/05%20Class%20X/Biology/TRANSPORTATION/?C=S;O=A HTTP/1.1" 200 481 "-" "Mozilla/5.0 (compatible; MJ12bot/v1.4.8; http://mj12bot.com/)" "brainbox.co.in"
114.119.141.228 - - [06/Jan/2023:17:53:29 -0800] "GET /PDFContent/01%20TSB/02%20Class%20VII/Hindi/word%20meaning/TSV_VII_LS18_GHANTE%20KI%20AAWAZ_WORD%20MEANING.pdf HTTP/1.1" 200 88279 "https://brainbox.co.in/PDFContent/01%20TSB/02%20Class%20VII/Hindi/word%20meaning/?C=D%3BO%3DA" "Mozilla/5.0 (Linux; Android 7.0;) AppleWebKit/537.36 (KHTML, like Gecko) Mobile Safari/537.36 (compatible; PetalBot;+https://webmaster.petalsearch.com/site/petalbot)" "brainbox.co.in"
37.57.218.243 - - [06/Jan/2023:17:53:31 -0800] "GET /PDFContent/01%20TSB/05%20Class%20X/Biology/TRANSPORTATION/?C=S;O=D HTTP/1.1" 200 477 "-" "Mozilla/5.0 (compatible; MJ12bot/v1.4.8; http://mj12bot.com/)" "brainbox.co.in"
37.57.218.243 - - [06/Jan/2023:17:53:36 -0800] "GET /PDFContent/01%20TSB/05%20Class%20X/English/6A,ENVIRONMENT/?C=D;O=A HTTP/1.1" 200 518 "-" "Mozilla/5.0 (compatible; MJ12bot/v1.4.8; http://mj12bot.com/)" "brainbox.co.in"
37.57.218.243 - - [06/Jan/2023:17:53:43 -0800] "GET /PDFContent/01%20TSB/05%20Class%20X/English/6A,ENVIRONMENT/?C=D;O=D HTTP/1.1" 200 516 "-" "Mozilla/5.0 (compatible; MJ12bot/v1.4.8; http://mj12bot.com/)" "brainbox.co.in"
37.57.218.243 - - [06/Jan/2023:17:53:58 -0800] "GET /PDFContent/01%20TSB/05%20Class%20X/English/6A,ENVIRONMENT/?C=M;O=A HTTP/1.1" 200 518 "-" "Mozilla/5.0 (compatible; MJ12bot/v1.4.8; http://mj12bot.com/)" "brainbox.co.in"
37.57.218.243 - - [06/Jan/2023:17:54:09 -0800] "GET /PDFContent/01%20TSB/05%20Class%20X/English/6A,ENVIRONMENT/?C=M;O=D HTTP/1.1" 200 516 "-" "Mozilla/5.0 (compatible; MJ12bot/v1.4.8; http://mj12bot.com/)" "brainbox.co.in"
37.57.218.243 - - [06/Jan/2023:17:54:15 -0800] "GET /PDFContent/01%20TSB/05%20Class%20X/English/6A,ENVIRONMENT/?C=N;O=A HTTP/1.1" 200 518 "-" "Mozilla/5.0 (compatible; MJ12bot/v1.4.8; http://mj12bot.com/)" "brainbox.co.in"
37.57.218.243 - - [06/Jan/2023:17:54:30 -0800] "GET /PDFContent/01%20TSB/05%20Class%20X/English/6A,ENVIRONMENT/?C=N;O=D HTTP/1.1" 200 516 "-" "Mozilla/5.0 (compatible; MJ12bot/v1.4.8; http://mj12bot.com/)" "brainbox.co.in"
37.57.218.243 - - [06/Jan/2023:17:54:41 -0800] "GET /PDFContent/01%20TSB/05%20Class%20X/English/6A,ENVIRONMENT/?C=S;O=A HTTP/1.1" 200 517 "-" "Mozilla/5.0 (compatible; MJ12bot/v1.4.8; http://mj12bot.com/)" "brainbox.co.in"
37.57.218.243 - - [06/Jan/2023:17:54:46 -0800] "GET /PDFContent/01%20TSB/05%20Class%20X/English/6A,ENVIRONMENT/?C=S;O=D HTTP/1.1" 200 515 "-" "Mozilla/5.0 (compatible; MJ12bot/v1.4.8; http://mj12bot.com/)" "brainbox.co.in"
37.57.218.243 - - [06/Jan/2023:17:54:56 -0800] "GET /PDFContent/01%20TSB/05%20Class%20X/English/7A_MY%20CHILDHOOD/?C=D;O=A HTTP/1.1" 200 511 "-" "Mozilla/5.0 (compatible; MJ12bot/v1.4.8; http://mj12bot.com/)" "brainbox.co.in"
37.57.218.243 - - [06/Jan/2023:17:55:02 -0800] "GET /PDFContent/01%20TSB/05%20Class%20X/English/7A_MY%20CHILDHOOD/?C=D;O=D HTTP/1.1" 200 509 "-" "Mozilla/5.0 (compatible; MJ12bot/v1.4.8; http://mj12bot.com/)" "brainbox.co.in"
37.57.218.243 - - [06/Jan/2023:17:55:07 -0800] "GET /PDFContent/01%20TSB/05%20Class%20X/English/7A_MY%20CHILDHOOD/?C=M;O=A HTTP/1.1" 200 511 "-" "Mozilla/5.0 (compatible; MJ12bot/v1.4.8; http://mj12bot.com/)" "brainbox.co.in"
37.57.218.243 - - [06/Jan/2023:17:55:17 -0800] "GET /PDFContent/01%20TSB/05%20Class%20X/English/7A_MY%20CHILDHOOD/?C=M;O=D HTTP/1.1" 200 509 "-" "Mozilla/5.0 (compatible; MJ12bot/v1.4.8; http://mj12bot.com/)" "brainbox.co.in"
37.57.218.243 - - [06/Jan/2023:17:55:25 -0800] "GET /PDFContent/01%20TSB/05%20Class%20X/English/7A_MY%20CHILDHOOD/?C=N;O=A HTTP/1.1" 200 511 "-" "Mozilla/5.0 (compatible; MJ12bot/v1.4.8; http://mj12bot.com/)" "brainbox.co.in"
92.220.10.100 - - [06/Jan/2023:17:55:25 -0800] "GET /robots.txt HTTP/1.1" 404 73 "-" "Mozilla/5.0 (compatible; MJ12bot/v1.4.8; http://mj12bot.com/)" "brainbox.co.in"
92.220.10.100 - - [06/Jan/2023:17:55:27 -0800] "GET /PDFContent/02%20APSB/03%20Class%20VIII/Hindi/?C=M;O=A HTTP/1.1" 200 354 "-" "Mozilla/5.0 (compatible; MJ12bot/v1.4.8; http://mj12bot.com/)" "brainbox.co.in"
92.220.10.100 - - [06/Jan/2023:17:55:28 -0800] "GET /PDFContent/02%20APSB/03%20Class%20VIII/Hindi/?C=M;O=D HTTP/1.1" 200 352 "-" "Mozilla/5.0 (compatible; MJ12bot/v1.4.8; http://mj12bot.com/)" "brainbox.co.in"
92.220.10.100 - - [06/Jan/2023:17:55:30 -0800] "GET /PDFContent/02%20APSB/03%20Class%20VIII/Hindi/?C=N;O=A HTTP/1.1" 200 353 "-" "Mozilla/5.0 (compatible; MJ12bot/v1.4.8; http://mj12bot.com/)" "brainbox.co.in"
92.220.10.100 - - [06/Jan/2023:17:55:32 -0800] "GET /PDFContent/02%20APSB/03%20Class%20VIII/Hindi/?C=N;O=D HTTP/1.1" 200 352 "-" "Mozilla/5.0 (compatible; MJ12bot/v1.4.8; http://mj12bot.com/)" "brainbox.co.in"
92.220.10.100 - - [06/Jan/2023:17:55:33 -0800] "GET /PDFContent/02%20APSB/03%20Class%20VIII/Hindi/?C=S;O=A HTTP/1.1" 200 354 "-" "Mozilla/5.0 (compatible; MJ12bot/v1.4.8; http://mj12bot.com/)" "brainbox.co.in"
92.220.10.100 - - [06/Jan/2023:17:55:35 -0800] "GET /PDFContent/02%20APSB/03%20Class%20VIII/Hindi/?C=S;O=D HTTP/1.1" 200 352 "-" "Mozilla/5.0 (compatible; MJ12bot/v1.4.8; http://mj12bot.com/)" "brainbox.co.in"
92.220.10.100 - - [06/Jan/2023:17:55:37 -0800] "GET /PDFContent/02%20APSB/03%20Class%20VIII/Maths/?C=D;O=A HTTP/1.1" 200 353 "-" "Mozilla/5.0 (compatible; MJ12bot/v1.4.8; http://mj12bot.com/)" "brainbox.co.in"
37.57.218.243 - - [06/Jan/2023:17:55:37 -0800] "GET /PDFContent/01%20TSB/05%20Class%20X/English/7A_MY%20CHILDHOOD/?C=N;O=D HTTP/1.1" 200 509 "-" "Mozilla/5.0 (compatible; MJ12bot/v1.4.8; http://mj12bot.com/)" "brainbox.co.in"
92.220.10.100 - - [06/Jan/2023:17:55:38 -0800] "GET /PDFContent/02%20APSB/03%20Class%20VIII/Maths/?C=D;O=D HTTP/1.1" 200 352 "-" "Mozilla/5.0 (compatible; MJ12bot/v1.4.8; http://mj12bot.com/)" "brainbox.co.in"
92.220.10.100 - - [06/Jan/2023:17:55:40 -0800] "GET /PDFContent/02%20APSB/03%20Class%20VIII/Maths/?C=M;O=A HTTP/1.1" 200 354 "-" "Mozilla/5.0 (compatible; MJ12bot/v1.4.8; http://mj12bot.com/)" "brainbox.co.in"
92.220.10.100 - - [06/Jan/2023:17:55:42 -0800] "GET /PDFContent/02%20APSB/03%20Class%20VIII/Maths/?C=M;O=D HTTP/1.1" 200 352 "-" "Mozilla/5.0 (compatible; MJ12bot/v1.4.8; http://mj12bot.com/)" "brainbox.co.in"
92.220.10.100 - - [06/Jan/2023:17:55:43 -0800] "GET /PDFContent/02%20APSB/03%20Class%20VIII/Maths/?C=N;O=A HTTP/1.1" 200 353 "-" "Mozilla/5.0 (compatible; MJ12bot/v1.4.8; http://mj12bot.com/)" "brainbox.co.in"
92.220.10.100 - - [06/Jan/2023:17:55:45 -0800] "GET /PDFContent/02%20APSB/03%20Class%20VIII/Maths/?C=N;O=D HTTP/1.1" 200 352 "-" "Mozilla/5.0 (compatible; MJ12bot/v1.4.8; http://mj12bot.com/)" "brainbox.co.in"
92.220.10.100 - - [06/Jan/2023:17:55:47 -0800] "GET /PDFContent/02%20APSB/03%20Class%20VIII/Maths/?C=S;O=A HTTP/1.1" 200 354 "-" "Mozilla/5.0 (compatible; MJ12bot/v1.4.8; http://mj12bot.com/)" "brainbox.co.in"
92.220.10.100 - - [06/Jan/2023:17:55:48 -0800] "GET /PDFContent/02%20APSB/03%20Class%20VIII/Maths/?C=S;O=D HTTP/1.1" 200 352 "-" "Mozilla/5.0 (compatible; MJ12bot/v1.4.8; http://mj12bot.com/)" "brainbox.co.in"
92.220.10.100 - - [06/Jan/2023:17:55:50 -0800] "GET /PDFContent/02%20APSB/03%20Class%20VIII/Physics/?C=D;O=A HTTP/1.1" 200 355 "-" "Mozilla/5.0 (compatible; MJ12bot/v1.4.8; http://mj12bot.com/)" "brainbox.co.in"
92.220.10.100 - - [06/Jan/2023:17:55:52 -0800] "GET /PDFContent/02%20APSB/03%20Class%20VIII/Physics/?C=D;O=D HTTP/1.1" 200 353 "-" "Mozilla/5.0 (compatible; MJ12bot/v1.4.8; http://mj12bot.com/)" "brainbox.co.in"
37.57.218.243 - - [06/Jan/2023:17:55:53 -0800] "GET /PDFContent/01%20TSB/05%20Class%20X/English/7A_MY%20CHILDHOOD/?C=S;O=A HTTP/1.1" 200 511 "-" "Mozilla/5.0 (compatible; MJ12bot/v1.4.8; http://mj12bot.com/)" "brainbox.co.in"
92.220.10.100 - - [06/Jan/2023:17:55:54 -0800] "GET /PDFContent/02%20APSB/03%20Class%20VIII/Physics/?C=M;O=A HTTP/1.1" 200 355 "-" "Mozilla/5.0 (compatible; MJ12bot/v1.4.8; http://mj12bot.com/)" "brainbox.co.in"
92.220.10.100 - - [06/Jan/2023:17:55:55 -0800] "GET /PDFContent/02%20APSB/03%20Class%20VIII/Physics/?C=M;O=D HTTP/1.1" 200 353 "-" "Mozilla/5.0 (compatible; MJ12bot/v1.4.8; http://mj12bot.com/)" "brainbox.co.in"
92.220.10.100 - - [06/Jan/2023:17:55:57 -0800] "GET /PDFContent/02%20APSB/03%20Class%20VIII/Physics/?C=N;O=A HTTP/1.1" 200 355 "-" "Mozilla/5.0 (compatible; MJ12bot/v1.4.8; http://mj12bot.com/)" "brainbox.co.in"
92.220.10.100 - - [06/Jan/2023:17:55:59 -0800] "GET /PDFContent/02%20APSB/03%20Class%20VIII/Physics/?C=N;O=D HTTP/1.1" 200 353 "-" "Mozilla/5.0 (compatible; MJ12bot/v1.4.8; http://mj12bot.com/)" "brainbox.co.in"
92.220.10.100 - - [06/Jan/2023:17:56:00 -0800] "GET /PDFContent/02%20APSB/03%20Class%20VIII/Physics/?C=S;O=A HTTP/1.1" 200 355 "-" "Mozilla/5.0 (compatible; MJ12bot/v1.4.8; http://mj12bot.com/)" "brainbox.co.in"
92.220.10.100 - - [06/Jan/2023:17:56:02 -0800] "GET /PDFContent/02%20APSB/03%20Class%20VIII/Physics/?C=S;O=D HTTP/1.1" 200 353 "-" "Mozilla/5.0 (compatible; MJ12bot/v1.4.8; http://mj12bot.com/)" "brainbox.co.in"
37.57.218.243 - - [06/Jan/2023:17:56:03 -0800] "GET /PDFContent/01%20TSB/05%20Class%20X/English/7A_MY%20CHILDHOOD/?C=S;O=D HTTP/1.1" 200 509 "-" "Mozilla/5.0 (compatible; MJ12bot/v1.4.8; http://mj12bot.com/)" "brainbox.co.in"
92.220.10.100 - - [06/Jan/2023:17:56:04 -0800] "GET /PDFContent/02%20APSB/03%20Class%20VIII/Sanskrit/?C=D;O=A HTTP/1.1" 200 356 "-" "Mozilla/5.0 (compatible; MJ12bot/v1.4.8; http://mj12bot.com/)" "brainbox.co.in"
92.220.10.100 - - [06/Jan/2023:17:56:05 -0800] "GET /PDFContent/02%20APSB/03%20Class%20VIII/Sanskrit/?C=D;O=D HTTP/1.1" 200 354 "-" "Mozilla/5.0 (compatible; MJ12bot/v1.4.8; http://mj12bot.com/)" "brainbox.co.in"
92.220.10.100 - - [06/Jan/2023:17:56:07 -0800] "GET /PDFContent/02%20APSB/03%20Class%20VIII/Sanskrit/?C=M;O=A HTTP/1.1" 200 356 "-" "Mozilla/5.0 (compatible; MJ12bot/v1.4.8; http://mj12bot.com/)" "brainbox.co.in"
37.57.218.243 - - [06/Jan/2023:17:56:09 -0800] "GET /PDFContent/01%20TSB/05%20Class%20X/English/A%20TALE%20OF%20THREE%20VILLAGES/?C=D;O=A HTTP/1.1" 200 544 "-" "Mozilla/5.0 (compatible; MJ12bot/v1.4.8; http://mj12bot.com/)" "brainbox.co.in"
92.220.10.100 - - [06/Jan/2023:17:56:09 -0800] "GET /PDFContent/02%20APSB/03%20Class%20VIII/Sanskrit/?C=M;O=D HTTP/1.1" 200 354 "-" "Mozilla/5.0 (compatible; MJ12bot/v1.4.8; http://mj12bot.com/)" "brainbox.co.in"
92.220.10.100 - - [06/Jan/2023:17:56:11 -0800] "GET /PDFContent/02%20APSB/03%20Class%20VIII/Sanskrit/?C=N;O=A HTTP/1.1" 200 356 "-" "Mozilla/5.0 (compatible; MJ12bot/v1.4.8; http://mj12bot.com/)" "brainbox.co.in"
92.220.10.100 - - [06/Jan/2023:17:56:12 -0800] "GET /PDFContent/02%20APSB/03%20Class%20VIII/Sanskrit/?C=N;O=D HTTP/1.1" 200 354 "-" "Mozilla/5.0 (compatible; MJ12bot/v1.4.8; http://mj12bot.com/)" "brainbox.co.in"
92.220.10.100 - - [06/Jan/2023:17:56:14 -0800] "GET /PDFContent/02%20APSB/03%20Class%20VIII/Sanskrit/?C=S;O=A HTTP/1.1" 200 356 "-" "Mozilla/5.0 (compatible; MJ12bot/v1.4.8; http://mj12bot.com/)" "brainbox.co.in"
92.220.10.100 - - [06/Jan/2023:17:56:15 -0800] "GET /PDFContent/02%20APSB/03%20Class%20VIII/Sanskrit/?C=S;O=D HTTP/1.1" 200 354 "-" "Mozilla/5.0 (compatible; MJ12bot/v1.4.8; http://mj12bot.com/)" "brainbox.co.in"
37.57.218.243 - - [06/Jan/2023:17:56:16 -0800] "GET /PDFContent/01%20TSB/05%20Class%20X/English/A%20TALE%20OF%20THREE%20VILLAGES/?C=D;O=D HTTP/1.1" 200 543 "-" "Mozilla/5.0 (compatible; MJ12bot/v1.4.8; http://mj12bot.com/)" "brainbox.co.in"
92.220.10.100 - - [06/Jan/2023:17:56:17 -0800] "GET /PDFContent/02%20APSB/03%20Class%20VIII/Telugu/?C=D;O=A HTTP/1.1" 200 355 "-" "Mozilla/5.0 (compatible; MJ12bot/v1.4.8; http://mj12bot.com/)" "brainbox.co.in"
92.220.10.100 - - [06/Jan/2023:17:56:19 -0800] "GET /PDFContent/02%20APSB/03%20Class%20VIII/Telugu/?C=D;O=D HTTP/1.1" 200 353 "-" "Mozilla/5.0 (compatible; MJ12bot/v1.4.8; http://mj12bot.com/)" "brainbox.co.in"
92.220.10.100 - - [06/Jan/2023:17:56:20 -0800] "GET /PDFContent/02%20APSB/03%20Class%20VIII/Telugu/?C=M;O=A HTTP/1.1" 200 355 "-" "Mozilla/5.0 (compatible; MJ12bot/v1.4.8; http://mj12bot.com/)" "brainbox.co.in"
92.220.10.100 - - [06/Jan/2023:17:56:22 -0800] "GET /PDFContent/02%20APSB/03%20Class%20VIII/Telugu/?C=M;O=D HTTP/1.1" 200 353 "-" "Mozilla/5.0 (compatible; MJ12bot/v1.4.8; http://mj12bot.com/)" "brainbox.co.in"
92.220.10.100 - - [06/Jan/2023:17:56:24 -0800] "GET /PDFContent/02%20APSB/03%20Class%20VIII/Telugu/?C=N;O=A HTTP/1.1" 200 355 "-" "Mozilla/5.0 (compatible; MJ12bot/v1.4.8; http://mj12bot.com/)" "brainbox.co.in"
92.220.10.100 - - [06/Jan/2023:17:56:26 -0800] "GET /PDFContent/02%20APSB/03%20Class%20VIII/Telugu/?C=N;O=D HTTP/1.1" 200 353 "-" "Mozilla/5.0 (compatible; MJ12bot/v1.4.8; http://mj12bot.com/)" "brainbox.co.in"
92.220.10.100 - - [06/Jan/2023:17:56:27 -0800] "GET /PDFContent/02%20APSB/03%20Class%20VIII/Telugu/?C=S;O=A HTTP/1.1" 200 355 "-" "Mozilla/5.0 (compatible; MJ12bot/v1.4.8; http://mj12bot.com/)" "brainbox.co.in"
37.57.218.243 - - [06/Jan/2023:17:56:27 -0800] "GET /PDFContent/01%20TSB/05%20Class%20X/English/A%20TALE%20OF%20THREE%20VILLAGES/?C=M;O=A HTTP/1.1" 200 544 "-" "Mozilla/5.0 (compatible; MJ12bot/v1.4.8; http://mj12bot.com/)" "brainbox.co.in"
92.220.10.100 - - [06/Jan/2023:17:56:29 -0800] "GET /PDFContent/02%20APSB/03%20Class%20VIII/Telugu/?C=S;O=D HTTP/1.1" 200 353 "-" "Mozilla/5.0 (compatible; MJ12bot/v1.4.8; http://mj12bot.com/)" "brainbox.co.in"
92.220.10.100 - - [06/Jan/2023:17:56:31 -0800] "GET /PDFContent/02%20APSB/04%20Class%20IX/?C=D;O=D HTTP/1.1" 200 462 "-" "Mozilla/5.0 (compatible; MJ12bot/v1.4.8; http://mj12bot.com/)" "brainbox.co.in"
92.220.10.100 - - [06/Jan/2023:17:56:32 -0800] "GET /PDFContent/02%20APSB/04%20Class%20IX/?C=M;O=D HTTP/1.1" 200 462 "-" "Mozilla/5.0 (compatible; MJ12bot/v1.4.8; http://mj12bot.com/)" "brainbox.co.in"
92.220.10.100 - - [06/Jan/2023:17:56:34 -0800] "GET /PDFContent/02%20APSB/04%20Class%20IX/?C=N;O=A HTTP/1.1" 200 463 "-" "Mozilla/5.0 (compatible; MJ12bot/v1.4.8; http://mj12bot.com/)" "brainbox.co.in"
92.220.10.100 - - [06/Jan/2023:17:56:36 -0800] "GET /PDFContent/02%20APSB/04%20Class%20IX/?C=S;O=D HTTP/1.1" 200 462 "-" "Mozilla/5.0 (compatible; MJ12bot/v1.4.8; http://mj12bot.com/)" "brainbox.co.in"
37.57.218.243 - - [06/Jan/2023:17:56:37 -0800] "GET /PDFContent/01%20TSB/05%20Class%20X/English/A%20TALE%20OF%20THREE%20VILLAGES/?C=M;O=D HTTP/1.1" 200 543 "-" "Mozilla/5.0 (compatible; MJ12bot/v1.4.8; http://mj12bot.com/)" "brainbox.co.in"
92.220.10.100 - - [06/Jan/2023:17:56:38 -0800] "GET /PDFContent/02%20APSB/04%20Class%20IX/Chemistry/?C=D;O=A HTTP/1.1" 200 355 "-" "Mozilla/5.0 (compatible; MJ12bot/v1.4.8; http://mj12bot.com/)" "brainbox.co.in"
92.220.10.100 - - [06/Jan/2023:17:56:39 -0800] "GET /PDFContent/02%20APSB/04%20Class%20IX/Chemistry/?C=D;O=D HTTP/1.1" 200 353 "-" "Mozilla/5.0 (compatible; MJ12bot/v1.4.8; http://mj12bot.com/)" "brainbox.co.in"
37.57.218.243 - - [06/Jan/2023:17:56:41 -0800] "GET /PDFContent/01%20TSB/05%20Class%20X/English/A%20TALE%20OF%20THREE%20VILLAGES/?C=N;O=A HTTP/1.1" 200 544 "-" "Mozilla/5.0 (compatible; MJ12bot/v1.4.8; http://mj12bot.com/)" "brainbox.co.in"
92.220.10.100 - - [06/Jan/2023:17:56:41 -0800] "GET /PDFContent/02%20APSB/04%20Class%20IX/Chemistry/?C=M;O=A HTTP/1.1" 200 355 "-" "Mozilla/5.0 (compatible; MJ12bot/v1.4.8; http://mj12bot.com/)" "brainbox.co.in"
92.220.10.100 - - [06/Jan/2023:17:56:43 -0800] "GET /PDFContent/02%20APSB/04%20Class%20IX/Chemistry/?C=M;O=D HTTP/1.1" 200 353 "-" "Mozilla/5.0 (compatible; MJ12bot/v1.4.8; http://mj12bot.com/)" "brainbox.co.in"
92.220.10.100 - - [06/Jan/2023:17:56:44 -0800] "GET /PDFContent/02%20APSB/04%20Class%20IX/Chemistry/?C=N;O=A HTTP/1.1" 200 355 "-" "Mozilla/5.0 (compatible; MJ12bot/v1.4.8; http://mj12bot.com/)" "brainbox.co.in"
114.119.152.219 - - [06/Jan/2023:17:56:46 -0800] "GET /PDFContent/01%20TSB/02%20Class%20VII/Hindi/ques%20&%20ans/TSB_VII_LS06_AASMAN%20GIRA_QUES%20&%20ANS.pdf HTTP/1.1" 200 563793 "https://brainbox.co.in/PDFContent/01%20TSB/02%20Class%20VII/Hindi/ques%20&%20ans/?C=M%3BO%3DA" "Mozilla/5.0 (Linux; Android 7.0;) AppleWebKit/537.36 (KHTML, like Gecko) Mobile Safari/537.36 (compatible; PetalBot;+https://webmaster.petalsearch.com/site/petalbot)" "brainbox.co.in"
92.220.10.100 - - [06/Jan/2023:17:56:46 -0800] "GET /PDFContent/02%20APSB/04%20Class%20IX/Chemistry/?C=N;O=D HTTP/1.1" 200 353 "-" "Mozilla/5.0 (compatible; MJ12bot/v1.4.8; http://mj12bot.com/)" "brainbox.co.in"
92.220.10.100 - - [06/Jan/2023:17:56:48 -0800] "GET /PDFContent/02%20APSB/04%20Class%20IX/Chemistry/?C=S;O=A HTTP/1.1" 200 355 "-" "Mozilla/5.0 (compatible; MJ12bot/v1.4.8; http://mj12bot.com/)" "brainbox.co.in"
92.220.10.100 - - [06/Jan/2023:17:56:49 -0800] "GET /PDFContent/02%20APSB/04%20Class%20IX/Chemistry/?C=S;O=D HTTP/1.1" 200 353 "-" "Mozilla/5.0 (compatible; MJ12bot/v1.4.8; http://mj12bot.com/)" "brainbox.co.in"
92.220.10.100 - - [06/Jan/2023:17:56:51 -0800] "GET /PDFContent/02%20APSB/04%20Class%20IX/English/?C=D;O=A HTTP/1.1" 200 354 "-" "Mozilla/5.0 (compatible; MJ12bot/v1.4.8; http://mj12bot.com/)" "brainbox.co.in"
92.220.10.100 - - [06/Jan/2023:17:56:53 -0800] "GET /PDFContent/02%20APSB/04%20Class%20IX/English/?C=D;O=D HTTP/1.1" 200 352 "-" "Mozilla/5.0 (compatible; MJ12bot/v1.4.8; http://mj12bot.com/)" "brainbox.co.in"
37.57.218.243 - - [06/Jan/2023:17:56:53 -0800] "GET /PDFContent/01%20TSB/05%20Class%20X/English/A%20TALE%20OF%20THREE%20VILLAGES/?C=N;O=D HTTP/1.1" 200 543 "-" "Mozilla/5.0 (compatible; MJ12bot/v1.4.8; http://mj12bot.com/)" "brainbox.co.in"
92.220.10.100 - - [06/Jan/2023:17:56:54 -0800] "GET /PDFContent/02%20APSB/04%20Class%20IX/English/?C=M;O=A HTTP/1.1" 200 354 "-" "Mozilla/5.0 (compatible; MJ12bot/v1.4.8; http://mj12bot.com/)" "brainbox.co.in"
92.220.10.100 - - [06/Jan/2023:17:56:56 -0800] "GET /PDFContent/02%20APSB/04%20Class%20IX/English/?C=M;O=D HTTP/1.1" 200 352 "-" "Mozilla/5.0 (compatible; MJ12bot/v1.4.8; http://mj12bot.com/)" "brainbox.co.in"
92.220.10.100 - - [06/Jan/2023:17:56:58 -0800] "GET /PDFContent/02%20APSB/04%20Class%20IX/English/?C=N;O=A HTTP/1.1" 200 354 "-" "Mozilla/5.0 (compatible; MJ12bot/v1.4.8; http://mj12bot.com/)" "brainbox.co.in"
92.220.10.100 - - [06/Jan/2023:17:56:59 -0800] "GET /PDFContent/02%20APSB/04%20Class%20IX/English/?C=N;O=D HTTP/1.1" 200 352 "-" "Mozilla/5.0 (compatible; MJ12bot/v1.4.8; http://mj12bot.com/)" "brainbox.co.in"
92.220.10.100 - - [06/Jan/2023:17:57:01 -0800] "GET /PDFContent/02%20APSB/04%20Class%20IX/English/?C=S;O=A HTTP/1.1" 200 354 "-" "Mozilla/5.0 (compatible; MJ12bot/v1.4.8; http://mj12bot.com/)" "brainbox.co.in"
37.57.218.243 - - [06/Jan/2023:17:57:01 -0800] "GET /PDFContent/01%20TSB/05%20Class%20X/English/A%20TALE%20OF%20THREE%20VILLAGES/?C=S;O=A HTTP/1.1" 200 545 "-" "Mozilla/5.0 (compatible; MJ12bot/v1.4.8; http://mj12bot.com/)" "brainbox.co.in"
37.57.218.243 - - [06/Jan/2023:17:57:16 -0800] "GET /PDFContent/01%20TSB/05%20Class%20X/English/A%20TALE%20OF%20THREE%20VILLAGES/?C=S;O=D HTTP/1.1" 200 542 "-" "Mozilla/5.0 (compatible; MJ12bot/v1.4.8; http://mj12bot.com/)" "brainbox.co.in"
92.220.10.100 - - [06/Jan/2023:17:57:23 -0800] "GET /PDFContent/02%20APSB/04%20Class%20IX/English/?C=S;O=D HTTP/1.1" 200 352 "-" "Mozilla/5.0 (compatible; MJ12bot/v1.4.8; http://mj12bot.com/)" "brainbox.co.in"
92.220.10.100 - - [06/Jan/2023:17:57:25 -0800] "GET /PDFContent/02%20APSB/04%20Class%20IX/Hindi/?C=D;O=A HTTP/1.1" 200 352 "-" "Mozilla/5.0 (compatible; MJ12bot/v1.4.8; http://mj12bot.com/)" "brainbox.co.in"
37.57.218.243 - - [06/Jan/2023:17:57:26 -0800] "GET /PDFContent/01%20TSB/05%20Class%20X/English/ABANDONED/?C=D;O=A HTTP/1.1" 200 499 "-" "Mozilla/5.0 (compatible; MJ12bot/v1.4.8; http://mj12bot.com/)" "brainbox.co.in"
92.220.10.100 - - [06/Jan/2023:17:57:26 -0800] "GET /PDFContent/02%20APSB/04%20Class%20IX/Hindi/?C=D;O=D HTTP/1.1" 200 351 "-" "Mozilla/5.0 (compatible; MJ12bot/v1.4.8; http://mj12bot.com/)" "brainbox.co.in"
92.220.10.100 - - [06/Jan/2023:17:57:32 -0800] "GET /PDFContent/02%20APSB/04%20Class%20IX/Hindi/?C=M;O=A HTTP/1.1" 200 353 "-" "Mozilla/5.0 (compatible; MJ12bot/v1.4.8; http://mj12bot.com/)" "brainbox.co.in"
92.220.10.100 - - [06/Jan/2023:17:57:34 -0800] "GET /PDFContent/02%20APSB/04%20Class%20IX/Hindi/?C=M;O=D HTTP/1.1" 200 351 "-" "Mozilla/5.0 (compatible; MJ12bot/v1.4.8; http://mj12bot.com/)" "brainbox.co.in"
92.220.10.100 - - [06/Jan/2023:17:57:36 -0800] "GET /PDFContent/02%20APSB/04%20Class%20IX/Hindi/?C=N;O=A HTTP/1.1" 200 352 "-" "Mozilla/5.0 (compatible; MJ12bot/v1.4.8; http://mj12bot.com/)" "brainbox.co.in"
37.57.218.243 - - [06/Jan/2023:17:57:38 -0800] "GET /PDFContent/01%20TSB/05%20Class%20X/English/ABANDONED/?C=D;O=D HTTP/1.1" 200 495 "-" "Mozilla/5.0 (compatible; MJ12bot/v1.4.8; http://mj12bot.com/)" "brainbox.co.in"
37.57.218.243 - - [06/Jan/2023:17:57:47 -0800] "GET /PDFContent/01%20TSB/05%20Class%20X/English/ABANDONED/?C=M;O=A HTTP/1.1" 200 499 "-" "Mozilla/5.0 (compatible; MJ12bot/v1.4.8; http://mj12bot.com/)" "brainbox.co.in"
92.220.10.100 - - [06/Jan/2023:17:57:52 -0800] "GET /PDFContent/02%20APSB/04%20Class%20IX/Hindi/?C=N;O=D HTTP/1.1" 200 351 "-" "Mozilla/5.0 (compatible; MJ12bot/v1.4.8; http://mj12bot.com/)" "brainbox.co.in"
92.220.10.100 - - [06/Jan/2023:17:57:53 -0800] "GET /PDFContent/02%20APSB/04%20Class%20IX/Hindi/?C=S;O=A HTTP/1.1" 200 353 "-" "Mozilla/5.0 (compatible; MJ12bot/v1.4.8; http://mj12bot.com/)" "brainbox.co.in"
92.220.10.100 - - [06/Jan/2023:17:57:55 -0800] "GET /PDFContent/02%20APSB/04%20Class%20IX/Hindi/?C=S;O=D HTTP/1.1" 200 351 "-" "Mozilla/5.0 (compatible; MJ12bot/v1.4.8; http://mj12bot.com/)" "brainbox.co.in"
92.220.10.100 - - [06/Jan/2023:17:57:56 -0800] "GET /PDFContent/02%20APSB/04%20Class%20IX/Maths/?C=D;O=A HTTP/1.1" 200 352 "-" "Mozilla/5.0 (compatible; MJ12bot/v1.4.8; http://mj12bot.com/)" "brainbox.co.in"
37.57.218.243 - - [06/Jan/2023:17:57:57 -0800] "GET /PDFContent/01%20TSB/05%20Class%20X/English/ABANDONED/?C=M;O=D HTTP/1.1" 200 495 "-" "Mozilla/5.0 (compatible; MJ12bot/v1.4.8; http://mj12bot.com/)" "brainbox.co.in"
92.220.10.100 - - [06/Jan/2023:17:57:58 -0800] "GET /PDFContent/02%20APSB/04%20Class%20IX/Maths/?C=D;O=D HTTP/1.1" 200 350 "-" "Mozilla/5.0 (compatible; MJ12bot/v1.4.8; http://mj12bot.com/)" "brainbox.co.in"
92.220.10.100 - - [06/Jan/2023:17:58:00 -0800] "GET /PDFContent/02%20APSB/04%20Class%20IX/Maths/?C=M;O=A HTTP/1.1" 200 352 "-" "Mozilla/5.0 (compatible; MJ12bot/v1.4.8; http://mj12bot.com/)" "brainbox.co.in"
92.220.10.100 - - [06/Jan/2023:17:58:01 -0800] "GET /PDFContent/02%20APSB/04%20Class%20IX/Maths/?C=M;O=D HTTP/1.1" 200 350 "-" "Mozilla/5.0 (compatible; MJ12bot/v1.4.8; http://mj12bot.com/)" "brainbox.co.in"
92.220.10.100 - - [06/Jan/2023:17:58:03 -0800] "GET /PDFContent/02%20APSB/04%20Class%20IX/Maths/?C=N;O=A HTTP/1.1" 200 352 "-" "Mozilla/5.0 (compatible; MJ12bot/v1.4.8; http://mj12bot.com/)" "brainbox.co.in"
92.220.10.100 - - [06/Jan/2023:17:58:05 -0800] "GET /PDFContent/02%20APSB/04%20Class%20IX/Maths/?C=N;O=D HTTP/1.1" 200 350 "-" "Mozilla/5.0 (compatible; MJ12bot/v1.4.8; http://mj12bot.com/)" "brainbox.co.in"
92.220.10.100 - - [06/Jan/2023:17:58:06 -0800] "GET /PDFContent/02%20APSB/04%20Class%20IX/Maths/?C=S;O=A HTTP/1.1" 200 352 "-" "Mozilla/5.0 (compatible; MJ12bot/v1.4.8; http://mj12bot.com/)" "brainbox.co.in"
37.57.218.243 - - [06/Jan/2023:17:58:07 -0800] "GET /PDFContent/01%20TSB/05%20Class%20X/English/ABANDONED/?C=N;O=A HTTP/1.1" 200 499 "-" "Mozilla/5.0 (compatible; MJ12bot/v1.4.8; http://mj12bot.com/)" "brainbox.co.in"
92.220.10.100 - - [06/Jan/2023:17:58:08 -0800] "GET /PDFContent/02%20APSB/04%20Class%20IX/Maths/?C=S;O=D HTTP/1.1" 200 350 "-" "Mozilla/5.0 (compatible; MJ12bot/v1.4.8; http://mj12bot.com/)" "brainbox.co.in"
92.220.10.100 - - [06/Jan/2023:17:58:10 -0800] "GET /PDFContent/02%20APSB/04%20Class%20IX/Physics/?C=D;O=A HTTP/1.1" 200 354 "-" "Mozilla/5.0 (compatible; MJ12bot/v1.4.8; http://mj12bot.com/)" "brainbox.co.in"
92.220.10.100 - - [06/Jan/2023:17:58:12 -0800] "GET /PDFContent/02%20APSB/04%20Class%20IX/Physics/?C=D;O=D HTTP/1.1" 200 352 "-" "Mozilla/5.0 (compatible; MJ12bot/v1.4.8; http://mj12bot.com/)" "brainbox.co.in"
92.220.10.100 - - [06/Jan/2023:17:58:13 -0800] "GET /PDFContent/02%20APSB/04%20Class%20IX/Physics/?C=M;O=A HTTP/1.1" 200 354 "-" "Mozilla/5.0 (compatible; MJ12bot/v1.4.8; http://mj12bot.com/)" "brainbox.co.in"
37.57.218.243 - - [06/Jan/2023:17:58:14 -0800] "GET /PDFContent/01%20TSB/05%20Class%20X/English/ABANDONED/?C=N;O=D HTTP/1.1" 200 495 "-" "Mozilla/5.0 (compatible; MJ12bot/v1.4.8; http://mj12bot.com/)" "brainbox.co.in"
92.220.10.100 - - [06/Jan/2023:17:58:15 -0800] "GET /PDFContent/02%20APSB/04%20Class%20IX/Physics/?C=M;O=D HTTP/1.1" 200 352 "-" "Mozilla/5.0 (compatible; MJ12bot/v1.4.8; http://mj12bot.com/)" "brainbox.co.in"
92.220.10.100 - - [06/Jan/2023:17:58:17 -0800] "GET /PDFContent/02%20APSB/04%20Class%20IX/Physics/?C=N;O=A HTTP/1.1" 200 354 "-" "Mozilla/5.0 (compatible; MJ12bot/v1.4.8; http://mj12bot.com/)" "brainbox.co.in"
92.220.10.100 - - [06/Jan/2023:17:58:19 -0800] "GET /PDFContent/02%20APSB/04%20Class%20IX/Physics/?C=N;O=D HTTP/1.1" 200 352 "-" "Mozilla/5.0 (compatible; MJ12bot/v1.4.8; http://mj12bot.com/)" "brainbox.co.in"
92.220.10.100 - - [06/Jan/2023:17:58:20 -0800] "GET /PDFContent/02%20APSB/04%20Class%20IX/Physics/?C=S;O=A HTTP/1.1" 200 354 "-" "Mozilla/5.0 (compatible; MJ12bot/v1.4.8; http://mj12bot.com/)" "brainbox.co.in"
92.220.10.100 - - [06/Jan/2023:17:58:22 -0800] "GET /PDFContent/02%20APSB/04%20Class%20IX/Physics/?C=S;O=D HTTP/1.1" 200 352 "-" "Mozilla/5.0 (compatible; MJ12bot/v1.4.8; http://mj12bot.com/)" "brainbox.co.in"
37.57.218.243 - - [06/Jan/2023:17:58:23 -0800] "GET /PDFContent/01%20TSB/05%20Class%20X/English/ABANDONED/?C=S;O=A HTTP/1.1" 200 497 "-" "Mozilla/5.0 (compatible; MJ12bot/v1.4.8; http://mj12bot.com/)" "brainbox.co.in"
92.220.10.100 - - [06/Jan/2023:17:58:23 -0800] "GET /PDFContent/02%20APSB/04%20Class%20IX/Sanskrit/?C=D;O=A HTTP/1.1" 200 355 "-" "Mozilla/5.0 (compatible; MJ12bot/v1.4.8; http://mj12bot.com/)" "brainbox.co.in"
92.220.10.100 - - [06/Jan/2023:17:58:25 -0800] "GET /PDFContent/02%20APSB/04%20Class%20IX/Sanskrit/?C=D;O=D HTTP/1.1" 200 353 "-" "Mozilla/5.0 (compatible; MJ12bot/v1.4.8; http://mj12bot.com/)" "brainbox.co.in"
92.220.10.100 - - [06/Jan/2023:17:58:27 -0800] "GET /PDFContent/02%20APSB/04%20Class%20IX/Sanskrit/?C=M;O=A HTTP/1.1" 200 355 "-" "Mozilla/5.0 (compatible; MJ12bot/v1.4.8; http://mj12bot.com/)" "brainbox.co.in"
92.220.10.100 - - [06/Jan/2023:17:58:28 -0800] "GET /PDFContent/02%20APSB/04%20Class%20IX/Sanskrit/?C=M;O=D HTTP/1.1" 200 353 "-" "Mozilla/5.0 (compatible; MJ12bot/v1.4.8; http://mj12bot.com/)" "brainbox.co.in"
92.220.10.100 - - [06/Jan/2023:17:58:30 -0800] "GET /PDFContent/02%20APSB/04%20Class%20IX/Sanskrit/?C=N;O=A HTTP/1.1" 200 355 "-" "Mozilla/5.0 (compatible; MJ12bot/v1.4.8; http://mj12bot.com/)" "brainbox.co.in"
92.220.10.100 - - [06/Jan/2023:17:58:32 -0800] "GET /PDFContent/02%20APSB/04%20Class%20IX/Sanskrit/?C=N;O=D HTTP/1.1" 200 353 "-" "Mozilla/5.0 (compatible; MJ12bot/v1.4.8; http://mj12bot.com/)" "brainbox.co.in"
37.57.218.243 - - [06/Jan/2023:17:58:33 -0800] "GET /PDFContent/01%20TSB/05%20Class%20X/English/ABANDONED/?C=S;O=D HTTP/1.1" 200 494 "-" "Mozilla/5.0 (compatible; MJ12bot/v1.4.8; http://mj12bot.com/)" "brainbox.co.in"
92.220.10.100 - - [06/Jan/2023:17:58:34 -0800] "GET /PDFContent/02%20APSB/04%20Class%20IX/Sanskrit/?C=S;O=A HTTP/1.1" 200 355 "-" "Mozilla/5.0 (compatible; MJ12bot/v1.4.8; http://mj12bot.com/)" "brainbox.co.in"
92.220.10.100 - - [06/Jan/2023:17:58:35 -0800] "GET /PDFContent/02%20APSB/04%20Class%20IX/Sanskrit/?C=S;O=D HTTP/1.1" 200 353 "-" "Mozilla/5.0 (compatible; MJ12bot/v1.4.8; http://mj12bot.com/)" "brainbox.co.in"
92.220.10.100 - - [06/Jan/2023:17:58:37 -0800] "GET /PDFContent/02%20APSB/04%20Class%20IX/Telugu/?C=D;O=A HTTP/1.1" 200 354 "-" "Mozilla/5.0 (compatible; MJ12bot/v1.4.8; http://mj12bot.com/)" "brainbox.co.in"
92.220.10.100 - - [06/Jan/2023:17:58:39 -0800] "GET /PDFContent/02%20APSB/04%20Class%20IX/Telugu/?C=D;O=D HTTP/1.1" 200 352 "-" "Mozilla/5.0 (compatible; MJ12bot/v1.4.8; http://mj12bot.com/)" "brainbox.co.in"
37.57.218.243 - - [06/Jan/2023:17:58:39 -0800] "GET /PDFContent/01%20TSB/05%20Class%20X/English/OR%20WILL%20THE%20DREAMER%20WAKE/?C=D;O=A HTTP/1.1" 200 545 "-" "Mozilla/5.0 (compatible; MJ12bot/v1.4.8; http://mj12bot.com/)" "brainbox.co.in"
92.220.10.100 - - [06/Jan/2023:17:58:40 -0800] "GET /PDFContent/02%20APSB/04%20Class%20IX/Telugu/?C=M;O=A HTTP/1.1" 200 354 "-" "Mozilla/5.0 (compatible; MJ12bot/v1.4.8; http://mj12bot.com/)" "brainbox.co.in"
92.220.10.100 - - [06/Jan/2023:17:58:42 -0800] "GET /PDFContent/02%20APSB/04%20Class%20IX/Telugu/?C=M;O=D HTTP/1.1" 200 352 "-" "Mozilla/5.0 (compatible; MJ12bot/v1.4.8; http://mj12bot.com/)" "brainbox.co.in"
92.220.10.100 - - [06/Jan/2023:17:58:43 -0800] "GET /PDFContent/02%20APSB/04%20Class%20IX/Telugu/?C=N;O=A HTTP/1.1" 200 354 "-" "Mozilla/5.0 (compatible; MJ12bot/v1.4.8; http://mj12bot.com/)" "brainbox.co.in"
92.220.10.100 - - [06/Jan/2023:17:58:45 -0800] "GET /PDFContent/02%20APSB/04%20Class%20IX/Telugu/?C=N;O=D HTTP/1.1" 200 352 "-" "Mozilla/5.0 (compatible; MJ12bot/v1.4.8; http://mj12bot.com/)" "brainbox.co.in"
92.220.10.100 - - [06/Jan/2023:17:58:47 -0800] "GET /PDFContent/02%20APSB/04%20Class%20IX/Telugu/?C=S;O=A HTTP/1.1" 200 354 "-" "Mozilla/5.0 (compatible; MJ12bot/v1.4.8; http://mj12bot.com/)" "brainbox.co.in"
92.220.10.100 - - [06/Jan/2023:17:58:49 -0800] "GET /PDFContent/02%20APSB/04%20Class%20IX/Telugu/?C=S;O=D HTTP/1.1" 200 352 "-" "Mozilla/5.0 (compatible; MJ12bot/v1.4.8; http://mj12bot.com/)" "brainbox.co.in"
37.57.218.243 - - [06/Jan/2023:17:58:50 -0800] "GET /PDFContent/01%20TSB/05%20Class%20X/English/OR%20WILL%20THE%20DREAMER%20WAKE/?C=D;O=D HTTP/1.1" 200 542 "-" "Mozilla/5.0 (compatible; MJ12bot/v1.4.8; http://mj12bot.com/)" "brainbox.co.in"
92.220.10.100 - - [06/Jan/2023:17:58:50 -0800] "GET /PDFContent/02%20APSB/05%20Class%20X/?C=D;O=D HTTP/1.1" 200 461 "-" "Mozilla/5.0 (compatible; MJ12bot/v1.4.8; http://mj12bot.com/)" "brainbox.co.in"
92.220.10.100 - - [06/Jan/2023:17:58:52 -0800] "GET /PDFContent/02%20APSB/05%20Class%20X/?C=M;O=D HTTP/1.1" 200 461 "-" "Mozilla/5.0 (compatible; MJ12bot/v1.4.8; http://mj12bot.com/)" "brainbox.co.in"
92.220.10.100 - - [06/Jan/2023:17:58:54 -0800] "GET /PDFContent/02%20APSB/05%20Class%20X/?C=S;O=D HTTP/1.1" 200 461 "-" "Mozilla/5.0 (compatible; MJ12bot/v1.4.8; http://mj12bot.com/)" "brainbox.co.in"
92.220.10.100 - - [06/Jan/2023:17:58:56 -0800] "GET /PDFContent/02%20APSB/05%20Class%20X/Chemistry/?C=D;O=A HTTP/1.1" 200 355 "-" "Mozilla/5.0 (compatible; MJ12bot/v1.4.8; http://mj12bot.com/)" "brainbox.co.in"
92.220.10.100 - - [06/Jan/2023:17:58:57 -0800] "GET /PDFContent/02%20APSB/05%20Class%20X/Chemistry/?C=D;O=D HTTP/1.1" 200 353 "-" "Mozilla/5.0 (compatible; MJ12bot/v1.4.8; http://mj12bot.com/)" "brainbox.co.in"
37.57.218.243 - - [06/Jan/2023:17:58:58 -0800] "GET /PDFContent/01%20TSB/05%20Class%20X/English/OR%20WILL%20THE%20DREAMER%20WAKE/?C=M;O=A HTTP/1.1" 200 545 "-" "Mozilla/5.0 (compatible; MJ12bot/v1.4.8; http://mj12bot.com/)" "brainbox.co.in"
92.220.10.100 - - [06/Jan/2023:17:58:59 -0800] "GET /PDFContent/02%20APSB/05%20Class%20X/Chemistry/?C=M;O=A HTTP/1.1" 200 355 "-" "Mozilla/5.0 (compatible; MJ12bot/v1.4.8; http://mj12bot.com/)" "brainbox.co.in"
92.220.10.100 - - [06/Jan/2023:17:59:01 -0800] "GET /PDFContent/02%20APSB/05%20Class%20X/Chemistry/?C=M;O=D HTTP/1.1" 200 353 "-" "Mozilla/5.0 (compatible; MJ12bot/v1.4.8; http://mj12bot.com/)" "brainbox.co.in"
92.220.10.100 - - [06/Jan/2023:17:59:03 -0800] "GET /PDFContent/02%20APSB/05%20Class%20X/Chemistry/?C=N;O=A HTTP/1.1" 200 355 "-" "Mozilla/5.0 (compatible; MJ12bot/v1.4.8; http://mj12bot.com/)" "brainbox.co.in"
92.220.10.100 - - [06/Jan/2023:17:59:04 -0800] "GET /PDFContent/02%20APSB/05%20Class%20X/Chemistry/?C=N;O=D HTTP/1.1" 200 353 "-" "Mozilla/5.0 (compatible; MJ12bot/v1.4.8; http://mj12bot.com/)" "brainbox.co.in"
92.220.10.100 - - [06/Jan/2023:17:59:06 -0800] "GET /PDFContent/02%20APSB/05%20Class%20X/Chemistry/?C=S;O=A HTTP/1.1" 200 355 "-" "Mozilla/5.0 (compatible; MJ12bot/v1.4.8; http://mj12bot.com/)" "brainbox.co.in"
185.191.171.41 - - [06/Jan/2023:17:59:06 -0800] "GET /PDFContent/CREEPERS/CLASS%2004/CLASS%20-%204%20-%20TERM-1%20-%20WORKSHEETS/MATHEMATICS/?C=M%3BO%3DA HTTP/1.1" 200 571 "-" "Mozilla/5.0 (compatible; SemrushBot/7~bl; +http://www.semrush.com/bot.html)" "brainbox.co.in"
37.57.218.243 - - [06/Jan/2023:17:59:07 -0800] "GET /PDFContent/01%20TSB/05%20Class%20X/English/OR%20WILL%20THE%20DREAMER%20WAKE/?C=M;O=D HTTP/1.1" 200 542 "-" "Mozilla/5.0 (compatible; MJ12bot/v1.4.8; http://mj12bot.com/)" "brainbox.co.in"
92.220.10.100 - - [06/Jan/2023:17:59:08 -0800] "GET /PDFContent/02%20APSB/05%20Class%20X/Chemistry/?C=S;O=D HTTP/1.1" 200 353 "-" "Mozilla/5.0 (compatible; MJ12bot/v1.4.8; http://mj12bot.com/)" "brainbox.co.in"
92.220.10.100 - - [06/Jan/2023:17:59:09 -0800] "GET /PDFContent/02%20APSB/05%20Class%20X/English/?C=D;O=A HTTP/1.1" 200 354 "-" "Mozilla/5.0 (compatible; MJ12bot/v1.4.8; http://mj12bot.com/)" "brainbox.co.in"
92.220.10.100 - - [06/Jan/2023:17:59:11 -0800] "GET /PDFContent/02%20APSB/05%20Class%20X/English/?C=D;O=D HTTP/1.1" 200 352 "-" "Mozilla/5.0 (compatible; MJ12bot/v1.4.8; http://mj12bot.com/)" "brainbox.co.in"
92.220.10.100 - - [06/Jan/2023:17:59:13 -0800] "GET /PDFContent/02%20APSB/05%20Class%20X/English/?C=M;O=A HTTP/1.1" 200 354 "-" "Mozilla/5.0 (compatible; MJ12bot/v1.4.8; http://mj12bot.com/)" "brainbox.co.in"
92.220.10.100 - - [06/Jan/2023:17:59:14 -0800] "GET /PDFContent/02%20APSB/05%20Class%20X/English/?C=M;O=D HTTP/1.1" 200 352 "-" "Mozilla/5.0 (compatible; MJ12bot/v1.4.8; http://mj12bot.com/)" "brainbox.co.in"
92.220.10.100 - - [06/Jan/2023:17:59:16 -0800] "GET /PDFContent/02%20APSB/05%20Class%20X/English/?C=N;O=A HTTP/1.1" 200 354 "-" "Mozilla/5.0 (compatible; MJ12bot/v1.4.8; http://mj12bot.com/)" "brainbox.co.in"
92.220.10.100 - - [06/Jan/2023:17:59:18 -0800] "GET /PDFContent/02%20APSB/05%20Class%20X/English/?C=N;O=D HTTP/1.1" 200 352 "-" "Mozilla/5.0 (compatible; MJ12bot/v1.4.8; http://mj12bot.com/)" "brainbox.co.in"
37.57.218.243 - - [06/Jan/2023:17:59:19 -0800] "GET /PDFContent/01%20TSB/05%20Class%20X/English/OR%20WILL%20THE%20DREAMER%20WAKE/?C=N;O=A HTTP/1.1" 200 545 "-" "Mozilla/5.0 (compatible; MJ12bot/v1.4.8; http://mj12bot.com/)" "brainbox.co.in"
