92.220.10.100 - - [06/Jan/2023:17:59:19 -0800] "GET /PDFContent/02%20APSB/05%20Class%20X/English/?C=S;O=A HTTP/1.1" 200 354 "-" "Mozilla/5.0 (compatible; MJ12bot/v1.4.8; http://mj12bot.com/)" "brainbox.co.in"
92.220.10.100 - - [06/Jan/2023:17:59:21 -0800] "GET /PDFContent/02%20APSB/05%20Class%20X/English/?C=S;O=D HTTP/1.1" 200 352 "-" "Mozilla/5.0 (compatible; MJ12bot/v1.4.8; http://mj12bot.com/)" "brainbox.co.in"
92.220.10.100 - - [06/Jan/2023:17:59:23 -0800] "GET /PDFContent/02%20APSB/05%20Class%20X/Hindi/?C=D;O=A HTTP/1.1" 200 351 "-" "Mozilla/5.0 (compatible; MJ12bot/v1.4.8; http://mj12bot.com/)" "brainbox.co.in"
92.220.10.100 - - [06/Jan/2023:17:59:24 -0800] "GET /PDFContent/02%20APSB/05%20Class%20X/Hindi/?C=D;O=D HTTP/1.1" 200 350 "-" "Mozilla/5.0 (compatible; MJ12bot/v1.4.8; http://mj12bot.com/)" "brainbox.co.in"
92.220.10.100 - - [06/Jan/2023:17:59:26 -0800] "GET /PDFContent/02%20APSB/05%20Class%20X/Hindi/?C=M;O=A HTTP/1.1" 200 351 "-" "Mozilla/5.0 (compatible; MJ12bot/v1.4.8; http://mj12bot.com/)" "brainbox.co.in"
92.220.10.100 - - [06/Jan/2023:17:59:28 -0800] "GET /PDFContent/02%20APSB/05%20Class%20X/Hindi/?C=M;O=D HTTP/1.1" 200 350 "-" "Mozilla/5.0 (compatible; MJ12bot/v1.4.8; http://mj12bot.com/)" "brainbox.co.in"
37.57.218.243 - - [06/Jan/2023:17:59:28 -0800] "GET /PDFContent/01%20TSB/05%20Class%20X/English/OR%20WILL%20THE%20DREAMER%20WAKE/?C=N;O=D HTTP/1.1" 200 542 "-" "Mozilla/5.0 (compatible; MJ12bot/v1.4.8; http://mj12bot.com/)" "brainbox.co.in"
92.220.10.100 - - [06/Jan/2023:17:59:29 -0800] "GET /PDFContent/02%20APSB/05%20Class%20X/Hindi/?C=N;O=A HTTP/1.1" 200 351 "-" "Mozilla/5.0 (compatible; MJ12bot/v1.4.8; http://mj12bot.com/)" "brainbox.co.in"
92.220.10.100 - - [06/Jan/2023:17:59:31 -0800] "GET /PDFContent/02%20APSB/05%20Class%20X/Hindi/?C=N;O=D HTTP/1.1" 200 350 "-" "Mozilla/5.0 (compatible; MJ12bot/v1.4.8; http://mj12bot.com/)" "brainbox.co.in"
92.220.10.100 - - [06/Jan/2023:17:59:32 -0800] "GET /PDFContent/02%20APSB/05%20Class%20X/Hindi/?C=S;O=A HTTP/1.1" 200 351 "-" "Mozilla/5.0 (compatible; MJ12bot/v1.4.8; http://mj12bot.com/)" "brainbox.co.in"
37.57.218.243 - - [06/Jan/2023:17:59:34 -0800] "GET /PDFContent/01%20TSB/05%20Class%20X/English/OR%20WILL%20THE%20DREAMER%20WAKE/?C=S;O=A HTTP/1.1" 200 544 "-" "Mozilla/5.0 (compatible; MJ12bot/v1.4.8; http://mj12bot.com/)" "brainbox.co.in"
92.220.10.100 - - [06/Jan/2023:17:59:34 -0800] "GET /PDFContent/02%20APSB/05%20Class%20X/Hindi/?C=S;O=D HTTP/1.1" 200 350 "-" "Mozilla/5.0 (compatible; MJ12bot/v1.4.8; http://mj12bot.com/)" "brainbox.co.in"
92.220.10.100 - - [06/Jan/2023:17:59:36 -0800] "GET /PDFContent/02%20APSB/05%20Class%20X/Maths/?C=D;O=A HTTP/1.1" 200 352 "-" "Mozilla/5.0 (compatible; MJ12bot/v1.4.8; http://mj12bot.com/)" "brainbox.co.in"
92.220.10.100 - - [06/Jan/2023:17:59:37 -0800] "GET /PDFContent/02%20APSB/05%20Class%20X/Maths/?C=D;O=D HTTP/1.1" 200 350 "-" "Mozilla/5.0 (compatible; MJ12bot/v1.4.8; http://mj12bot.com/)" "brainbox.co.in"
92.220.10.100 - - [06/Jan/2023:17:59:39 -0800] "GET /PDFContent/02%20APSB/05%20Class%20X/Maths/?C=M;O=A HTTP/1.1" 200 352 "-" "Mozilla/5.0 (compatible; MJ12bot/v1.4.8; http://mj12bot.com/)" "brainbox.co.in"
92.220.10.100 - - [06/Jan/2023:17:59:41 -0800] "GET /PDFContent/02%20APSB/05%20Class%20X/Maths/?C=M;O=D HTTP/1.1" 200 350 "-" "Mozilla/5.0 (compatible; MJ12bot/v1.4.8; http://mj12bot.com/)" "brainbox.co.in"
92.220.10.100 - - [06/Jan/2023:17:59:42 -0800] "GET /PDFContent/02%20APSB/05%20Class%20X/Maths/?C=N;O=A HTTP/1.1" 200 352 "-" "Mozilla/5.0 (compatible; MJ12bot/v1.4.8; http://mj12bot.com/)" "brainbox.co.in"
37.57.218.243 - - [06/Jan/2023:17:59:42 -0800] "GET /PDFContent/01%20TSB/05%20Class%20X/English/OR%20WILL%20THE%20DREAMER%20WAKE/?C=S;O=D HTTP/1.1" 200 542 "-" "Mozilla/5.0 (compatible; MJ12bot/v1.4.8; http://mj12bot.com/)" "brainbox.co.in"
92.220.10.100 - - [06/Jan/2023:17:59:44 -0800] "GET /PDFContent/02%20APSB/05%20Class%20X/Maths/?C=N;O=D HTTP/1.1" 200 350 "-" "Mozilla/5.0 (compatible; MJ12bot/v1.4.8; http://mj12bot.com/)" "brainbox.co.in"
92.220.10.100 - - [06/Jan/2023:17:59:45 -0800] "GET /PDFContent/02%20APSB/05%20Class%20X/Maths/?C=S;O=A HTTP/1.1" 200 352 "-" "Mozilla/5.0 (compatible; MJ12bot/v1.4.8; http://mj12bot.com/)" "brainbox.co.in"
92.220.10.100 - - [06/Jan/2023:17:59:47 -0800] "GET /PDFContent/02%20APSB/05%20Class%20X/Maths/?C=S;O=D HTTP/1.1" 200 350 "-" "Mozilla/5.0 (compatible; MJ12bot/v1.4.8; http://mj12bot.com/)" "brainbox.co.in"
92.220.10.100 - - [06/Jan/2023:17:59:49 -0800] "GET /PDFContent/02%20APSB/05%20Class%20X/Physics/?C=D;O=A HTTP/1.1" 200 354 "-" "Mozilla/5.0 (compatible; MJ12bot/v1.4.8; http://mj12bot.com/)" "brainbox.co.in"
37.57.218.243 - - [06/Jan/2023:17:59:50 -0800] "GET /PDFContent/01%20TSB/05%20Class%20X/English/THE%20STOREYED%20HOUSE%20P1/?C=D;O=A HTTP/1.1" 200 548 "-" "Mozilla/5.0 (compatible; MJ12bot/v1.4.8; http://mj12bot.com/)" "brainbox.co.in"
92.220.10.100 - - [06/Jan/2023:17:59:50 -0800] "GET /PDFContent/02%20APSB/05%20Class%20X/Physics/?C=D;O=D HTTP/1.1" 200 352 "-" "Mozilla/5.0 (compatible; MJ12bot/v1.4.8; http://mj12bot.com/)" "brainbox.co.in"
92.220.10.100 - - [06/Jan/2023:17:59:52 -0800] "GET /PDFContent/02%20APSB/05%20Class%20X/Physics/?C=M;O=A HTTP/1.1" 200 354 "-" "Mozilla/5.0 (compatible; MJ12bot/v1.4.8; http://mj12bot.com/)" "brainbox.co.in"
92.220.10.100 - - [06/Jan/2023:17:59:54 -0800] "GET /PDFContent/02%20APSB/05%20Class%20X/Physics/?C=M;O=D HTTP/1.1" 200 352 "-" "Mozilla/5.0 (compatible; MJ12bot/v1.4.8; http://mj12bot.com/)" "brainbox.co.in"
92.220.10.100 - - [06/Jan/2023:17:59:56 -0800] "GET /PDFContent/02%20APSB/05%20Class%20X/Physics/?C=N;O=A HTTP/1.1" 200 354 "-" "Mozilla/5.0 (compatible; MJ12bot/v1.4.8; http://mj12bot.com/)" "brainbox.co.in"
92.220.10.100 - - [06/Jan/2023:17:59:57 -0800] "GET /PDFContent/02%20APSB/05%20Class%20X/Physics/?C=N;O=D HTTP/1.1" 200 352 "-" "Mozilla/5.0 (compatible; MJ12bot/v1.4.8; http://mj12bot.com/)" "brainbox.co.in"
92.220.10.100 - - [06/Jan/2023:17:59:59 -0800] "GET /PDFContent/02%20APSB/05%20Class%20X/Physics/?C=S;O=A HTTP/1.1" 200 354 "-" "Mozilla/5.0 (compatible; MJ12bot/v1.4.8; http://mj12bot.com/)" "brainbox.co.in"
92.220.10.100 - - [06/Jan/2023:18:00:01 -0800] "GET /PDFContent/02%20APSB/05%20Class%20X/Physics/?C=S;O=D HTTP/1.1" 200 352 "-" "Mozilla/5.0 (compatible; MJ12bot/v1.4.8; http://mj12bot.com/)" "brainbox.co.in"
37.57.218.243 - - [06/Jan/2023:18:00:01 -0800] "GET /PDFContent/01%20TSB/05%20Class%20X/English/THE%20STOREYED%20HOUSE%20P1/?C=D;O=D HTTP/1.1" 200 546 "-" "Mozilla/5.0 (compatible; MJ12bot/v1.4.8; http://mj12bot.com/)" "brainbox.co.in"
92.220.10.100 - - [06/Jan/2023:18:00:02 -0800] "GET /PDFContent/02%20APSB/05%20Class%20X/Sanskrit/?C=D;O=A HTTP/1.1" 200 353 "-" "Mozilla/5.0 (compatible; MJ12bot/v1.4.8; http://mj12bot.com/)" "brainbox.co.in"
92.220.10.100 - - [06/Jan/2023:18:00:04 -0800] "GET /PDFContent/02%20APSB/05%20Class%20X/Sanskrit/?C=D;O=D HTTP/1.1" 200 352 "-" "Mozilla/5.0 (compatible; MJ12bot/v1.4.8; http://mj12bot.com/)" "brainbox.co.in"
92.220.10.100 - - [06/Jan/2023:18:00:06 -0800] "GET /PDFContent/02%20APSB/05%20Class%20X/Sanskrit/?C=M;O=A HTTP/1.1" 200 353 "-" "Mozilla/5.0 (compatible; MJ12bot/v1.4.8; http://mj12bot.com/)" "brainbox.co.in"
92.220.10.100 - - [06/Jan/2023:18:00:07 -0800] "GET /PDFContent/02%20APSB/05%20Class%20X/Sanskrit/?C=M;O=D HTTP/1.1" 200 352 "-" "Mozilla/5.0 (compatible; MJ12bot/v1.4.8; http://mj12bot.com/)" "brainbox.co.in"
37.57.218.243 - - [06/Jan/2023:18:00:08 -0800] "GET /PDFContent/01%20TSB/05%20Class%20X/English/THE%20STOREYED%20HOUSE%20P1/?C=M;O=A HTTP/1.1" 200 548 "-" "Mozilla/5.0 (compatible; MJ12bot/v1.4.8; http://mj12bot.com/)" "brainbox.co.in"
92.220.10.100 - - [06/Jan/2023:18:00:09 -0800] "GET /PDFContent/02%20APSB/05%20Class%20X/Sanskrit/?C=N;O=A HTTP/1.1" 200 353 "-" "Mozilla/5.0 (compatible; MJ12bot/v1.4.8; http://mj12bot.com/)" "brainbox.co.in"
92.220.10.100 - - [06/Jan/2023:18:00:11 -0800] "GET /PDFContent/02%20APSB/05%20Class%20X/Sanskrit/?C=N;O=D HTTP/1.1" 200 352 "-" "Mozilla/5.0 (compatible; MJ12bot/v1.4.8; http://mj12bot.com/)" "brainbox.co.in"
92.220.10.100 - - [06/Jan/2023:18:00:12 -0800] "GET /PDFContent/02%20APSB/05%20Class%20X/Sanskrit/?C=S;O=A HTTP/1.1" 200 353 "-" "Mozilla/5.0 (compatible; MJ12bot/v1.4.8; http://mj12bot.com/)" "brainbox.co.in"
92.220.10.100 - - [06/Jan/2023:18:00:14 -0800] "GET /PDFContent/02%20APSB/05%20Class%20X/Sanskrit/?C=S;O=D HTTP/1.1" 200 352 "-" "Mozilla/5.0 (compatible; MJ12bot/v1.4.8; http://mj12bot.com/)" "brainbox.co.in"
37.57.218.243 - - [06/Jan/2023:18:00:14 -0800] "GET /PDFContent/01%20TSB/05%20Class%20X/English/THE%20STOREYED%20HOUSE%20P1/?C=M;O=D HTTP/1.1" 200 546 "-" "Mozilla/5.0 (compatible; MJ12bot/v1.4.8; http://mj12bot.com/)" "brainbox.co.in"
92.220.10.100 - - [06/Jan/2023:18:00:16 -0800] "GET /PDFContent/02%20APSB/06%20Class%20XI/Maths/?C=D;O=A HTTP/1.1" 200 352 "-" "Mozilla/5.0 (compatible; MJ12bot/v1.4.8; http://mj12bot.com/)" "brainbox.co.in"
92.220.10.100 - - [06/Jan/2023:18:00:17 -0800] "GET /PDFContent/02%20APSB/06%20Class%20XI/Maths/?C=M;O=A HTTP/1.1" 200 353 "-" "Mozilla/5.0 (compatible; MJ12bot/v1.4.8; http://mj12bot.com/)" "brainbox.co.in"
92.220.10.100 - - [06/Jan/2023:18:00:19 -0800] "GET /PDFContent/02%20APSB/06%20Class%20XI/Maths/?C=N;O=A HTTP/1.1" 200 352 "-" "Mozilla/5.0 (compatible; MJ12bot/v1.4.8; http://mj12bot.com/)" "brainbox.co.in"
92.220.10.100 - - [06/Jan/2023:18:00:21 -0800] "GET /PDFContent/02%20APSB/06%20Class%20XI/Maths/?C=S;O=A HTTP/1.1" 200 353 "-" "Mozilla/5.0 (compatible; MJ12bot/v1.4.8; http://mj12bot.com/)" "brainbox.co.in"
92.220.10.100 - - [06/Jan/2023:18:00:22 -0800] "GET /PDFContent/02%20APSB/07%20Class%20XII/Hindi/?C=D;O=A HTTP/1.1" 200 354 "-" "Mozilla/5.0 (compatible; MJ12bot/v1.4.8; http://mj12bot.com/)" "brainbox.co.in"
92.220.10.100 - - [06/Jan/2023:18:00:24 -0800] "GET /PDFContent/02%20APSB/07%20Class%20XII/Hindi/?C=D;O=D HTTP/1.1" 200 353 "-" "Mozilla/5.0 (compatible; MJ12bot/v1.4.8; http://mj12bot.com/)" "brainbox.co.in"
92.220.10.100 - - [06/Jan/2023:18:00:26 -0800] "GET /PDFContent/02%20APSB/07%20Class%20XII/Hindi/?C=M;O=A HTTP/1.1" 200 355 "-" "Mozilla/5.0 (compatible; MJ12bot/v1.4.8; http://mj12bot.com/)" "brainbox.co.in"
37.57.218.243 - - [06/Jan/2023:18:00:26 -0800] "GET /PDFContent/01%20TSB/05%20Class%20X/English/THE%20STOREYED%20HOUSE%20P1/?C=N;O=A HTTP/1.1" 200 548 "-" "Mozilla/5.0 (compatible; MJ12bot/v1.4.8; http://mj12bot.com/)" "brainbox.co.in"
92.220.10.100 - - [06/Jan/2023:18:00:27 -0800] "GET /PDFContent/02%20APSB/07%20Class%20XII/Hindi/?C=M;O=D HTTP/1.1" 200 353 "-" "Mozilla/5.0 (compatible; MJ12bot/v1.4.8; http://mj12bot.com/)" "brainbox.co.in"
92.220.10.100 - - [06/Jan/2023:18:00:29 -0800] "GET /PDFContent/02%20APSB/07%20Class%20XII/Hindi/?C=N;O=A HTTP/1.1" 200 354 "-" "Mozilla/5.0 (compatible; MJ12bot/v1.4.8; http://mj12bot.com/)" "brainbox.co.in"
92.220.10.100 - - [06/Jan/2023:18:00:31 -0800] "GET /PDFContent/02%20APSB/07%20Class%20XII/Hindi/?C=N;O=D HTTP/1.1" 200 353 "-" "Mozilla/5.0 (compatible; MJ12bot/v1.4.8; http://mj12bot.com/)" "brainbox.co.in"
92.220.10.100 - - [06/Jan/2023:18:00:32 -0800] "GET /PDFContent/02%20APSB/07%20Class%20XII/Hindi/?C=S;O=A HTTP/1.1" 200 355 "-" "Mozilla/5.0 (compatible; MJ12bot/v1.4.8; http://mj12bot.com/)" "brainbox.co.in"
92.220.10.100 - - [06/Jan/2023:18:00:34 -0800] "GET /PDFContent/02%20APSB/07%20Class%20XII/Hindi/?C=S;O=D HTTP/1.1" 200 353 "-" "Mozilla/5.0 (compatible; MJ12bot/v1.4.8; http://mj12bot.com/)" "brainbox.co.in"
92.220.10.100 - - [06/Jan/2023:18:00:36 -0800] "GET /PDFContent/02%20APSB/07%20Class%20XII/Telugu/?C=D;O=A HTTP/1.1" 200 356 "-" "Mozilla/5.0 (compatible; MJ12bot/v1.4.8; http://mj12bot.com/)" "brainbox.co.in"
37.57.218.243 - - [06/Jan/2023:18:00:37 -0800] "GET /PDFContent/01%20TSB/05%20Class%20X/English/THE%20STOREYED%20HOUSE%20P1/?C=N;O=D HTTP/1.1" 200 546 "-" "Mozilla/5.0 (compatible; MJ12bot/v1.4.8; http://mj12bot.com/)" "brainbox.co.in"
92.220.10.100 - - [06/Jan/2023:18:00:37 -0800] "GET /PDFContent/02%20APSB/07%20Class%20XII/Telugu/?C=D;O=D HTTP/1.1" 200 354 "-" "Mozilla/5.0 (compatible; MJ12bot/v1.4.8; http://mj12bot.com/)" "brainbox.co.in"
92.220.10.100 - - [06/Jan/2023:18:00:39 -0800] "GET /PDFContent/02%20APSB/07%20Class%20XII/Telugu/?C=M;O=A HTTP/1.1" 200 356 "-" "Mozilla/5.0 (compatible; MJ12bot/v1.4.8; http://mj12bot.com/)" "brainbox.co.in"
92.220.10.100 - - [06/Jan/2023:18:00:41 -0800] "GET /PDFContent/02%20APSB/07%20Class%20XII/Telugu/?C=M;O=D HTTP/1.1" 200 354 "-" "Mozilla/5.0 (compatible; MJ12bot/v1.4.8; http://mj12bot.com/)" "brainbox.co.in"
37.57.218.243 - - [06/Jan/2023:18:00:41 -0800] "GET /PDFContent/01%20TSB/05%20Class%20X/English/THE%20STOREYED%20HOUSE%20P1/?C=S;O=A HTTP/1.1" 200 550 "-" "Mozilla/5.0 (compatible; MJ12bot/v1.4.8; http://mj12bot.com/)" "brainbox.co.in"
92.220.10.100 - - [06/Jan/2023:18:00:42 -0800] "GET /PDFContent/02%20APSB/07%20Class%20XII/Telugu/?C=N;O=A HTTP/1.1" 200 356 "-" "Mozilla/5.0 (compatible; MJ12bot/v1.4.8; http://mj12bot.com/)" "brainbox.co.in"
92.220.10.100 - - [06/Jan/2023:18:00:44 -0800] "GET /PDFContent/02%20APSB/07%20Class%20XII/Telugu/?C=N;O=D HTTP/1.1" 200 354 "-" "Mozilla/5.0 (compatible; MJ12bot/v1.4.8; http://mj12bot.com/)" "brainbox.co.in"
92.220.10.100 - - [06/Jan/2023:18:00:46 -0800] "GET /PDFContent/02%20APSB/07%20Class%20XII/Telugu/?C=S;O=A HTTP/1.1" 200 356 "-" "Mozilla/5.0 (compatible; MJ12bot/v1.4.8; http://mj12bot.com/)" "brainbox.co.in"
92.220.10.100 - - [06/Jan/2023:18:00:47 -0800] "GET /PDFContent/02%20APSB/07%20Class%20XII/Telugu/?C=S;O=D HTTP/1.1" 200 354 "-" "Mozilla/5.0 (compatible; MJ12bot/v1.4.8; http://mj12bot.com/)" "brainbox.co.in"
92.220.10.100 - - [06/Jan/2023:18:00:49 -0800] "GET /PDFContent/03%20CBSE/01%20Class%20VI/?C=N;O=A HTTP/1.1" 200 471 "-" "Mozilla/5.0 (compatible; MJ12bot/v1.4.8; http://mj12bot.com/)" "brainbox.co.in"
92.220.10.100 - - [06/Jan/2023:18:00:51 -0800] "GET /PDFContent/03%20CBSE/01%20Class%20VI/Hindi/?C=D;O=A HTTP/1.1" 200 352 "-" "Mozilla/5.0 (compatible; MJ12bot/v1.4.8; http://mj12bot.com/)" "brainbox.co.in"
37.57.218.243 - - [06/Jan/2023:18:00:51 -0800] "GET /PDFContent/01%20TSB/05%20Class%20X/English/THE%20STOREYED%20HOUSE%20P1/?C=S;O=D HTTP/1.1" 200 549 "-" "Mozilla/5.0 (compatible; MJ12bot/v1.4.8; http://mj12bot.com/)" "brainbox.co.in"
92.220.10.100 - - [06/Jan/2023:18:00:52 -0800] "GET /PDFContent/03%20CBSE/01%20Class%20VI/Hindi/?C=D;O=D HTTP/1.1" 200 350 "-" "Mozilla/5.0 (compatible; MJ12bot/v1.4.8; http://mj12bot.com/)" "brainbox.co.in"
92.220.10.100 - - [06/Jan/2023:18:00:54 -0800] "GET /PDFContent/03%20CBSE/01%20Class%20VI/Hindi/?C=M;O=A HTTP/1.1" 200 352 "-" "Mozilla/5.0 (compatible; MJ12bot/v1.4.8; http://mj12bot.com/)" "brainbox.co.in"
92.220.10.100 - - [06/Jan/2023:18:00:56 -0800] "GET /PDFContent/03%20CBSE/01%20Class%20VI/Hindi/?C=M;O=D HTTP/1.1" 200 350 "-" "Mozilla/5.0 (compatible; MJ12bot/v1.4.8; http://mj12bot.com/)" "brainbox.co.in"
92.220.10.100 - - [06/Jan/2023:18:00:57 -0800] "GET /PDFContent/03%20CBSE/01%20Class%20VI/Hindi/?C=N;O=A HTTP/1.1" 200 352 "-" "Mozilla/5.0 (compatible; MJ12bot/v1.4.8; http://mj12bot.com/)" "brainbox.co.in"
92.220.10.100 - - [06/Jan/2023:18:00:59 -0800] "GET /PDFContent/03%20CBSE/01%20Class%20VI/Hindi/?C=N;O=D HTTP/1.1" 200 350 "-" "Mozilla/5.0 (compatible; MJ12bot/v1.4.8; http://mj12bot.com/)" "brainbox.co.in"
92.220.10.100 - - [06/Jan/2023:18:01:01 -0800] "GET /PDFContent/03%20CBSE/01%20Class%20VI/Hindi/?C=S;O=A HTTP/1.1" 200 352 "-" "Mozilla/5.0 (compatible; MJ12bot/v1.4.8; http://mj12bot.com/)" "brainbox.co.in"
92.220.10.100 - - [06/Jan/2023:18:01:02 -0800] "GET /PDFContent/03%20CBSE/01%20Class%20VI/Hindi/?C=S;O=D HTTP/1.1" 200 350 "-" "Mozilla/5.0 (compatible; MJ12bot/v1.4.8; http://mj12bot.com/)" "brainbox.co.in"
37.57.218.243 - - [06/Jan/2023:18:01:03 -0800] "GET /PDFContent/01%20TSB/05%20Class%20X/English/THE%20STOREYED%20HOUSE%20P2/?C=D;O=A HTTP/1.1" 200 548 "-" "Mozilla/5.0 (compatible; MJ12bot/v1.4.8; http://mj12bot.com/)" "brainbox.co.in"
92.220.10.100 - - [06/Jan/2023:18:01:04 -0800] "GET /PDFContent/03%20CBSE/02%20Class%20VII/Hindi/GLOSSARY/?C=D;O=A HTTP/1.1" 200 661 "-" "Mozilla/5.0 (compatible; MJ12bot/v1.4.8; http://mj12bot.com/)" "brainbox.co.in"
92.220.10.100 - - [06/Jan/2023:18:01:06 -0800] "GET /PDFContent/03%20CBSE/02%20Class%20VII/Hindi/GLOSSARY/?C=D;O=D HTTP/1.1" 200 661 "-" "Mozilla/5.0 (compatible; MJ12bot/v1.4.8; http://mj12bot.com/)" "brainbox.co.in"
92.220.10.100 - - [06/Jan/2023:18:01:08 -0800] "GET /PDFContent/03%20CBSE/02%20Class%20VII/Hindi/GLOSSARY/?C=M;O=A HTTP/1.1" 200 661 "-" "Mozilla/5.0 (compatible; MJ12bot/v1.4.8; http://mj12bot.com/)" "brainbox.co.in"
92.220.10.100 - - [06/Jan/2023:18:01:10 -0800] "GET /PDFContent/03%20CBSE/02%20Class%20VII/Hindi/GLOSSARY/?C=M;O=D HTTP/1.1" 200 664 "-" "Mozilla/5.0 (compatible; MJ12bot/v1.4.8; http://mj12bot.com/)" "brainbox.co.in"
37.57.218.243 - - [06/Jan/2023:18:01:11 -0800] "GET /PDFContent/01%20TSB/05%20Class%20X/English/THE%20STOREYED%20HOUSE%20P2/?C=D;O=D HTTP/1.1" 200 546 "-" "Mozilla/5.0 (compatible; MJ12bot/v1.4.8; http://mj12bot.com/)" "brainbox.co.in"
92.220.10.100 - - [06/Jan/2023:18:01:12 -0800] "GET /PDFContent/03%20CBSE/02%20Class%20VII/Hindi/GLOSSARY/?C=N;O=A HTTP/1.1" 200 661 "-" "Mozilla/5.0 (compatible; MJ12bot/v1.4.8; http://mj12bot.com/)" "brainbox.co.in"
92.220.10.100 - - [06/Jan/2023:18:01:14 -0800] "GET /PDFContent/03%20CBSE/02%20Class%20VII/Hindi/GLOSSARY/?C=N;O=D HTTP/1.1" 200 661 "-" "Mozilla/5.0 (compatible; MJ12bot/v1.4.8; http://mj12bot.com/)" "brainbox.co.in"
92.220.10.100 - - [06/Jan/2023:18:01:15 -0800] "GET /PDFContent/03%20CBSE/02%20Class%20VII/Hindi/GLOSSARY/?C=S;O=A HTTP/1.1" 200 664 "-" "Mozilla/5.0 (compatible; MJ12bot/v1.4.8; http://mj12bot.com/)" "brainbox.co.in"
92.220.10.100 - - [06/Jan/2023:18:01:17 -0800] "GET /PDFContent/03%20CBSE/02%20Class%20VII/Hindi/GLOSSARY/?C=S;O=D HTTP/1.1" 200 659 "-" "Mozilla/5.0 (compatible; MJ12bot/v1.4.8; http://mj12bot.com/)" "brainbox.co.in"
92.220.10.100 - - [06/Jan/2023:18:01:19 -0800] "GET /PDFContent/03%20CBSE/02%20Class%20VII/Hindi/Ques%20&%20Ans/?C=D;O=A HTTP/1.1" 200 604 "-" "Mozilla/5.0 (compatible; MJ12bot/v1.4.8; http://mj12bot.com/)" "brainbox.co.in"
37.57.218.243 - - [06/Jan/2023:18:01:20 -0800] "GET /PDFContent/01%20TSB/05%20Class%20X/English/THE%20STOREYED%20HOUSE%20P2/?C=M;O=A HTTP/1.1" 200 549 "-" "Mozilla/5.0 (compatible; MJ12bot/v1.4.8; http://mj12bot.com/)" "brainbox.co.in"
92.220.10.100 - - [06/Jan/2023:18:01:21 -0800] "GET /PDFContent/03%20CBSE/02%20Class%20VII/Hindi/Ques%20&%20Ans/?C=D;O=D HTTP/1.1" 200 603 "-" "Mozilla/5.0 (compatible; MJ12bot/v1.4.8; http://mj12bot.com/)" "brainbox.co.in"
114.119.154.156 - - [06/Jan/2023:18:01:21 -0800] "GET /PDFContent/01%20TSB/02%20Class%20VII/Hindi/Glossary/TSB_VII_LS19_AATMAVISWAS_GLOSSARY.pdf HTTP/1.1" 200 744603 "https://brainbox.co.in/PDFContent/01%20TSB/02%20Class%20VII/Hindi/Glossary/" "Mozilla/5.0 (Linux; Android 7.0;) AppleWebKit/537.36 (KHTML, like Gecko) Mobile Safari/537.36 (compatible; PetalBot;+https://webmaster.petalsearch.com/site/petalbot)" "brainbox.co.in"
92.220.10.100 - - [06/Jan/2023:18:01:22 -0800] "GET /PDFContent/03%20CBSE/02%20Class%20VII/Hindi/Ques%20&%20Ans/?C=M;O=A HTTP/1.1" 200 605 "-" "Mozilla/5.0 (compatible; MJ12bot/v1.4.8; http://mj12bot.com/)" "brainbox.co.in"
92.220.10.100 - - [06/Jan/2023:18:01:24 -0800] "GET /PDFContent/03%20CBSE/02%20Class%20VII/Hindi/Ques%20&%20Ans/?C=M;O=D HTTP/1.1" 200 602 "-" "Mozilla/5.0 (compatible; MJ12bot/v1.4.8; http://mj12bot.com/)" "brainbox.co.in"
92.220.10.100 - - [06/Jan/2023:18:01:26 -0800] "GET /PDFContent/03%20CBSE/02%20Class%20VII/Hindi/Ques%20&%20Ans/?C=N;O=A HTTP/1.1" 200 604 "-" "Mozilla/5.0 (compatible; MJ12bot/v1.4.8; http://mj12bot.com/)" "brainbox.co.in"
37.57.218.243 - - [06/Jan/2023:18:01:27 -0800] "GET /PDFContent/01%20TSB/05%20Class%20X/English/THE%20STOREYED%20HOUSE%20P2/?C=M;O=D HTTP/1.1" 200 546 "-" "Mozilla/5.0 (compatible; MJ12bot/v1.4.8; http://mj12bot.com/)" "brainbox.co.in"
92.220.10.100 - - [06/Jan/2023:18:01:28 -0800] "GET /PDFContent/03%20CBSE/02%20Class%20VII/Hindi/Ques%20&%20Ans/?C=N;O=D HTTP/1.1" 200 603 "-" "Mozilla/5.0 (compatible; MJ12bot/v1.4.8; http://mj12bot.com/)" "brainbox.co.in"
92.220.10.100 - - [06/Jan/2023:18:01:29 -0800] "GET /PDFContent/03%20CBSE/02%20Class%20VII/Hindi/Ques%20&%20Ans/?C=S;O=A HTTP/1.1" 200 607 "-" "Mozilla/5.0 (compatible; MJ12bot/v1.4.8; http://mj12bot.com/)" "brainbox.co.in"
92.220.10.100 - - [06/Jan/2023:18:01:31 -0800] "GET /PDFContent/03%20CBSE/02%20Class%20VII/Hindi/Ques%20&%20Ans/?C=S;O=D HTTP/1.1" 200 602 "-" "Mozilla/5.0 (compatible; MJ12bot/v1.4.8; http://mj12bot.com/)" "brainbox.co.in"
92.220.10.100 - - [06/Jan/2023:18:01:33 -0800] "GET /PDFContent/03%20CBSE/02%20Class%20VII/Hindi/Word%20Meaning/?C=D;O=A HTTP/1.1" 200 694 "-" "Mozilla/5.0 (compatible; MJ12bot/v1.4.8; http://mj12bot.com/)" "brainbox.co.in"
92.220.10.100 - - [06/Jan/2023:18:01:35 -0800] "GET /PDFContent/03%20CBSE/02%20Class%20VII/Hindi/Word%20Meaning/?C=D;O=D HTTP/1.1" 200 695 "-" "Mozilla/5.0 (compatible; MJ12bot/v1.4.8; http://mj12bot.com/)" "brainbox.co.in"
92.220.10.100 - - [06/Jan/2023:18:01:36 -0800] "GET /PDFContent/03%20CBSE/02%20Class%20VII/Hindi/Word%20Meaning/?C=M;O=A HTTP/1.1" 200 694 "-" "Mozilla/5.0 (compatible; MJ12bot/v1.4.8; http://mj12bot.com/)" "brainbox.co.in"
37.57.218.243 - - [06/Jan/2023:18:01:37 -0800] "GET /PDFContent/01%20TSB/05%20Class%20X/English/THE%20STOREYED%20HOUSE%20P2/?C=N;O=A HTTP/1.1" 200 548 "-" "Mozilla/5.0 (compatible; MJ12bot/v1.4.8; http://mj12bot.com/)" "brainbox.co.in"
92.220.10.100 - - [06/Jan/2023:18:01:38 -0800] "GET /PDFContent/03%20CBSE/02%20Class%20VII/Hindi/Word%20Meaning/?C=M;O=D HTTP/1.1" 200 695 "-" "Mozilla/5.0 (compatible; MJ12bot/v1.4.8; http://mj12bot.com/)" "brainbox.co.in"
92.220.10.100 - - [06/Jan/2023:18:01:40 -0800] "GET /PDFContent/03%20CBSE/02%20Class%20VII/Hindi/Word%20Meaning/?C=N;O=A HTTP/1.1" 200 694 "-" "Mozilla/5.0 (compatible; MJ12bot/v1.4.8; http://mj12bot.com/)" "brainbox.co.in"
92.220.10.100 - - [06/Jan/2023:18:01:42 -0800] "GET /PDFContent/03%20CBSE/02%20Class%20VII/Hindi/Word%20Meaning/?C=N;O=D HTTP/1.1" 200 695 "-" "Mozilla/5.0 (compatible; MJ12bot/v1.4.8; http://mj12bot.com/)" "brainbox.co.in"
92.220.10.100 - - [06/Jan/2023:18:01:44 -0800] "GET /PDFContent/03%20CBSE/02%20Class%20VII/Hindi/Word%20Meaning/?C=S;O=A HTTP/1.1" 200 693 "-" "Mozilla/5.0 (compatible; MJ12bot/v1.4.8; http://mj12bot.com/)" "brainbox.co.in"
92.220.10.100 - - [06/Jan/2023:18:01:45 -0800] "GET /PDFContent/03%20CBSE/02%20Class%20VII/Hindi/Word%20Meaning/?C=S;O=D HTTP/1.1" 200 694 "-" "Mozilla/5.0 (compatible; MJ12bot/v1.4.8; http://mj12bot.com/)" "brainbox.co.in"
92.220.10.100 - - [06/Jan/2023:18:01:47 -0800] "GET /PDFContent/03%20CBSE/02%20Class%20VII/Maths/?C=D;O=A HTTP/1.1" 200 353 "-" "Mozilla/5.0 (compatible; MJ12bot/v1.4.8; http://mj12bot.com/)" "brainbox.co.in"
92.220.10.100 - - [06/Jan/2023:18:01:49 -0800] "GET /PDFContent/03%20CBSE/02%20Class%20VII/Maths/?C=D;O=D HTTP/1.1" 200 351 "-" "Mozilla/5.0 (compatible; MJ12bot/v1.4.8; http://mj12bot.com/)" "brainbox.co.in"
37.57.218.243 - - [06/Jan/2023:18:01:50 -0800] "GET /PDFContent/01%20TSB/05%20Class%20X/English/THE%20STOREYED%20HOUSE%20P2/?C=N;O=D HTTP/1.1" 200 546 "-" "Mozilla/5.0 (compatible; MJ12bot/v1.4.8; http://mj12bot.com/)" "brainbox.co.in"
92.220.10.100 - - [06/Jan/2023:18:01:50 -0800] "GET /PDFContent/03%20CBSE/02%20Class%20VII/Maths/?C=M;O=A HTTP/1.1" 200 353 "-" "Mozilla/5.0 (compatible; MJ12bot/v1.4.8; http://mj12bot.com/)" "brainbox.co.in"
92.220.10.100 - - [06/Jan/2023:18:01:52 -0800] "GET /PDFContent/03%20CBSE/02%20Class%20VII/Maths/?C=M;O=D HTTP/1.1" 200 351 "-" "Mozilla/5.0 (compatible; MJ12bot/v1.4.8; http://mj12bot.com/)" "brainbox.co.in"
92.220.10.100 - - [06/Jan/2023:18:01:54 -0800] "GET /PDFContent/03%20CBSE/02%20Class%20VII/Maths/?C=N;O=A HTTP/1.1" 200 353 "-" "Mozilla/5.0 (compatible; MJ12bot/v1.4.8; http://mj12bot.com/)" "brainbox.co.in"
92.220.10.100 - - [06/Jan/2023:18:01:55 -0800] "GET /PDFContent/03%20CBSE/02%20Class%20VII/Maths/?C=N;O=D HTTP/1.1" 200 351 "-" "Mozilla/5.0 (compatible; MJ12bot/v1.4.8; http://mj12bot.com/)" "brainbox.co.in"
92.220.10.100 - - [06/Jan/2023:18:01:57 -0800] "GET /PDFContent/03%20CBSE/02%20Class%20VII/Maths/?C=S;O=A HTTP/1.1" 200 353 "-" "Mozilla/5.0 (compatible; MJ12bot/v1.4.8; http://mj12bot.com/)" "brainbox.co.in"
92.220.10.100 - - [06/Jan/2023:18:01:59 -0800] "GET /PDFContent/03%20CBSE/02%20Class%20VII/Maths/?C=S;O=D HTTP/1.1" 200 351 "-" "Mozilla/5.0 (compatible; MJ12bot/v1.4.8; http://mj12bot.com/)" "brainbox.co.in"
37.57.218.243 - - [06/Jan/2023:18:02:00 -0800] "GET /PDFContent/01%20TSB/05%20Class%20X/English/THE%20STOREYED%20HOUSE%20P2/?C=S;O=A HTTP/1.1" 200 548 "-" "Mozilla/5.0 (compatible; MJ12bot/v1.4.8; http://mj12bot.com/)" "brainbox.co.in"
92.220.10.100 - - [06/Jan/2023:18:02:00 -0800] "GET /PDFContent/03%20CBSE/02%20Class%20VII/Science/?C=D;O=A HTTP/1.1" 200 833 "-" "Mozilla/5.0 (compatible; MJ12bot/v1.4.8; http://mj12bot.com/)" "brainbox.co.in"
92.220.10.100 - - [06/Jan/2023:18:02:02 -0800] "GET /PDFContent/03%20CBSE/02%20Class%20VII/Science/?C=D;O=D HTTP/1.1" 200 824 "-" "Mozilla/5.0 (compatible; MJ12bot/v1.4.8; http://mj12bot.com/)" "brainbox.co.in"
92.220.10.100 - - [06/Jan/2023:18:02:04 -0800] "GET /PDFContent/03%20CBSE/02%20Class%20VII/Science/?C=M;O=A HTTP/1.1" 200 827 "-" "Mozilla/5.0 (compatible; MJ12bot/v1.4.8; http://mj12bot.com/)" "brainbox.co.in"
92.220.10.100 - - [06/Jan/2023:18:02:06 -0800] "GET /PDFContent/03%20CBSE/02%20Class%20VII/Science/?C=M;O=D HTTP/1.1" 200 822 "-" "Mozilla/5.0 (compatible; MJ12bot/v1.4.8; http://mj12bot.com/)" "brainbox.co.in"
92.220.10.100 - - [06/Jan/2023:18:02:08 -0800] "GET /PDFContent/03%20CBSE/02%20Class%20VII/Science/?C=N;O=A HTTP/1.1" 200 833 "-" "Mozilla/5.0 (compatible; MJ12bot/v1.4.8; http://mj12bot.com/)" "brainbox.co.in"
92.220.10.100 - - [06/Jan/2023:18:02:10 -0800] "GET /PDFContent/03%20CBSE/02%20Class%20VII/Science/?C=N;O=D HTTP/1.1" 200 824 "-" "Mozilla/5.0 (compatible; MJ12bot/v1.4.8; http://mj12bot.com/)" "brainbox.co.in"
37.57.218.243 - - [06/Jan/2023:18:02:11 -0800] "GET /PDFContent/01%20TSB/05%20Class%20X/English/THE%20STOREYED%20HOUSE%20P2/?C=S;O=D HTTP/1.1" 200 545 "-" "Mozilla/5.0 (compatible; MJ12bot/v1.4.8; http://mj12bot.com/)" "brainbox.co.in"
92.220.10.100 - - [06/Jan/2023:18:02:12 -0800] "GET /PDFContent/03%20CBSE/02%20Class%20VII/Science/?C=S;O=A HTTP/1.1" 200 833 "-" "Mozilla/5.0 (compatible; MJ12bot/v1.4.8; http://mj12bot.com/)" "brainbox.co.in"
92.220.10.100 - - [06/Jan/2023:18:02:14 -0800] "GET /PDFContent/03%20CBSE/02%20Class%20VII/Science/?C=S;O=D HTTP/1.1" 200 824 "-" "Mozilla/5.0 (compatible; MJ12bot/v1.4.8; http://mj12bot.com/)" "brainbox.co.in"
92.220.10.100 - - [06/Jan/2023:18:02:16 -0800] "GET /PDFContent/03%20CBSE/02%20Class%20VII/Science/ACIDS%20BASES%20AND%20SALTS/?C=D;O=A HTTP/1.1" 200 530 "-" "Mozilla/5.0 (compatible; MJ12bot/v1.4.8; http://mj12bot.com/)" "brainbox.co.in"
92.220.10.100 - - [06/Jan/2023:18:02:17 -0800] "GET /PDFContent/03%20CBSE/02%20Class%20VII/Science/ACIDS%20BASES%20AND%20SALTS/?C=D;O=D HTTP/1.1" 200 525 "-" "Mozilla/5.0 (compatible; MJ12bot/v1.4.8; http://mj12bot.com/)" "brainbox.co.in"
37.57.218.243 - - [06/Jan/2023:18:02:18 -0800] "GET /PDFContent/01%20TSB/05%20Class%20X/Hindi/BARASTE%20BADAL/?C=D;O=A HTTP/1.1" 200 469 "-" "Mozilla/5.0 (compatible; MJ12bot/v1.4.8; http://mj12bot.com/)" "brainbox.co.in"
92.220.10.100 - - [06/Jan/2023:18:02:19 -0800] "GET /PDFContent/03%20CBSE/02%20Class%20VII/Science/ACIDS%20BASES%20AND%20SALTS/?C=M;O=A HTTP/1.1" 200 529 "-" "Mozilla/5.0 (compatible; MJ12bot/v1.4.8; http://mj12bot.com/)" "brainbox.co.in"
92.220.10.100 - - [06/Jan/2023:18:02:21 -0800] "GET /PDFContent/03%20CBSE/02%20Class%20VII/Science/ACIDS%20BASES%20AND%20SALTS/?C=M;O=D HTTP/1.1" 200 524 "-" "Mozilla/5.0 (compatible; MJ12bot/v1.4.8; http://mj12bot.com/)" "brainbox.co.in"
92.220.10.100 - - [06/Jan/2023:18:02:23 -0800] "GET /PDFContent/03%20CBSE/02%20Class%20VII/Science/ACIDS%20BASES%20AND%20SALTS/?C=N;O=A HTTP/1.1" 200 530 "-" "Mozilla/5.0 (compatible; MJ12bot/v1.4.8; http://mj12bot.com/)" "brainbox.co.in"
92.220.10.100 - - [06/Jan/2023:18:02:25 -0800] "GET /PDFContent/03%20CBSE/02%20Class%20VII/Science/ACIDS%20BASES%20AND%20SALTS/?C=N;O=D HTTP/1.1" 200 525 "-" "Mozilla/5.0 (compatible; MJ12bot/v1.4.8; http://mj12bot.com/)" "brainbox.co.in"
37.57.218.243 - - [06/Jan/2023:18:02:26 -0800] "GET /PDFContent/01%20TSB/05%20Class%20X/Hindi/BARASTE%20BADAL/?C=D;O=D HTTP/1.1" 200 466 "-" "Mozilla/5.0 (compatible; MJ12bot/v1.4.8; http://mj12bot.com/)" "brainbox.co.in"
92.220.10.100 - - [06/Jan/2023:18:02:26 -0800] "GET /PDFContent/03%20CBSE/02%20Class%20VII/Science/ACIDS%20BASES%20AND%20SALTS/?C=S;O=A HTTP/1.1" 200 530 "-" "Mozilla/5.0 (compatible; MJ12bot/v1.4.8; http://mj12bot.com/)" "brainbox.co.in"
92.220.10.100 - - [06/Jan/2023:18:02:28 -0800] "GET /PDFContent/03%20CBSE/02%20Class%20VII/Science/ACIDS%20BASES%20AND%20SALTS/?C=S;O=D HTTP/1.1" 200 530 "-" "Mozilla/5.0 (compatible; MJ12bot/v1.4.8; http://mj12bot.com/)" "brainbox.co.in"
92.220.10.100 - - [06/Jan/2023:18:02:30 -0800] "GET /PDFContent/03%20CBSE/02%20Class%20VII/Science/ELECTRIC%20CURRENT%20AND%20ITS%20EFFECTS/?C=D;O=A HTTP/1.1" 200 630 "-" "Mozilla/5.0 (compatible; MJ12bot/v1.4.8; http://mj12bot.com/)" "brainbox.co.in"
92.220.10.100 - - [06/Jan/2023:18:02:32 -0800] "GET /PDFContent/03%20CBSE/02%20Class%20VII/Science/ELECTRIC%20CURRENT%20AND%20ITS%20EFFECTS/?C=D;O=D HTTP/1.1" 200 625 "-" "Mozilla/5.0 (compatible; MJ12bot/v1.4.8; http://mj12bot.com/)" "brainbox.co.in"
92.220.10.100 - - [06/Jan/2023:18:02:33 -0800] "GET /PDFContent/03%20CBSE/02%20Class%20VII/Science/ELECTRIC%20CURRENT%20AND%20ITS%20EFFECTS/?C=M;O=A HTTP/1.1" 200 631 "-" "Mozilla/5.0 (compatible; MJ12bot/v1.4.8; http://mj12bot.com/)" "brainbox.co.in"
37.57.218.243 - - [06/Jan/2023:18:02:34 -0800] "GET /PDFContent/01%20TSB/05%20Class%20X/Hindi/BARASTE%20BADAL/?C=M;O=A HTTP/1.1" 200 469 "-" "Mozilla/5.0 (compatible; MJ12bot/v1.4.8; http://mj12bot.com/)" "brainbox.co.in"
92.220.10.100 - - [06/Jan/2023:18:02:35 -0800] "GET /PDFContent/03%20CBSE/02%20Class%20VII/Science/ELECTRIC%20CURRENT%20AND%20ITS%20EFFECTS/?C=M;O=D HTTP/1.1" 200 624 "-" "Mozilla/5.0 (compatible; MJ12bot/v1.4.8; http://mj12bot.com/)" "brainbox.co.in"
92.220.10.100 - - [06/Jan/2023:18:02:37 -0800] "GET /PDFContent/03%20CBSE/02%20Class%20VII/Science/ELECTRIC%20CURRENT%20AND%20ITS%20EFFECTS/?C=N;O=A HTTP/1.1" 200 630 "-" "Mozilla/5.0 (compatible; MJ12bot/v1.4.8; http://mj12bot.com/)" "brainbox.co.in"
92.220.10.100 - - [06/Jan/2023:18:02:39 -0800] "GET /PDFContent/03%20CBSE/02%20Class%20VII/Science/ELECTRIC%20CURRENT%20AND%20ITS%20EFFECTS/?C=N;O=D HTTP/1.1" 200 625 "-" "Mozilla/5.0 (compatible; MJ12bot/v1.4.8; http://mj12bot.com/)" "brainbox.co.in"
37.57.218.243 - - [06/Jan/2023:18:02:40 -0800] "GET /PDFContent/01%20TSB/05%20Class%20X/Hindi/BARASTE%20BADAL/?C=M;O=D HTTP/1.1" 200 467 "-" "Mozilla/5.0 (compatible; MJ12bot/v1.4.8; http://mj12bot.com/)" "brainbox.co.in"
92.220.10.100 - - [06/Jan/2023:18:02:41 -0800] "GET /PDFContent/03%20CBSE/02%20Class%20VII/Science/ELECTRIC%20CURRENT%20AND%20ITS%20EFFECTS/?C=S;O=A HTTP/1.1" 200 631 "-" "Mozilla/5.0 (compatible; MJ12bot/v1.4.8; http://mj12bot.com/)" "brainbox.co.in"
92.220.10.100 - - [06/Jan/2023:18:02:42 -0800] "GET /PDFContent/03%20CBSE/02%20Class%20VII/Science/ELECTRIC%20CURRENT%20AND%20ITS%20EFFECTS/?C=S;O=D HTTP/1.1" 200 626 "-" "Mozilla/5.0 (compatible; MJ12bot/v1.4.8; http://mj12bot.com/)" "brainbox.co.in"
92.220.10.100 - - [06/Jan/2023:18:02:44 -0800] "GET /PDFContent/03%20CBSE/02%20Class%20VII/Science/FIBRE%20TO%20FABRIC/?C=D;O=A HTTP/1.1" 200 621 "-" "Mozilla/5.0 (compatible; MJ12bot/v1.4.8; http://mj12bot.com/)" "brainbox.co.in"
92.220.10.100 - - [06/Jan/2023:18:02:46 -0800] "GET /PDFContent/03%20CBSE/02%20Class%20VII/Science/FIBRE%20TO%20FABRIC/?C=D;O=D HTTP/1.1" 200 622 "-" "Mozilla/5.0 (compatible; MJ12bot/v1.4.8; http://mj12bot.com/)" "brainbox.co.in"
92.220.10.100 - - [06/Jan/2023:18:02:48 -0800] "GET /PDFContent/03%20CBSE/02%20Class%20VII/Science/FIBRE%20TO%20FABRIC/?C=M;O=A HTTP/1.1" 200 623 "-" "Mozilla/5.0 (compatible; MJ12bot/v1.4.8; http://mj12bot.com/)" "brainbox.co.in"
92.220.10.100 - - [06/Jan/2023:18:02:50 -0800] "GET /PDFContent/03%20CBSE/02%20Class%20VII/Science/FIBRE%20TO%20FABRIC/?C=M;O=D HTTP/1.1" 200 623 "-" "Mozilla/5.0 (compatible; MJ12bot/v1.4.8; http://mj12bot.com/)" "brainbox.co.in"
92.220.10.100 - - [06/Jan/2023:18:02:52 -0800] "GET /PDFContent/03%20CBSE/02%20Class%20VII/Science/FIBRE%20TO%20FABRIC/?C=N;O=A HTTP/1.1" 200 621 "-" "Mozilla/5.0 (compatible; MJ12bot/v1.4.8; http://mj12bot.com/)" "brainbox.co.in"
92.220.10.100 - - [06/Jan/2023:18:02:53 -0800] "GET /PDFContent/03%20CBSE/02%20Class%20VII/Science/FIBRE%20TO%20FABRIC/?C=N;O=D HTTP/1.1" 200 622 "-" "Mozilla/5.0 (compatible; MJ12bot/v1.4.8; http://mj12bot.com/)" "brainbox.co.in"
92.220.10.100 - - [06/Jan/2023:18:02:55 -0800] "GET /PDFContent/03%20CBSE/02%20Class%20VII/Science/FIBRE%20TO%20FABRIC/?C=S;O=D HTTP/1.1" 200 621 "-" "Mozilla/5.0 (compatible; MJ12bot/v1.4.8; http://mj12bot.com/)" "brainbox.co.in"
37.57.218.243 - - [06/Jan/2023:18:02:56 -0800] "GET /PDFContent/01%20TSB/05%20Class%20X/Hindi/BARASTE%20BADAL/?C=N;O=A HTTP/1.1" 200 469 "-" "Mozilla/5.0 (compatible; MJ12bot/v1.4.8; http://mj12bot.com/)" "brainbox.co.in"
92.220.10.100 - - [06/Jan/2023:18:02:57 -0800] "GET /PDFContent/03%20CBSE/02%20Class%20VII/Science/HEAT/?C=D;O=A HTTP/1.1" 200 535 "-" "Mozilla/5.0 (compatible; MJ12bot/v1.4.8; http://mj12bot.com/)" "brainbox.co.in"
92.220.10.100 - - [06/Jan/2023:18:02:59 -0800] "GET /PDFContent/03%20CBSE/02%20Class%20VII/Science/HEAT/?C=D;O=D HTTP/1.1" 200 534 "-" "Mozilla/5.0 (compatible; MJ12bot/v1.4.8; http://mj12bot.com/)" "brainbox.co.in"
92.220.10.100 - - [06/Jan/2023:18:03:00 -0800] "GET /PDFContent/03%20CBSE/02%20Class%20VII/Science/HEAT/?C=M;O=A HTTP/1.1" 200 535 "-" "Mozilla/5.0 (compatible; MJ12bot/v1.4.8; http://mj12bot.com/)" "brainbox.co.in"
92.220.10.100 - - [06/Jan/2023:18:03:02 -0800] "GET /PDFContent/03%20CBSE/02%20Class%20VII/Science/HEAT/?C=M;O=D HTTP/1.1" 200 534 "-" "Mozilla/5.0 (compatible; MJ12bot/v1.4.8; http://mj12bot.com/)" "brainbox.co.in"
92.220.10.100 - - [06/Jan/2023:18:03:04 -0800] "GET /PDFContent/03%20CBSE/02%20Class%20VII/Science/HEAT/?C=N;O=A HTTP/1.1" 200 535 "-" "Mozilla/5.0 (compatible; MJ12bot/v1.4.8; http://mj12bot.com/)" "brainbox.co.in"
37.57.218.243 - - [06/Jan/2023:18:03:04 -0800] "GET /PDFContent/01%20TSB/05%20Class%20X/Hindi/BARASTE%20BADAL/?C=N;O=D HTTP/1.1" 200 466 "-" "Mozilla/5.0 (compatible; MJ12bot/v1.4.8; http://mj12bot.com/)" "brainbox.co.in"
92.220.10.100 - - [06/Jan/2023:18:03:05 -0800] "GET /PDFContent/03%20CBSE/02%20Class%20VII/Science/HEAT/?C=N;O=D HTTP/1.1" 200 534 "-" "Mozilla/5.0 (compatible; MJ12bot/v1.4.8; http://mj12bot.com/)" "brainbox.co.in"
92.220.10.100 - - [06/Jan/2023:18:03:07 -0800] "GET /PDFContent/03%20CBSE/02%20Class%20VII/Science/HEAT/?C=S;O=A HTTP/1.1" 200 535 "-" "Mozilla/5.0 (compatible; MJ12bot/v1.4.8; http://mj12bot.com/)" "brainbox.co.in"
92.220.10.100 - - [06/Jan/2023:18:03:09 -0800] "GET /PDFContent/03%20CBSE/02%20Class%20VII/Science/HEAT/?C=S;O=D HTTP/1.1" 200 531 "-" "Mozilla/5.0 (compatible; MJ12bot/v1.4.8; http://mj12bot.com/)" "brainbox.co.in"
92.220.10.100 - - [06/Jan/2023:18:03:11 -0800] "GET /PDFContent/03%20CBSE/02%20Class%20VII/Science/LIGHT/?C=D;O=A HTTP/1.1" 200 520 "-" "Mozilla/5.0 (compatible; MJ12bot/v1.4.8; http://mj12bot.com/)" "brainbox.co.in"
92.220.10.100 - - [06/Jan/2023:18:03:12 -0800] "GET /PDFContent/03%20CBSE/02%20Class%20VII/Science/LIGHT/?C=D;O=D HTTP/1.1" 200 518 "-" "Mozilla/5.0 (compatible; MJ12bot/v1.4.8; http://mj12bot.com/)" "brainbox.co.in"
92.220.10.100 - - [06/Jan/2023:18:03:14 -0800] "GET /PDFContent/03%20CBSE/02%20Class%20VII/Science/LIGHT/?C=M;O=A HTTP/1.1" 200 520 "-" "Mozilla/5.0 (compatible; MJ12bot/v1.4.8; http://mj12bot.com/)" "brainbox.co.in"
92.220.10.100 - - [06/Jan/2023:18:03:16 -0800] "GET /PDFContent/03%20CBSE/02%20Class%20VII/Science/LIGHT/?C=M;O=D HTTP/1.1" 200 518 "-" "Mozilla/5.0 (compatible; MJ12bot/v1.4.8; http://mj12bot.com/)" "brainbox.co.in"
92.220.10.100 - - [06/Jan/2023:18:03:18 -0800] "GET /PDFContent/03%20CBSE/02%20Class%20VII/Science/LIGHT/?C=N;O=A HTTP/1.1" 200 520 "-" "Mozilla/5.0 (compatible; MJ12bot/v1.4.8; http://mj12bot.com/)" "brainbox.co.in"
37.57.218.243 - - [06/Jan/2023:18:03:19 -0800] "GET /PDFContent/01%20TSB/05%20Class%20X/Hindi/BARASTE%20BADAL/?C=S;O=A HTTP/1.1" 200 469 "-" "Mozilla/5.0 (compatible; MJ12bot/v1.4.8; http://mj12bot.com/)" "brainbox.co.in"
92.220.10.100 - - [06/Jan/2023:18:03:19 -0800] "GET /PDFContent/03%20CBSE/02%20Class%20VII/Science/LIGHT/?C=N;O=D HTTP/1.1" 200 518 "-" "Mozilla/5.0 (compatible; MJ12bot/v1.4.8; http://mj12bot.com/)" "brainbox.co.in"
92.220.10.100 - - [06/Jan/2023:18:03:21 -0800] "GET /PDFContent/03%20CBSE/02%20Class%20VII/Science/LIGHT/?C=S;O=A HTTP/1.1" 200 519 "-" "Mozilla/5.0 (compatible; MJ12bot/v1.4.8; http://mj12bot.com/)" "brainbox.co.in"
92.220.10.100 - - [06/Jan/2023:18:03:23 -0800] "GET /PDFContent/03%20CBSE/02%20Class%20VII/Science/LIGHT/?C=S;O=D HTTP/1.1" 200 518 "-" "Mozilla/5.0 (compatible; MJ12bot/v1.4.8; http://mj12bot.com/)" "brainbox.co.in"
92.220.10.100 - - [06/Jan/2023:18:03:25 -0800] "GET /PDFContent/03%20CBSE/02%20Class%20VII/Science/MOTION%20AND%20TIME/?C=D;O=A HTTP/1.1" 200 526 "-" "Mozilla/5.0 (compatible; MJ12bot/v1.4.8; http://mj12bot.com/)" "brainbox.co.in"
92.220.10.100 - - [06/Jan/2023:18:03:26 -0800] "GET /PDFContent/03%20CBSE/02%20Class%20VII/Science/MOTION%20AND%20TIME/?C=D;O=D HTTP/1.1" 200 524 "-" "Mozilla/5.0 (compatible; MJ12bot/v1.4.8; http://mj12bot.com/)" "brainbox.co.in"
92.220.10.100 - - [06/Jan/2023:18:03:28 -0800] "GET /PDFContent/03%20CBSE/02%20Class%20VII/Science/MOTION%20AND%20TIME/?C=M;O=A HTTP/1.1" 200 526 "-" "Mozilla/5.0 (compatible; MJ12bot/v1.4.8; http://mj12bot.com/)" "brainbox.co.in"
37.57.218.243 - - [06/Jan/2023:18:03:29 -0800] "GET /PDFContent/01%20TSB/05%20Class%20X/Hindi/BARASTE%20BADAL/?C=S;O=D HTTP/1.1" 200 467 "-" "Mozilla/5.0 (compatible; MJ12bot/v1.4.8; http://mj12bot.com/)" "brainbox.co.in"
92.220.10.100 - - [06/Jan/2023:18:03:30 -0800] "GET /PDFContent/03%20CBSE/02%20Class%20VII/Science/MOTION%20AND%20TIME/?C=M;O=D HTTP/1.1" 200 525 "-" "Mozilla/5.0 (compatible; MJ12bot/v1.4.8; http://mj12bot.com/)" "brainbox.co.in"
92.220.10.100 - - [06/Jan/2023:18:03:32 -0800] "GET /PDFContent/03%20CBSE/02%20Class%20VII/Science/MOTION%20AND%20TIME/?C=N;O=A HTTP/1.1" 200 526 "-" "Mozilla/5.0 (compatible; MJ12bot/v1.4.8; http://mj12bot.com/)" "brainbox.co.in"
92.220.10.100 - - [06/Jan/2023:18:03:33 -0800] "GET /PDFContent/03%20CBSE/02%20Class%20VII/Science/MOTION%20AND%20TIME/?C=N;O=D HTTP/1.1" 200 524 "-" "Mozilla/5.0 (compatible; MJ12bot/v1.4.8; http://mj12bot.com/)" "brainbox.co.in"
92.220.10.100 - - [06/Jan/2023:18:03:35 -0800] "GET /PDFContent/03%20CBSE/02%20Class%20VII/Science/MOTION%20AND%20TIME/?C=S;O=A HTTP/1.1" 200 526 "-" "Mozilla/5.0 (compatible; MJ12bot/v1.4.8; http://mj12bot.com/)" "brainbox.co.in"
92.220.10.100 - - [06/Jan/2023:18:03:37 -0800] "GET /PDFContent/03%20CBSE/02%20Class%20VII/Science/MOTION%20AND%20TIME/?C=S;O=D HTTP/1.1" 200 524 "-" "Mozilla/5.0 (compatible; MJ12bot/v1.4.8; http://mj12bot.com/)" "brainbox.co.in"
37.57.218.243 - - [06/Jan/2023:18:03:37 -0800] "GET /PDFContent/01%20TSB/06%20Class%20XI/?C=N;O=A HTTP/1.1" 200 473 "-" "Mozilla/5.0 (compatible; MJ12bot/v1.4.8; http://mj12bot.com/)" "brainbox.co.in"
92.220.10.100 - - [06/Jan/2023:18:03:38 -0800] "GET /PDFContent/03%20CBSE/02%20Class%20VII/Science/NUTRITION%20IN%20PLANTS/?C=D;O=A HTTP/1.1" 200 461 "-" "Mozilla/5.0 (compatible; MJ12bot/v1.4.8; http://mj12bot.com/)" "brainbox.co.in"
92.220.10.100 - - [06/Jan/2023:18:03:40 -0800] "GET /PDFContent/03%20CBSE/02%20Class%20VII/Science/NUTRITION%20IN%20PLANTS/?C=M;O=A HTTP/1.1" 200 461 "-" "Mozilla/5.0 (compatible; MJ12bot/v1.4.8; http://mj12bot.com/)" "brainbox.co.in"
92.220.10.100 - - [06/Jan/2023:18:03:42 -0800] "GET /PDFContent/03%20CBSE/02%20Class%20VII/Science/NUTRITION%20IN%20PLANTS/?C=N;O=D HTTP/1.1" 200 459 "-" "Mozilla/5.0 (compatible; MJ12bot/v1.4.8; http://mj12bot.com/)" "brainbox.co.in"
92.220.10.100 - - [06/Jan/2023:18:03:44 -0800] "GET /PDFContent/03%20CBSE/02%20Class%20VII/Science/NUTRITION%20IN%20PLANTS/?C=S;O=A HTTP/1.1" 200 461 "-" "Mozilla/5.0 (compatible; MJ12bot/v1.4.8; http://mj12bot.com/)" "brainbox.co.in"
37.57.218.243 - - [06/Jan/2023:18:03:44 -0800] "GET /PDFContent/01%20TSB/07%20Class%20XII/Maths/?C=D;O=A HTTP/1.1" 200 433 "-" "Mozilla/5.0 (compatible; MJ12bot/v1.4.8; http://mj12bot.com/)" "brainbox.co.in"
92.220.10.100 - - [06/Jan/2023:18:03:45 -0800] "GET /PDFContent/03%20CBSE/02%20Class%20VII/Science/REPRODUCTION%20IN%20PLANTS/?C=D;O=A HTTP/1.1" 200 450 "-" "Mozilla/5.0 (compatible; MJ12bot/v1.4.8; http://mj12bot.com/)" "brainbox.co.in"
92.220.10.100 - - [06/Jan/2023:18:03:47 -0800] "GET /PDFContent/03%20CBSE/02%20Class%20VII/Science/REPRODUCTION%20IN%20PLANTS/?C=M;O=A HTTP/1.1" 200 449 "-" "Mozilla/5.0 (compatible; MJ12bot/v1.4.8; http://mj12bot.com/)" "brainbox.co.in"
92.220.10.100 - - [06/Jan/2023:18:03:49 -0800] "GET /PDFContent/03%20CBSE/02%20Class%20VII/Science/REPRODUCTION%20IN%20PLANTS/?C=N;O=D HTTP/1.1" 200 448 "-" "Mozilla/5.0 (compatible; MJ12bot/v1.4.8; http://mj12bot.com/)" "brainbox.co.in"
92.220.10.100 - - [06/Jan/2023:18:03:50 -0800] "GET /PDFContent/03%20CBSE/02%20Class%20VII/Science/REPRODUCTION%20IN%20PLANTS/?C=S;O=A HTTP/1.1" 200 450 "-" "Mozilla/5.0 (compatible; MJ12bot/v1.4.8; http://mj12bot.com/)" "brainbox.co.in"
37.57.218.243 - - [06/Jan/2023:18:03:52 -0800] "GET /PDFContent/01%20TSB/07%20Class%20XII/Maths/?C=D;O=D HTTP/1.1" 200 431 "-" "Mozilla/5.0 (compatible; MJ12bot/v1.4.8; http://mj12bot.com/)" "brainbox.co.in"
92.220.10.100 - - [06/Jan/2023:18:03:52 -0800] "GET /PDFContent/03%20CBSE/02%20Class%20VII/Science/SOIL/?C=D;O=A HTTP/1.1" 200 498 "-" "Mozilla/5.0 (compatible; MJ12bot/v1.4.8; http://mj12bot.com/)" "brainbox.co.in"
92.220.10.100 - - [06/Jan/2023:18:03:54 -0800] "GET /PDFContent/03%20CBSE/02%20Class%20VII/Science/SOIL/?C=M;O=A HTTP/1.1" 200 496 "-" "Mozilla/5.0 (compatible; MJ12bot/v1.4.8; http://mj12bot.com/)" "brainbox.co.in"
92.220.10.100 - - [06/Jan/2023:18:03:56 -0800] "GET /PDFContent/03%20CBSE/02%20Class%20VII/Science/SOIL/?C=N;O=D HTTP/1.1" 200 495 "-" "Mozilla/5.0 (compatible; MJ12bot/v1.4.8; http://mj12bot.com/)" "brainbox.co.in"
92.220.10.100 - - [06/Jan/2023:18:03:57 -0800] "GET /PDFContent/03%20CBSE/02%20Class%20VII/Science/SOIL/?C=S;O=A HTTP/1.1" 200 499 "-" "Mozilla/5.0 (compatible; MJ12bot/v1.4.8; http://mj12bot.com/)" "brainbox.co.in"
37.57.218.243 - - [06/Jan/2023:18:03:59 -0800] "GET /PDFContent/01%20TSB/07%20Class%20XII/Maths/?C=M;O=A HTTP/1.1" 200 433 "-" "Mozilla/5.0 (compatible; MJ12bot/v1.4.8; http://mj12bot.com/)" "brainbox.co.in"
92.220.10.100 - - [06/Jan/2023:18:03:59 -0800] "GET /PDFContent/03%20CBSE/02%20Class%20VII/Science/TEXTBOOK%20EXAMPLES/?C=D;O=A HTTP/1.1" 200 734 "-" "Mozilla/5.0 (compatible; MJ12bot/v1.4.8; http://mj12bot.com/)" "brainbox.co.in"
92.220.10.100 - - [06/Jan/2023:18:04:01 -0800] "GET /PDFContent/03%20CBSE/02%20Class%20VII/Science/TEXTBOOK%20EXAMPLES/?C=D;O=D HTTP/1.1" 200 740 "-" "Mozilla/5.0 (compatible; MJ12bot/v1.4.8; http://mj12bot.com/)" "brainbox.co.in"
92.220.10.100 - - [06/Jan/2023:18:04:03 -0800] "GET /PDFContent/03%20CBSE/02%20Class%20VII/Science/TEXTBOOK%20EXAMPLES/?C=M;O=A HTTP/1.1" 200 740 "-" "Mozilla/5.0 (compatible; MJ12bot/v1.4.8; http://mj12bot.com/)" "brainbox.co.in"
92.220.10.100 - - [06/Jan/2023:18:04:05 -0800] "GET /PDFContent/03%20CBSE/02%20Class%20VII/Science/TEXTBOOK%20EXAMPLES/?C=M;O=D HTTP/1.1" 200 736 "-" "Mozilla/5.0 (compatible; MJ12bot/v1.4.8; http://mj12bot.com/)" "brainbox.co.in"
92.220.10.100 - - [06/Jan/2023:18:04:06 -0800] "GET /PDFContent/03%20CBSE/02%20Class%20VII/Science/TEXTBOOK%20EXAMPLES/?C=N;O=A HTTP/1.1" 200 734 "-" "Mozilla/5.0 (compatible; MJ12bot/v1.4.8; http://mj12bot.com/)" "brainbox.co.in"
92.220.10.100 - - [06/Jan/2023:18:04:08 -0800] "GET /PDFContent/03%20CBSE/02%20Class%20VII/Science/TEXTBOOK%20EXAMPLES/?C=N;O=D HTTP/1.1" 200 740 "-" "Mozilla/5.0 (compatible; MJ12bot/v1.4.8; http://mj12bot.com/)" "brainbox.co.in"
37.57.218.243 - - [06/Jan/2023:18:04:08 -0800] "GET /PDFContent/01%20TSB/07%20Class%20XII/Maths/?C=M;O=D HTTP/1.1" 200 431 "-" "Mozilla/5.0 (compatible; MJ12bot/v1.4.8; http://mj12bot.com/)" "brainbox.co.in"
92.220.10.100 - - [06/Jan/2023:18:04:10 -0800] "GET /PDFContent/03%20CBSE/02%20Class%20VII/Science/TEXTBOOK%20EXAMPLES/?C=S;O=A HTTP/1.1" 200 739 "-" "Mozilla/5.0 (compatible; MJ12bot/v1.4.8; http://mj12bot.com/)" "brainbox.co.in"
92.220.10.100 - - [06/Jan/2023:18:04:12 -0800] "GET /PDFContent/03%20CBSE/02%20Class%20VII/Science/TEXTBOOK%20EXAMPLES/?C=S;O=D HTTP/1.1" 200 736 "-" "Mozilla/5.0 (compatible; MJ12bot/v1.4.8; http://mj12bot.com/)" "brainbox.co.in"
92.220.10.100 - - [06/Jan/2023:18:04:13 -0800] "GET /PDFContent/03%20CBSE/02%20Class%20VII/Science/TRASPORTATION%20IN%20ANIMALS%20%20AND%20PLANTS/?C=D;O=A HTTP/1.1" 200 456 "-" "Mozilla/5.0 (compatible; MJ12bot/v1.4.8; http://mj12bot.com/)" "brainbox.co.in"
114.119.134.106 - - [06/Jan/2023:18:04:15 -0800] "GET /PDFContent/01%20TSB/02%20Class%20VII/Hindi/Glossary/TSB_VII_LS17_SAHSI%20SUNITA_GLOSSARY.pdf HTTP/1.1" 200 611646 "https://brainbox.co.in/PDFContent/01%20TSB/02%20Class%20VII/Hindi/Glossary/" "Mozilla/5.0 (Linux; Android 7.0;) AppleWebKit/537.36 (KHTML, like Gecko) Mobile Safari/537.36 (compatible; PetalBot;+https://webmaster.petalsearch.com/site/petalbot)" "brainbox.co.in"
92.220.10.100 - - [06/Jan/2023:18:04:15 -0800] "GET /PDFContent/03%20CBSE/02%20Class%20VII/Science/TRASPORTATION%20IN%20ANIMALS%20%20AND%20PLANTS/?C=M;O=A HTTP/1.1" 200 457 "-" "Mozilla/5.0 (compatible; MJ12bot/v1.4.8; http://mj12bot.com/)" "brainbox.co.in"
92.220.10.100 - - [06/Jan/2023:18:04:17 -0800] "GET /PDFContent/03%20CBSE/02%20Class%20VII/Science/TRASPORTATION%20IN%20ANIMALS%20%20AND%20PLANTS/?C=N;O=D HTTP/1.1" 200 454 "-" "Mozilla/5.0 (compatible; MJ12bot/v1.4.8; http://mj12bot.com/)" "brainbox.co.in"
37.57.218.243 - - [06/Jan/2023:18:04:17 -0800] "GET /PDFContent/01%20TSB/07%20Class%20XII/Maths/?C=N;O=A HTTP/1.1" 200 433 "-" "Mozilla/5.0 (compatible; MJ12bot/v1.4.8; http://mj12bot.com/)" "brainbox.co.in"
92.220.10.100 - - [06/Jan/2023:18:04:19 -0800] "GET /PDFContent/03%20CBSE/02%20Class%20VII/Science/TRASPORTATION%20IN%20ANIMALS%20%20AND%20PLANTS/?C=S;O=A HTTP/1.1" 200 457 "-" "Mozilla/5.0 (compatible; MJ12bot/v1.4.8; http://mj12bot.com/)" "brainbox.co.in"
92.220.10.100 - - [06/Jan/2023:18:04:20 -0800] "GET /PDFContent/03%20CBSE/02%20Class%20VII/Science/WASTE%20WATER%20STORY/?C=D;O=A HTTP/1.1" 200 514 "-" "Mozilla/5.0 (compatible; MJ12bot/v1.4.8; http://mj12bot.com/)" "brainbox.co.in"
92.220.10.100 - - [06/Jan/2023:18:04:22 -0800] "GET /PDFContent/03%20CBSE/02%20Class%20VII/Science/WASTE%20WATER%20STORY/?C=D;O=D HTTP/1.1" 200 512 "-" "Mozilla/5.0 (compatible; MJ12bot/v1.4.8; http://mj12bot.com/)" "brainbox.co.in"
92.220.10.100 - - [06/Jan/2023:18:04:24 -0800] "GET /PDFContent/03%20CBSE/02%20Class%20VII/Science/WASTE%20WATER%20STORY/?C=M;O=A HTTP/1.1" 200 515 "-" "Mozilla/5.0 (compatible; MJ12bot/v1.4.8; http://mj12bot.com/)" "brainbox.co.in"
92.220.10.100 - - [06/Jan/2023:18:04:25 -0800] "GET /PDFContent/03%20CBSE/02%20Class%20VII/Science/WASTE%20WATER%20STORY/?C=M;O=D HTTP/1.1" 200 512 "-" "Mozilla/5.0 (compatible; MJ12bot/v1.4.8; http://mj12bot.com/)" "brainbox.co.in"
92.220.10.100 - - [06/Jan/2023:18:04:27 -0800] "GET /PDFContent/03%20CBSE/02%20Class%20VII/Science/WASTE%20WATER%20STORY/?C=N;O=A HTTP/1.1" 200 514 "-" "Mozilla/5.0 (compatible; MJ12bot/v1.4.8; http://mj12bot.com/)" "brainbox.co.in"
37.57.218.243 - - [06/Jan/2023:18:04:28 -0800] "GET /PDFContent/01%20TSB/07%20Class%20XII/Maths/?C=N;O=D HTTP/1.1" 200 431 "-" "Mozilla/5.0 (compatible; MJ12bot/v1.4.8; http://mj12bot.com/)" "brainbox.co.in"
92.220.10.100 - - [06/Jan/2023:18:04:29 -0800] "GET /PDFContent/03%20CBSE/02%20Class%20VII/Science/WASTE%20WATER%20STORY/?C=N;O=D HTTP/1.1" 200 512 "-" "Mozilla/5.0 (compatible; MJ12bot/v1.4.8; http://mj12bot.com/)" "brainbox.co.in"
92.220.10.100 - - [06/Jan/2023:18:04:31 -0800] "GET /PDFContent/03%20CBSE/02%20Class%20VII/Science/WASTE%20WATER%20STORY/?C=S;O=A HTTP/1.1" 200 514 "-" "Mozilla/5.0 (compatible; MJ12bot/v1.4.8; http://mj12bot.com/)" "brainbox.co.in"
37.57.218.243 - - [06/Jan/2023:18:04:32 -0800] "GET /PDFContent/01%20TSB/07%20Class%20XII/Maths/?C=S;O=D HTTP/1.1" 200 431 "-" "Mozilla/5.0 (compatible; MJ12bot/v1.4.8; http://mj12bot.com/)" "brainbox.co.in"
92.220.10.100 - - [06/Jan/2023:18:04:32 -0800] "GET /PDFContent/03%20CBSE/02%20Class%20VII/Science/WASTE%20WATER%20STORY/?C=S;O=D HTTP/1.1" 200 512 "-" "Mozilla/5.0 (compatible; MJ12bot/v1.4.8; http://mj12bot.com/)" "brainbox.co.in"
92.220.10.100 - - [06/Jan/2023:18:04:34 -0800] "GET /PDFContent/03%20CBSE/02%20Class%20VII/Science/WATER%20A%20PRECIOUS%20RESOURCE/?C=D;O=A HTTP/1.1" 200 507 "-" "Mozilla/5.0 (compatible; MJ12bot/v1.4.8; http://mj12bot.com/)" "brainbox.co.in"
92.220.10.100 - - [06/Jan/2023:18:04:36 -0800] "GET /PDFContent/03%20CBSE/02%20Class%20VII/Science/WATER%20A%20PRECIOUS%20RESOURCE/?C=D;O=D HTTP/1.1" 200 505 "-" "Mozilla/5.0 (compatible; MJ12bot/v1.4.8; http://mj12bot.com/)" "brainbox.co.in"
92.220.10.100 - - [06/Jan/2023:18:04:37 -0800] "GET /PDFContent/03%20CBSE/02%20Class%20VII/Science/WATER%20A%20PRECIOUS%20RESOURCE/?C=M;O=A HTTP/1.1" 200 507 "-" "Mozilla/5.0 (compatible; MJ12bot/v1.4.8; http://mj12bot.com/)" "brainbox.co.in"
37.57.218.243 - - [06/Jan/2023:18:04:39 -0800] "GET /PDFContent/01%20TSB/07%20Class%20XII/Sanskrit/?C=N;O=D HTTP/1.1" 200 354 "-" "Mozilla/5.0 (compatible; MJ12bot/v1.4.8; http://mj12bot.com/)" "brainbox.co.in"
