114.119.140.27 - - [02/Jan/2023:18:08:48 -0800] "GET /PDFContent/01%20TSB/01%20Class%20VI/Maths/01%20KNOWING%20OUR%20NUMBERS/KNOWING%20OUR%20NUMBERS_Part%201%20Intro.pdf HTTP/1.1" 200 153276 "https://brainbox.co.in/PDFContent/01%20TSB/01%20Class%20VI/Maths/01%20KNOWING%20OUR%20NUMBERS/" "Mozilla/5.0 (Linux; Android 7.0;) AppleWebKit/537.36 (KHTML, like Gecko) Mobile Safari/537.36 (compatible; PetalBot;+https://webmaster.petalsearch.com/site/petalbot)" "brainbox.co.in"
135.181.75.58 - - [02/Jan/2023:18:09:19 -0800] "GET /robots.txt HTTP/1.1" 404 73 "-" "Mozilla/5.0 (compatible; MJ12bot/v1.4.8; http://mj12bot.com/)" "brainbox.co.in"
135.181.75.58 - - [02/Jan/2023:18:09:20 -0800] "GET /PDFContent/04%20ICSE/03%20Class%20VIII/Hindi/?C=D;O=D HTTP/1.1" 200 352 "-" "Mozilla/5.0 (compatible; MJ12bot/v1.4.8; http://mj12bot.com/)" "brainbox.co.in"
135.181.75.58 - - [02/Jan/2023:18:09:22 -0800] "GET /PDFContent/04%20ICSE/03%20Class%20VIII/Hindi/?C=M;O=D HTTP/1.1" 200 352 "-" "Mozilla/5.0 (compatible; MJ12bot/v1.4.8; http://mj12bot.com/)" "brainbox.co.in"
135.181.75.58 - - [02/Jan/2023:18:09:24 -0800] "GET /PDFContent/04%20ICSE/03%20Class%20VIII/Hindi/?C=N;O=A HTTP/1.1" 200 354 "-" "Mozilla/5.0 (compatible; MJ12bot/v1.4.8; http://mj12bot.com/)" "brainbox.co.in"
135.181.75.58 - - [02/Jan/2023:18:09:26 -0800] "GET /PDFContent/04%20ICSE/03%20Class%20VIII/Hindi/?C=S;O=D HTTP/1.1" 200 352 "-" "Mozilla/5.0 (compatible; MJ12bot/v1.4.8; http://mj12bot.com/)" "brainbox.co.in"
135.181.75.58 - - [02/Jan/2023:18:09:28 -0800] "GET /PDFContent/04%20ICSE/03%20Class%20VIII/Maths/?C=D;O=D HTTP/1.1" 200 351 "-" "Mozilla/5.0 (compatible; MJ12bot/v1.4.8; http://mj12bot.com/)" "brainbox.co.in"
135.181.75.58 - - [02/Jan/2023:18:09:30 -0800] "GET /PDFContent/04%20ICSE/03%20Class%20VIII/Maths/?C=M;O=D HTTP/1.1" 200 351 "-" "Mozilla/5.0 (compatible; MJ12bot/v1.4.8; http://mj12bot.com/)" "brainbox.co.in"
135.181.75.58 - - [02/Jan/2023:18:09:32 -0800] "GET /PDFContent/04%20ICSE/03%20Class%20VIII/Maths/?C=N;O=A HTTP/1.1" 200 353 "-" "Mozilla/5.0 (compatible; MJ12bot/v1.4.8; http://mj12bot.com/)" "brainbox.co.in"
135.181.75.58 - - [02/Jan/2023:18:09:34 -0800] "GET /PDFContent/04%20ICSE/03%20Class%20VIII/Maths/?C=S;O=D HTTP/1.1" 200 351 "-" "Mozilla/5.0 (compatible; MJ12bot/v1.4.8; http://mj12bot.com/)" "brainbox.co.in"
135.181.75.58 - - [02/Jan/2023:18:09:36 -0800] "GET /PDFContent/04%20ICSE/03%20Class%20VIII/Physics/?C=D;O=D HTTP/1.1" 200 353 "-" "Mozilla/5.0 (compatible; MJ12bot/v1.4.8; http://mj12bot.com/)" "brainbox.co.in"
135.181.75.58 - - [02/Jan/2023:18:09:39 -0800] "GET /PDFContent/04%20ICSE/03%20Class%20VIII/Physics/?C=M;O=D HTTP/1.1" 200 353 "-" "Mozilla/5.0 (compatible; MJ12bot/v1.4.8; http://mj12bot.com/)" "brainbox.co.in"
135.181.75.58 - - [02/Jan/2023:18:09:41 -0800] "GET /PDFContent/04%20ICSE/03%20Class%20VIII/Physics/?C=N;O=A HTTP/1.1" 200 355 "-" "Mozilla/5.0 (compatible; MJ12bot/v1.4.8; http://mj12bot.com/)" "brainbox.co.in"
135.181.75.58 - - [02/Jan/2023:18:09:46 -0800] "GET /PDFContent/04%20ICSE/03%20Class%20VIII/Physics/?C=S;O=D HTTP/1.1" 200 353 "-" "Mozilla/5.0 (compatible; MJ12bot/v1.4.8; http://mj12bot.com/)" "brainbox.co.in"
135.181.75.58 - - [02/Jan/2023:18:09:50 -0800] "GET /PDFContent/04%20ICSE/03%20Class%20VIII/Sanskrit/?C=D;O=D HTTP/1.1" 200 354 "-" "Mozilla/5.0 (compatible; MJ12bot/v1.4.8; http://mj12bot.com/)" "brainbox.co.in"
135.181.75.58 - - [02/Jan/2023:18:09:55 -0800] "GET /PDFContent/04%20ICSE/03%20Class%20VIII/Sanskrit/?C=M;O=D HTTP/1.1" 200 354 "-" "Mozilla/5.0 (compatible; MJ12bot/v1.4.8; http://mj12bot.com/)" "brainbox.co.in"
135.181.75.58 - - [02/Jan/2023:18:09:59 -0800] "GET /PDFContent/04%20ICSE/03%20Class%20VIII/Sanskrit/?C=N;O=A HTTP/1.1" 200 356 "-" "Mozilla/5.0 (compatible; MJ12bot/v1.4.8; http://mj12bot.com/)" "brainbox.co.in"
135.181.75.58 - - [02/Jan/2023:18:10:03 -0800] "GET /PDFContent/04%20ICSE/03%20Class%20VIII/Sanskrit/?C=S;O=D HTTP/1.1" 200 354 "-" "Mozilla/5.0 (compatible; MJ12bot/v1.4.8; http://mj12bot.com/)" "brainbox.co.in"
135.181.75.58 - - [02/Jan/2023:18:10:10 -0800] "GET /PDFContent/04%20ICSE/03%20Class%20VIII/Telugu/?C=D;O=D HTTP/1.1" 200 353 "-" "Mozilla/5.0 (compatible; MJ12bot/v1.4.8; http://mj12bot.com/)" "brainbox.co.in"
135.181.115.29 - - [02/Jan/2023:18:10:12 -0800] "GET /robots.txt HTTP/1.1" 404 73 "-" "Mozilla/5.0 (compatible; MJ12bot/v1.4.8; http://mj12bot.com/)" "brainbox.co.in"
135.181.75.58 - - [02/Jan/2023:18:10:13 -0800] "GET /PDFContent/04%20ICSE/03%20Class%20VIII/Telugu/?C=M;O=D HTTP/1.1" 200 353 "-" "Mozilla/5.0 (compatible; MJ12bot/v1.4.8; http://mj12bot.com/)" "brainbox.co.in"
135.181.75.58 - - [02/Jan/2023:18:10:17 -0800] "GET /PDFContent/04%20ICSE/03%20Class%20VIII/Telugu/?C=N;O=A HTTP/1.1" 200 355 "-" "Mozilla/5.0 (compatible; MJ12bot/v1.4.8; http://mj12bot.com/)" "brainbox.co.in"
135.181.115.29 - - [02/Jan/2023:18:10:18 -0800] "GET /PDFContent/03%20CBSE/05%20Class%20X/Hindi/SPARSH/LS10/?C=D;O=A HTTP/1.1" 200 568 "-" "Mozilla/5.0 (compatible; MJ12bot/v1.4.8; http://mj12bot.com/)" "brainbox.co.in"
135.181.115.29 - - [02/Jan/2023:18:10:20 -0800] "GET /PDFContent/03%20CBSE/05%20Class%20X/Hindi/SPARSH/LS10/?C=M;O=A HTTP/1.1" 200 568 "-" "Mozilla/5.0 (compatible; MJ12bot/v1.4.8; http://mj12bot.com/)" "brainbox.co.in"
135.181.115.29 - - [02/Jan/2023:18:10:22 -0800] "GET /PDFContent/03%20CBSE/05%20Class%20X/Hindi/SPARSH/LS10/?C=N;O=D HTTP/1.1" 200 565 "-" "Mozilla/5.0 (compatible; MJ12bot/v1.4.8; http://mj12bot.com/)" "brainbox.co.in"
135.181.75.58 - - [02/Jan/2023:18:10:23 -0800] "GET /PDFContent/04%20ICSE/03%20Class%20VIII/Telugu/?C=S;O=D HTTP/1.1" 200 353 "-" "Mozilla/5.0 (compatible; MJ12bot/v1.4.8; http://mj12bot.com/)" "brainbox.co.in"
135.181.115.29 - - [02/Jan/2023:18:10:24 -0800] "GET /PDFContent/03%20CBSE/05%20Class%20X/Hindi/SPARSH/LS10/?C=S;O=A HTTP/1.1" 200 568 "-" "Mozilla/5.0 (compatible; MJ12bot/v1.4.8; http://mj12bot.com/)" "brainbox.co.in"
135.181.115.29 - - [02/Jan/2023:18:10:26 -0800] "GET /PDFContent/03%20CBSE/05%20Class%20X/Hindi/SPARSH/LS11/ HTTP/1.1" 200 543 "-" "Mozilla/5.0 (compatible; MJ12bot/v1.4.8; http://mj12bot.com/)" "brainbox.co.in"
135.181.75.58 - - [02/Jan/2023:18:10:27 -0800] "GET /PDFContent/04%20ICSE/04%20Class%20IX/Chemistry/?C=D;O=D HTTP/1.1" 200 352 "-" "Mozilla/5.0 (compatible; MJ12bot/v1.4.8; http://mj12bot.com/)" "brainbox.co.in"
135.181.75.58 - - [02/Jan/2023:18:10:31 -0800] "GET /PDFContent/04%20ICSE/04%20Class%20IX/Chemistry/?C=M;O=D HTTP/1.1" 200 352 "-" "Mozilla/5.0 (compatible; MJ12bot/v1.4.8; http://mj12bot.com/)" "brainbox.co.in"
135.181.115.29 - - [02/Jan/2023:18:10:31 -0800] "GET /PDFContent/03%20CBSE/05%20Class%20X/Hindi/SPARSH/LS11/?C=D;O=A HTTP/1.1" 200 543 "-" "Mozilla/5.0 (compatible; MJ12bot/v1.4.8; http://mj12bot.com/)" "brainbox.co.in"
135.181.115.29 - - [02/Jan/2023:18:10:33 -0800] "GET /PDFContent/03%20CBSE/05%20Class%20X/Hindi/SPARSH/LS11/?C=M;O=A HTTP/1.1" 200 543 "-" "Mozilla/5.0 (compatible; MJ12bot/v1.4.8; http://mj12bot.com/)" "brainbox.co.in"
135.181.115.29 - - [02/Jan/2023:18:10:35 -0800] "GET /PDFContent/03%20CBSE/05%20Class%20X/Hindi/SPARSH/LS11/?C=N;O=D HTTP/1.1" 200 542 "-" "Mozilla/5.0 (compatible; MJ12bot/v1.4.8; http://mj12bot.com/)" "brainbox.co.in"
135.181.115.29 - - [02/Jan/2023:18:10:36 -0800] "GET /PDFContent/03%20CBSE/05%20Class%20X/Hindi/SPARSH/LS11/?C=S;O=A HTTP/1.1" 200 543 "-" "Mozilla/5.0 (compatible; MJ12bot/v1.4.8; http://mj12bot.com/)" "brainbox.co.in"
135.181.115.29 - - [02/Jan/2023:18:10:38 -0800] "GET /PDFContent/03%20CBSE/05%20Class%20X/Hindi/SPARSH/LS12/ HTTP/1.1" 200 534 "-" "Mozilla/5.0 (compatible; MJ12bot/v1.4.8; http://mj12bot.com/)" "brainbox.co.in"
135.181.75.58 - - [02/Jan/2023:18:10:38 -0800] "GET /PDFContent/04%20ICSE/04%20Class%20IX/Chemistry/?C=N;O=A HTTP/1.1" 200 354 "-" "Mozilla/5.0 (compatible; MJ12bot/v1.4.8; http://mj12bot.com/)" "brainbox.co.in"
135.181.115.29 - - [02/Jan/2023:18:10:43 -0800] "GET /PDFContent/03%20CBSE/05%20Class%20X/Hindi/SPARSH/LS12/?C=D;O=A HTTP/1.1" 200 534 "-" "Mozilla/5.0 (compatible; MJ12bot/v1.4.8; http://mj12bot.com/)" "brainbox.co.in"
135.181.115.29 - - [02/Jan/2023:18:10:45 -0800] "GET /PDFContent/03%20CBSE/05%20Class%20X/Hindi/SPARSH/LS12/?C=M;O=A HTTP/1.1" 200 535 "-" "Mozilla/5.0 (compatible; MJ12bot/v1.4.8; http://mj12bot.com/)" "brainbox.co.in"
135.181.75.58 - - [02/Jan/2023:18:10:46 -0800] "GET /PDFContent/04%20ICSE/04%20Class%20IX/Chemistry/?C=S;O=D HTTP/1.1" 200 352 "-" "Mozilla/5.0 (compatible; MJ12bot/v1.4.8; http://mj12bot.com/)" "brainbox.co.in"
135.181.75.58 - - [02/Jan/2023:18:10:54 -0800] "GET /PDFContent/04%20ICSE/04%20Class%20IX/English/?C=D;O=D HTTP/1.1" 200 350 "-" "Mozilla/5.0 (compatible; MJ12bot/v1.4.8; http://mj12bot.com/)" "brainbox.co.in"
135.181.75.58 - - [02/Jan/2023:18:11:06 -0800] "GET /PDFContent/04%20ICSE/04%20Class%20IX/English/?C=M;O=D HTTP/1.1" 200 350 "-" "Mozilla/5.0 (compatible; MJ12bot/v1.4.8; http://mj12bot.com/)" "brainbox.co.in"
135.181.75.58 - - [02/Jan/2023:18:11:13 -0800] "GET /PDFContent/04%20ICSE/04%20Class%20IX/English/?C=N;O=A HTTP/1.1" 200 352 "-" "Mozilla/5.0 (compatible; MJ12bot/v1.4.8; http://mj12bot.com/)" "brainbox.co.in"
135.181.75.58 - - [02/Jan/2023:18:11:21 -0800] "GET /PDFContent/04%20ICSE/04%20Class%20IX/English/?C=S;O=D HTTP/1.1" 200 350 "-" "Mozilla/5.0 (compatible; MJ12bot/v1.4.8; http://mj12bot.com/)" "brainbox.co.in"
135.181.75.58 - - [02/Jan/2023:18:11:27 -0800] "GET /PDFContent/04%20ICSE/04%20Class%20IX/Hindi/?C=D;O=D HTTP/1.1" 200 349 "-" "Mozilla/5.0 (compatible; MJ12bot/v1.4.8; http://mj12bot.com/)" "brainbox.co.in"
135.181.75.58 - - [02/Jan/2023:18:11:37 -0800] "GET /PDFContent/04%20ICSE/04%20Class%20IX/Hindi/?C=M;O=D HTTP/1.1" 200 349 "-" "Mozilla/5.0 (compatible; MJ12bot/v1.4.8; http://mj12bot.com/)" "brainbox.co.in"
135.181.75.58 - - [02/Jan/2023:18:11:46 -0800] "GET /PDFContent/04%20ICSE/04%20Class%20IX/Hindi/?C=N;O=A HTTP/1.1" 200 350 "-" "Mozilla/5.0 (compatible; MJ12bot/v1.4.8; http://mj12bot.com/)" "brainbox.co.in"
135.181.75.58 - - [02/Jan/2023:18:11:55 -0800] "GET /PDFContent/04%20ICSE/04%20Class%20IX/Hindi/?C=S;O=D HTTP/1.1" 200 349 "-" "Mozilla/5.0 (compatible; MJ12bot/v1.4.8; http://mj12bot.com/)" "brainbox.co.in"
135.181.75.58 - - [02/Jan/2023:18:12:06 -0800] "GET /PDFContent/04%20ICSE/04%20Class%20IX/Maths/?C=D;O=D HTTP/1.1" 200 349 "-" "Mozilla/5.0 (compatible; MJ12bot/v1.4.8; http://mj12bot.com/)" "brainbox.co.in"
135.181.75.58 - - [02/Jan/2023:18:12:16 -0800] "GET /PDFContent/04%20ICSE/04%20Class%20IX/Maths/?C=M;O=D HTTP/1.1" 200 349 "-" "Mozilla/5.0 (compatible; MJ12bot/v1.4.8; http://mj12bot.com/)" "brainbox.co.in"
135.181.75.58 - - [02/Jan/2023:18:12:24 -0800] "GET /PDFContent/04%20ICSE/04%20Class%20IX/Maths/?C=N;O=A HTTP/1.1" 200 351 "-" "Mozilla/5.0 (compatible; MJ12bot/v1.4.8; http://mj12bot.com/)" "brainbox.co.in"
135.181.75.58 - - [02/Jan/2023:18:12:38 -0800] "GET /PDFContent/04%20ICSE/04%20Class%20IX/Maths/?C=S;O=D HTTP/1.1" 200 349 "-" "Mozilla/5.0 (compatible; MJ12bot/v1.4.8; http://mj12bot.com/)" "brainbox.co.in"
135.181.75.58 - - [02/Jan/2023:18:12:46 -0800] "GET /PDFContent/04%20ICSE/04%20Class%20IX/Physics/?C=D;O=D HTTP/1.1" 200 350 "-" "Mozilla/5.0 (compatible; MJ12bot/v1.4.8; http://mj12bot.com/)" "brainbox.co.in"
135.181.75.58 - - [02/Jan/2023:18:12:59 -0800] "GET /PDFContent/04%20ICSE/04%20Class%20IX/Physics/?C=M;O=D HTTP/1.1" 200 350 "-" "Mozilla/5.0 (compatible; MJ12bot/v1.4.8; http://mj12bot.com/)" "brainbox.co.in"
135.181.75.58 - - [02/Jan/2023:18:13:11 -0800] "GET /PDFContent/04%20ICSE/04%20Class%20IX/Physics/?C=N;O=A HTTP/1.1" 200 352 "-" "Mozilla/5.0 (compatible; MJ12bot/v1.4.8; http://mj12bot.com/)" "brainbox.co.in"
135.181.75.58 - - [02/Jan/2023:18:13:22 -0800] "GET /PDFContent/04%20ICSE/04%20Class%20IX/Physics/?C=S;O=D HTTP/1.1" 200 350 "-" "Mozilla/5.0 (compatible; MJ12bot/v1.4.8; http://mj12bot.com/)" "brainbox.co.in"
135.181.75.58 - - [02/Jan/2023:18:13:36 -0800] "GET /PDFContent/04%20ICSE/04%20Class%20IX/Sanskrit/?C=D;O=D HTTP/1.1" 200 351 "-" "Mozilla/5.0 (compatible; MJ12bot/v1.4.8; http://mj12bot.com/)" "brainbox.co.in"
135.181.75.58 - - [02/Jan/2023:18:13:45 -0800] "GET /PDFContent/04%20ICSE/04%20Class%20IX/Sanskrit/?C=M;O=D HTTP/1.1" 200 351 "-" "Mozilla/5.0 (compatible; MJ12bot/v1.4.8; http://mj12bot.com/)" "brainbox.co.in"
135.181.75.58 - - [02/Jan/2023:18:13:59 -0800] "GET /PDFContent/04%20ICSE/04%20Class%20IX/Sanskrit/?C=N;O=A HTTP/1.1" 200 353 "-" "Mozilla/5.0 (compatible; MJ12bot/v1.4.8; http://mj12bot.com/)" "brainbox.co.in"
135.181.75.58 - - [02/Jan/2023:18:14:11 -0800] "GET /PDFContent/04%20ICSE/04%20Class%20IX/Sanskrit/?C=S;O=D HTTP/1.1" 200 351 "-" "Mozilla/5.0 (compatible; MJ12bot/v1.4.8; http://mj12bot.com/)" "brainbox.co.in"
135.181.75.58 - - [02/Jan/2023:18:14:25 -0800] "GET /PDFContent/04%20ICSE/04%20Class%20IX/Telugu/?C=D;O=D HTTP/1.1" 200 351 "-" "Mozilla/5.0 (compatible; MJ12bot/v1.4.8; http://mj12bot.com/)" "brainbox.co.in"
135.181.75.58 - - [02/Jan/2023:18:14:38 -0800] "GET /PDFContent/04%20ICSE/04%20Class%20IX/Telugu/?C=M;O=D HTTP/1.1" 200 351 "-" "Mozilla/5.0 (compatible; MJ12bot/v1.4.8; http://mj12bot.com/)" "brainbox.co.in"
114.119.137.2 - - [02/Jan/2023:18:14:48 -0800] "GET /PDFContent/MATHS%20WORLD/CLASS%20-%205%20WORKSHEETS/Lesson%203.%20Factors%20and%20multiples.pdf HTTP/1.1" 200 63607 "https://brainbox.co.in/PDFContent/MATHS%20WORLD/CLASS%20-%205%20WORKSHEETS/?C=M%3BO%3DA" "Mozilla/5.0 (Linux; Android 7.0;) AppleWebKit/537.36 (KHTML, like Gecko) Mobile Safari/537.36 (compatible; PetalBot;+https://webmaster.petalsearch.com/site/petalbot)" "brainbox.co.in"
135.181.75.58 - - [02/Jan/2023:18:14:52 -0800] "GET /PDFContent/04%20ICSE/04%20Class%20IX/Telugu/?C=N;O=A HTTP/1.1" 200 352 "-" "Mozilla/5.0 (compatible; MJ12bot/v1.4.8; http://mj12bot.com/)" "brainbox.co.in"
135.181.74.243 - - [02/Jan/2023:18:14:57 -0800] "GET /robots.txt HTTP/1.1" 404 73 "-" "Mozilla/5.0 (compatible; MJ12bot/v1.4.8; http://mj12bot.com/)" "www.brainbox.co.in"
135.181.75.58 - - [02/Jan/2023:18:15:04 -0800] "GET /PDFContent/04%20ICSE/04%20Class%20IX/Telugu/?C=S;O=D HTTP/1.1" 200 351 "-" "Mozilla/5.0 (compatible; MJ12bot/v1.4.8; http://mj12bot.com/)" "brainbox.co.in"
135.181.75.58 - - [02/Jan/2023:18:15:13 -0800] "GET /PDFContent/04%20ICSE/05%20Class%20X/Chemistry/?C=D;O=D HTTP/1.1" 200 352 "-" "Mozilla/5.0 (compatible; MJ12bot/v1.4.8; http://mj12bot.com/)" "brainbox.co.in"
135.181.75.58 - - [02/Jan/2023:18:15:22 -0800] "GET /PDFContent/04%20ICSE/05%20Class%20X/Chemistry/?C=M;O=D HTTP/1.1" 200 352 "-" "Mozilla/5.0 (compatible; MJ12bot/v1.4.8; http://mj12bot.com/)" "brainbox.co.in"
135.181.74.243 - - [02/Jan/2023:18:15:26 -0800] "GET /PDFContent/Beetle/CLASS%20III/SCIENCE/SEM%201/?C=M;O=A HTTP/1.1" 200 625 "-" "Mozilla/5.0 (compatible; MJ12bot/v1.4.8; http://mj12bot.com/)" "www.brainbox.co.in"
135.181.74.243 - - [02/Jan/2023:18:15:47 -0800] "GET /PDFContent/Beetle/CLASS%20III/SCIENCE/SEM%201/?C=N;O=D HTTP/1.1" 200 621 "-" "Mozilla/5.0 (compatible; MJ12bot/v1.4.8; http://mj12bot.com/)" "www.brainbox.co.in"
135.181.75.58 - - [02/Jan/2023:18:15:52 -0800] "GET /PDFContent/04%20ICSE/05%20Class%20X/Chemistry/?C=S;O=D HTTP/1.1" 200 352 "-" "Mozilla/5.0 (compatible; MJ12bot/v1.4.8; http://mj12bot.com/)" "brainbox.co.in"
114.119.157.24 - - [02/Jan/2023:18:15:57 -0800] "GET /PDFContent/Beetle/CLASS%20V/SOCIAL/SEM%201/LESSON%201.%20GLOBE%E2%80%90%20A%20MODEL%20OF%20THE%20EARTH.pdf HTTP/1.1" 200 52635 "https://brainbox.co.in/PDFContent/Beetle/CLASS%20V/SOCIAL/SEM%201/?C=D%3BO%3DA" "Mozilla/5.0 (Linux; Android 7.0;) AppleWebKit/537.36 (KHTML, like Gecko) Mobile Safari/537.36 (compatible; PetalBot;+https://webmaster.petalsearch.com/site/petalbot)" "brainbox.co.in"
135.181.75.58 - - [02/Jan/2023:18:16:00 -0800] "GET /PDFContent/04%20ICSE/05%20Class%20X/English/?C=D;O=D HTTP/1.1" 200 351 "-" "Mozilla/5.0 (compatible; MJ12bot/v1.4.8; http://mj12bot.com/)" "brainbox.co.in"
135.181.74.243 - - [02/Jan/2023:18:16:00 -0800] "GET /PDFContent/Beetle/CLASS%20III/SCIENCE/SEM%201/?C=S;O=A HTTP/1.1" 200 622 "-" "Mozilla/5.0 (compatible; MJ12bot/v1.4.8; http://mj12bot.com/)" "www.brainbox.co.in"
135.181.75.58 - - [02/Jan/2023:18:16:13 -0800] "GET /PDFContent/04%20ICSE/05%20Class%20X/English/?C=M;O=D HTTP/1.1" 200 351 "-" "Mozilla/5.0 (compatible; MJ12bot/v1.4.8; http://mj12bot.com/)" "brainbox.co.in"
135.181.74.243 - - [02/Jan/2023:18:16:15 -0800] "GET /PDFContent/Beetle/CLASS%20III/SCIENCE/SEM%202/?C=D;O=A HTTP/1.1" 200 606 "-" "Mozilla/5.0 (compatible; MJ12bot/v1.4.8; http://mj12bot.com/)" "www.brainbox.co.in"
135.181.75.58 - - [02/Jan/2023:18:16:25 -0800] "GET /PDFContent/04%20ICSE/05%20Class%20X/English/?C=N;O=A HTTP/1.1" 200 353 "-" "Mozilla/5.0 (compatible; MJ12bot/v1.4.8; http://mj12bot.com/)" "brainbox.co.in"
135.181.74.243 - - [02/Jan/2023:18:16:29 -0800] "GET /PDFContent/Beetle/CLASS%20III/SCIENCE/SEM%202/?C=M;O=A HTTP/1.1" 200 607 "-" "Mozilla/5.0 (compatible; MJ12bot/v1.4.8; http://mj12bot.com/)" "www.brainbox.co.in"
135.181.75.58 - - [02/Jan/2023:18:16:34 -0800] "GET /PDFContent/04%20ICSE/05%20Class%20X/English/?C=S;O=D HTTP/1.1" 200 351 "-" "Mozilla/5.0 (compatible; MJ12bot/v1.4.8; http://mj12bot.com/)" "brainbox.co.in"
135.181.74.243 - - [02/Jan/2023:18:16:39 -0800] "GET /PDFContent/Beetle/CLASS%20III/SCIENCE/SEM%202/?C=N;O=D HTTP/1.1" 200 602 "-" "Mozilla/5.0 (compatible; MJ12bot/v1.4.8; http://mj12bot.com/)" "www.brainbox.co.in"
135.181.75.58 - - [02/Jan/2023:18:16:44 -0800] "GET /PDFContent/04%20ICSE/05%20Class%20X/Hindi/?C=D;O=D HTTP/1.1" 200 350 "-" "Mozilla/5.0 (compatible; MJ12bot/v1.4.8; http://mj12bot.com/)" "brainbox.co.in"
135.181.75.58 - - [02/Jan/2023:18:16:54 -0800] "GET /PDFContent/04%20ICSE/05%20Class%20X/Hindi/?C=M;O=D HTTP/1.1" 200 350 "-" "Mozilla/5.0 (compatible; MJ12bot/v1.4.8; http://mj12bot.com/)" "brainbox.co.in"
135.181.74.243 - - [02/Jan/2023:18:16:54 -0800] "GET /PDFContent/Beetle/CLASS%20III/SCIENCE/SEM%202/?C=S;O=A HTTP/1.1" 200 605 "-" "Mozilla/5.0 (compatible; MJ12bot/v1.4.8; http://mj12bot.com/)" "www.brainbox.co.in"
93.158.161.59 - - [02/Jan/2023:18:17:00 -0800] "GET /PDFContent/SPECIAL%20CROUSE/Part%201%20Grammar%20Essentials/STD_VII/UNIT-5.pdf HTTP/1.1" 200 236367 "-" "Mozilla/5.0 (compatible; YandexBot/3.0; +http://yandex.com/bots)" "brainbox.co.in"
135.181.75.58 - - [02/Jan/2023:18:17:06 -0800] "GET /PDFContent/04%20ICSE/05%20Class%20X/Hindi/?C=N;O=A HTTP/1.1" 200 351 "-" "Mozilla/5.0 (compatible; MJ12bot/v1.4.8; http://mj12bot.com/)" "brainbox.co.in"
114.119.141.206 - - [02/Jan/2023:18:17:14 -0800] "GET /PDFContent/01%20TSB/03%20Class%20VIII/English/LS4C/TSB_VIII_ENGLISH_LS4C_THE%20COMPUTER%20GAME_GLOSSARY.pdf HTTP/1.1" 200 426926 "https://brainbox.co.in/PDFContent/01%20TSB/03%20Class%20VIII/English/LS4C/?C=S%3BO%3DA" "Mozilla/5.0 (Linux; Android 7.0;) AppleWebKit/537.36 (KHTML, like Gecko) Mobile Safari/537.36 (compatible; PetalBot;+https://webmaster.petalsearch.com/site/petalbot)" "brainbox.co.in"
135.181.75.58 - - [02/Jan/2023:18:17:19 -0800] "GET /PDFContent/04%20ICSE/05%20Class%20X/Hindi/?C=S;O=D HTTP/1.1" 200 350 "-" "Mozilla/5.0 (compatible; MJ12bot/v1.4.8; http://mj12bot.com/)" "brainbox.co.in"
135.181.74.243 - - [02/Jan/2023:18:17:20 -0800] "GET /PDFContent/Beetle/CLASS%20III/SOCIAL/?C=D;O=D HTTP/1.1" 200 399 "-" "Mozilla/5.0 (compatible; MJ12bot/v1.4.8; http://mj12bot.com/)" "www.brainbox.co.in"
135.181.74.243 - - [02/Jan/2023:18:17:29 -0800] "GET /PDFContent/Beetle/CLASS%20III/SOCIAL/?C=M;O=D HTTP/1.1" 200 399 "-" "Mozilla/5.0 (compatible; MJ12bot/v1.4.8; http://mj12bot.com/)" "www.brainbox.co.in"
135.181.75.58 - - [02/Jan/2023:18:17:33 -0800] "GET /PDFContent/04%20ICSE/05%20Class%20X/Maths/?C=D;O=D HTTP/1.1" 200 349 "-" "Mozilla/5.0 (compatible; MJ12bot/v1.4.8; http://mj12bot.com/)" "brainbox.co.in"
135.181.75.58 - - [02/Jan/2023:18:17:45 -0800] "GET /PDFContent/04%20ICSE/05%20Class%20X/Maths/?C=M;O=D HTTP/1.1" 200 349 "-" "Mozilla/5.0 (compatible; MJ12bot/v1.4.8; http://mj12bot.com/)" "brainbox.co.in"
135.181.74.243 - - [02/Jan/2023:18:17:47 -0800] "GET /PDFContent/Beetle/CLASS%20III/SOCIAL/?C=N;O=A HTTP/1.1" 200 406 "-" "Mozilla/5.0 (compatible; MJ12bot/v1.4.8; http://mj12bot.com/)" "www.brainbox.co.in"
135.181.75.58 - - [02/Jan/2023:18:17:54 -0800] "GET /PDFContent/04%20ICSE/05%20Class%20X/Maths/?C=N;O=A HTTP/1.1" 200 351 "-" "Mozilla/5.0 (compatible; MJ12bot/v1.4.8; http://mj12bot.com/)" "brainbox.co.in"
185.191.171.19 - - [02/Jan/2023:18:17:59 -0800] "GET /robots.txt HTTP/1.1" 404 88 "-" "Mozilla/5.0 (compatible; SemrushBot/7~bl; +http://www.semrush.com/bot.html)" "brainbox.co.in"
185.191.171.9 - - [02/Jan/2023:18:18:01 -0800] "GET /PDFContent/CREEPERS/CLASS%2005/CLASS%20-%205%20-%20TERM-2%20-%20WORKSHEETS/?C=N%3BO%3DD HTTP/1.1" 200 460 "-" "Mozilla/5.0 (compatible; SemrushBot/7~bl; +http://www.semrush.com/bot.html)" "brainbox.co.in"
135.181.74.243 - - [02/Jan/2023:18:18:06 -0800] "GET /PDFContent/Beetle/CLASS%20III/SOCIAL/?C=S;O=D HTTP/1.1" 200 399 "-" "Mozilla/5.0 (compatible; MJ12bot/v1.4.8; http://mj12bot.com/)" "www.brainbox.co.in"
135.181.75.58 - - [02/Jan/2023:18:18:12 -0800] "GET /PDFContent/04%20ICSE/05%20Class%20X/Maths/?C=S;O=D HTTP/1.1" 200 349 "-" "Mozilla/5.0 (compatible; MJ12bot/v1.4.8; http://mj12bot.com/)" "brainbox.co.in"
135.181.75.58 - - [02/Jan/2023:18:18:21 -0800] "GET /PDFContent/04%20ICSE/05%20Class%20X/Physics/?C=D;O=D HTTP/1.1" 200 351 "-" "Mozilla/5.0 (compatible; MJ12bot/v1.4.8; http://mj12bot.com/)" "brainbox.co.in"
135.181.74.243 - - [02/Jan/2023:18:18:26 -0800] "GET /PDFContent/Beetle/CLASS%20III/SOCIAL/SEM%201/?C=D;O=A HTTP/1.1" 200 725 "-" "Mozilla/5.0 (compatible; MJ12bot/v1.4.8; http://mj12bot.com/)" "www.brainbox.co.in"
135.181.75.58 - - [02/Jan/2023:18:18:34 -0800] "GET /PDFContent/04%20ICSE/05%20Class%20X/Physics/?C=M;O=D HTTP/1.1" 200 351 "-" "Mozilla/5.0 (compatible; MJ12bot/v1.4.8; http://mj12bot.com/)" "brainbox.co.in"
135.181.75.58 - - [02/Jan/2023:18:18:45 -0800] "GET /PDFContent/04%20ICSE/05%20Class%20X/Physics/?C=N;O=A HTTP/1.1" 200 353 "-" "Mozilla/5.0 (compatible; MJ12bot/v1.4.8; http://mj12bot.com/)" "brainbox.co.in"
114.119.158.251 - - [02/Jan/2023:18:18:45 -0800] "GET /PDFContent/01%20TSB/03%20Class%20VIII/English/LS3B/TSB_VIII_ENGLISH_LS3B_THE%20SELFISH%20GIANT%20P2_MORALS.pdf HTTP/1.1" 200 346445 "https://brainbox.co.in/PDFContent/01%20TSB/03%20Class%20VIII/English/LS3B/?C=M%3BO%3DA" "Mozilla/5.0 (Linux; Android 7.0;) AppleWebKit/537.36 (KHTML, like Gecko) Mobile Safari/537.36 (compatible; PetalBot;+https://webmaster.petalsearch.com/site/petalbot)" "brainbox.co.in"
135.181.74.243 - - [02/Jan/2023:18:18:47 -0800] "GET /PDFContent/Beetle/CLASS%20III/SOCIAL/SEM%201/?C=M;O=A HTTP/1.1" 200 723 "-" "Mozilla/5.0 (compatible; MJ12bot/v1.4.8; http://mj12bot.com/)" "www.brainbox.co.in"
135.181.75.58 - - [02/Jan/2023:18:18:58 -0800] "GET /PDFContent/04%20ICSE/05%20Class%20X/Physics/?C=S;O=D HTTP/1.1" 200 351 "-" "Mozilla/5.0 (compatible; MJ12bot/v1.4.8; http://mj12bot.com/)" "brainbox.co.in"
135.181.74.243 - - [02/Jan/2023:18:19:02 -0800] "GET /PDFContent/Beetle/CLASS%20III/SOCIAL/SEM%201/?C=N;O=D HTTP/1.1" 200 726 "-" "Mozilla/5.0 (compatible; MJ12bot/v1.4.8; http://mj12bot.com/)" "www.brainbox.co.in"
135.181.75.58 - - [02/Jan/2023:18:19:09 -0800] "GET /PDFContent/04%20ICSE/05%20Class%20X/Sanskrit/?C=D;O=D HTTP/1.1" 200 352 "-" "Mozilla/5.0 (compatible; MJ12bot/v1.4.8; http://mj12bot.com/)" "brainbox.co.in"
135.181.74.243 - - [02/Jan/2023:18:19:13 -0800] "GET /PDFContent/Beetle/CLASS%20III/SOCIAL/SEM%201/?C=S;O=A HTTP/1.1" 200 725 "-" "Mozilla/5.0 (compatible; MJ12bot/v1.4.8; http://mj12bot.com/)" "www.brainbox.co.in"
135.181.74.243 - - [02/Jan/2023:18:19:25 -0800] "GET /PDFContent/Beetle/CLASS%20III/SOCIAL/SEM%202/?C=D;O=A HTTP/1.1" 200 677 "-" "Mozilla/5.0 (compatible; MJ12bot/v1.4.8; http://mj12bot.com/)" "www.brainbox.co.in"
135.181.75.58 - - [02/Jan/2023:18:19:32 -0800] "GET /PDFContent/04%20ICSE/05%20Class%20X/Sanskrit/?C=M;O=D HTTP/1.1" 200 352 "-" "Mozilla/5.0 (compatible; MJ12bot/v1.4.8; http://mj12bot.com/)" "brainbox.co.in"
135.181.74.243 - - [02/Jan/2023:18:19:32 -0800] "GET /PDFContent/Beetle/CLASS%20III/SOCIAL/SEM%202/?C=M;O=A HTTP/1.1" 200 678 "-" "Mozilla/5.0 (compatible; MJ12bot/v1.4.8; http://mj12bot.com/)" "www.brainbox.co.in"
135.181.75.58 - - [02/Jan/2023:18:19:41 -0800] "GET /PDFContent/04%20ICSE/05%20Class%20X/Sanskrit/?C=N;O=A HTTP/1.1" 200 354 "-" "Mozilla/5.0 (compatible; MJ12bot/v1.4.8; http://mj12bot.com/)" "brainbox.co.in"
135.181.74.243 - - [02/Jan/2023:18:19:51 -0800] "GET /PDFContent/Beetle/CLASS%20III/SOCIAL/SEM%202/?C=N;O=D HTTP/1.1" 200 678 "-" "Mozilla/5.0 (compatible; MJ12bot/v1.4.8; http://mj12bot.com/)" "www.brainbox.co.in"
135.181.75.58 - - [02/Jan/2023:18:19:53 -0800] "GET /PDFContent/04%20ICSE/05%20Class%20X/Sanskrit/?C=S;O=D HTTP/1.1" 200 352 "-" "Mozilla/5.0 (compatible; MJ12bot/v1.4.8; http://mj12bot.com/)" "brainbox.co.in"
135.181.74.243 - - [02/Jan/2023:18:20:02 -0800] "GET /PDFContent/Beetle/CLASS%20III/SOCIAL/SEM%202/?C=S;O=A HTTP/1.1" 200 684 "-" "Mozilla/5.0 (compatible; MJ12bot/v1.4.8; http://mj12bot.com/)" "www.brainbox.co.in"
135.181.75.58 - - [02/Jan/2023:18:20:03 -0800] "GET /PDFContent/04%20ICSE/05%20Class%20X/Telugu/?C=D;O=D HTTP/1.1" 200 351 "-" "Mozilla/5.0 (compatible; MJ12bot/v1.4.8; http://mj12bot.com/)" "brainbox.co.in"
135.181.74.243 - - [02/Jan/2023:18:20:13 -0800] "GET /PDFContent/Beetle/CLASS%20IV/ENGLISH%20SEM%202/?C=D;O=D HTTP/1.1" 200 668 "-" "Mozilla/5.0 (compatible; MJ12bot/v1.4.8; http://mj12bot.com/)" "www.brainbox.co.in"
135.181.75.58 - - [02/Jan/2023:18:20:15 -0800] "GET /PDFContent/04%20ICSE/05%20Class%20X/Telugu/?C=M;O=D HTTP/1.1" 200 351 "-" "Mozilla/5.0 (compatible; MJ12bot/v1.4.8; http://mj12bot.com/)" "brainbox.co.in"
135.181.74.243 - - [02/Jan/2023:18:20:25 -0800] "GET /PDFContent/Beetle/CLASS%20IV/ENGLISH%20SEM%202/?C=M;O=D HTTP/1.1" 200 668 "-" "Mozilla/5.0 (compatible; MJ12bot/v1.4.8; http://mj12bot.com/)" "www.brainbox.co.in"
135.181.75.58 - - [02/Jan/2023:18:20:26 -0800] "GET /PDFContent/04%20ICSE/05%20Class%20X/Telugu/?C=N;O=A HTTP/1.1" 200 353 "-" "Mozilla/5.0 (compatible; MJ12bot/v1.4.8; http://mj12bot.com/)" "brainbox.co.in"
135.181.75.58 - - [02/Jan/2023:18:20:38 -0800] "GET /PDFContent/04%20ICSE/05%20Class%20X/Telugu/?C=S;O=D HTTP/1.1" 200 351 "-" "Mozilla/5.0 (compatible; MJ12bot/v1.4.8; http://mj12bot.com/)" "brainbox.co.in"
135.181.74.243 - - [02/Jan/2023:18:20:41 -0800] "GET /PDFContent/Beetle/CLASS%20IV/ENGLISH%20SEM%202/?C=N;O=A HTTP/1.1" 200 671 "-" "Mozilla/5.0 (compatible; MJ12bot/v1.4.8; http://mj12bot.com/)" "www.brainbox.co.in"
135.181.75.58 - - [02/Jan/2023:18:20:52 -0800] "GET /PDFContent/04%20ICSE/06%20Class%20XI/Chemistry/?C=D;O=D HTTP/1.1" 200 354 "-" "Mozilla/5.0 (compatible; MJ12bot/v1.4.8; http://mj12bot.com/)" "brainbox.co.in"
135.181.74.243 - - [02/Jan/2023:18:20:54 -0800] "GET /PDFContent/Beetle/CLASS%20IV/ENGLISH%20SEM%202/?C=S;O=D HTTP/1.1" 200 666 "-" "Mozilla/5.0 (compatible; MJ12bot/v1.4.8; http://mj12bot.com/)" "www.brainbox.co.in"
135.181.75.58 - - [02/Jan/2023:18:21:00 -0800] "GET /PDFContent/04%20ICSE/06%20Class%20XI/Chemistry/?C=M;O=D HTTP/1.1" 200 354 "-" "Mozilla/5.0 (compatible; MJ12bot/v1.4.8; http://mj12bot.com/)" "brainbox.co.in"
135.181.75.58 - - [02/Jan/2023:18:21:11 -0800] "GET /PDFContent/04%20ICSE/06%20Class%20XI/Chemistry/?C=N;O=A HTTP/1.1" 200 356 "-" "Mozilla/5.0 (compatible; MJ12bot/v1.4.8; http://mj12bot.com/)" "brainbox.co.in"
135.181.74.243 - - [02/Jan/2023:18:21:19 -0800] "GET /PDFContent/Beetle/CLASS%20IV/ENGLISH/?C=D;O=D HTTP/1.1" 200 681 "-" "Mozilla/5.0 (compatible; MJ12bot/v1.4.8; http://mj12bot.com/)" "www.brainbox.co.in"
135.181.75.58 - - [02/Jan/2023:18:21:22 -0800] "GET /PDFContent/04%20ICSE/06%20Class%20XI/Chemistry/?C=S;O=D HTTP/1.1" 200 354 "-" "Mozilla/5.0 (compatible; MJ12bot/v1.4.8; http://mj12bot.com/)" "brainbox.co.in"
135.181.74.243 - - [02/Jan/2023:18:21:26 -0800] "GET /PDFContent/Beetle/CLASS%20IV/ENGLISH/?C=M;O=D HTTP/1.1" 200 681 "-" "Mozilla/5.0 (compatible; MJ12bot/v1.4.8; http://mj12bot.com/)" "www.brainbox.co.in"
135.181.75.58 - - [02/Jan/2023:18:21:32 -0800] "GET /PDFContent/04%20ICSE/06%20Class%20XI/English/?C=D;O=D HTTP/1.1" 200 352 "-" "Mozilla/5.0 (compatible; MJ12bot/v1.4.8; http://mj12bot.com/)" "brainbox.co.in"
135.181.74.243 - - [02/Jan/2023:18:21:39 -0800] "GET /PDFContent/Beetle/CLASS%20IV/ENGLISH/?C=N;O=A HTTP/1.1" 200 686 "-" "Mozilla/5.0 (compatible; MJ12bot/v1.4.8; http://mj12bot.com/)" "www.brainbox.co.in"
135.181.75.58 - - [02/Jan/2023:18:21:44 -0800] "GET /PDFContent/04%20ICSE/06%20Class%20XI/English/?C=M;O=D HTTP/1.1" 200 352 "-" "Mozilla/5.0 (compatible; MJ12bot/v1.4.8; http://mj12bot.com/)" "brainbox.co.in"
135.181.74.243 - - [02/Jan/2023:18:21:45 -0800] "GET /PDFContent/Beetle/CLASS%20IV/ENGLISH/?C=S;O=D HTTP/1.1" 200 687 "-" "Mozilla/5.0 (compatible; MJ12bot/v1.4.8; http://mj12bot.com/)" "www.brainbox.co.in"
135.181.75.58 - - [02/Jan/2023:18:21:50 -0800] "GET /PDFContent/04%20ICSE/06%20Class%20XI/English/?C=N;O=A HTTP/1.1" 200 354 "-" "Mozilla/5.0 (compatible; MJ12bot/v1.4.8; http://mj12bot.com/)" "brainbox.co.in"
135.181.75.58 - - [02/Jan/2023:18:22:00 -0800] "GET /PDFContent/04%20ICSE/06%20Class%20XI/English/?C=S;O=D HTTP/1.1" 200 352 "-" "Mozilla/5.0 (compatible; MJ12bot/v1.4.8; http://mj12bot.com/)" "brainbox.co.in"
135.181.74.243 - - [02/Jan/2023:18:22:05 -0800] "GET /PDFContent/Beetle/CLASS%20IV/MATHEMATICS%202/?C=D;O=D HTTP/1.1" 200 579 "-" "Mozilla/5.0 (compatible; MJ12bot/v1.4.8; http://mj12bot.com/)" "www.brainbox.co.in"
135.181.75.58 - - [02/Jan/2023:18:22:12 -0800] "GET /PDFContent/04%20ICSE/06%20Class%20XI/Hindi/?C=D;O=D HTTP/1.1" 200 351 "-" "Mozilla/5.0 (compatible; MJ12bot/v1.4.8; http://mj12bot.com/)" "brainbox.co.in"
135.181.75.58 - - [02/Jan/2023:18:22:22 -0800] "GET /PDFContent/04%20ICSE/06%20Class%20XI/Hindi/?C=M;O=D HTTP/1.1" 200 351 "-" "Mozilla/5.0 (compatible; MJ12bot/v1.4.8; http://mj12bot.com/)" "brainbox.co.in"
135.181.74.243 - - [02/Jan/2023:18:22:28 -0800] "GET /PDFContent/Beetle/CLASS%20IV/MATHEMATICS%202/?C=M;O=D HTTP/1.1" 200 579 "-" "Mozilla/5.0 (compatible; MJ12bot/v1.4.8; http://mj12bot.com/)" "www.brainbox.co.in"
135.181.75.58 - - [02/Jan/2023:18:22:34 -0800] "GET /PDFContent/04%20ICSE/06%20Class%20XI/Hindi/?C=N;O=A HTTP/1.1" 200 352 "-" "Mozilla/5.0 (compatible; MJ12bot/v1.4.8; http://mj12bot.com/)" "brainbox.co.in"
135.181.74.243 - - [02/Jan/2023:18:22:41 -0800] "GET /PDFContent/Beetle/CLASS%20IV/MATHEMATICS%202/?C=N;O=A HTTP/1.1" 200 579 "-" "Mozilla/5.0 (compatible; MJ12bot/v1.4.8; http://mj12bot.com/)" "www.brainbox.co.in"
135.181.75.58 - - [02/Jan/2023:18:22:44 -0800] "GET /PDFContent/04%20ICSE/06%20Class%20XI/Hindi/?C=S;O=D HTTP/1.1" 200 351 "-" "Mozilla/5.0 (compatible; MJ12bot/v1.4.8; http://mj12bot.com/)" "brainbox.co.in"
135.181.75.58 - - [02/Jan/2023:18:22:57 -0800] "GET /PDFContent/04%20ICSE/06%20Class%20XI/Maths/?C=D;O=D HTTP/1.1" 200 351 "-" "Mozilla/5.0 (compatible; MJ12bot/v1.4.8; http://mj12bot.com/)" "brainbox.co.in"
135.181.75.58 - - [02/Jan/2023:18:23:09 -0800] "GET /PDFContent/04%20ICSE/06%20Class%20XI/Maths/?C=M;O=D HTTP/1.1" 200 351 "-" "Mozilla/5.0 (compatible; MJ12bot/v1.4.8; http://mj12bot.com/)" "brainbox.co.in"
135.181.75.58 - - [02/Jan/2023:18:23:20 -0800] "GET /PDFContent/04%20ICSE/06%20Class%20XI/Maths/?C=S;O=D HTTP/1.1" 200 351 "-" "Mozilla/5.0 (compatible; MJ12bot/v1.4.8; http://mj12bot.com/)" "brainbox.co.in"
135.181.75.58 - - [02/Jan/2023:18:23:32 -0800] "GET /PDFContent/04%20ICSE/06%20Class%20XI/Physics/?C=D;O=D HTTP/1.1" 200 352 "-" "Mozilla/5.0 (compatible; MJ12bot/v1.4.8; http://mj12bot.com/)" "brainbox.co.in"
135.181.75.58 - - [02/Jan/2023:18:23:46 -0800] "GET /PDFContent/04%20ICSE/06%20Class%20XI/Physics/?C=M;O=D HTTP/1.1" 200 352 "-" "Mozilla/5.0 (compatible; MJ12bot/v1.4.8; http://mj12bot.com/)" "brainbox.co.in"
40.77.167.46 - - [02/Jan/2023:18:23:51 -0800] "GET /PDFContent/03%20CBSE/06%20Class%20XI/Biology/Cell-The%20unit%20of%20life/Cell%20Envelope HTTP/1.1" 404 88 "-" "Mozilla/5.0 AppleWebKit/537.36 (KHTML, like Gecko; compatible; bingbot/2.0; +http://www.bing.com/bingbot.htm) Chrome/103.0.5060.134 Safari/537.36" "www.brainbox.co.in"
135.181.75.58 - - [02/Jan/2023:18:23:55 -0800] "GET /PDFContent/04%20ICSE/06%20Class%20XI/Physics/?C=N;O=A HTTP/1.1" 200 354 "-" "Mozilla/5.0 (compatible; MJ12bot/v1.4.8; http://mj12bot.com/)" "brainbox.co.in"
135.181.75.58 - - [02/Jan/2023:18:24:06 -0800] "GET /PDFContent/04%20ICSE/06%20Class%20XI/Physics/?C=S;O=D HTTP/1.1" 200 352 "-" "Mozilla/5.0 (compatible; MJ12bot/v1.4.8; http://mj12bot.com/)" "brainbox.co.in"
135.181.75.58 - - [02/Jan/2023:18:24:17 -0800] "GET /PDFContent/04%20ICSE/06%20Class%20XI/Sanskrit/?C=D;O=D HTTP/1.1" 200 353 "-" "Mozilla/5.0 (compatible; MJ12bot/v1.4.8; http://mj12bot.com/)" "brainbox.co.in"
135.181.75.58 - - [02/Jan/2023:18:24:26 -0800] "GET /PDFContent/04%20ICSE/06%20Class%20XI/Sanskrit/?C=M;O=D HTTP/1.1" 200 353 "-" "Mozilla/5.0 (compatible; MJ12bot/v1.4.8; http://mj12bot.com/)" "brainbox.co.in"
135.181.75.58 - - [02/Jan/2023:18:24:37 -0800] "GET /PDFContent/04%20ICSE/06%20Class%20XI/Sanskrit/?C=N;O=A HTTP/1.1" 200 355 "-" "Mozilla/5.0 (compatible; MJ12bot/v1.4.8; http://mj12bot.com/)" "brainbox.co.in"
135.181.75.58 - - [02/Jan/2023:18:24:48 -0800] "GET /PDFContent/04%20ICSE/06%20Class%20XI/Sanskrit/?C=S;O=D HTTP/1.1" 200 353 "-" "Mozilla/5.0 (compatible; MJ12bot/v1.4.8; http://mj12bot.com/)" "brainbox.co.in"
135.181.75.58 - - [02/Jan/2023:18:24:59 -0800] "GET /PDFContent/04%20ICSE/06%20Class%20XI/Telugu/?C=D;O=D HTTP/1.1" 200 353 "-" "Mozilla/5.0 (compatible; MJ12bot/v1.4.8; http://mj12bot.com/)" "brainbox.co.in"
135.181.75.58 - - [02/Jan/2023:18:25:10 -0800] "GET /PDFContent/04%20ICSE/06%20Class%20XI/Telugu/?C=M;O=D HTTP/1.1" 200 353 "-" "Mozilla/5.0 (compatible; MJ12bot/v1.4.8; http://mj12bot.com/)" "brainbox.co.in"
135.181.75.58 - - [02/Jan/2023:18:25:21 -0800] "GET /PDFContent/04%20ICSE/06%20Class%20XI/Telugu/?C=N;O=A HTTP/1.1" 200 355 "-" "Mozilla/5.0 (compatible; MJ12bot/v1.4.8; http://mj12bot.com/)" "brainbox.co.in"
135.181.75.58 - - [02/Jan/2023:18:25:33 -0800] "GET /PDFContent/04%20ICSE/06%20Class%20XI/Telugu/?C=S;O=D HTTP/1.1" 200 353 "-" "Mozilla/5.0 (compatible; MJ12bot/v1.4.8; http://mj12bot.com/)" "brainbox.co.in"
135.181.75.58 - - [02/Jan/2023:18:25:44 -0800] "GET /PDFContent/04%20ICSE/07%20Class%20XII/Chemistry/?C=D;O=D HTTP/1.1" 200 355 "-" "Mozilla/5.0 (compatible; MJ12bot/v1.4.8; http://mj12bot.com/)" "brainbox.co.in"
135.181.75.58 - - [02/Jan/2023:18:25:54 -0800] "GET /PDFContent/04%20ICSE/07%20Class%20XII/Chemistry/?C=M;O=D HTTP/1.1" 200 355 "-" "Mozilla/5.0 (compatible; MJ12bot/v1.4.8; http://mj12bot.com/)" "brainbox.co.in"
135.181.75.58 - - [02/Jan/2023:18:26:06 -0800] "GET /PDFContent/04%20ICSE/07%20Class%20XII/Chemistry/?C=N;O=A HTTP/1.1" 200 356 "-" "Mozilla/5.0 (compatible; MJ12bot/v1.4.8; http://mj12bot.com/)" "brainbox.co.in"
135.181.75.58 - - [02/Jan/2023:18:26:16 -0800] "GET /PDFContent/04%20ICSE/07%20Class%20XII/Chemistry/?C=S;O=D HTTP/1.1" 200 355 "-" "Mozilla/5.0 (compatible; MJ12bot/v1.4.8; http://mj12bot.com/)" "brainbox.co.in"
135.181.75.58 - - [02/Jan/2023:18:26:25 -0800] "GET /PDFContent/04%20ICSE/07%20Class%20XII/English/?C=D;O=D HTTP/1.1" 200 353 "-" "Mozilla/5.0 (compatible; MJ12bot/v1.4.8; http://mj12bot.com/)" "brainbox.co.in"
51.222.253.11 - - [02/Jan/2023:18:26:25 -0800] "GET /PDFContent/03%20CBSE/06%20Class%20XI/Maths/COMPLEX%20NUMBERS%20AND%20QUADRATIC%20EQUATIONS/?C=S;O=A HTTP/1.1" 200 717 "-" "Mozilla/5.0 (compatible; AhrefsBot/7.0; +http://ahrefs.com/robot/)" "brainbox.co.in"
135.181.75.58 - - [02/Jan/2023:18:26:37 -0800] "GET /PDFContent/04%20ICSE/07%20Class%20XII/English/?C=M;O=D HTTP/1.1" 200 353 "-" "Mozilla/5.0 (compatible; MJ12bot/v1.4.8; http://mj12bot.com/)" "brainbox.co.in"
135.181.75.58 - - [02/Jan/2023:18:26:46 -0800] "GET /PDFContent/04%20ICSE/07%20Class%20XII/English/?C=N;O=A HTTP/1.1" 200 355 "-" "Mozilla/5.0 (compatible; MJ12bot/v1.4.8; http://mj12bot.com/)" "brainbox.co.in"
135.181.75.58 - - [02/Jan/2023:18:26:59 -0800] "GET /PDFContent/04%20ICSE/07%20Class%20XII/English/?C=S;O=D HTTP/1.1" 200 353 "-" "Mozilla/5.0 (compatible; MJ12bot/v1.4.8; http://mj12bot.com/)" "brainbox.co.in"
135.181.75.58 - - [02/Jan/2023:18:27:27 -0800] "GET /PDFContent/04%20ICSE/07%20Class%20XII/Hindi/?C=M;O=D HTTP/1.1" 200 352 "-" "Mozilla/5.0 (compatible; MJ12bot/v1.4.8; http://mj12bot.com/)" "brainbox.co.in"
135.181.75.58 - - [02/Jan/2023:18:27:34 -0800] "GET /PDFContent/04%20ICSE/07%20Class%20XII/Hindi/?C=N;O=A HTTP/1.1" 200 354 "-" "Mozilla/5.0 (compatible; MJ12bot/v1.4.8; http://mj12bot.com/)" "brainbox.co.in"
135.181.75.58 - - [02/Jan/2023:18:27:45 -0800] "GET /PDFContent/04%20ICSE/07%20Class%20XII/Hindi/?C=S;O=D HTTP/1.1" 200 352 "-" "Mozilla/5.0 (compatible; MJ12bot/v1.4.8; http://mj12bot.com/)" "brainbox.co.in"
135.181.75.58 - - [02/Jan/2023:18:27:57 -0800] "GET /PDFContent/04%20ICSE/07%20Class%20XII/Maths/?C=D;O=D HTTP/1.1" 200 352 "-" "Mozilla/5.0 (compatible; MJ12bot/v1.4.8; http://mj12bot.com/)" "brainbox.co.in"
135.181.75.58 - - [02/Jan/2023:18:28:04 -0800] "GET /PDFContent/04%20ICSE/07%20Class%20XII/Maths/?C=M;O=D HTTP/1.1" 200 352 "-" "Mozilla/5.0 (compatible; MJ12bot/v1.4.8; http://mj12bot.com/)" "brainbox.co.in"
135.181.75.58 - - [02/Jan/2023:18:28:13 -0800] "GET /PDFContent/04%20ICSE/07%20Class%20XII/Maths/?C=N;O=A HTTP/1.1" 200 354 "-" "Mozilla/5.0 (compatible; MJ12bot/v1.4.8; http://mj12bot.com/)" "brainbox.co.in"
135.181.75.58 - - [02/Jan/2023:18:28:26 -0800] "GET /PDFContent/04%20ICSE/07%20Class%20XII/Maths/?C=S;O=D HTTP/1.1" 200 352 "-" "Mozilla/5.0 (compatible; MJ12bot/v1.4.8; http://mj12bot.com/)" "brainbox.co.in"
135.181.75.58 - - [02/Jan/2023:18:28:37 -0800] "GET /PDFContent/04%20ICSE/07%20Class%20XII/Physics/?C=D;O=D HTTP/1.1" 200 353 "-" "Mozilla/5.0 (compatible; MJ12bot/v1.4.8; http://mj12bot.com/)" "brainbox.co.in"
135.181.75.58 - - [02/Jan/2023:18:28:48 -0800] "GET /PDFContent/04%20ICSE/07%20Class%20XII/Physics/?C=M;O=D HTTP/1.1" 200 353 "-" "Mozilla/5.0 (compatible; MJ12bot/v1.4.8; http://mj12bot.com/)" "brainbox.co.in"
135.181.75.58 - - [02/Jan/2023:18:28:59 -0800] "GET /PDFContent/04%20ICSE/07%20Class%20XII/Physics/?C=N;O=A HTTP/1.1" 200 355 "-" "Mozilla/5.0 (compatible; MJ12bot/v1.4.8; http://mj12bot.com/)" "brainbox.co.in"
135.181.75.58 - - [02/Jan/2023:18:29:10 -0800] "GET /PDFContent/04%20ICSE/07%20Class%20XII/Physics/?C=S;O=D HTTP/1.1" 200 353 "-" "Mozilla/5.0 (compatible; MJ12bot/v1.4.8; http://mj12bot.com/)" "brainbox.co.in"
135.181.75.58 - - [02/Jan/2023:18:29:22 -0800] "GET /PDFContent/04%20ICSE/07%20Class%20XII/Sanskrit/?C=D;O=D HTTP/1.1" 200 354 "-" "Mozilla/5.0 (compatible; MJ12bot/v1.4.8; http://mj12bot.com/)" "brainbox.co.in"
135.181.75.58 - - [02/Jan/2023:18:29:29 -0800] "GET /PDFContent/04%20ICSE/07%20Class%20XII/Sanskrit/?C=M;O=D HTTP/1.1" 200 354 "-" "Mozilla/5.0 (compatible; MJ12bot/v1.4.8; http://mj12bot.com/)" "brainbox.co.in"
135.181.75.58 - - [02/Jan/2023:18:29:42 -0800] "GET /PDFContent/04%20ICSE/07%20Class%20XII/Sanskrit/?C=N;O=A HTTP/1.1" 200 355 "-" "Mozilla/5.0 (compatible; MJ12bot/v1.4.8; http://mj12bot.com/)" "brainbox.co.in"
135.181.75.58 - - [02/Jan/2023:18:29:53 -0800] "GET /PDFContent/04%20ICSE/07%20Class%20XII/Sanskrit/?C=S;O=D HTTP/1.1" 200 354 "-" "Mozilla/5.0 (compatible; MJ12bot/v1.4.8; http://mj12bot.com/)" "brainbox.co.in"
135.181.75.58 - - [02/Jan/2023:18:30:04 -0800] "GET /PDFContent/04%20ICSE/07%20Class%20XII/Telugu/?C=D;O=D HTTP/1.1" 200 353 "-" "Mozilla/5.0 (compatible; MJ12bot/v1.4.8; http://mj12bot.com/)" "brainbox.co.in"
135.181.75.58 - - [02/Jan/2023:18:30:14 -0800] "GET /PDFContent/04%20ICSE/07%20Class%20XII/Telugu/?C=M;O=D HTTP/1.1" 200 353 "-" "Mozilla/5.0 (compatible; MJ12bot/v1.4.8; http://mj12bot.com/)" "brainbox.co.in"
135.181.75.58 - - [02/Jan/2023:18:30:23 -0800] "GET /PDFContent/04%20ICSE/07%20Class%20XII/Telugu/?C=N;O=A HTTP/1.1" 200 355 "-" "Mozilla/5.0 (compatible; MJ12bot/v1.4.8; http://mj12bot.com/)" "brainbox.co.in"
135.181.75.58 - - [02/Jan/2023:18:30:34 -0800] "GET /PDFContent/04%20ICSE/07%20Class%20XII/Telugu/?C=S;O=D HTTP/1.1" 200 353 "-" "Mozilla/5.0 (compatible; MJ12bot/v1.4.8; http://mj12bot.com/)" "brainbox.co.in"
135.181.75.58 - - [02/Jan/2023:18:30:46 -0800] "GET /PDFContent/Beetle/?C=D;O=D HTTP/1.1" 200 436 "-" "Mozilla/5.0 (compatible; MJ12bot/v1.4.8; http://mj12bot.com/)" "brainbox.co.in"
135.181.75.58 - - [02/Jan/2023:18:30:52 -0800] "GET /PDFContent/Beetle/?C=M;O=D HTTP/1.1" 200 434 "-" "Mozilla/5.0 (compatible; MJ12bot/v1.4.8; http://mj12bot.com/)" "brainbox.co.in"
114.119.129.198 - - [02/Jan/2023:18:31:02 -0800] "GET /PDFContent/03%20CBSE/07%20Class%20XII/Biology/CBSE_XII_BIOLOGY_LS03_%20HUMAN%20REPRODUCTION_%20LACTATION.pdf HTTP/1.1" 200 519607 "https://brainbox.co.in/PDFContent/03%20CBSE/07%20Class%20XII/Biology/" "Mozilla/5.0 (Linux; Android 7.0;) AppleWebKit/537.36 (KHTML, like Gecko) Mobile Safari/537.36 (compatible; PetalBot;+https://webmaster.petalsearch.com/site/petalbot)" "brainbox.co.in"
135.181.75.58 - - [02/Jan/2023:18:31:04 -0800] "GET /PDFContent/Beetle/?C=N;O=A HTTP/1.1" 200 435 "-" "Mozilla/5.0 (compatible; MJ12bot/v1.4.8; http://mj12bot.com/)" "brainbox.co.in"
135.181.75.58 - - [02/Jan/2023:18:31:18 -0800] "GET /PDFContent/Beetle/?C=S;O=D HTTP/1.1" 200 436 "-" "Mozilla/5.0 (compatible; MJ12bot/v1.4.8; http://mj12bot.com/)" "brainbox.co.in"
135.181.75.58 - - [02/Jan/2023:18:31:29 -0800] "GET /PDFContent/Beetle/CLASS%20I/?C=D;O=D HTTP/1.1" 200 483 "-" "Mozilla/5.0 (compatible; MJ12bot/v1.4.8; http://mj12bot.com/)" "brainbox.co.in"
135.181.75.58 - - [02/Jan/2023:18:31:40 -0800] "GET /PDFContent/Beetle/CLASS%20I/?C=M;O=A HTTP/1.1" 200 491 "-" "Mozilla/5.0 (compatible; MJ12bot/v1.4.8; http://mj12bot.com/)" "brainbox.co.in"
135.181.75.58 - - [02/Jan/2023:18:31:50 -0800] "GET /PDFContent/Beetle/CLASS%20I/?C=M;O=D HTTP/1.1" 200 488 "-" "Mozilla/5.0 (compatible; MJ12bot/v1.4.8; http://mj12bot.com/)" "brainbox.co.in"
135.181.75.58 - - [02/Jan/2023:18:32:01 -0800] "GET /PDFContent/Beetle/CLASS%20I/?C=N;O=A HTTP/1.1" 200 485 "-" "Mozilla/5.0 (compatible; MJ12bot/v1.4.8; http://mj12bot.com/)" "brainbox.co.in"
135.181.75.58 - - [02/Jan/2023:18:32:14 -0800] "GET /PDFContent/Beetle/CLASS%20I/?C=N;O=D HTTP/1.1" 200 483 "-" "Mozilla/5.0 (compatible; MJ12bot/v1.4.8; http://mj12bot.com/)" "brainbox.co.in"
135.181.75.58 - - [02/Jan/2023:18:32:32 -0800] "GET /PDFContent/Beetle/CLASS%20I/?C=S;O=A HTTP/1.1" 200 485 "-" "Mozilla/5.0 (compatible; MJ12bot/v1.4.8; http://mj12bot.com/)" "brainbox.co.in"
135.181.75.58 - - [02/Jan/2023:18:32:42 -0800] "GET /PDFContent/Beetle/CLASS%20I/?C=S;O=D HTTP/1.1" 200 483 "-" "Mozilla/5.0 (compatible; MJ12bot/v1.4.8; http://mj12bot.com/)" "brainbox.co.in"
135.181.75.58 - - [02/Jan/2023:18:32:53 -0800] "GET /PDFContent/Beetle/CLASS%20I/ENGLISH/ HTTP/1.1" 404 88 "-" "Mozilla/5.0 (compatible; MJ12bot/v1.4.8; http://mj12bot.com/)" "brainbox.co.in"
135.181.75.58 - - [02/Jan/2023:18:33:03 -0800] "GET /PDFContent/Beetle/CLASS%20I/ENGLISH%201-2/ HTTP/1.1" 404 88 "-" "Mozilla/5.0 (compatible; MJ12bot/v1.4.8; http://mj12bot.com/)" "brainbox.co.in"
135.181.75.58 - - [02/Jan/2023:18:33:14 -0800] "GET /PDFContent/Beetle/CLASS%20I/ENGLISH%201-2/?C=D;O=A HTTP/1.1" 404 88 "-" "Mozilla/5.0 (compatible; MJ12bot/v1.4.8; http://mj12bot.com/)" "brainbox.co.in"
135.181.75.58 - - [02/Jan/2023:18:33:26 -0800] "GET /PDFContent/Beetle/CLASS%20I/ENGLISH%201-2/?C=M;O=A HTTP/1.1" 404 88 "-" "Mozilla/5.0 (compatible; MJ12bot/v1.4.8; http://mj12bot.com/)" "brainbox.co.in"
135.181.75.58 - - [02/Jan/2023:18:33:38 -0800] "GET /PDFContent/Beetle/CLASS%20I/ENGLISH%201-2/?C=N;O=D HTTP/1.1" 404 88 "-" "Mozilla/5.0 (compatible; MJ12bot/v1.4.8; http://mj12bot.com/)" "brainbox.co.in"
135.181.75.58 - - [02/Jan/2023:18:33:49 -0800] "GET /PDFContent/Beetle/CLASS%20I/ENGLISH%201-2/?C=S;O=A HTTP/1.1" 404 88 "-" "Mozilla/5.0 (compatible; MJ12bot/v1.4.8; http://mj12bot.com/)" "brainbox.co.in"
135.181.75.58 - - [02/Jan/2023:18:34:01 -0800] "GET /PDFContent/Beetle/CLASS%20I/ENGLISH/?C=D;O=A HTTP/1.1" 404 88 "-" "Mozilla/5.0 (compatible; MJ12bot/v1.4.8; http://mj12bot.com/)" "brainbox.co.in"
135.181.75.58 - - [02/Jan/2023:18:34:11 -0800] "GET /PDFContent/Beetle/CLASS%20I/ENGLISH/?C=M;O=A HTTP/1.1" 404 88 "-" "Mozilla/5.0 (compatible; MJ12bot/v1.4.8; http://mj12bot.com/)" "brainbox.co.in"
135.181.75.58 - - [02/Jan/2023:18:34:26 -0800] "GET /PDFContent/Beetle/CLASS%20I/ENGLISH/?C=N;O=D HTTP/1.1" 404 88 "-" "Mozilla/5.0 (compatible; MJ12bot/v1.4.8; http://mj12bot.com/)" "brainbox.co.in"
135.181.75.58 - - [02/Jan/2023:18:34:36 -0800] "GET /PDFContent/Beetle/CLASS%20I/ENGLISH/?C=S;O=A HTTP/1.1" 404 88 "-" "Mozilla/5.0 (compatible; MJ12bot/v1.4.8; http://mj12bot.com/)" "brainbox.co.in"
135.181.115.29 - - [02/Jan/2023:18:34:38 -0800] "GET /PDFContent/03%20CBSE/05%20Class%20X/Hindi/SPARSH/LS12/?C=N;O=D HTTP/1.1" 200 534 "-" "Mozilla/5.0 (compatible; MJ12bot/v1.4.8; http://mj12bot.com/)" "brainbox.co.in"
135.181.115.29 - - [02/Jan/2023:18:34:40 -0800] "GET /PDFContent/03%20CBSE/05%20Class%20X/Hindi/SPARSH/LS12/?C=S;O=A HTTP/1.1" 200 536 "-" "Mozilla/5.0 (compatible; MJ12bot/v1.4.8; http://mj12bot.com/)" "brainbox.co.in"
135.181.115.29 - - [02/Jan/2023:18:34:42 -0800] "GET /PDFContent/03%20CBSE/05%20Class%20X/Hindi/SPARSH/LS15/ HTTP/1.1" 200 539 "-" "Mozilla/5.0 (compatible; MJ12bot/v1.4.8; http://mj12bot.com/)" "brainbox.co.in"
135.181.115.29 - - [02/Jan/2023:18:34:44 -0800] "GET /PDFContent/03%20CBSE/05%20Class%20X/Hindi/SPARSH/LS15/?C=D;O=A HTTP/1.1" 200 539 "-" "Mozilla/5.0 (compatible; MJ12bot/v1.4.8; http://mj12bot.com/)" "brainbox.co.in"
135.181.115.29 - - [02/Jan/2023:18:34:46 -0800] "GET /PDFContent/03%20CBSE/05%20Class%20X/Hindi/SPARSH/LS15/?C=M;O=A HTTP/1.1" 200 540 "-" "Mozilla/5.0 (compatible; MJ12bot/v1.4.8; http://mj12bot.com/)" "brainbox.co.in"
135.181.115.29 - - [02/Jan/2023:18:34:47 -0800] "GET /PDFContent/03%20CBSE/05%20Class%20X/Hindi/SPARSH/LS15/?C=N;O=D HTTP/1.1" 200 537 "-" "Mozilla/5.0 (compatible; MJ12bot/v1.4.8; http://mj12bot.com/)" "brainbox.co.in"
135.181.115.29 - - [02/Jan/2023:18:34:49 -0800] "GET /PDFContent/03%20CBSE/05%20Class%20X/Hindi/SPARSH/LS15/?C=S;O=A HTTP/1.1" 200 540 "-" "Mozilla/5.0 (compatible; MJ12bot/v1.4.8; http://mj12bot.com/)" "brainbox.co.in"
135.181.75.58 - - [02/Jan/2023:18:34:51 -0800] "GET /PDFContent/Beetle/CLASS%20I/EVS/ HTTP/1.1" 404 88 "-" "Mozilla/5.0 (compatible; MJ12bot/v1.4.8; http://mj12bot.com/)" "brainbox.co.in"
135.181.115.29 - - [02/Jan/2023:18:34:51 -0800] "GET /PDFContent/03%20CBSE/05%20Class%20X/Maths/?C=D;O=D HTTP/1.1" 200 1216 "-" "Mozilla/5.0 (compatible; MJ12bot/v1.4.8; http://mj12bot.com/)" "brainbox.co.in"
135.181.115.29 - - [02/Jan/2023:18:34:53 -0800] "GET /PDFContent/03%20CBSE/05%20Class%20X/Maths/?C=M;O=D HTTP/1.1" 200 1214 "-" "Mozilla/5.0 (compatible; MJ12bot/v1.4.8; http://mj12bot.com/)" "brainbox.co.in"
135.181.115.29 - - [02/Jan/2023:18:34:55 -0800] "GET /PDFContent/03%20CBSE/05%20Class%20X/Maths/?C=N;O=A HTTP/1.1" 200 1227 "-" "Mozilla/5.0 (compatible; MJ12bot/v1.4.8; http://mj12bot.com/)" "brainbox.co.in"
135.181.115.29 - - [02/Jan/2023:18:34:56 -0800] "GET /PDFContent/03%20CBSE/05%20Class%20X/Maths/?C=S;O=D HTTP/1.1" 200 1234 "-" "Mozilla/5.0 (compatible; MJ12bot/v1.4.8; http://mj12bot.com/)" "brainbox.co.in"
135.181.115.29 - - [02/Jan/2023:18:34:58 -0800] "GET /PDFContent/03%20CBSE/05%20Class%20X/Maths/COORDINATE%20GEOMETRY/?C=D;O=D HTTP/1.1" 200 696 "-" "Mozilla/5.0 (compatible; MJ12bot/v1.4.8; http://mj12bot.com/)" "brainbox.co.in"
135.181.115.29 - - [02/Jan/2023:18:35:00 -0800] "GET /PDFContent/03%20CBSE/05%20Class%20X/Maths/COORDINATE%20GEOMETRY/?C=M;O=D HTTP/1.1" 200 696 "-" "Mozilla/5.0 (compatible; MJ12bot/v1.4.8; http://mj12bot.com/)" "brainbox.co.in"
135.181.115.29 - - [02/Jan/2023:18:35:02 -0800] "GET /PDFContent/03%20CBSE/05%20Class%20X/Maths/COORDINATE%20GEOMETRY/?C=N;O=A HTTP/1.1" 200 698 "-" "Mozilla/5.0 (compatible; MJ12bot/v1.4.8; http://mj12bot.com/)" "brainbox.co.in"
135.181.75.58 - - [02/Jan/2023:18:35:03 -0800] "GET /PDFContent/Beetle/CLASS%20I/EVS%201-2/ HTTP/1.1" 404 88 "-" "Mozilla/5.0 (compatible; MJ12bot/v1.4.8; http://mj12bot.com/)" "brainbox.co.in"
135.181.115.29 - - [02/Jan/2023:18:35:04 -0800] "GET /PDFContent/03%20CBSE/05%20Class%20X/Maths/COORDINATE%20GEOMETRY/?C=S;O=D HTTP/1.1" 200 695 "-" "Mozilla/5.0 (compatible; MJ12bot/v1.4.8; http://mj12bot.com/)" "brainbox.co.in"
135.181.115.29 - - [02/Jan/2023:18:35:06 -0800] "GET /PDFContent/03%20CBSE/05%20Class%20X/Physics/?C=D;O=D HTTP/1.1" 200 611 "-" "Mozilla/5.0 (compatible; MJ12bot/v1.4.8; http://mj12bot.com/)" "brainbox.co.in"
135.181.115.29 - - [02/Jan/2023:18:35:08 -0800] "GET /PDFContent/03%20CBSE/05%20Class%20X/Physics/?C=M;O=D HTTP/1.1" 200 612 "-" "Mozilla/5.0 (compatible; MJ12bot/v1.4.8; http://mj12bot.com/)" "brainbox.co.in"
135.181.115.29 - - [02/Jan/2023:18:35:09 -0800] "GET /PDFContent/03%20CBSE/05%20Class%20X/Physics/?C=N;O=A HTTP/1.1" 200 612 "-" "Mozilla/5.0 (compatible; MJ12bot/v1.4.8; http://mj12bot.com/)" "brainbox.co.in"
135.181.115.29 - - [02/Jan/2023:18:35:11 -0800] "GET /PDFContent/03%20CBSE/05%20Class%20X/Physics/?C=S;O=D HTTP/1.1" 200 613 "-" "Mozilla/5.0 (compatible; MJ12bot/v1.4.8; http://mj12bot.com/)" "brainbox.co.in"
135.181.115.29 - - [02/Jan/2023:18:35:13 -0800] "GET /PDFContent/03%20CBSE/05%20Class%20X/Physics/Electricity/?C=D;O=A HTTP/1.1" 200 660 "-" "Mozilla/5.0 (compatible; MJ12bot/v1.4.8; http://mj12bot.com/)" "brainbox.co.in"
135.181.115.29 - - [02/Jan/2023:18:35:15 -0800] "GET /PDFContent/03%20CBSE/05%20Class%20X/Physics/Electricity/?C=D;O=D HTTP/1.1" 200 662 "-" "Mozilla/5.0 (compatible; MJ12bot/v1.4.8; http://mj12bot.com/)" "brainbox.co.in"
135.181.115.29 - - [02/Jan/2023:18:35:17 -0800] "GET /PDFContent/03%20CBSE/05%20Class%20X/Physics/Electricity/?C=M;O=A HTTP/1.1" 200 662 "-" "Mozilla/5.0 (compatible; MJ12bot/v1.4.8; http://mj12bot.com/)" "brainbox.co.in"
