135.181.115.29 - - [02/Jan/2023:18:42:12 -0800] "GET /PDFContent/03%20CBSE/07%20Class%20XII/Physics/ELECTRIC%20CHARGES%20AND%20FIELDS/?C=D;O=D HTTP/1.1" 200 686 "-" "Mozilla/5.0 (compatible; MJ12bot/v1.4.8; http://mj12bot.com/)" "brainbox.co.in"
135.181.115.29 - - [02/Jan/2023:18:42:14 -0800] "GET /PDFContent/03%20CBSE/07%20Class%20XII/Physics/ELECTRIC%20CHARGES%20AND%20FIELDS/?C=M;O=A HTTP/1.1" 200 691 "-" "Mozilla/5.0 (compatible; MJ12bot/v1.4.8; http://mj12bot.com/)" "brainbox.co.in"
135.181.115.29 - - [02/Jan/2023:18:42:16 -0800] "GET /PDFContent/03%20CBSE/07%20Class%20XII/Physics/ELECTRIC%20CHARGES%20AND%20FIELDS/?C=M;O=D HTTP/1.1" 200 686 "-" "Mozilla/5.0 (compatible; MJ12bot/v1.4.8; http://mj12bot.com/)" "brainbox.co.in"
135.181.115.29 - - [02/Jan/2023:18:42:18 -0800] "GET /PDFContent/03%20CBSE/07%20Class%20XII/Physics/ELECTRIC%20CHARGES%20AND%20FIELDS/?C=N;O=A HTTP/1.1" 200 687 "-" "Mozilla/5.0 (compatible; MJ12bot/v1.4.8; http://mj12bot.com/)" "brainbox.co.in"
135.181.115.29 - - [02/Jan/2023:18:42:20 -0800] "GET /PDFContent/03%20CBSE/07%20Class%20XII/Physics/ELECTRIC%20CHARGES%20AND%20FIELDS/?C=N;O=D HTTP/1.1" 200 686 "-" "Mozilla/5.0 (compatible; MJ12bot/v1.4.8; http://mj12bot.com/)" "brainbox.co.in"
135.181.115.29 - - [02/Jan/2023:18:42:21 -0800] "GET /PDFContent/03%20CBSE/07%20Class%20XII/Physics/ELECTRIC%20CHARGES%20AND%20FIELDS/?C=S;O=A HTTP/1.1" 200 686 "-" "Mozilla/5.0 (compatible; MJ12bot/v1.4.8; http://mj12bot.com/)" "brainbox.co.in"
135.181.115.29 - - [02/Jan/2023:18:42:23 -0800] "GET /PDFContent/03%20CBSE/07%20Class%20XII/Physics/ELECTRIC%20CHARGES%20AND%20FIELDS/?C=S;O=D HTTP/1.1" 200 691 "-" "Mozilla/5.0 (compatible; MJ12bot/v1.4.8; http://mj12bot.com/)" "brainbox.co.in"
135.181.75.58 - - [02/Jan/2023:18:42:24 -0800] "GET /PDFContent/Beetle/CLASS%20II/ENGLISH/?C=N;O=D HTTP/1.1" 200 622 "-" "Mozilla/5.0 (compatible; MJ12bot/v1.4.8; http://mj12bot.com/)" "brainbox.co.in"
135.181.115.29 - - [02/Jan/2023:18:42:25 -0800] "GET /PDFContent/03%20CBSE/07%20Class%20XII/Sanskrit/?C=D;O=D HTTP/1.1" 200 354 "-" "Mozilla/5.0 (compatible; MJ12bot/v1.4.8; http://mj12bot.com/)" "brainbox.co.in"
135.181.115.29 - - [02/Jan/2023:18:42:27 -0800] "GET /PDFContent/03%20CBSE/07%20Class%20XII/Sanskrit/?C=M;O=D HTTP/1.1" 200 354 "-" "Mozilla/5.0 (compatible; MJ12bot/v1.4.8; http://mj12bot.com/)" "brainbox.co.in"
135.181.115.29 - - [02/Jan/2023:18:42:29 -0800] "GET /PDFContent/03%20CBSE/07%20Class%20XII/Sanskrit/?C=N;O=A HTTP/1.1" 200 356 "-" "Mozilla/5.0 (compatible; MJ12bot/v1.4.8; http://mj12bot.com/)" "brainbox.co.in"
135.181.115.29 - - [02/Jan/2023:18:42:31 -0800] "GET /PDFContent/03%20CBSE/07%20Class%20XII/Sanskrit/?C=S;O=D HTTP/1.1" 200 354 "-" "Mozilla/5.0 (compatible; MJ12bot/v1.4.8; http://mj12bot.com/)" "brainbox.co.in"
135.181.115.29 - - [02/Jan/2023:18:42:33 -0800] "GET /PDFContent/03%20CBSE/07%20Class%20XII/Telugu/?C=D;O=D HTTP/1.1" 200 354 "-" "Mozilla/5.0 (compatible; MJ12bot/v1.4.8; http://mj12bot.com/)" "brainbox.co.in"
135.181.115.29 - - [02/Jan/2023:18:42:35 -0800] "GET /PDFContent/03%20CBSE/07%20Class%20XII/Telugu/?C=M;O=D HTTP/1.1" 200 354 "-" "Mozilla/5.0 (compatible; MJ12bot/v1.4.8; http://mj12bot.com/)" "brainbox.co.in"
135.181.75.58 - - [02/Jan/2023:18:42:36 -0800] "GET /PDFContent/Beetle/CLASS%20II/ENGLISH/?C=S;O=A HTTP/1.1" 200 624 "-" "Mozilla/5.0 (compatible; MJ12bot/v1.4.8; http://mj12bot.com/)" "brainbox.co.in"
135.181.115.29 - - [02/Jan/2023:18:42:37 -0800] "GET /PDFContent/03%20CBSE/07%20Class%20XII/Telugu/?C=N;O=A HTTP/1.1" 200 355 "-" "Mozilla/5.0 (compatible; MJ12bot/v1.4.8; http://mj12bot.com/)" "brainbox.co.in"
135.181.115.29 - - [02/Jan/2023:18:42:38 -0800] "GET /PDFContent/03%20CBSE/07%20Class%20XII/Telugu/?C=S;O=D HTTP/1.1" 200 354 "-" "Mozilla/5.0 (compatible; MJ12bot/v1.4.8; http://mj12bot.com/)" "brainbox.co.in"
135.181.115.29 - - [02/Jan/2023:18:42:40 -0800] "GET /PDFContent/04%20ICSE/01%20Class%20VI/Chemistry/?C=D;O=D HTTP/1.1" 200 353 "-" "Mozilla/5.0 (compatible; MJ12bot/v1.4.8; http://mj12bot.com/)" "brainbox.co.in"
135.181.115.29 - - [02/Jan/2023:18:42:42 -0800] "GET /PDFContent/04%20ICSE/01%20Class%20VI/Chemistry/?C=M;O=D HTTP/1.1" 200 353 "-" "Mozilla/5.0 (compatible; MJ12bot/v1.4.8; http://mj12bot.com/)" "brainbox.co.in"
135.181.115.29 - - [02/Jan/2023:18:42:44 -0800] "GET /PDFContent/04%20ICSE/01%20Class%20VI/Chemistry/?C=N;O=A HTTP/1.1" 200 355 "-" "Mozilla/5.0 (compatible; MJ12bot/v1.4.8; http://mj12bot.com/)" "brainbox.co.in"
135.181.75.58 - - [02/Jan/2023:18:42:45 -0800] "GET /PDFContent/Beetle/CLASS%20II/EVS/ HTTP/1.1" 200 649 "-" "Mozilla/5.0 (compatible; MJ12bot/v1.4.8; http://mj12bot.com/)" "brainbox.co.in"
135.181.115.29 - - [02/Jan/2023:18:42:46 -0800] "GET /PDFContent/04%20ICSE/01%20Class%20VI/Chemistry/?C=S;O=D HTTP/1.1" 200 353 "-" "Mozilla/5.0 (compatible; MJ12bot/v1.4.8; http://mj12bot.com/)" "brainbox.co.in"
135.181.115.29 - - [02/Jan/2023:18:42:47 -0800] "GET /PDFContent/04%20ICSE/01%20Class%20VI/English/?C=D;O=D HTTP/1.1" 200 352 "-" "Mozilla/5.0 (compatible; MJ12bot/v1.4.8; http://mj12bot.com/)" "brainbox.co.in"
135.181.115.29 - - [02/Jan/2023:18:42:49 -0800] "GET /PDFContent/04%20ICSE/01%20Class%20VI/English/?C=M;O=D HTTP/1.1" 200 352 "-" "Mozilla/5.0 (compatible; MJ12bot/v1.4.8; http://mj12bot.com/)" "brainbox.co.in"
135.181.115.29 - - [02/Jan/2023:18:42:51 -0800] "GET /PDFContent/04%20ICSE/01%20Class%20VI/English/?C=N;O=A HTTP/1.1" 200 353 "-" "Mozilla/5.0 (compatible; MJ12bot/v1.4.8; http://mj12bot.com/)" "brainbox.co.in"
135.181.115.29 - - [02/Jan/2023:18:42:52 -0800] "GET /PDFContent/04%20ICSE/01%20Class%20VI/English/?C=S;O=D HTTP/1.1" 200 352 "-" "Mozilla/5.0 (compatible; MJ12bot/v1.4.8; http://mj12bot.com/)" "brainbox.co.in"
135.181.75.58 - - [02/Jan/2023:18:42:53 -0800] "GET /PDFContent/Beetle/CLASS%20II/EVS%20SEM%202/ HTTP/1.1" 200 668 "-" "Mozilla/5.0 (compatible; MJ12bot/v1.4.8; http://mj12bot.com/)" "brainbox.co.in"
135.181.115.29 - - [02/Jan/2023:18:42:54 -0800] "GET /PDFContent/04%20ICSE/01%20Class%20VI/Hindi/?C=D;O=D HTTP/1.1" 200 350 "-" "Mozilla/5.0 (compatible; MJ12bot/v1.4.8; http://mj12bot.com/)" "brainbox.co.in"
135.181.115.29 - - [02/Jan/2023:18:42:56 -0800] "GET /PDFContent/04%20ICSE/01%20Class%20VI/Hindi/?C=M;O=D HTTP/1.1" 200 350 "-" "Mozilla/5.0 (compatible; MJ12bot/v1.4.8; http://mj12bot.com/)" "brainbox.co.in"
135.181.115.29 - - [02/Jan/2023:18:42:58 -0800] "GET /PDFContent/04%20ICSE/01%20Class%20VI/Hindi/?C=N;O=A HTTP/1.1" 200 352 "-" "Mozilla/5.0 (compatible; MJ12bot/v1.4.8; http://mj12bot.com/)" "brainbox.co.in"
135.181.115.29 - - [02/Jan/2023:18:43:00 -0800] "GET /PDFContent/04%20ICSE/01%20Class%20VI/Hindi/?C=S;O=D HTTP/1.1" 200 350 "-" "Mozilla/5.0 (compatible; MJ12bot/v1.4.8; http://mj12bot.com/)" "brainbox.co.in"
135.181.115.29 - - [02/Jan/2023:18:43:02 -0800] "GET /PDFContent/04%20ICSE/01%20Class%20VI/Maths/?C=D;O=D HTTP/1.1" 200 350 "-" "Mozilla/5.0 (compatible; MJ12bot/v1.4.8; http://mj12bot.com/)" "brainbox.co.in"
135.181.115.29 - - [02/Jan/2023:18:43:03 -0800] "GET /PDFContent/04%20ICSE/01%20Class%20VI/Maths/?C=M;O=D HTTP/1.1" 200 350 "-" "Mozilla/5.0 (compatible; MJ12bot/v1.4.8; http://mj12bot.com/)" "brainbox.co.in"
135.181.75.58 - - [02/Jan/2023:18:43:05 -0800] "GET /PDFContent/Beetle/CLASS%20II/EVS%20SEM%202/?C=D;O=A HTTP/1.1" 200 668 "-" "Mozilla/5.0 (compatible; MJ12bot/v1.4.8; http://mj12bot.com/)" "brainbox.co.in"
135.181.115.29 - - [02/Jan/2023:18:43:05 -0800] "GET /PDFContent/04%20ICSE/01%20Class%20VI/Maths/?C=N;O=A HTTP/1.1" 200 352 "-" "Mozilla/5.0 (compatible; MJ12bot/v1.4.8; http://mj12bot.com/)" "brainbox.co.in"
135.181.115.29 - - [02/Jan/2023:18:43:07 -0800] "GET /PDFContent/04%20ICSE/01%20Class%20VI/Maths/?C=S;O=D HTTP/1.1" 200 350 "-" "Mozilla/5.0 (compatible; MJ12bot/v1.4.8; http://mj12bot.com/)" "brainbox.co.in"
135.181.115.29 - - [02/Jan/2023:18:43:09 -0800] "GET /PDFContent/04%20ICSE/01%20Class%20VI/Physics/?C=D;O=D HTTP/1.1" 200 352 "-" "Mozilla/5.0 (compatible; MJ12bot/v1.4.8; http://mj12bot.com/)" "brainbox.co.in"
135.181.115.29 - - [02/Jan/2023:18:43:11 -0800] "GET /PDFContent/04%20ICSE/01%20Class%20VI/Physics/?C=M;O=D HTTP/1.1" 200 352 "-" "Mozilla/5.0 (compatible; MJ12bot/v1.4.8; http://mj12bot.com/)" "brainbox.co.in"
135.181.115.29 - - [02/Jan/2023:18:43:13 -0800] "GET /PDFContent/04%20ICSE/01%20Class%20VI/Physics/?C=N;O=A HTTP/1.1" 200 353 "-" "Mozilla/5.0 (compatible; MJ12bot/v1.4.8; http://mj12bot.com/)" "brainbox.co.in"
135.181.75.58 - - [02/Jan/2023:18:43:14 -0800] "GET /PDFContent/Beetle/CLASS%20II/EVS%20SEM%202/?C=M;O=A HTTP/1.1" 200 668 "-" "Mozilla/5.0 (compatible; MJ12bot/v1.4.8; http://mj12bot.com/)" "brainbox.co.in"
135.181.115.29 - - [02/Jan/2023:18:43:15 -0800] "GET /PDFContent/04%20ICSE/01%20Class%20VI/Physics/?C=S;O=D HTTP/1.1" 200 352 "-" "Mozilla/5.0 (compatible; MJ12bot/v1.4.8; http://mj12bot.com/)" "brainbox.co.in"
135.181.115.29 - - [02/Jan/2023:18:43:17 -0800] "GET /PDFContent/04%20ICSE/01%20Class%20VI/Sanskrit/?C=D;O=D HTTP/1.1" 200 352 "-" "Mozilla/5.0 (compatible; MJ12bot/v1.4.8; http://mj12bot.com/)" "brainbox.co.in"
135.181.115.29 - - [02/Jan/2023:18:43:19 -0800] "GET /PDFContent/04%20ICSE/01%20Class%20VI/Sanskrit/?C=M;O=D HTTP/1.1" 200 352 "-" "Mozilla/5.0 (compatible; MJ12bot/v1.4.8; http://mj12bot.com/)" "brainbox.co.in"
135.181.115.29 - - [02/Jan/2023:18:43:21 -0800] "GET /PDFContent/04%20ICSE/01%20Class%20VI/Sanskrit/?C=N;O=A HTTP/1.1" 200 354 "-" "Mozilla/5.0 (compatible; MJ12bot/v1.4.8; http://mj12bot.com/)" "brainbox.co.in"
135.181.115.29 - - [02/Jan/2023:18:43:23 -0800] "GET /PDFContent/04%20ICSE/01%20Class%20VI/Sanskrit/?C=S;O=D HTTP/1.1" 200 352 "-" "Mozilla/5.0 (compatible; MJ12bot/v1.4.8; http://mj12bot.com/)" "brainbox.co.in"
135.181.115.29 - - [02/Jan/2023:18:43:25 -0800] "GET /PDFContent/04%20ICSE/01%20Class%20VI/Telugu/?C=D;O=D HTTP/1.1" 200 352 "-" "Mozilla/5.0 (compatible; MJ12bot/v1.4.8; http://mj12bot.com/)" "brainbox.co.in"
135.181.75.58 - - [02/Jan/2023:18:43:25 -0800] "GET /PDFContent/Beetle/CLASS%20II/EVS%20SEM%202/?C=N;O=D HTTP/1.1" 200 665 "-" "Mozilla/5.0 (compatible; MJ12bot/v1.4.8; http://mj12bot.com/)" "brainbox.co.in"
135.181.115.29 - - [02/Jan/2023:18:43:27 -0800] "GET /PDFContent/04%20ICSE/01%20Class%20VI/Telugu/?C=M;O=D HTTP/1.1" 200 352 "-" "Mozilla/5.0 (compatible; MJ12bot/v1.4.8; http://mj12bot.com/)" "brainbox.co.in"
135.181.115.29 - - [02/Jan/2023:18:43:29 -0800] "GET /PDFContent/04%20ICSE/01%20Class%20VI/Telugu/?C=N;O=A HTTP/1.1" 200 354 "-" "Mozilla/5.0 (compatible; MJ12bot/v1.4.8; http://mj12bot.com/)" "brainbox.co.in"
135.181.115.29 - - [02/Jan/2023:18:43:31 -0800] "GET /PDFContent/04%20ICSE/01%20Class%20VI/Telugu/?C=S;O=D HTTP/1.1" 200 352 "-" "Mozilla/5.0 (compatible; MJ12bot/v1.4.8; http://mj12bot.com/)" "brainbox.co.in"
135.181.115.29 - - [02/Jan/2023:18:43:33 -0800] "GET /PDFContent/04%20ICSE/02%20Class%20VII/Chemistry/?C=D;O=D HTTP/1.1" 200 354 "-" "Mozilla/5.0 (compatible; MJ12bot/v1.4.8; http://mj12bot.com/)" "brainbox.co.in"
135.181.115.29 - - [02/Jan/2023:18:43:35 -0800] "GET /PDFContent/04%20ICSE/02%20Class%20VII/Chemistry/?C=M;O=D HTTP/1.1" 200 354 "-" "Mozilla/5.0 (compatible; MJ12bot/v1.4.8; http://mj12bot.com/)" "brainbox.co.in"
135.181.75.58 - - [02/Jan/2023:18:43:35 -0800] "GET /PDFContent/Beetle/CLASS%20II/EVS%20SEM%202/?C=S;O=A HTTP/1.1" 200 670 "-" "Mozilla/5.0 (compatible; MJ12bot/v1.4.8; http://mj12bot.com/)" "brainbox.co.in"
135.181.115.29 - - [02/Jan/2023:18:43:37 -0800] "GET /PDFContent/04%20ICSE/02%20Class%20VII/Chemistry/?C=N;O=A HTTP/1.1" 200 355 "-" "Mozilla/5.0 (compatible; MJ12bot/v1.4.8; http://mj12bot.com/)" "brainbox.co.in"
135.181.115.29 - - [02/Jan/2023:18:43:39 -0800] "GET /PDFContent/04%20ICSE/02%20Class%20VII/Chemistry/?C=S;O=D HTTP/1.1" 200 354 "-" "Mozilla/5.0 (compatible; MJ12bot/v1.4.8; http://mj12bot.com/)" "brainbox.co.in"
135.181.115.29 - - [02/Jan/2023:18:43:41 -0800] "GET /PDFContent/04%20ICSE/02%20Class%20VII/English/?C=D;O=D HTTP/1.1" 200 352 "-" "Mozilla/5.0 (compatible; MJ12bot/v1.4.8; http://mj12bot.com/)" "brainbox.co.in"
135.181.115.29 - - [02/Jan/2023:18:43:43 -0800] "GET /PDFContent/04%20ICSE/02%20Class%20VII/English/?C=M;O=D HTTP/1.1" 200 352 "-" "Mozilla/5.0 (compatible; MJ12bot/v1.4.8; http://mj12bot.com/)" "brainbox.co.in"
135.181.115.29 - - [02/Jan/2023:18:43:46 -0800] "GET /PDFContent/04%20ICSE/02%20Class%20VII/English/?C=N;O=A HTTP/1.1" 200 354 "-" "Mozilla/5.0 (compatible; MJ12bot/v1.4.8; http://mj12bot.com/)" "brainbox.co.in"
135.181.75.58 - - [02/Jan/2023:18:43:47 -0800] "GET /PDFContent/Beetle/CLASS%20II/EVS/?C=D;O=A HTTP/1.1" 200 649 "-" "Mozilla/5.0 (compatible; MJ12bot/v1.4.8; http://mj12bot.com/)" "brainbox.co.in"
135.181.115.29 - - [02/Jan/2023:18:43:48 -0800] "GET /PDFContent/04%20ICSE/02%20Class%20VII/English/?C=S;O=D HTTP/1.1" 200 352 "-" "Mozilla/5.0 (compatible; MJ12bot/v1.4.8; http://mj12bot.com/)" "brainbox.co.in"
135.181.115.29 - - [02/Jan/2023:18:43:50 -0800] "GET /PDFContent/04%20ICSE/02%20Class%20VII/Hindi/?C=M;O=D HTTP/1.1" 200 352 "-" "Mozilla/5.0 (compatible; MJ12bot/v1.4.8; http://mj12bot.com/)" "brainbox.co.in"
135.181.115.29 - - [02/Jan/2023:18:43:53 -0800] "GET /PDFContent/04%20ICSE/02%20Class%20VII/Hindi/?C=N;O=A HTTP/1.1" 200 353 "-" "Mozilla/5.0 (compatible; MJ12bot/v1.4.8; http://mj12bot.com/)" "brainbox.co.in"
135.181.115.29 - - [02/Jan/2023:18:43:55 -0800] "GET /PDFContent/04%20ICSE/02%20Class%20VII/Hindi/?C=S;O=D HTTP/1.1" 200 352 "-" "Mozilla/5.0 (compatible; MJ12bot/v1.4.8; http://mj12bot.com/)" "brainbox.co.in"
135.181.75.58 - - [02/Jan/2023:18:43:55 -0800] "GET /PDFContent/Beetle/CLASS%20II/EVS/?C=M;O=A HTTP/1.1" 200 646 "-" "Mozilla/5.0 (compatible; MJ12bot/v1.4.8; http://mj12bot.com/)" "brainbox.co.in"
135.181.115.29 - - [02/Jan/2023:18:43:57 -0800] "GET /PDFContent/04%20ICSE/02%20Class%20VII/Maths/?C=D;O=D HTTP/1.1" 200 351 "-" "Mozilla/5.0 (compatible; MJ12bot/v1.4.8; http://mj12bot.com/)" "brainbox.co.in"
135.181.115.29 - - [02/Jan/2023:18:43:58 -0800] "GET /PDFContent/04%20ICSE/02%20Class%20VII/Maths/?C=M;O=D HTTP/1.1" 200 351 "-" "Mozilla/5.0 (compatible; MJ12bot/v1.4.8; http://mj12bot.com/)" "brainbox.co.in"
135.181.115.29 - - [02/Jan/2023:18:44:00 -0800] "GET /PDFContent/04%20ICSE/02%20Class%20VII/Maths/?C=N;O=A HTTP/1.1" 200 353 "-" "Mozilla/5.0 (compatible; MJ12bot/v1.4.8; http://mj12bot.com/)" "brainbox.co.in"
135.181.115.29 - - [02/Jan/2023:18:44:02 -0800] "GET /PDFContent/04%20ICSE/02%20Class%20VII/Maths/?C=S;O=D HTTP/1.1" 200 351 "-" "Mozilla/5.0 (compatible; MJ12bot/v1.4.8; http://mj12bot.com/)" "brainbox.co.in"
135.181.115.29 - - [02/Jan/2023:18:44:04 -0800] "GET /PDFContent/04%20ICSE/02%20Class%20VII/Physics/?C=D;O=D HTTP/1.1" 200 352 "-" "Mozilla/5.0 (compatible; MJ12bot/v1.4.8; http://mj12bot.com/)" "brainbox.co.in"
135.181.115.29 - - [02/Jan/2023:18:44:06 -0800] "GET /PDFContent/04%20ICSE/02%20Class%20VII/Physics/?C=M;O=D HTTP/1.1" 200 352 "-" "Mozilla/5.0 (compatible; MJ12bot/v1.4.8; http://mj12bot.com/)" "brainbox.co.in"
135.181.75.58 - - [02/Jan/2023:18:44:06 -0800] "GET /PDFContent/Beetle/CLASS%20II/EVS/?C=N;O=D HTTP/1.1" 200 646 "-" "Mozilla/5.0 (compatible; MJ12bot/v1.4.8; http://mj12bot.com/)" "brainbox.co.in"
135.181.115.29 - - [02/Jan/2023:18:44:08 -0800] "GET /PDFContent/04%20ICSE/02%20Class%20VII/Physics/?C=N;O=A HTTP/1.1" 200 354 "-" "Mozilla/5.0 (compatible; MJ12bot/v1.4.8; http://mj12bot.com/)" "brainbox.co.in"
135.181.115.29 - - [02/Jan/2023:18:44:10 -0800] "GET /PDFContent/04%20ICSE/02%20Class%20VII/Physics/?C=S;O=D HTTP/1.1" 200 352 "-" "Mozilla/5.0 (compatible; MJ12bot/v1.4.8; http://mj12bot.com/)" "brainbox.co.in"
135.181.115.29 - - [02/Jan/2023:18:44:11 -0800] "GET /PDFContent/04%20ICSE/02%20Class%20VII/Sanskrit/?C=D;O=D HTTP/1.1" 200 353 "-" "Mozilla/5.0 (compatible; MJ12bot/v1.4.8; http://mj12bot.com/)" "brainbox.co.in"
135.181.115.29 - - [02/Jan/2023:18:44:14 -0800] "GET /PDFContent/04%20ICSE/02%20Class%20VII/Sanskrit/?C=M;O=D HTTP/1.1" 200 353 "-" "Mozilla/5.0 (compatible; MJ12bot/v1.4.8; http://mj12bot.com/)" "brainbox.co.in"
135.181.115.29 - - [02/Jan/2023:18:44:17 -0800] "GET /PDFContent/04%20ICSE/02%20Class%20VII/Sanskrit/?C=N;O=A HTTP/1.1" 200 355 "-" "Mozilla/5.0 (compatible; MJ12bot/v1.4.8; http://mj12bot.com/)" "brainbox.co.in"
135.181.75.58 - - [02/Jan/2023:18:44:18 -0800] "GET /PDFContent/Beetle/CLASS%20II/EVS/?C=S;O=A HTTP/1.1" 200 650 "-" "Mozilla/5.0 (compatible; MJ12bot/v1.4.8; http://mj12bot.com/)" "brainbox.co.in"
135.181.115.29 - - [02/Jan/2023:18:44:19 -0800] "GET /PDFContent/04%20ICSE/02%20Class%20VII/Sanskrit/?C=S;O=D HTTP/1.1" 200 353 "-" "Mozilla/5.0 (compatible; MJ12bot/v1.4.8; http://mj12bot.com/)" "brainbox.co.in"
135.181.115.29 - - [02/Jan/2023:18:44:21 -0800] "GET /PDFContent/04%20ICSE/02%20Class%20VII/Telugu/?C=D;O=D HTTP/1.1" 200 353 "-" "Mozilla/5.0 (compatible; MJ12bot/v1.4.8; http://mj12bot.com/)" "brainbox.co.in"
135.181.115.29 - - [02/Jan/2023:18:44:24 -0800] "GET /PDFContent/04%20ICSE/02%20Class%20VII/Telugu/?C=M;O=D HTTP/1.1" 200 353 "-" "Mozilla/5.0 (compatible; MJ12bot/v1.4.8; http://mj12bot.com/)" "brainbox.co.in"
135.181.115.29 - - [02/Jan/2023:18:44:25 -0800] "GET /PDFContent/04%20ICSE/02%20Class%20VII/Telugu/?C=N;O=A HTTP/1.1" 200 354 "-" "Mozilla/5.0 (compatible; MJ12bot/v1.4.8; http://mj12bot.com/)" "brainbox.co.in"
135.181.115.29 - - [02/Jan/2023:18:44:27 -0800] "GET /PDFContent/04%20ICSE/02%20Class%20VII/Telugu/?C=S;O=D HTTP/1.1" 200 353 "-" "Mozilla/5.0 (compatible; MJ12bot/v1.4.8; http://mj12bot.com/)" "brainbox.co.in"
135.181.115.29 - - [02/Jan/2023:18:44:29 -0800] "GET /PDFContent/04%20ICSE/03%20Class%20VIII/Chemistry/?C=D;O=D HTTP/1.1" 200 354 "-" "Mozilla/5.0 (compatible; MJ12bot/v1.4.8; http://mj12bot.com/)" "brainbox.co.in"
135.181.75.58 - - [02/Jan/2023:18:44:30 -0800] "GET /PDFContent/Beetle/CLASS%20II/MATHEMATICS/ HTTP/1.1" 200 491 "-" "Mozilla/5.0 (compatible; MJ12bot/v1.4.8; http://mj12bot.com/)" "brainbox.co.in"
135.181.115.29 - - [02/Jan/2023:18:44:32 -0800] "GET /PDFContent/04%20ICSE/03%20Class%20VIII/Chemistry/?C=M;O=D HTTP/1.1" 200 354 "-" "Mozilla/5.0 (compatible; MJ12bot/v1.4.8; http://mj12bot.com/)" "brainbox.co.in"
135.181.115.29 - - [02/Jan/2023:18:44:34 -0800] "GET /PDFContent/04%20ICSE/03%20Class%20VIII/Chemistry/?C=N;O=A HTTP/1.1" 200 356 "-" "Mozilla/5.0 (compatible; MJ12bot/v1.4.8; http://mj12bot.com/)" "brainbox.co.in"
135.181.115.29 - - [02/Jan/2023:18:44:36 -0800] "GET /PDFContent/04%20ICSE/03%20Class%20VIII/Chemistry/?C=S;O=D HTTP/1.1" 200 354 "-" "Mozilla/5.0 (compatible; MJ12bot/v1.4.8; http://mj12bot.com/)" "brainbox.co.in"
135.181.115.29 - - [02/Jan/2023:18:44:37 -0800] "GET /PDFContent/04%20ICSE/03%20Class%20VIII/English/?C=D;O=D HTTP/1.1" 200 353 "-" "Mozilla/5.0 (compatible; MJ12bot/v1.4.8; http://mj12bot.com/)" "brainbox.co.in"
135.181.115.29 - - [02/Jan/2023:18:44:39 -0800] "GET /PDFContent/04%20ICSE/03%20Class%20VIII/English/?C=M;O=D HTTP/1.1" 200 353 "-" "Mozilla/5.0 (compatible; MJ12bot/v1.4.8; http://mj12bot.com/)" "brainbox.co.in"
135.181.75.58 - - [02/Jan/2023:18:44:40 -0800] "GET /PDFContent/Beetle/CLASS%20II/MATHEMATICS%20SEM%202/ HTTP/1.1" 200 676 "-" "Mozilla/5.0 (compatible; MJ12bot/v1.4.8; http://mj12bot.com/)" "brainbox.co.in"
135.181.115.29 - - [02/Jan/2023:18:44:41 -0800] "GET /PDFContent/04%20ICSE/03%20Class%20VIII/English/?C=N;O=A HTTP/1.1" 200 355 "-" "Mozilla/5.0 (compatible; MJ12bot/v1.4.8; http://mj12bot.com/)" "brainbox.co.in"
135.181.115.29 - - [02/Jan/2023:18:44:43 -0800] "GET /PDFContent/04%20ICSE/03%20Class%20VIII/English/?C=S;O=D HTTP/1.1" 200 353 "-" "Mozilla/5.0 (compatible; MJ12bot/v1.4.8; http://mj12bot.com/)" "brainbox.co.in"
135.181.75.58 - - [02/Jan/2023:18:44:50 -0800] "GET /PDFContent/Beetle/CLASS%20II/MATHEMATICS%20SEM%202/?C=D;O=A HTTP/1.1" 200 676 "-" "Mozilla/5.0 (compatible; MJ12bot/v1.4.8; http://mj12bot.com/)" "brainbox.co.in"
114.119.152.233 - - [02/Jan/2023:18:45:01 -0800] "GET /PDFContent/SPECIAL%20CROUSE/Part%201%20Grammar%20Essentials/STD_IV/UNIT%205%20%E2%80%93%20FUDI%E2%80%99s%20DESERT%20JOURNEY.pdf HTTP/1.1" 200 484885 "https://brainbox.co.in/PDFContent/SPECIAL%20CROUSE/Part%201%20Grammar%20Essentials/STD_IV/?C=S%3BO%3DA" "Mozilla/5.0 (Linux; Android 7.0;) AppleWebKit/537.36 (KHTML, like Gecko) Mobile Safari/537.36 (compatible; PetalBot;+https://webmaster.petalsearch.com/site/petalbot)" "brainbox.co.in"
135.181.75.58 - - [02/Jan/2023:18:45:01 -0800] "GET /PDFContent/Beetle/CLASS%20II/MATHEMATICS%20SEM%202/?C=M;O=A HTTP/1.1" 200 676 "-" "Mozilla/5.0 (compatible; MJ12bot/v1.4.8; http://mj12bot.com/)" "brainbox.co.in"
135.181.75.58 - - [02/Jan/2023:18:45:20 -0800] "GET /PDFContent/Beetle/CLASS%20II/MATHEMATICS%20SEM%202/?C=N;O=D HTTP/1.1" 200 674 "-" "Mozilla/5.0 (compatible; MJ12bot/v1.4.8; http://mj12bot.com/)" "brainbox.co.in"
135.181.75.58 - - [02/Jan/2023:18:45:29 -0800] "GET /PDFContent/Beetle/CLASS%20II/MATHEMATICS%20SEM%202/?C=S;O=A HTTP/1.1" 200 680 "-" "Mozilla/5.0 (compatible; MJ12bot/v1.4.8; http://mj12bot.com/)" "brainbox.co.in"
135.181.75.58 - - [02/Jan/2023:18:45:40 -0800] "GET /PDFContent/Beetle/CLASS%20II/MATHEMATICS/?C=D;O=A HTTP/1.1" 200 491 "-" "Mozilla/5.0 (compatible; MJ12bot/v1.4.8; http://mj12bot.com/)" "brainbox.co.in"
135.181.75.58 - - [02/Jan/2023:18:45:49 -0800] "GET /PDFContent/Beetle/CLASS%20II/MATHEMATICS/?C=M;O=A HTTP/1.1" 200 492 "-" "Mozilla/5.0 (compatible; MJ12bot/v1.4.8; http://mj12bot.com/)" "brainbox.co.in"
135.181.75.58 - - [02/Jan/2023:18:45:56 -0800] "GET /PDFContent/Beetle/CLASS%20II/MATHEMATICS/?C=N;O=D HTTP/1.1" 200 490 "-" "Mozilla/5.0 (compatible; MJ12bot/v1.4.8; http://mj12bot.com/)" "brainbox.co.in"
135.181.75.58 - - [02/Jan/2023:18:46:05 -0800] "GET /PDFContent/Beetle/CLASS%20II/MATHEMATICS/?C=S;O=A HTTP/1.1" 200 492 "-" "Mozilla/5.0 (compatible; MJ12bot/v1.4.8; http://mj12bot.com/)" "brainbox.co.in"
135.181.75.58 - - [02/Jan/2023:18:46:16 -0800] "GET /PDFContent/Beetle/CLASS%20III/?C=D;O=A HTTP/1.1" 200 434 "-" "Mozilla/5.0 (compatible; MJ12bot/v1.4.8; http://mj12bot.com/)" "brainbox.co.in"
135.181.75.58 - - [02/Jan/2023:18:46:27 -0800] "GET /PDFContent/Beetle/CLASS%20III/?C=D;O=D HTTP/1.1" 200 432 "-" "Mozilla/5.0 (compatible; MJ12bot/v1.4.8; http://mj12bot.com/)" "brainbox.co.in"
135.181.75.58 - - [02/Jan/2023:18:46:37 -0800] "GET /PDFContent/Beetle/CLASS%20III/?C=M;O=A HTTP/1.1" 200 434 "-" "Mozilla/5.0 (compatible; MJ12bot/v1.4.8; http://mj12bot.com/)" "brainbox.co.in"
114.119.130.218 - - [02/Jan/2023:18:46:43 -0800] "GET /PDFContent/CUBE%20Maths/CLASS%20-%203%20WORKSHEETS/1.%20Numbers%20upto%20999%20-%20WS%202.pdf HTTP/1.1" 200 37576 "https://brainbox.co.in/PDFContent/CUBE%20Maths/CLASS%20-%203%20WORKSHEETS/?C=D%3BO%3DA" "Mozilla/5.0 (Linux; Android 7.0;) AppleWebKit/537.36 (KHTML, like Gecko) Mobile Safari/537.36 (compatible; PetalBot;+https://webmaster.petalsearch.com/site/petalbot)" "brainbox.co.in"
135.181.75.58 - - [02/Jan/2023:18:46:46 -0800] "GET /PDFContent/Beetle/CLASS%20III/?C=M;O=D HTTP/1.1" 200 432 "-" "Mozilla/5.0 (compatible; MJ12bot/v1.4.8; http://mj12bot.com/)" "brainbox.co.in"
135.181.75.58 - - [02/Jan/2023:18:46:51 -0800] "GET /PDFContent/Beetle/CLASS%20III/?C=N;O=A HTTP/1.1" 200 434 "-" "Mozilla/5.0 (compatible; MJ12bot/v1.4.8; http://mj12bot.com/)" "brainbox.co.in"
135.181.75.58 - - [02/Jan/2023:18:46:58 -0800] "GET /PDFContent/Beetle/CLASS%20III/?C=N;O=D HTTP/1.1" 200 432 "-" "Mozilla/5.0 (compatible; MJ12bot/v1.4.8; http://mj12bot.com/)" "brainbox.co.in"
135.181.75.58 - - [02/Jan/2023:18:47:07 -0800] "GET /PDFContent/Beetle/CLASS%20III/?C=S;O=A HTTP/1.1" 200 435 "-" "Mozilla/5.0 (compatible; MJ12bot/v1.4.8; http://mj12bot.com/)" "brainbox.co.in"
135.181.75.58 - - [02/Jan/2023:18:47:16 -0800] "GET /PDFContent/Beetle/CLASS%20III/?C=S;O=D HTTP/1.1" 200 432 "-" "Mozilla/5.0 (compatible; MJ12bot/v1.4.8; http://mj12bot.com/)" "brainbox.co.in"
135.181.75.58 - - [02/Jan/2023:18:47:26 -0800] "GET /PDFContent/Beetle/CLASS%20III/ENGLISH/ HTTP/1.1" 200 404 "-" "Mozilla/5.0 (compatible; MJ12bot/v1.4.8; http://mj12bot.com/)" "brainbox.co.in"
135.181.75.58 - - [02/Jan/2023:18:47:35 -0800] "GET /PDFContent/Beetle/CLASS%20III/ENGLISH/?C=D;O=A HTTP/1.1" 200 404 "-" "Mozilla/5.0 (compatible; MJ12bot/v1.4.8; http://mj12bot.com/)" "brainbox.co.in"
135.181.75.58 - - [02/Jan/2023:18:47:45 -0800] "GET /PDFContent/Beetle/CLASS%20III/ENGLISH/?C=M;O=A HTTP/1.1" 200 404 "-" "Mozilla/5.0 (compatible; MJ12bot/v1.4.8; http://mj12bot.com/)" "brainbox.co.in"
135.181.75.58 - - [02/Jan/2023:18:47:52 -0800] "GET /PDFContent/Beetle/CLASS%20III/ENGLISH/?C=N;O=D HTTP/1.1" 200 398 "-" "Mozilla/5.0 (compatible; MJ12bot/v1.4.8; http://mj12bot.com/)" "brainbox.co.in"
135.181.75.58 - - [02/Jan/2023:18:48:01 -0800] "GET /PDFContent/Beetle/CLASS%20III/ENGLISH/?C=S;O=A HTTP/1.1" 200 404 "-" "Mozilla/5.0 (compatible; MJ12bot/v1.4.8; http://mj12bot.com/)" "brainbox.co.in"
135.181.75.58 - - [02/Jan/2023:18:48:12 -0800] "GET /PDFContent/Beetle/CLASS%20III/ENGLISH/SEM%201/ HTTP/1.1" 200 756 "-" "Mozilla/5.0 (compatible; MJ12bot/v1.4.8; http://mj12bot.com/)" "brainbox.co.in"
114.119.145.163 - - [02/Jan/2023:18:48:15 -0800] "GET /PDFContent/CREEPERS/CLASS%2002/CLASS%20-%202%20-%20TERM-3%20-%20WORKSHEETS/?C=S%3BO%3DA HTTP/1.1" 200 446 "https://brainbox.co.in/PDFContent/CREEPERS/CLASS%2002/CLASS%20-%202%20-%20TERM-3%20-%20WORKSHEETS/" "Mozilla/5.0 (Linux; Android 7.0;) AppleWebKit/537.36 (KHTML, like Gecko) Mobile Safari/537.36 (compatible; PetalBot;+https://webmaster.petalsearch.com/site/petalbot)" "brainbox.co.in"
135.181.75.58 - - [02/Jan/2023:18:48:23 -0800] "GET /PDFContent/Beetle/CLASS%20III/ENGLISH/SEM%202/ HTTP/1.1" 200 620 "-" "Mozilla/5.0 (compatible; MJ12bot/v1.4.8; http://mj12bot.com/)" "brainbox.co.in"
135.181.75.58 - - [02/Jan/2023:18:48:32 -0800] "GET /PDFContent/Beetle/CLASS%20III/MATHEMATICS/ HTTP/1.1" 200 405 "-" "Mozilla/5.0 (compatible; MJ12bot/v1.4.8; http://mj12bot.com/)" "brainbox.co.in"
135.181.75.58 - - [02/Jan/2023:18:48:39 -0800] "GET /PDFContent/Beetle/CLASS%20III/MATHEMATICS/?C=D;O=A HTTP/1.1" 200 405 "-" "Mozilla/5.0 (compatible; MJ12bot/v1.4.8; http://mj12bot.com/)" "brainbox.co.in"
135.181.75.58 - - [02/Jan/2023:18:48:47 -0800] "GET /PDFContent/Beetle/CLASS%20III/MATHEMATICS/?C=M;O=A HTTP/1.1" 200 405 "-" "Mozilla/5.0 (compatible; MJ12bot/v1.4.8; http://mj12bot.com/)" "brainbox.co.in"
135.181.75.58 - - [02/Jan/2023:18:48:57 -0800] "GET /PDFContent/Beetle/CLASS%20III/MATHEMATICS/?C=N;O=D HTTP/1.1" 200 401 "-" "Mozilla/5.0 (compatible; MJ12bot/v1.4.8; http://mj12bot.com/)" "brainbox.co.in"
135.181.75.58 - - [02/Jan/2023:18:49:05 -0800] "GET /PDFContent/Beetle/CLASS%20III/MATHEMATICS/?C=S;O=A HTTP/1.1" 200 405 "-" "Mozilla/5.0 (compatible; MJ12bot/v1.4.8; http://mj12bot.com/)" "brainbox.co.in"
135.181.75.58 - - [02/Jan/2023:18:49:15 -0800] "GET /PDFContent/Beetle/CLASS%20III/MATHEMATICS/SEM%201/ HTTP/1.1" 200 620 "-" "Mozilla/5.0 (compatible; MJ12bot/v1.4.8; http://mj12bot.com/)" "brainbox.co.in"
135.181.75.58 - - [02/Jan/2023:18:49:25 -0800] "GET /PDFContent/Beetle/CLASS%20III/MATHEMATICS/SEM%202/ HTTP/1.1" 200 623 "-" "Mozilla/5.0 (compatible; MJ12bot/v1.4.8; http://mj12bot.com/)" "brainbox.co.in"
135.181.75.58 - - [02/Jan/2023:18:49:35 -0800] "GET /PDFContent/Beetle/CLASS%20III/SCIENCE/ HTTP/1.1" 200 406 "-" "Mozilla/5.0 (compatible; MJ12bot/v1.4.8; http://mj12bot.com/)" "brainbox.co.in"
114.119.157.142 - - [02/Jan/2023:18:49:39 -0800] "GET /PDFContent/CREEPERS/CLASS%2004/CLASS%20-%204%20-%20TERM-1%20-%20WORKSHEETS/ENGLISH/?C=D%3BO%3DA HTTP/1.1" 200 664 "https://brainbox.co.in/PDFContent/CREEPERS/CLASS%2004/CLASS%20-%204%20-%20TERM-1%20-%20WORKSHEETS/ENGLISH/?C=M%3BO%3DA" "Mozilla/5.0 (Linux; Android 7.0;) AppleWebKit/537.36 (KHTML, like Gecko) Mobile Safari/537.36 (compatible; PetalBot;+https://webmaster.petalsearch.com/site/petalbot)" "brainbox.co.in"
135.181.75.58 - - [02/Jan/2023:18:49:44 -0800] "GET /PDFContent/Beetle/CLASS%20III/SCIENCE/?C=D;O=A HTTP/1.1" 200 406 "-" "Mozilla/5.0 (compatible; MJ12bot/v1.4.8; http://mj12bot.com/)" "brainbox.co.in"
135.181.75.58 - - [02/Jan/2023:18:49:52 -0800] "GET /PDFContent/Beetle/CLASS%20III/SCIENCE/?C=M;O=A HTTP/1.1" 200 406 "-" "Mozilla/5.0 (compatible; MJ12bot/v1.4.8; http://mj12bot.com/)" "brainbox.co.in"
135.181.75.58 - - [02/Jan/2023:18:50:01 -0800] "GET /PDFContent/Beetle/CLASS%20III/SCIENCE/?C=N;O=D HTTP/1.1" 200 400 "-" "Mozilla/5.0 (compatible; MJ12bot/v1.4.8; http://mj12bot.com/)" "brainbox.co.in"
135.181.75.58 - - [02/Jan/2023:18:50:09 -0800] "GET /PDFContent/Beetle/CLASS%20III/SCIENCE/?C=S;O=A HTTP/1.1" 200 406 "-" "Mozilla/5.0 (compatible; MJ12bot/v1.4.8; http://mj12bot.com/)" "brainbox.co.in"
135.181.75.58 - - [02/Jan/2023:18:50:18 -0800] "GET /PDFContent/Beetle/CLASS%20III/SCIENCE/SEM%201/ HTTP/1.1" 200 625 "-" "Mozilla/5.0 (compatible; MJ12bot/v1.4.8; http://mj12bot.com/)" "brainbox.co.in"
135.181.75.58 - - [02/Jan/2023:18:50:26 -0800] "GET /PDFContent/Beetle/CLASS%20III/SCIENCE/SEM%202/ HTTP/1.1" 200 606 "-" "Mozilla/5.0 (compatible; MJ12bot/v1.4.8; http://mj12bot.com/)" "brainbox.co.in"
135.181.75.58 - - [02/Jan/2023:18:50:36 -0800] "GET /PDFContent/Beetle/CLASS%20III/SOCIAL/ HTTP/1.1" 200 406 "-" "Mozilla/5.0 (compatible; MJ12bot/v1.4.8; http://mj12bot.com/)" "brainbox.co.in"
135.181.75.58 - - [02/Jan/2023:18:50:43 -0800] "GET /PDFContent/Beetle/CLASS%20III/SOCIAL/?C=D;O=A HTTP/1.1" 200 406 "-" "Mozilla/5.0 (compatible; MJ12bot/v1.4.8; http://mj12bot.com/)" "brainbox.co.in"
114.119.159.62 - - [02/Jan/2023:18:50:46 -0800] "GET /PDFContent/03%20CBSE/07%20Class%20XII/Telugu/?C=D%3BO%3DA HTTP/1.1" 200 355 "https://brainbox.co.in/PDFContent/03%20CBSE/07%20Class%20XII/Telugu/?C=N%3BO%3DD" "Mozilla/5.0 (Linux; Android 7.0;) AppleWebKit/537.36 (KHTML, like Gecko) Mobile Safari/537.36 (compatible; PetalBot;+https://webmaster.petalsearch.com/site/petalbot)" "brainbox.co.in"
135.181.75.58 - - [02/Jan/2023:18:50:54 -0800] "GET /PDFContent/Beetle/CLASS%20III/SOCIAL/?C=M;O=A HTTP/1.1" 200 406 "-" "Mozilla/5.0 (compatible; MJ12bot/v1.4.8; http://mj12bot.com/)" "brainbox.co.in"
135.181.75.58 - - [02/Jan/2023:18:51:03 -0800] "GET /PDFContent/Beetle/CLASS%20III/SOCIAL/?C=N;O=D HTTP/1.1" 200 399 "-" "Mozilla/5.0 (compatible; MJ12bot/v1.4.8; http://mj12bot.com/)" "brainbox.co.in"
135.181.75.58 - - [02/Jan/2023:18:51:14 -0800] "GET /PDFContent/Beetle/CLASS%20III/SOCIAL/?C=S;O=A HTTP/1.1" 200 406 "-" "Mozilla/5.0 (compatible; MJ12bot/v1.4.8; http://mj12bot.com/)" "brainbox.co.in"
135.181.75.58 - - [02/Jan/2023:18:51:23 -0800] "GET /PDFContent/Beetle/CLASS%20III/SOCIAL/SEM%201/ HTTP/1.1" 200 725 "-" "Mozilla/5.0 (compatible; MJ12bot/v1.4.8; http://mj12bot.com/)" "brainbox.co.in"
135.181.75.58 - - [02/Jan/2023:18:51:33 -0800] "GET /PDFContent/Beetle/CLASS%20III/SOCIAL/SEM%202/ HTTP/1.1" 200 677 "-" "Mozilla/5.0 (compatible; MJ12bot/v1.4.8; http://mj12bot.com/)" "brainbox.co.in"
135.181.75.58 - - [02/Jan/2023:18:51:41 -0800] "GET /PDFContent/Beetle/CLASS%20IV/?C=D;O=A HTTP/1.1" 200 504 "-" "Mozilla/5.0 (compatible; MJ12bot/v1.4.8; http://mj12bot.com/)" "brainbox.co.in"
135.181.75.58 - - [02/Jan/2023:18:51:49 -0800] "GET /PDFContent/Beetle/CLASS%20IV/?C=D;O=D HTTP/1.1" 200 505 "-" "Mozilla/5.0 (compatible; MJ12bot/v1.4.8; http://mj12bot.com/)" "brainbox.co.in"
135.181.75.58 - - [02/Jan/2023:18:51:59 -0800] "GET /PDFContent/Beetle/CLASS%20IV/?C=M;O=A HTTP/1.1" 200 508 "-" "Mozilla/5.0 (compatible; MJ12bot/v1.4.8; http://mj12bot.com/)" "brainbox.co.in"
135.181.75.58 - - [02/Jan/2023:18:52:09 -0800] "GET /PDFContent/Beetle/CLASS%20IV/?C=M;O=D HTTP/1.1" 200 502 "-" "Mozilla/5.0 (compatible; MJ12bot/v1.4.8; http://mj12bot.com/)" "brainbox.co.in"
135.181.75.58 - - [02/Jan/2023:18:52:15 -0800] "GET /PDFContent/Beetle/CLASS%20IV/?C=N;O=A HTTP/1.1" 200 504 "-" "Mozilla/5.0 (compatible; MJ12bot/v1.4.8; http://mj12bot.com/)" "brainbox.co.in"
114.119.133.56 - - [02/Jan/2023:18:52:19 -0800] "GET /PDFContent/03%20CBSE/04%20Class%20IX/Biology/Improvement%20in%20Food%20resources/CBSE_IX_BIOLOGY_IMPROVEMENT%20IN%20FOOD%20RESOURCES_Increasing%20Population%20Ways.pdf HTTP/1.1" 200 414073 "https://brainbox.co.in/PDFContent/03%20CBSE/04%20Class%20IX/Biology/Improvement%20in%20Food%20resources/?C=D%3BO%3DA" "Mozilla/5.0 (Linux; Android 7.0;) AppleWebKit/537.36 (KHTML, like Gecko) Mobile Safari/537.36 (compatible; PetalBot;+https://webmaster.petalsearch.com/site/petalbot)" "brainbox.co.in"
135.181.75.58 - - [02/Jan/2023:18:52:25 -0800] "GET /PDFContent/Beetle/CLASS%20IV/?C=N;O=D HTTP/1.1" 200 505 "-" "Mozilla/5.0 (compatible; MJ12bot/v1.4.8; http://mj12bot.com/)" "brainbox.co.in"
135.181.75.58 - - [02/Jan/2023:18:52:35 -0800] "GET /PDFContent/Beetle/CLASS%20IV/?C=S;O=A HTTP/1.1" 200 504 "-" "Mozilla/5.0 (compatible; MJ12bot/v1.4.8; http://mj12bot.com/)" "brainbox.co.in"
135.181.75.58 - - [02/Jan/2023:18:52:43 -0800] "GET /PDFContent/Beetle/CLASS%20IV/?C=S;O=D HTTP/1.1" 200 505 "-" "Mozilla/5.0 (compatible; MJ12bot/v1.4.8; http://mj12bot.com/)" "brainbox.co.in"
135.181.75.58 - - [02/Jan/2023:18:52:56 -0800] "GET /PDFContent/Beetle/CLASS%20IV/ENGLISH/ HTTP/1.1" 200 686 "-" "Mozilla/5.0 (compatible; MJ12bot/v1.4.8; http://mj12bot.com/)" "brainbox.co.in"
135.181.75.58 - - [02/Jan/2023:18:53:06 -0800] "GET /PDFContent/Beetle/CLASS%20IV/ENGLISH%20SEM%202/ HTTP/1.1" 200 671 "-" "Mozilla/5.0 (compatible; MJ12bot/v1.4.8; http://mj12bot.com/)" "brainbox.co.in"
135.181.75.58 - - [02/Jan/2023:18:53:17 -0800] "GET /PDFContent/Beetle/CLASS%20IV/ENGLISH%20SEM%202/?C=D;O=A HTTP/1.1" 200 671 "-" "Mozilla/5.0 (compatible; MJ12bot/v1.4.8; http://mj12bot.com/)" "brainbox.co.in"
135.181.75.58 - - [02/Jan/2023:18:53:25 -0800] "GET /PDFContent/Beetle/CLASS%20IV/ENGLISH%20SEM%202/?C=M;O=A HTTP/1.1" 200 671 "-" "Mozilla/5.0 (compatible; MJ12bot/v1.4.8; http://mj12bot.com/)" "brainbox.co.in"
114.119.154.5 - - [02/Jan/2023:18:53:25 -0800] "GET /PDFContent/03%20CBSE/05%20Class%20X/Maths/CBSE_X_MATHS_LS04_QUADRATIC%20EQUATIONS_SOLVED%20PROBLEM_02_P16.pdf HTTP/1.1" 200 290169 "https://brainbox.co.in/PDFContent/03%20CBSE/05%20Class%20X/Maths/" "Mozilla/5.0 (Linux; Android 7.0;) AppleWebKit/537.36 (KHTML, like Gecko) Mobile Safari/537.36 (compatible; PetalBot;+https://webmaster.petalsearch.com/site/petalbot)" "brainbox.co.in"
135.181.75.58 - - [02/Jan/2023:18:53:35 -0800] "GET /PDFContent/Beetle/CLASS%20IV/ENGLISH%20SEM%202/?C=N;O=D HTTP/1.1" 200 668 "-" "Mozilla/5.0 (compatible; MJ12bot/v1.4.8; http://mj12bot.com/)" "brainbox.co.in"
135.181.75.58 - - [02/Jan/2023:18:53:44 -0800] "GET /PDFContent/Beetle/CLASS%20IV/ENGLISH%20SEM%202/?C=S;O=A HTTP/1.1" 200 672 "-" "Mozilla/5.0 (compatible; MJ12bot/v1.4.8; http://mj12bot.com/)" "brainbox.co.in"
135.181.75.58 - - [02/Jan/2023:18:53:56 -0800] "GET /PDFContent/Beetle/CLASS%20IV/ENGLISH/?C=D;O=A HTTP/1.1" 200 686 "-" "Mozilla/5.0 (compatible; MJ12bot/v1.4.8; http://mj12bot.com/)" "brainbox.co.in"
135.181.75.58 - - [02/Jan/2023:18:54:05 -0800] "GET /PDFContent/Beetle/CLASS%20IV/ENGLISH/?C=M;O=A HTTP/1.1" 200 686 "-" "Mozilla/5.0 (compatible; MJ12bot/v1.4.8; http://mj12bot.com/)" "brainbox.co.in"
135.181.75.58 - - [02/Jan/2023:18:54:14 -0800] "GET /PDFContent/Beetle/CLASS%20IV/ENGLISH/?C=N;O=D HTTP/1.1" 200 681 "-" "Mozilla/5.0 (compatible; MJ12bot/v1.4.8; http://mj12bot.com/)" "brainbox.co.in"
135.181.75.58 - - [02/Jan/2023:18:54:23 -0800] "GET /PDFContent/Beetle/CLASS%20IV/ENGLISH/?C=S;O=A HTTP/1.1" 200 685 "-" "Mozilla/5.0 (compatible; MJ12bot/v1.4.8; http://mj12bot.com/)" "brainbox.co.in"
135.181.75.58 - - [02/Jan/2023:18:54:32 -0800] "GET /PDFContent/Beetle/CLASS%20IV/MATHEMATICS/ HTTP/1.1" 200 556 "-" "Mozilla/5.0 (compatible; MJ12bot/v1.4.8; http://mj12bot.com/)" "brainbox.co.in"
135.181.75.58 - - [02/Jan/2023:18:54:41 -0800] "GET /PDFContent/Beetle/CLASS%20IV/MATHEMATICS%202/ HTTP/1.1" 200 579 "-" "Mozilla/5.0 (compatible; MJ12bot/v1.4.8; http://mj12bot.com/)" "brainbox.co.in"
135.181.75.58 - - [02/Jan/2023:18:54:50 -0800] "GET /PDFContent/Beetle/CLASS%20IV/MATHEMATICS%202/?C=D;O=A HTTP/1.1" 200 579 "-" "Mozilla/5.0 (compatible; MJ12bot/v1.4.8; http://mj12bot.com/)" "brainbox.co.in"
135.181.75.58 - - [02/Jan/2023:18:54:58 -0800] "GET /PDFContent/Beetle/CLASS%20IV/MATHEMATICS%202/?C=M;O=A HTTP/1.1" 200 579 "-" "Mozilla/5.0 (compatible; MJ12bot/v1.4.8; http://mj12bot.com/)" "brainbox.co.in"
135.181.75.58 - - [02/Jan/2023:18:55:06 -0800] "GET /PDFContent/Beetle/CLASS%20IV/MATHEMATICS%202/?C=N;O=D HTTP/1.1" 200 579 "-" "Mozilla/5.0 (compatible; MJ12bot/v1.4.8; http://mj12bot.com/)" "brainbox.co.in"
135.181.75.58 - - [02/Jan/2023:18:55:14 -0800] "GET /PDFContent/Beetle/CLASS%20IV/MATHEMATICS%202/?C=S;O=A HTTP/1.1" 200 581 "-" "Mozilla/5.0 (compatible; MJ12bot/v1.4.8; http://mj12bot.com/)" "brainbox.co.in"
135.181.75.58 - - [02/Jan/2023:18:55:21 -0800] "GET /PDFContent/Beetle/CLASS%20IV/MATHEMATICS/?C=D;O=A HTTP/1.1" 200 556 "-" "Mozilla/5.0 (compatible; MJ12bot/v1.4.8; http://mj12bot.com/)" "brainbox.co.in"
114.119.151.17 - - [02/Jan/2023:18:55:22 -0800] "GET /PDFContent/03%20CBSE/05%20Class%20X/Physics/Electricity/?C=M%3BO%3DA HTTP/1.1" 200 660 "https://brainbox.co.in/PDFContent/03%20CBSE/05%20Class%20X/Physics/Electricity/?C=S%3BO%3DA" "Mozilla/5.0 (Linux; Android 7.0;) AppleWebKit/537.36 (KHTML, like Gecko) Mobile Safari/537.36 (compatible; PetalBot;+https://webmaster.petalsearch.com/site/petalbot)" "brainbox.co.in"
135.181.75.58 - - [02/Jan/2023:18:55:29 -0800] "GET /PDFContent/Beetle/CLASS%20IV/MATHEMATICS/?C=M;O=A HTTP/1.1" 200 556 "-" "Mozilla/5.0 (compatible; MJ12bot/v1.4.8; http://mj12bot.com/)" "brainbox.co.in"
135.181.75.58 - - [02/Jan/2023:18:55:37 -0800] "GET /PDFContent/Beetle/CLASS%20IV/MATHEMATICS/?C=N;O=D HTTP/1.1" 200 556 "-" "Mozilla/5.0 (compatible; MJ12bot/v1.4.8; http://mj12bot.com/)" "brainbox.co.in"
135.181.75.58 - - [02/Jan/2023:18:55:46 -0800] "GET /PDFContent/Beetle/CLASS%20IV/MATHEMATICS/?C=S;O=A HTTP/1.1" 200 558 "-" "Mozilla/5.0 (compatible; MJ12bot/v1.4.8; http://mj12bot.com/)" "brainbox.co.in"
135.181.75.58 - - [02/Jan/2023:18:55:56 -0800] "GET /PDFContent/Beetle/CLASS%20IV/SCIENCE/ HTTP/1.1" 200 591 "-" "Mozilla/5.0 (compatible; MJ12bot/v1.4.8; http://mj12bot.com/)" "brainbox.co.in"
135.181.75.58 - - [02/Jan/2023:18:56:05 -0800] "GET /PDFContent/Beetle/CLASS%20IV/SCIENCE%202/ HTTP/1.1" 200 612 "-" "Mozilla/5.0 (compatible; MJ12bot/v1.4.8; http://mj12bot.com/)" "brainbox.co.in"
135.181.75.58 - - [02/Jan/2023:18:56:16 -0800] "GET /PDFContent/Beetle/CLASS%20IV/SCIENCE%202/?C=D;O=A HTTP/1.1" 200 612 "-" "Mozilla/5.0 (compatible; MJ12bot/v1.4.8; http://mj12bot.com/)" "brainbox.co.in"
135.181.75.58 - - [02/Jan/2023:18:56:25 -0800] "GET /PDFContent/Beetle/CLASS%20IV/SCIENCE%202/?C=M;O=A HTTP/1.1" 200 612 "-" "Mozilla/5.0 (compatible; MJ12bot/v1.4.8; http://mj12bot.com/)" "brainbox.co.in"
135.181.75.58 - - [02/Jan/2023:18:56:35 -0800] "GET /PDFContent/Beetle/CLASS%20IV/SCIENCE%202/?C=N;O=D HTTP/1.1" 200 609 "-" "Mozilla/5.0 (compatible; MJ12bot/v1.4.8; http://mj12bot.com/)" "brainbox.co.in"
135.181.75.58 - - [02/Jan/2023:18:56:43 -0800] "GET /PDFContent/Beetle/CLASS%20IV/SCIENCE%202/?C=S;O=A HTTP/1.1" 200 612 "-" "Mozilla/5.0 (compatible; MJ12bot/v1.4.8; http://mj12bot.com/)" "brainbox.co.in"
135.181.75.58 - - [02/Jan/2023:18:56:50 -0800] "GET /PDFContent/Beetle/CLASS%20IV/SCIENCE/?C=D;O=A HTTP/1.1" 200 591 "-" "Mozilla/5.0 (compatible; MJ12bot/v1.4.8; http://mj12bot.com/)" "brainbox.co.in"
135.181.75.58 - - [02/Jan/2023:18:56:56 -0800] "GET /PDFContent/Beetle/CLASS%20IV/SCIENCE/?C=M;O=A HTTP/1.1" 200 591 "-" "Mozilla/5.0 (compatible; MJ12bot/v1.4.8; http://mj12bot.com/)" "brainbox.co.in"
135.181.75.58 - - [02/Jan/2023:18:57:05 -0800] "GET /PDFContent/Beetle/CLASS%20IV/SCIENCE/?C=N;O=D HTTP/1.1" 200 584 "-" "Mozilla/5.0 (compatible; MJ12bot/v1.4.8; http://mj12bot.com/)" "brainbox.co.in"
135.181.75.58 - - [02/Jan/2023:18:57:14 -0800] "GET /PDFContent/Beetle/CLASS%20IV/SCIENCE/?C=S;O=A HTTP/1.1" 200 588 "-" "Mozilla/5.0 (compatible; MJ12bot/v1.4.8; http://mj12bot.com/)" "brainbox.co.in"
135.181.75.58 - - [02/Jan/2023:18:57:24 -0800] "GET /PDFContent/Beetle/CLASS%20IV/SOCAIL%20SEM%202/ HTTP/1.1" 200 704 "-" "Mozilla/5.0 (compatible; MJ12bot/v1.4.8; http://mj12bot.com/)" "brainbox.co.in"
135.181.75.58 - - [02/Jan/2023:18:57:31 -0800] "GET /PDFContent/Beetle/CLASS%20IV/SOCAIL%20SEM%202/?C=D;O=A HTTP/1.1" 200 704 "-" "Mozilla/5.0 (compatible; MJ12bot/v1.4.8; http://mj12bot.com/)" "brainbox.co.in"
135.181.75.58 - - [02/Jan/2023:18:57:39 -0800] "GET /PDFContent/Beetle/CLASS%20IV/SOCAIL%20SEM%202/?C=M;O=A HTTP/1.1" 200 708 "-" "Mozilla/5.0 (compatible; MJ12bot/v1.4.8; http://mj12bot.com/)" "brainbox.co.in"
135.181.75.58 - - [02/Jan/2023:18:57:48 -0800] "GET /PDFContent/Beetle/CLASS%20IV/SOCAIL%20SEM%202/?C=N;O=D HTTP/1.1" 200 706 "-" "Mozilla/5.0 (compatible; MJ12bot/v1.4.8; http://mj12bot.com/)" "brainbox.co.in"
135.181.75.58 - - [02/Jan/2023:18:57:55 -0800] "GET /PDFContent/Beetle/CLASS%20IV/SOCAIL%20SEM%202/?C=S;O=A HTTP/1.1" 200 706 "-" "Mozilla/5.0 (compatible; MJ12bot/v1.4.8; http://mj12bot.com/)" "brainbox.co.in"
135.181.75.58 - - [02/Jan/2023:18:58:03 -0800] "GET /PDFContent/Beetle/CLASS%20IV/SOCIAL/ HTTP/1.1" 200 688 "-" "Mozilla/5.0 (compatible; MJ12bot/v1.4.8; http://mj12bot.com/)" "brainbox.co.in"
135.181.75.58 - - [02/Jan/2023:18:58:11 -0800] "GET /PDFContent/Beetle/CLASS%20IV/SOCIAL/?C=D;O=A HTTP/1.1" 200 688 "-" "Mozilla/5.0 (compatible; MJ12bot/v1.4.8; http://mj12bot.com/)" "brainbox.co.in"
135.181.75.58 - - [02/Jan/2023:18:58:17 -0800] "GET /PDFContent/Beetle/CLASS%20IV/SOCIAL/?C=M;O=A HTTP/1.1" 200 688 "-" "Mozilla/5.0 (compatible; MJ12bot/v1.4.8; http://mj12bot.com/)" "brainbox.co.in"
135.181.75.58 - - [02/Jan/2023:18:58:24 -0800] "GET /PDFContent/Beetle/CLASS%20IV/SOCIAL/?C=N;O=D HTTP/1.1" 200 687 "-" "Mozilla/5.0 (compatible; MJ12bot/v1.4.8; http://mj12bot.com/)" "brainbox.co.in"
135.181.75.58 - - [02/Jan/2023:18:58:33 -0800] "GET /PDFContent/Beetle/CLASS%20IV/SOCIAL/?C=S;O=A HTTP/1.1" 200 692 "-" "Mozilla/5.0 (compatible; MJ12bot/v1.4.8; http://mj12bot.com/)" "brainbox.co.in"
135.181.75.58 - - [02/Jan/2023:18:58:42 -0800] "GET /PDFContent/Beetle/CLASS%20V/?C=D;O=A HTTP/1.1" 200 433 "-" "Mozilla/5.0 (compatible; MJ12bot/v1.4.8; http://mj12bot.com/)" "brainbox.co.in"
135.181.75.58 - - [02/Jan/2023:18:58:53 -0800] "GET /PDFContent/Beetle/CLASS%20V/?C=D;O=D HTTP/1.1" 200 431 "-" "Mozilla/5.0 (compatible; MJ12bot/v1.4.8; http://mj12bot.com/)" "brainbox.co.in"
135.181.75.58 - - [02/Jan/2023:18:59:01 -0800] "GET /PDFContent/Beetle/CLASS%20V/?C=M;O=A HTTP/1.1" 200 433 "-" "Mozilla/5.0 (compatible; MJ12bot/v1.4.8; http://mj12bot.com/)" "brainbox.co.in"
135.181.75.58 - - [02/Jan/2023:18:59:10 -0800] "GET /PDFContent/Beetle/CLASS%20V/?C=M;O=D HTTP/1.1" 200 431 "-" "Mozilla/5.0 (compatible; MJ12bot/v1.4.8; http://mj12bot.com/)" "brainbox.co.in"
135.181.75.58 - - [02/Jan/2023:18:59:17 -0800] "GET /PDFContent/Beetle/CLASS%20V/?C=N;O=A HTTP/1.1" 200 433 "-" "Mozilla/5.0 (compatible; MJ12bot/v1.4.8; http://mj12bot.com/)" "brainbox.co.in"
135.181.75.58 - - [02/Jan/2023:18:59:25 -0800] "GET /PDFContent/Beetle/CLASS%20V/?C=N;O=D HTTP/1.1" 200 431 "-" "Mozilla/5.0 (compatible; MJ12bot/v1.4.8; http://mj12bot.com/)" "brainbox.co.in"
185.191.171.8 - - [02/Jan/2023:19:16:01 -0800] "GET /PDFContent/CREEPERS/CLASS%2001/CLASS%20-%201%20-%20TERM-3%20-%20WORKSHEETS/MATHEMATICS/ HTTP/1.1" 200 581 "-" "Mozilla/5.0 (compatible; SemrushBot/7~bl; +http://www.semrush.com/bot.html)" "brainbox.co.in"
114.119.145.183 - - [02/Jan/2023:19:26:00 -0800] "GET /PDFContent/CREEPERS/CLASS%2003/CLASS%20-%203%20-%20TERM-3%20-%20WORKSHEETS/SOCIAL/Lesson%206.%20Indian%20villages.pdf HTTP/1.1" 200 133689 "https://brainbox.co.in/PDFContent/CREEPERS/CLASS%2003/CLASS%20-%203%20-%20TERM-3%20-%20WORKSHEETS/SOCIAL/?C=N%3BO%3DD" "Mozilla/5.0 (Linux; Android 7.0;) AppleWebKit/537.36 (KHTML, like Gecko) Mobile Safari/537.36 (compatible; PetalBot;+https://webmaster.petalsearch.com/site/petalbot)" "brainbox.co.in"
114.119.143.69 - - [02/Jan/2023:19:27:53 -0800] "GET /PDFContent/Beetle/CLASS%20IV/SOCIAL/LESSON%202.%20THE%20NORTHERN%20MOUNTAIN.pdf HTTP/1.1" 200 114464 "https://brainbox.co.in/PDFContent/Beetle/CLASS%20IV/SOCIAL/?C=M%3BO%3DA" "Mozilla/5.0 (Linux; Android 7.0;) AppleWebKit/537.36 (KHTML, like Gecko) Mobile Safari/537.36 (compatible; PetalBot;+https://webmaster.petalsearch.com/site/petalbot)" "brainbox.co.in"
114.119.135.207 - - [02/Jan/2023:19:28:46 -0800] "GET /PDFContent/03%20CBSE/06%20Class%20XI/Physics/GRAVITATION/Gravitation_Variation%20of%20'g'.pdf HTTP/1.1" 200 302778 "https://brainbox.co.in/PDFContent/03%20CBSE/06%20Class%20XI/Physics/GRAVITATION/?C=D%3BO%3DA" "Mozilla/5.0 (Linux; Android 7.0;) AppleWebKit/537.36 (KHTML, like Gecko) Mobile Safari/537.36 (compatible; PetalBot;+https://webmaster.petalsearch.com/site/petalbot)" "brainbox.co.in"
51.222.253.14 - - [02/Jan/2023:19:33:01 -0800] "GET /PDFContent/03%20CBSE/03%20Class%20VIII/Chemistry/?C=S;O=A HTTP/1.1" 200 628 "-" "Mozilla/5.0 (compatible; AhrefsBot/7.0; +http://ahrefs.com/robot/)" "brainbox.co.in"
185.191.171.25 - - [02/Jan/2023:19:38:57 -0800] "GET /robots.txt HTTP/1.1" 404 88 "-" "Mozilla/5.0 (compatible; SemrushBot/7~bl; +http://www.semrush.com/bot.html)" "brainbox.co.in"
185.191.171.10 - - [02/Jan/2023:19:38:58 -0800] "GET /PDFContent/CREEPERS/CLASS%2001/CLASS%20-%201%20-%20TERM-1%20-%20WORKSHEETS/?C=S%3BO%3DA HTTP/1.1" 200 440 "-" "Mozilla/5.0 (compatible; SemrushBot/7~bl; +http://www.semrush.com/bot.html)" "brainbox.co.in"
185.191.171.38 - - [02/Jan/2023:19:52:35 -0800] "GET /PDFContent/CREEPERS/CLASS%2003/CLASS%20-%203%20-%20TERM-2%20-%20WORKSHEETS/ENGLISH/ HTTP/1.1" 200 642 "-" "Mozilla/5.0 (compatible; SemrushBot/7~bl; +http://www.semrush.com/bot.html)" "brainbox.co.in"
77.88.5.30 - - [02/Jan/2023:19:55:02 -0800] "GET /robots.txt HTTP/1.1" 404 73 "-" "Mozilla/5.0 (compatible; YandexBot/3.0; +http://yandex.com/bots)" "brainbox.co.in"
77.88.5.246 - - [02/Jan/2023:19:55:06 -0800] "GET /PDFContent/TSB_X_ENGLISH_LS05A_THE%20STOREYED%20HOUSE%20P1_EXPLANATION.pdf HTTP/1.1" 200 337637 "-" "Mozilla/5.0 (compatible; YandexBot/3.0; +http://yandex.com/bots)" "brainbox.co.in"
185.191.171.25 - - [02/Jan/2023:20:05:00 -0800] "GET /PDFContent/CREEPERS/CLASS%2005/CLASS%20-%205%20-%20TERM-1%20-%20WORKSHEETS/?C=M%3BO%3DA HTTP/1.1" 200 464 "-" "Mozilla/5.0 (compatible; SemrushBot/7~bl; +http://www.semrush.com/bot.html)" "brainbox.co.in"
185.191.171.16 - - [02/Jan/2023:20:12:26 -0800] "GET /PDFContent/CREEPERS/CLASS%2002/CLASS%20-%202%20-%20TERM-2%20-%20WORKSHEETS/?C=S%3BO%3DA HTTP/1.1" 200 439 "-" "Mozilla/5.0 (compatible; SemrushBot/7~bl; +http://www.semrush.com/bot.html)" "brainbox.co.in"
185.191.171.5 - - [02/Jan/2023:20:17:50 -0800] "GET /PDFContent/CREEPERS/CLASS%2001/CLASS%20-%201%20-%20TERM-1%20-%20WORKSHEETS/?C=D%3BO%3DA HTTP/1.1" 200 440 "-" "Mozilla/5.0 (compatible; SemrushBot/7~bl; +http://www.semrush.com/bot.html)" "brainbox.co.in"
18.118.188.121 - - [02/Jan/2023:20:28:44 -0800] "GET /~richard/templates/beez/US/uk/paypal/login.htm HTTP/1.1" 404 73 "-" "Mozilla/5.0 (Macintosh; Intel Mac OS X 10_10_5) AppleWebKit/537.36 (KHTML, like Gecko) Chrome/52.0.2743.116 Safari/537.36" "brainbox.co.in"
185.191.171.23 - - [02/Jan/2023:20:35:07 -0800] "GET /PDFContent/CREEPERS/CLASS%2005/CLASS%20-%205%20-%20TERM-2%20-%20WORKSHEETS/?C=D%3BO%3DA HTTP/1.1" 200 460 "-" "Mozilla/5.0 (compatible; SemrushBot/7~bl; +http://www.semrush.com/bot.html)" "brainbox.co.in"
185.191.171.11 - - [02/Jan/2023:20:35:56 -0800] "GET /PDFContent/CREEPERS/CLASS%2002/CLASS%20-%202%20-%20TERM-3%20-%20WORKSHEETS/ENGLISH/ HTTP/1.1" 200 588 "-" "Mozilla/5.0 (compatible; SemrushBot/7~bl; +http://www.semrush.com/bot.html)" "brainbox.co.in"
51.222.253.6 - - [02/Jan/2023:20:36:47 -0800] "GET /PDFContent/01%20TSB/ HTTP/1.1" 200 504 "-" "Mozilla/5.0 (compatible; AhrefsBot/7.0; +http://ahrefs.com/robot/)" "brainbox.co.in"
114.119.145.89 - - [02/Jan/2023:20:40:09 -0800] "GET /PDFContent/01%20TSB/03%20Class%20VIII/English/TSBoard_English_VIII_LS3B_Morals.pdf.pdf HTTP/1.1" 200 91657 "https://brainbox.co.in/PDFContent/01%20TSB/03%20Class%20VIII/English/?C=S%3BO%3DA" "Mozilla/5.0 (Linux; Android 7.0;) AppleWebKit/537.36 (KHTML, like Gecko) Mobile Safari/537.36 (compatible; PetalBot;+https://webmaster.petalsearch.com/site/petalbot)" "brainbox.co.in"
185.191.171.36 - - [02/Jan/2023:20:47:06 -0800] "GET /robots.txt HTTP/1.1" 404 88 "-" "Mozilla/5.0 (compatible; SemrushBot/7~bl; +http://www.semrush.com/bot.html)" "brainbox.co.in"
185.191.171.14 - - [02/Jan/2023:20:47:06 -0800] "GET /PDFContent/CREEPERS/CLASS%2004/CLASS%20-%204%20-%20TERM-3%20-%20WORKSHEETS/SOCIAL/ HTTP/1.1" 200 633 "-" "Mozilla/5.0 (compatible; SemrushBot/7~bl; +http://www.semrush.com/bot.html)" "brainbox.co.in"
54.151.11.99 - - [02/Jan/2023:20:54:57 -0800] "GET /~richard/templates/beez/US/uk/paypal/login.htm HTTP/1.1" 404 73 "-" "Mozilla/5.0 (Macintosh; Intel Mac OS X 10_10_5) AppleWebKit/537.36 (KHTML, like Gecko) Chrome/52.0.2743.116 Safari/537.36" "brainbox.co.in"
114.119.129.237 - - [02/Jan/2023:21:06:44 -0800] "GET /PDFContent/03%20CBSE/03%20Class%20VIII/Maths/PRACTICAL%20GEOMETRY/Practical%20Geometry_T04_To%20construct%20a%20quadrilateral%20when%20two%20adjacent%20sides%20(SSAAA).pdf HTTP/1.1" 200 327954 "https://brainbox.co.in/PDFContent/03%20CBSE/03%20Class%20VIII/Maths/PRACTICAL%20GEOMETRY/?C=S%3BO%3DA" "Mozilla/5.0 (Linux; Android 7.0;) AppleWebKit/537.36 (KHTML, like Gecko) Mobile Safari/537.36 (compatible; PetalBot;+https://webmaster.petalsearch.com/site/petalbot)" "brainbox.co.in"
185.191.171.7 - - [02/Jan/2023:21:07:10 -0800] "GET /PDFContent/CREEPERS/CLASS%2003/CLASS%20-%203%20-%20TERM-1%20-%20WORKSHEETS/?C=M%3BO%3DA HTTP/1.1" 200 459 "-" "Mozilla/5.0 (compatible; SemrushBot/7~bl; +http://www.semrush.com/bot.html)" "brainbox.co.in"
135.181.212.177 - - [02/Jan/2023:21:12:05 -0800] "GET /robots.txt HTTP/1.1" 404 73 "-" "Mozilla/5.0 (compatible; MJ12bot/v1.4.8; http://mj12bot.com/)" "www.brainbox.co.in"
