135.181.115.29 - - [02/Jan/2023:18:35:19 -0800] "GET /PDFContent/03%20CBSE/05%20Class%20X/Physics/Electricity/?C=M;O=D HTTP/1.1" 200 659 "-" "Mozilla/5.0 (compatible; MJ12bot/v1.4.8; http://mj12bot.com/)" "brainbox.co.in"
135.181.115.29 - - [02/Jan/2023:18:35:20 -0800] "GET /PDFContent/03%20CBSE/05%20Class%20X/Physics/Electricity/?C=N;O=A HTTP/1.1" 200 660 "-" "Mozilla/5.0 (compatible; MJ12bot/v1.4.8; http://mj12bot.com/)" "brainbox.co.in"
135.181.115.29 - - [02/Jan/2023:18:35:23 -0800] "GET /PDFContent/03%20CBSE/05%20Class%20X/Physics/Electricity/?C=N;O=D HTTP/1.1" 200 662 "-" "Mozilla/5.0 (compatible; MJ12bot/v1.4.8; http://mj12bot.com/)" "brainbox.co.in"
135.181.115.29 - - [02/Jan/2023:18:35:24 -0800] "GET /PDFContent/03%20CBSE/05%20Class%20X/Physics/Electricity/?C=S;O=A HTTP/1.1" 200 661 "-" "Mozilla/5.0 (compatible; MJ12bot/v1.4.8; http://mj12bot.com/)" "brainbox.co.in"
135.181.115.29 - - [02/Jan/2023:18:35:26 -0800] "GET /PDFContent/03%20CBSE/05%20Class%20X/Physics/Electricity/?C=S;O=D HTTP/1.1" 200 655 "-" "Mozilla/5.0 (compatible; MJ12bot/v1.4.8; http://mj12bot.com/)" "brainbox.co.in"
135.181.115.29 - - [02/Jan/2023:18:35:28 -0800] "GET /PDFContent/03%20CBSE/05%20Class%20X/Physics/MAGNETIC%20EFFECTS%20OF%20ELECTRIC%20CURRENT/?C=D;O=D HTTP/1.1" 200 655 "-" "Mozilla/5.0 (compatible; MJ12bot/v1.4.8; http://mj12bot.com/)" "brainbox.co.in"
135.181.115.29 - - [02/Jan/2023:18:35:30 -0800] "GET /PDFContent/03%20CBSE/05%20Class%20X/Physics/MAGNETIC%20EFFECTS%20OF%20ELECTRIC%20CURRENT/?C=M;O=D HTTP/1.1" 200 655 "-" "Mozilla/5.0 (compatible; MJ12bot/v1.4.8; http://mj12bot.com/)" "brainbox.co.in"
135.181.115.29 - - [02/Jan/2023:18:35:33 -0800] "GET /PDFContent/03%20CBSE/05%20Class%20X/Physics/MAGNETIC%20EFFECTS%20OF%20ELECTRIC%20CURRENT/?C=N;O=A HTTP/1.1" 200 660 "-" "Mozilla/5.0 (compatible; MJ12bot/v1.4.8; http://mj12bot.com/)" "brainbox.co.in"
135.181.75.58 - - [02/Jan/2023:18:35:33 -0800] "GET /PDFContent/Beetle/CLASS%20I/EVS%201-2/?C=M;O=A HTTP/1.1" 404 88 "-" "Mozilla/5.0 (compatible; MJ12bot/v1.4.8; http://mj12bot.com/)" "brainbox.co.in"
135.181.115.29 - - [02/Jan/2023:18:35:35 -0800] "GET /PDFContent/03%20CBSE/05%20Class%20X/Physics/MAGNETIC%20EFFECTS%20OF%20ELECTRIC%20CURRENT/?C=S;O=D HTTP/1.1" 200 655 "-" "Mozilla/5.0 (compatible; MJ12bot/v1.4.8; http://mj12bot.com/)" "brainbox.co.in"
135.181.115.29 - - [02/Jan/2023:18:35:37 -0800] "GET /PDFContent/03%20CBSE/05%20Class%20X/Physics/REFLECTION%20AND%20REFRACTION/?C=D;O=A HTTP/1.1" 200 812 "-" "Mozilla/5.0 (compatible; MJ12bot/v1.4.8; http://mj12bot.com/)" "brainbox.co.in"
135.181.115.29 - - [02/Jan/2023:18:35:39 -0800] "GET /PDFContent/03%20CBSE/05%20Class%20X/Physics/REFLECTION%20AND%20REFRACTION/?C=D;O=D HTTP/1.1" 200 823 "-" "Mozilla/5.0 (compatible; MJ12bot/v1.4.8; http://mj12bot.com/)" "brainbox.co.in"
135.181.115.29 - - [02/Jan/2023:18:35:41 -0800] "GET /PDFContent/03%20CBSE/05%20Class%20X/Physics/REFLECTION%20AND%20REFRACTION/?C=M;O=A HTTP/1.1" 200 829 "-" "Mozilla/5.0 (compatible; MJ12bot/v1.4.8; http://mj12bot.com/)" "brainbox.co.in"
135.181.75.58 - - [02/Jan/2023:18:35:43 -0800] "GET /PDFContent/Beetle/CLASS%20I/EVS%201-2/?C=N;O=D HTTP/1.1" 404 88 "-" "Mozilla/5.0 (compatible; MJ12bot/v1.4.8; http://mj12bot.com/)" "brainbox.co.in"
135.181.115.29 - - [02/Jan/2023:18:35:43 -0800] "GET /PDFContent/03%20CBSE/05%20Class%20X/Physics/REFLECTION%20AND%20REFRACTION/?C=M;O=D HTTP/1.1" 200 823 "-" "Mozilla/5.0 (compatible; MJ12bot/v1.4.8; http://mj12bot.com/)" "brainbox.co.in"
135.181.115.29 - - [02/Jan/2023:18:35:45 -0800] "GET /PDFContent/03%20CBSE/05%20Class%20X/Physics/REFLECTION%20AND%20REFRACTION/?C=N;O=A HTTP/1.1" 200 812 "-" "Mozilla/5.0 (compatible; MJ12bot/v1.4.8; http://mj12bot.com/)" "brainbox.co.in"
135.181.115.29 - - [02/Jan/2023:18:35:47 -0800] "GET /PDFContent/03%20CBSE/05%20Class%20X/Physics/REFLECTION%20AND%20REFRACTION/?C=N;O=D HTTP/1.1" 200 823 "-" "Mozilla/5.0 (compatible; MJ12bot/v1.4.8; http://mj12bot.com/)" "brainbox.co.in"
135.181.115.29 - - [02/Jan/2023:18:35:49 -0800] "GET /PDFContent/03%20CBSE/05%20Class%20X/Physics/REFLECTION%20AND%20REFRACTION/?C=S;O=A HTTP/1.1" 200 832 "-" "Mozilla/5.0 (compatible; MJ12bot/v1.4.8; http://mj12bot.com/)" "brainbox.co.in"
135.181.115.29 - - [02/Jan/2023:18:35:50 -0800] "GET /PDFContent/03%20CBSE/05%20Class%20X/Physics/REFLECTION%20AND%20REFRACTION/?C=S;O=D HTTP/1.1" 200 826 "-" "Mozilla/5.0 (compatible; MJ12bot/v1.4.8; http://mj12bot.com/)" "brainbox.co.in"
135.181.115.29 - - [02/Jan/2023:18:35:52 -0800] "GET /PDFContent/03%20CBSE/05%20Class%20X/Physics/SOURCE%20OF%20ENERGY/?C=D;O=D HTTP/1.1" 200 637 "-" "Mozilla/5.0 (compatible; MJ12bot/v1.4.8; http://mj12bot.com/)" "brainbox.co.in"
135.181.115.29 - - [02/Jan/2023:18:35:54 -0800] "GET /PDFContent/03%20CBSE/05%20Class%20X/Physics/SOURCE%20OF%20ENERGY/?C=M;O=D HTTP/1.1" 200 637 "-" "Mozilla/5.0 (compatible; MJ12bot/v1.4.8; http://mj12bot.com/)" "brainbox.co.in"
135.181.75.58 - - [02/Jan/2023:18:35:55 -0800] "GET /PDFContent/Beetle/CLASS%20I/EVS%201-2/?C=S;O=A HTTP/1.1" 404 88 "-" "Mozilla/5.0 (compatible; MJ12bot/v1.4.8; http://mj12bot.com/)" "brainbox.co.in"
135.181.115.29 - - [02/Jan/2023:18:35:57 -0800] "GET /PDFContent/03%20CBSE/05%20Class%20X/Physics/SOURCE%20OF%20ENERGY/?C=N;O=A HTTP/1.1" 200 639 "-" "Mozilla/5.0 (compatible; MJ12bot/v1.4.8; http://mj12bot.com/)" "brainbox.co.in"
135.181.115.29 - - [02/Jan/2023:18:35:59 -0800] "GET /PDFContent/03%20CBSE/05%20Class%20X/Physics/SOURCE%20OF%20ENERGY/?C=S;O=D HTTP/1.1" 200 638 "-" "Mozilla/5.0 (compatible; MJ12bot/v1.4.8; http://mj12bot.com/)" "brainbox.co.in"
135.181.115.29 - - [02/Jan/2023:18:36:01 -0800] "GET /PDFContent/03%20CBSE/05%20Class%20X/Sanskrit/?C=D;O=D HTTP/1.1" 200 352 "-" "Mozilla/5.0 (compatible; MJ12bot/v1.4.8; http://mj12bot.com/)" "brainbox.co.in"
135.181.75.58 - - [02/Jan/2023:18:36:03 -0800] "GET /PDFContent/Beetle/CLASS%20I/EVS/?C=D;O=A HTTP/1.1" 404 88 "-" "Mozilla/5.0 (compatible; MJ12bot/v1.4.8; http://mj12bot.com/)" "brainbox.co.in"
135.181.115.29 - - [02/Jan/2023:18:36:03 -0800] "GET /PDFContent/03%20CBSE/05%20Class%20X/Sanskrit/?C=M;O=D HTTP/1.1" 200 352 "-" "Mozilla/5.0 (compatible; MJ12bot/v1.4.8; http://mj12bot.com/)" "brainbox.co.in"
135.181.115.29 - - [02/Jan/2023:18:36:05 -0800] "GET /PDFContent/03%20CBSE/05%20Class%20X/Sanskrit/?C=N;O=A HTTP/1.1" 200 354 "-" "Mozilla/5.0 (compatible; MJ12bot/v1.4.8; http://mj12bot.com/)" "brainbox.co.in"
135.181.115.29 - - [02/Jan/2023:18:36:07 -0800] "GET /PDFContent/03%20CBSE/05%20Class%20X/Sanskrit/?C=S;O=D HTTP/1.1" 200 352 "-" "Mozilla/5.0 (compatible; MJ12bot/v1.4.8; http://mj12bot.com/)" "brainbox.co.in"
135.181.115.29 - - [02/Jan/2023:18:36:09 -0800] "GET /PDFContent/03%20CBSE/05%20Class%20X/Telugu/?C=D;O=D HTTP/1.1" 200 351 "-" "Mozilla/5.0 (compatible; MJ12bot/v1.4.8; http://mj12bot.com/)" "brainbox.co.in"
135.181.115.29 - - [02/Jan/2023:18:36:11 -0800] "GET /PDFContent/03%20CBSE/05%20Class%20X/Telugu/?C=M;O=D HTTP/1.1" 200 351 "-" "Mozilla/5.0 (compatible; MJ12bot/v1.4.8; http://mj12bot.com/)" "brainbox.co.in"
135.181.75.58 - - [02/Jan/2023:18:36:13 -0800] "GET /PDFContent/Beetle/CLASS%20I/EVS/?C=M;O=A HTTP/1.1" 404 88 "-" "Mozilla/5.0 (compatible; MJ12bot/v1.4.8; http://mj12bot.com/)" "brainbox.co.in"
135.181.115.29 - - [02/Jan/2023:18:36:13 -0800] "GET /PDFContent/03%20CBSE/05%20Class%20X/Telugu/?C=N;O=A HTTP/1.1" 200 353 "-" "Mozilla/5.0 (compatible; MJ12bot/v1.4.8; http://mj12bot.com/)" "brainbox.co.in"
135.181.115.29 - - [02/Jan/2023:18:36:16 -0800] "GET /PDFContent/03%20CBSE/05%20Class%20X/Telugu/?C=S;O=D HTTP/1.1" 200 351 "-" "Mozilla/5.0 (compatible; MJ12bot/v1.4.8; http://mj12bot.com/)" "brainbox.co.in"
135.181.115.29 - - [02/Jan/2023:18:36:17 -0800] "GET /PDFContent/03%20CBSE/06%20Class%20XI/Biology/?C=D;O=A HTTP/1.1" 200 924 "-" "Mozilla/5.0 (compatible; MJ12bot/v1.4.8; http://mj12bot.com/)" "brainbox.co.in"
135.181.115.29 - - [02/Jan/2023:18:36:20 -0800] "GET /PDFContent/03%20CBSE/06%20Class%20XI/Biology/?C=D;O=D HTTP/1.1" 200 911 "-" "Mozilla/5.0 (compatible; MJ12bot/v1.4.8; http://mj12bot.com/)" "brainbox.co.in"
135.181.115.29 - - [02/Jan/2023:18:36:22 -0800] "GET /PDFContent/03%20CBSE/06%20Class%20XI/Biology/?C=M;O=A HTTP/1.1" 200 910 "-" "Mozilla/5.0 (compatible; MJ12bot/v1.4.8; http://mj12bot.com/)" "brainbox.co.in"
135.181.115.29 - - [02/Jan/2023:18:36:24 -0800] "GET /PDFContent/03%20CBSE/06%20Class%20XI/Biology/?C=M;O=D HTTP/1.1" 200 915 "-" "Mozilla/5.0 (compatible; MJ12bot/v1.4.8; http://mj12bot.com/)" "brainbox.co.in"
135.181.75.58 - - [02/Jan/2023:18:36:25 -0800] "GET /PDFContent/Beetle/CLASS%20I/EVS/?C=N;O=D HTTP/1.1" 404 88 "-" "Mozilla/5.0 (compatible; MJ12bot/v1.4.8; http://mj12bot.com/)" "brainbox.co.in"
135.181.115.29 - - [02/Jan/2023:18:36:27 -0800] "GET /PDFContent/03%20CBSE/06%20Class%20XI/Biology/?C=N;O=A HTTP/1.1" 200 924 "-" "Mozilla/5.0 (compatible; MJ12bot/v1.4.8; http://mj12bot.com/)" "brainbox.co.in"
135.181.115.29 - - [02/Jan/2023:18:36:29 -0800] "GET /PDFContent/03%20CBSE/06%20Class%20XI/Biology/?C=N;O=D HTTP/1.1" 200 911 "-" "Mozilla/5.0 (compatible; MJ12bot/v1.4.8; http://mj12bot.com/)" "brainbox.co.in"
135.181.115.29 - - [02/Jan/2023:18:36:31 -0800] "GET /PDFContent/03%20CBSE/06%20Class%20XI/Biology/?C=S;O=A HTTP/1.1" 200 916 "-" "Mozilla/5.0 (compatible; MJ12bot/v1.4.8; http://mj12bot.com/)" "brainbox.co.in"
135.181.115.29 - - [02/Jan/2023:18:36:33 -0800] "GET /PDFContent/03%20CBSE/06%20Class%20XI/Biology/?C=S;O=D HTTP/1.1" 200 919 "-" "Mozilla/5.0 (compatible; MJ12bot/v1.4.8; http://mj12bot.com/)" "brainbox.co.in"
135.181.115.29 - - [02/Jan/2023:18:36:36 -0800] "GET /PDFContent/03%20CBSE/06%20Class%20XI/Biology/CELL%20CYCLE%20AND%20CELL%20DIVISION/ HTTP/1.1" 200 630 "-" "Mozilla/5.0 (compatible; MJ12bot/v1.4.8; http://mj12bot.com/)" "brainbox.co.in"
135.181.115.29 - - [02/Jan/2023:18:36:38 -0800] "GET /PDFContent/03%20CBSE/06%20Class%20XI/Biology/Cell-The%20unit%20of%20life/ HTTP/1.1" 200 805 "-" "Mozilla/5.0 (compatible; MJ12bot/v1.4.8; http://mj12bot.com/)" "brainbox.co.in"
135.181.115.29 - - [02/Jan/2023:18:36:41 -0800] "GET /PDFContent/03%20CBSE/06%20Class%20XI/Biology/Cell-The%20unit%20of%20life/?C=D;O=A HTTP/1.1" 200 805 "-" "Mozilla/5.0 (compatible; MJ12bot/v1.4.8; http://mj12bot.com/)" "brainbox.co.in"
135.181.115.29 - - [02/Jan/2023:18:36:43 -0800] "GET /PDFContent/03%20CBSE/06%20Class%20XI/Biology/Cell-The%20unit%20of%20life/?C=M;O=A HTTP/1.1" 200 807 "-" "Mozilla/5.0 (compatible; MJ12bot/v1.4.8; http://mj12bot.com/)" "brainbox.co.in"
135.181.75.58 - - [02/Jan/2023:18:36:45 -0800] "GET /PDFContent/Beetle/CLASS%20I/EVS/?C=S;O=A HTTP/1.1" 404 88 "-" "Mozilla/5.0 (compatible; MJ12bot/v1.4.8; http://mj12bot.com/)" "brainbox.co.in"
135.181.115.29 - - [02/Jan/2023:18:36:45 -0800] "GET /PDFContent/03%20CBSE/06%20Class%20XI/Biology/Cell-The%20unit%20of%20life/?C=N;O=D HTTP/1.1" 200 799 "-" "Mozilla/5.0 (compatible; MJ12bot/v1.4.8; http://mj12bot.com/)" "brainbox.co.in"
135.181.115.29 - - [02/Jan/2023:18:36:47 -0800] "GET /PDFContent/03%20CBSE/06%20Class%20XI/Biology/Cell-The%20unit%20of%20life/?C=S;O=A HTTP/1.1" 200 808 "-" "Mozilla/5.0 (compatible; MJ12bot/v1.4.8; http://mj12bot.com/)" "brainbox.co.in"
135.181.115.29 - - [02/Jan/2023:18:36:50 -0800] "GET /PDFContent/03%20CBSE/06%20Class%20XI/Biology/MINERAL%20NUTRITION/ HTTP/1.1" 200 728 "-" "Mozilla/5.0 (compatible; MJ12bot/v1.4.8; http://mj12bot.com/)" "brainbox.co.in"
135.181.115.29 - - [02/Jan/2023:18:36:51 -0800] "GET /PDFContent/03%20CBSE/06%20Class%20XI/Biology/TRANSPORT%20IN%20PLANTS/ HTTP/1.1" 200 661 "-" "Mozilla/5.0 (compatible; MJ12bot/v1.4.8; http://mj12bot.com/)" "brainbox.co.in"
135.181.115.29 - - [02/Jan/2023:18:36:55 -0800] "GET /PDFContent/03%20CBSE/06%20Class%20XI/Chemistry/?C=D;O=D HTTP/1.1" 200 522 "-" "Mozilla/5.0 (compatible; MJ12bot/v1.4.8; http://mj12bot.com/)" "brainbox.co.in"
135.181.75.58 - - [02/Jan/2023:18:36:57 -0800] "GET /PDFContent/Beetle/CLASS%20I/MATHEMATICS/ HTTP/1.1" 404 88 "-" "Mozilla/5.0 (compatible; MJ12bot/v1.4.8; http://mj12bot.com/)" "brainbox.co.in"
135.181.115.29 - - [02/Jan/2023:18:36:58 -0800] "GET /PDFContent/03%20CBSE/06%20Class%20XI/Chemistry/?C=M;O=D HTTP/1.1" 200 522 "-" "Mozilla/5.0 (compatible; MJ12bot/v1.4.8; http://mj12bot.com/)" "brainbox.co.in"
135.181.115.29 - - [02/Jan/2023:18:37:01 -0800] "GET /PDFContent/03%20CBSE/06%20Class%20XI/Chemistry/?C=N;O=A HTTP/1.1" 200 525 "-" "Mozilla/5.0 (compatible; MJ12bot/v1.4.8; http://mj12bot.com/)" "brainbox.co.in"
135.181.115.29 - - [02/Jan/2023:18:37:04 -0800] "GET /PDFContent/03%20CBSE/06%20Class%20XI/Chemistry/?C=S;O=D HTTP/1.1" 200 522 "-" "Mozilla/5.0 (compatible; MJ12bot/v1.4.8; http://mj12bot.com/)" "brainbox.co.in"
135.181.115.29 - - [02/Jan/2023:18:37:06 -0800] "GET /PDFContent/03%20CBSE/06%20Class%20XI/Chemistry/CHEMICAL%20BONDING/?C=D;O=D HTTP/1.1" 200 669 "-" "Mozilla/5.0 (compatible; MJ12bot/v1.4.8; http://mj12bot.com/)" "brainbox.co.in"
135.181.115.29 - - [02/Jan/2023:18:37:09 -0800] "GET /PDFContent/03%20CBSE/06%20Class%20XI/Chemistry/CHEMICAL%20BONDING/?C=M;O=D HTTP/1.1" 200 668 "-" "Mozilla/5.0 (compatible; MJ12bot/v1.4.8; http://mj12bot.com/)" "brainbox.co.in"
135.181.115.29 - - [02/Jan/2023:18:37:12 -0800] "GET /PDFContent/03%20CBSE/06%20Class%20XI/Chemistry/CHEMICAL%20BONDING/?C=N;O=A HTTP/1.1" 200 667 "-" "Mozilla/5.0 (compatible; MJ12bot/v1.4.8; http://mj12bot.com/)" "brainbox.co.in"
135.181.115.29 - - [02/Jan/2023:18:37:14 -0800] "GET /PDFContent/03%20CBSE/06%20Class%20XI/Chemistry/CHEMICAL%20BONDING/?C=S;O=D HTTP/1.1" 200 670 "-" "Mozilla/5.0 (compatible; MJ12bot/v1.4.8; http://mj12bot.com/)" "brainbox.co.in"
135.181.75.58 - - [02/Jan/2023:18:37:15 -0800] "GET /PDFContent/Beetle/CLASS%20I/MATHEMATICS%201-2/ HTTP/1.1" 404 88 "-" "Mozilla/5.0 (compatible; MJ12bot/v1.4.8; http://mj12bot.com/)" "brainbox.co.in"
135.181.115.29 - - [02/Jan/2023:18:37:17 -0800] "GET /PDFContent/03%20CBSE/06%20Class%20XI/Chemistry/GENERAL%20ORGANIC%20CHEMISTRY/?C=D;O=D HTTP/1.1" 200 768 "-" "Mozilla/5.0 (compatible; MJ12bot/v1.4.8; http://mj12bot.com/)" "brainbox.co.in"
135.181.115.29 - - [02/Jan/2023:18:37:19 -0800] "GET /PDFContent/03%20CBSE/06%20Class%20XI/Chemistry/GENERAL%20ORGANIC%20CHEMISTRY/?C=M;O=D HTTP/1.1" 200 768 "-" "Mozilla/5.0 (compatible; MJ12bot/v1.4.8; http://mj12bot.com/)" "brainbox.co.in"
135.181.115.29 - - [02/Jan/2023:18:37:22 -0800] "GET /PDFContent/03%20CBSE/06%20Class%20XI/Chemistry/GENERAL%20ORGANIC%20CHEMISTRY/?C=N;O=A HTTP/1.1" 200 772 "-" "Mozilla/5.0 (compatible; MJ12bot/v1.4.8; http://mj12bot.com/)" "brainbox.co.in"
135.181.115.29 - - [02/Jan/2023:18:37:25 -0800] "GET /PDFContent/03%20CBSE/06%20Class%20XI/Chemistry/GENERAL%20ORGANIC%20CHEMISTRY/?C=S;O=D HTTP/1.1" 200 773 "-" "Mozilla/5.0 (compatible; MJ12bot/v1.4.8; http://mj12bot.com/)" "brainbox.co.in"
135.181.75.58 - - [02/Jan/2023:18:37:27 -0800] "GET /PDFContent/Beetle/CLASS%20I/MATHEMATICS%201-2/?C=D;O=A HTTP/1.1" 404 88 "-" "Mozilla/5.0 (compatible; MJ12bot/v1.4.8; http://mj12bot.com/)" "brainbox.co.in"
135.181.115.29 - - [02/Jan/2023:18:37:28 -0800] "GET /PDFContent/03%20CBSE/06%20Class%20XI/Chemistry/HYDROCARBONS/?C=D;O=D HTTP/1.1" 200 723 "-" "Mozilla/5.0 (compatible; MJ12bot/v1.4.8; http://mj12bot.com/)" "brainbox.co.in"
135.181.115.29 - - [02/Jan/2023:18:37:30 -0800] "GET /PDFContent/03%20CBSE/06%20Class%20XI/Chemistry/HYDROCARBONS/?C=M;O=D HTTP/1.1" 200 726 "-" "Mozilla/5.0 (compatible; MJ12bot/v1.4.8; http://mj12bot.com/)" "brainbox.co.in"
135.181.115.29 - - [02/Jan/2023:18:37:33 -0800] "GET /PDFContent/03%20CBSE/06%20Class%20XI/Chemistry/HYDROCARBONS/?C=N;O=A HTTP/1.1" 200 724 "-" "Mozilla/5.0 (compatible; MJ12bot/v1.4.8; http://mj12bot.com/)" "brainbox.co.in"
135.181.115.29 - - [02/Jan/2023:18:37:35 -0800] "GET /PDFContent/03%20CBSE/06%20Class%20XI/Chemistry/HYDROCARBONS/?C=S;O=D HTTP/1.1" 200 721 "-" "Mozilla/5.0 (compatible; MJ12bot/v1.4.8; http://mj12bot.com/)" "brainbox.co.in"
135.181.115.29 - - [02/Jan/2023:18:37:37 -0800] "GET /PDFContent/03%20CBSE/06%20Class%20XI/English/?C=D;O=D HTTP/1.1" 200 353 "-" "Mozilla/5.0 (compatible; MJ12bot/v1.4.8; http://mj12bot.com/)" "brainbox.co.in"
135.181.115.29 - - [02/Jan/2023:18:37:38 -0800] "GET /PDFContent/03%20CBSE/06%20Class%20XI/English/?C=M;O=D HTTP/1.1" 200 353 "-" "Mozilla/5.0 (compatible; MJ12bot/v1.4.8; http://mj12bot.com/)" "brainbox.co.in"
135.181.115.29 - - [02/Jan/2023:18:37:41 -0800] "GET /PDFContent/03%20CBSE/06%20Class%20XI/English/?C=N;O=A HTTP/1.1" 200 354 "-" "Mozilla/5.0 (compatible; MJ12bot/v1.4.8; http://mj12bot.com/)" "brainbox.co.in"
135.181.75.58 - - [02/Jan/2023:18:37:42 -0800] "GET /PDFContent/Beetle/CLASS%20I/MATHEMATICS%201-2/?C=M;O=A HTTP/1.1" 404 88 "-" "Mozilla/5.0 (compatible; MJ12bot/v1.4.8; http://mj12bot.com/)" "brainbox.co.in"
135.181.115.29 - - [02/Jan/2023:18:37:43 -0800] "GET /PDFContent/03%20CBSE/06%20Class%20XI/English/?C=S;O=D HTTP/1.1" 200 353 "-" "Mozilla/5.0 (compatible; MJ12bot/v1.4.8; http://mj12bot.com/)" "brainbox.co.in"
135.181.115.29 - - [02/Jan/2023:18:37:44 -0800] "GET /PDFContent/03%20CBSE/06%20Class%20XI/Hindi/?C=D;O=D HTTP/1.1" 200 351 "-" "Mozilla/5.0 (compatible; MJ12bot/v1.4.8; http://mj12bot.com/)" "brainbox.co.in"
135.181.115.29 - - [02/Jan/2023:18:37:46 -0800] "GET /PDFContent/03%20CBSE/06%20Class%20XI/Hindi/?C=M;O=D HTTP/1.1" 200 351 "-" "Mozilla/5.0 (compatible; MJ12bot/v1.4.8; http://mj12bot.com/)" "brainbox.co.in"
135.181.115.29 - - [02/Jan/2023:18:37:48 -0800] "GET /PDFContent/03%20CBSE/06%20Class%20XI/Hindi/?C=N;O=A HTTP/1.1" 200 352 "-" "Mozilla/5.0 (compatible; MJ12bot/v1.4.8; http://mj12bot.com/)" "brainbox.co.in"
135.181.115.29 - - [02/Jan/2023:18:37:50 -0800] "GET /PDFContent/03%20CBSE/06%20Class%20XI/Hindi/?C=S;O=D HTTP/1.1" 200 351 "-" "Mozilla/5.0 (compatible; MJ12bot/v1.4.8; http://mj12bot.com/)" "brainbox.co.in"
135.181.115.29 - - [02/Jan/2023:18:37:52 -0800] "GET /PDFContent/03%20CBSE/06%20Class%20XI/Maths/?C=D;O=D HTTP/1.1" 200 931 "-" "Mozilla/5.0 (compatible; MJ12bot/v1.4.8; http://mj12bot.com/)" "brainbox.co.in"
135.181.115.29 - - [02/Jan/2023:18:37:55 -0800] "GET /PDFContent/03%20CBSE/06%20Class%20XI/Maths/?C=M;O=D HTTP/1.1" 200 933 "-" "Mozilla/5.0 (compatible; MJ12bot/v1.4.8; http://mj12bot.com/)" "brainbox.co.in"
135.181.115.29 - - [02/Jan/2023:18:37:57 -0800] "GET /PDFContent/03%20CBSE/06%20Class%20XI/Maths/?C=N;O=A HTTP/1.1" 200 944 "-" "Mozilla/5.0 (compatible; MJ12bot/v1.4.8; http://mj12bot.com/)" "brainbox.co.in"
135.181.75.58 - - [02/Jan/2023:18:37:57 -0800] "GET /PDFContent/Beetle/CLASS%20I/MATHEMATICS%201-2/?C=N;O=D HTTP/1.1" 404 88 "-" "Mozilla/5.0 (compatible; MJ12bot/v1.4.8; http://mj12bot.com/)" "brainbox.co.in"
135.181.115.29 - - [02/Jan/2023:18:37:59 -0800] "GET /PDFContent/03%20CBSE/06%20Class%20XI/Maths/?C=S;O=D HTTP/1.1" 200 953 "-" "Mozilla/5.0 (compatible; MJ12bot/v1.4.8; http://mj12bot.com/)" "brainbox.co.in"
135.181.115.29 - - [02/Jan/2023:18:38:01 -0800] "GET /PDFContent/03%20CBSE/06%20Class%20XI/Maths/COMPLEX%20NUMBERS%20AND%20QUADRATIC%20EQUATIONS/?C=D;O=D HTTP/1.1" 200 719 "-" "Mozilla/5.0 (compatible; MJ12bot/v1.4.8; http://mj12bot.com/)" "brainbox.co.in"
135.181.115.29 - - [02/Jan/2023:18:38:03 -0800] "GET /PDFContent/03%20CBSE/06%20Class%20XI/Maths/COMPLEX%20NUMBERS%20AND%20QUADRATIC%20EQUATIONS/?C=M;O=D HTTP/1.1" 200 719 "-" "Mozilla/5.0 (compatible; MJ12bot/v1.4.8; http://mj12bot.com/)" "brainbox.co.in"
135.181.115.29 - - [02/Jan/2023:18:38:05 -0800] "GET /PDFContent/03%20CBSE/06%20Class%20XI/Maths/COMPLEX%20NUMBERS%20AND%20QUADRATIC%20EQUATIONS/?C=N;O=A HTTP/1.1" 200 720 "-" "Mozilla/5.0 (compatible; MJ12bot/v1.4.8; http://mj12bot.com/)" "brainbox.co.in"
135.181.115.29 - - [02/Jan/2023:18:38:07 -0800] "GET /PDFContent/03%20CBSE/06%20Class%20XI/Maths/COMPLEX%20NUMBERS%20AND%20QUADRATIC%20EQUATIONS/?C=S;O=D HTTP/1.1" 200 723 "-" "Mozilla/5.0 (compatible; MJ12bot/v1.4.8; http://mj12bot.com/)" "brainbox.co.in"
135.181.75.58 - - [02/Jan/2023:18:38:09 -0800] "GET /PDFContent/Beetle/CLASS%20I/MATHEMATICS%201-2/?C=S;O=A HTTP/1.1" 404 88 "-" "Mozilla/5.0 (compatible; MJ12bot/v1.4.8; http://mj12bot.com/)" "brainbox.co.in"
135.181.115.29 - - [02/Jan/2023:18:38:09 -0800] "GET /PDFContent/03%20CBSE/06%20Class%20XI/Maths/COMPLEX%20NUMBERS/?C=D;O=D HTTP/1.1" 200 831 "-" "Mozilla/5.0 (compatible; MJ12bot/v1.4.8; http://mj12bot.com/)" "brainbox.co.in"
135.181.115.29 - - [02/Jan/2023:18:38:11 -0800] "GET /PDFContent/03%20CBSE/06%20Class%20XI/Maths/COMPLEX%20NUMBERS/?C=M;O=D HTTP/1.1" 200 831 "-" "Mozilla/5.0 (compatible; MJ12bot/v1.4.8; http://mj12bot.com/)" "brainbox.co.in"
135.181.115.29 - - [02/Jan/2023:18:38:13 -0800] "GET /PDFContent/03%20CBSE/06%20Class%20XI/Maths/COMPLEX%20NUMBERS/?C=N;O=A HTTP/1.1" 200 843 "-" "Mozilla/5.0 (compatible; MJ12bot/v1.4.8; http://mj12bot.com/)" "brainbox.co.in"
135.181.115.29 - - [02/Jan/2023:18:38:15 -0800] "GET /PDFContent/03%20CBSE/06%20Class%20XI/Maths/COMPLEX%20NUMBERS/?C=S;O=D HTTP/1.1" 200 836 "-" "Mozilla/5.0 (compatible; MJ12bot/v1.4.8; http://mj12bot.com/)" "brainbox.co.in"
135.181.115.29 - - [02/Jan/2023:18:38:17 -0800] "GET /PDFContent/03%20CBSE/06%20Class%20XI/Maths/QUADRATIC%20EQUATIONS/?C=D;O=D HTTP/1.1" 200 793 "-" "Mozilla/5.0 (compatible; MJ12bot/v1.4.8; http://mj12bot.com/)" "brainbox.co.in"
135.181.115.29 - - [02/Jan/2023:18:38:19 -0800] "GET /PDFContent/03%20CBSE/06%20Class%20XI/Maths/QUADRATIC%20EQUATIONS/?C=M;O=D HTTP/1.1" 200 790 "-" "Mozilla/5.0 (compatible; MJ12bot/v1.4.8; http://mj12bot.com/)" "brainbox.co.in"
135.181.115.29 - - [02/Jan/2023:18:38:21 -0800] "GET /PDFContent/03%20CBSE/06%20Class%20XI/Maths/QUADRATIC%20EQUATIONS/?C=N;O=A HTTP/1.1" 200 781 "-" "Mozilla/5.0 (compatible; MJ12bot/v1.4.8; http://mj12bot.com/)" "brainbox.co.in"
135.181.75.58 - - [02/Jan/2023:18:38:22 -0800] "GET /PDFContent/Beetle/CLASS%20I/MATHEMATICS/?C=D;O=A HTTP/1.1" 404 88 "-" "Mozilla/5.0 (compatible; MJ12bot/v1.4.8; http://mj12bot.com/)" "brainbox.co.in"
135.181.115.29 - - [02/Jan/2023:18:38:23 -0800] "GET /PDFContent/03%20CBSE/06%20Class%20XI/Maths/QUADRATIC%20EQUATIONS/?C=S;O=D HTTP/1.1" 200 787 "-" "Mozilla/5.0 (compatible; MJ12bot/v1.4.8; http://mj12bot.com/)" "brainbox.co.in"
135.181.115.29 - - [02/Jan/2023:18:38:25 -0800] "GET /PDFContent/03%20CBSE/06%20Class%20XI/Maths/RELATIONS/?C=D;O=D HTTP/1.1" 200 585 "-" "Mozilla/5.0 (compatible; MJ12bot/v1.4.8; http://mj12bot.com/)" "brainbox.co.in"
135.181.115.29 - - [02/Jan/2023:18:38:27 -0800] "GET /PDFContent/03%20CBSE/06%20Class%20XI/Maths/RELATIONS/?C=M;O=D HTTP/1.1" 200 585 "-" "Mozilla/5.0 (compatible; MJ12bot/v1.4.8; http://mj12bot.com/)" "brainbox.co.in"
135.181.115.29 - - [02/Jan/2023:18:38:30 -0800] "GET /PDFContent/03%20CBSE/06%20Class%20XI/Maths/RELATIONS/?C=N;O=A HTTP/1.1" 200 586 "-" "Mozilla/5.0 (compatible; MJ12bot/v1.4.8; http://mj12bot.com/)" "brainbox.co.in"
135.181.115.29 - - [02/Jan/2023:18:38:32 -0800] "GET /PDFContent/03%20CBSE/06%20Class%20XI/Maths/RELATIONS/?C=S;O=D HTTP/1.1" 200 584 "-" "Mozilla/5.0 (compatible; MJ12bot/v1.4.8; http://mj12bot.com/)" "brainbox.co.in"
135.181.115.29 - - [02/Jan/2023:18:38:34 -0800] "GET /PDFContent/03%20CBSE/06%20Class%20XI/Maths/SETS/?C=D;O=D HTTP/1.1" 200 603 "-" "Mozilla/5.0 (compatible; MJ12bot/v1.4.8; http://mj12bot.com/)" "brainbox.co.in"
135.181.75.58 - - [02/Jan/2023:18:38:35 -0800] "GET /PDFContent/Beetle/CLASS%20I/MATHEMATICS/?C=M;O=A HTTP/1.1" 404 88 "-" "Mozilla/5.0 (compatible; MJ12bot/v1.4.8; http://mj12bot.com/)" "brainbox.co.in"
135.181.115.29 - - [02/Jan/2023:18:38:36 -0800] "GET /PDFContent/03%20CBSE/06%20Class%20XI/Maths/SETS/?C=M;O=D HTTP/1.1" 200 598 "-" "Mozilla/5.0 (compatible; MJ12bot/v1.4.8; http://mj12bot.com/)" "brainbox.co.in"
135.181.115.29 - - [02/Jan/2023:18:38:38 -0800] "GET /PDFContent/03%20CBSE/06%20Class%20XI/Maths/SETS/?C=N;O=A HTTP/1.1" 200 600 "-" "Mozilla/5.0 (compatible; MJ12bot/v1.4.8; http://mj12bot.com/)" "brainbox.co.in"
135.181.115.29 - - [02/Jan/2023:18:38:40 -0800] "GET /PDFContent/03%20CBSE/06%20Class%20XI/Maths/SETS/?C=S;O=D HTTP/1.1" 200 605 "-" "Mozilla/5.0 (compatible; MJ12bot/v1.4.8; http://mj12bot.com/)" "brainbox.co.in"
135.181.115.29 - - [02/Jan/2023:18:38:42 -0800] "GET /PDFContent/03%20CBSE/06%20Class%20XI/Physics/?C=D;O=D HTTP/1.1" 200 450 "-" "Mozilla/5.0 (compatible; MJ12bot/v1.4.8; http://mj12bot.com/)" "brainbox.co.in"
135.181.75.58 - - [02/Jan/2023:18:38:43 -0800] "GET /PDFContent/Beetle/CLASS%20I/MATHEMATICS/?C=N;O=D HTTP/1.1" 404 88 "-" "Mozilla/5.0 (compatible; MJ12bot/v1.4.8; http://mj12bot.com/)" "brainbox.co.in"
135.181.115.29 - - [02/Jan/2023:18:38:44 -0800] "GET /PDFContent/03%20CBSE/06%20Class%20XI/Physics/?C=M;O=D HTTP/1.1" 200 450 "-" "Mozilla/5.0 (compatible; MJ12bot/v1.4.8; http://mj12bot.com/)" "brainbox.co.in"
135.181.115.29 - - [02/Jan/2023:18:38:46 -0800] "GET /PDFContent/03%20CBSE/06%20Class%20XI/Physics/?C=N;O=A HTTP/1.1" 200 452 "-" "Mozilla/5.0 (compatible; MJ12bot/v1.4.8; http://mj12bot.com/)" "brainbox.co.in"
135.181.115.29 - - [02/Jan/2023:18:38:48 -0800] "GET /PDFContent/03%20CBSE/06%20Class%20XI/Physics/?C=S;O=D HTTP/1.1" 200 450 "-" "Mozilla/5.0 (compatible; MJ12bot/v1.4.8; http://mj12bot.com/)" "brainbox.co.in"
135.181.115.29 - - [02/Jan/2023:18:38:50 -0800] "GET /PDFContent/03%20CBSE/06%20Class%20XI/Physics/GRAVITATION/?C=D;O=D HTTP/1.1" 200 697 "-" "Mozilla/5.0 (compatible; MJ12bot/v1.4.8; http://mj12bot.com/)" "brainbox.co.in"
135.181.115.29 - - [02/Jan/2023:18:38:52 -0800] "GET /PDFContent/03%20CBSE/06%20Class%20XI/Physics/GRAVITATION/?C=M;O=D HTTP/1.1" 200 693 "-" "Mozilla/5.0 (compatible; MJ12bot/v1.4.8; http://mj12bot.com/)" "brainbox.co.in"
135.181.115.29 - - [02/Jan/2023:18:38:54 -0800] "GET /PDFContent/03%20CBSE/06%20Class%20XI/Physics/GRAVITATION/?C=N;O=A HTTP/1.1" 200 701 "-" "Mozilla/5.0 (compatible; MJ12bot/v1.4.8; http://mj12bot.com/)" "brainbox.co.in"
135.181.75.58 - - [02/Jan/2023:18:38:55 -0800] "GET /PDFContent/Beetle/CLASS%20I/MATHEMATICS/?C=S;O=A HTTP/1.1" 404 88 "-" "Mozilla/5.0 (compatible; MJ12bot/v1.4.8; http://mj12bot.com/)" "brainbox.co.in"
135.181.115.29 - - [02/Jan/2023:18:38:55 -0800] "GET /PDFContent/03%20CBSE/06%20Class%20XI/Physics/GRAVITATION/?C=S;O=D HTTP/1.1" 200 700 "-" "Mozilla/5.0 (compatible; MJ12bot/v1.4.8; http://mj12bot.com/)" "brainbox.co.in"
135.181.115.29 - - [02/Jan/2023:18:38:57 -0800] "GET /PDFContent/03%20CBSE/06%20Class%20XI/Physics/MOTION%20IN%20STRAIGHT%20LINE/?C=D;O=A HTTP/1.1" 200 829 "-" "Mozilla/5.0 (compatible; MJ12bot/v1.4.8; http://mj12bot.com/)" "brainbox.co.in"
135.181.115.29 - - [02/Jan/2023:18:38:59 -0800] "GET /PDFContent/03%20CBSE/06%20Class%20XI/Physics/MOTION%20IN%20STRAIGHT%20LINE/?C=D;O=D HTTP/1.1" 200 822 "-" "Mozilla/5.0 (compatible; MJ12bot/v1.4.8; http://mj12bot.com/)" "brainbox.co.in"
135.181.115.29 - - [02/Jan/2023:18:39:01 -0800] "GET /PDFContent/03%20CBSE/06%20Class%20XI/Physics/MOTION%20IN%20STRAIGHT%20LINE/?C=M;O=A HTTP/1.1" 200 830 "-" "Mozilla/5.0 (compatible; MJ12bot/v1.4.8; http://mj12bot.com/)" "brainbox.co.in"
135.181.115.29 - - [02/Jan/2023:18:39:03 -0800] "GET /PDFContent/03%20CBSE/06%20Class%20XI/Physics/MOTION%20IN%20STRAIGHT%20LINE/?C=M;O=D HTTP/1.1" 200 823 "-" "Mozilla/5.0 (compatible; MJ12bot/v1.4.8; http://mj12bot.com/)" "brainbox.co.in"
135.181.115.29 - - [02/Jan/2023:18:39:05 -0800] "GET /PDFContent/03%20CBSE/06%20Class%20XI/Physics/MOTION%20IN%20STRAIGHT%20LINE/?C=N;O=A HTTP/1.1" 200 829 "-" "Mozilla/5.0 (compatible; MJ12bot/v1.4.8; http://mj12bot.com/)" "brainbox.co.in"
135.181.115.29 - - [02/Jan/2023:18:39:07 -0800] "GET /PDFContent/03%20CBSE/06%20Class%20XI/Physics/MOTION%20IN%20STRAIGHT%20LINE/?C=N;O=D HTTP/1.1" 200 822 "-" "Mozilla/5.0 (compatible; MJ12bot/v1.4.8; http://mj12bot.com/)" "brainbox.co.in"
135.181.75.58 - - [02/Jan/2023:18:39:08 -0800] "GET /PDFContent/Beetle/CLASS%20II/?C=D;O=A HTTP/1.1" 200 463 "-" "Mozilla/5.0 (compatible; MJ12bot/v1.4.8; http://mj12bot.com/)" "brainbox.co.in"
135.181.115.29 - - [02/Jan/2023:18:39:09 -0800] "GET /PDFContent/03%20CBSE/06%20Class%20XI/Physics/MOTION%20IN%20STRAIGHT%20LINE/?C=S;O=A HTTP/1.1" 200 843 "-" "Mozilla/5.0 (compatible; MJ12bot/v1.4.8; http://mj12bot.com/)" "brainbox.co.in"
135.181.115.29 - - [02/Jan/2023:18:39:11 -0800] "GET /PDFContent/03%20CBSE/06%20Class%20XI/Physics/MOTION%20IN%20STRAIGHT%20LINE/?C=S;O=D HTTP/1.1" 200 836 "-" "Mozilla/5.0 (compatible; MJ12bot/v1.4.8; http://mj12bot.com/)" "brainbox.co.in"
135.181.115.29 - - [02/Jan/2023:18:39:13 -0800] "GET /PDFContent/03%20CBSE/06%20Class%20XI/Sanskrit/?C=D;O=D HTTP/1.1" 200 353 "-" "Mozilla/5.0 (compatible; MJ12bot/v1.4.8; http://mj12bot.com/)" "brainbox.co.in"
135.181.115.29 - - [02/Jan/2023:18:39:14 -0800] "GET /PDFContent/03%20CBSE/06%20Class%20XI/Sanskrit/?C=M;O=D HTTP/1.1" 200 353 "-" "Mozilla/5.0 (compatible; MJ12bot/v1.4.8; http://mj12bot.com/)" "brainbox.co.in"
135.181.115.29 - - [02/Jan/2023:18:39:16 -0800] "GET /PDFContent/03%20CBSE/06%20Class%20XI/Sanskrit/?C=N;O=A HTTP/1.1" 200 355 "-" "Mozilla/5.0 (compatible; MJ12bot/v1.4.8; http://mj12bot.com/)" "brainbox.co.in"
135.181.115.29 - - [02/Jan/2023:18:39:18 -0800] "GET /PDFContent/03%20CBSE/06%20Class%20XI/Sanskrit/?C=S;O=D HTTP/1.1" 200 353 "-" "Mozilla/5.0 (compatible; MJ12bot/v1.4.8; http://mj12bot.com/)" "brainbox.co.in"
135.181.115.29 - - [02/Jan/2023:18:39:20 -0800] "GET /PDFContent/03%20CBSE/06%20Class%20XI/Telugu/?C=D;O=D HTTP/1.1" 200 353 "-" "Mozilla/5.0 (compatible; MJ12bot/v1.4.8; http://mj12bot.com/)" "brainbox.co.in"
135.181.115.29 - - [02/Jan/2023:18:39:22 -0800] "GET /PDFContent/03%20CBSE/06%20Class%20XI/Telugu/?C=M;O=D HTTP/1.1" 200 353 "-" "Mozilla/5.0 (compatible; MJ12bot/v1.4.8; http://mj12bot.com/)" "brainbox.co.in"
135.181.75.58 - - [02/Jan/2023:18:39:23 -0800] "GET /PDFContent/Beetle/CLASS%20II/?C=D;O=D HTTP/1.1" 200 466 "-" "Mozilla/5.0 (compatible; MJ12bot/v1.4.8; http://mj12bot.com/)" "brainbox.co.in"
135.181.115.29 - - [02/Jan/2023:18:39:24 -0800] "GET /PDFContent/03%20CBSE/06%20Class%20XI/Telugu/?C=N;O=A HTTP/1.1" 200 355 "-" "Mozilla/5.0 (compatible; MJ12bot/v1.4.8; http://mj12bot.com/)" "brainbox.co.in"
135.181.115.29 - - [02/Jan/2023:18:39:25 -0800] "GET /PDFContent/03%20CBSE/06%20Class%20XI/Telugu/?C=S;O=D HTTP/1.1" 200 353 "-" "Mozilla/5.0 (compatible; MJ12bot/v1.4.8; http://mj12bot.com/)" "brainbox.co.in"
135.181.115.29 - - [02/Jan/2023:18:39:27 -0800] "GET /PDFContent/03%20CBSE/07%20Class%20XII/Biology/?C=D;O=A HTTP/1.1" 200 1044 "-" "Mozilla/5.0 (compatible; MJ12bot/v1.4.8; http://mj12bot.com/)" "brainbox.co.in"
135.181.115.29 - - [02/Jan/2023:18:39:29 -0800] "GET /PDFContent/03%20CBSE/07%20Class%20XII/Biology/?C=D;O=D HTTP/1.1" 200 1052 "-" "Mozilla/5.0 (compatible; MJ12bot/v1.4.8; http://mj12bot.com/)" "brainbox.co.in"
135.181.115.29 - - [02/Jan/2023:18:39:31 -0800] "GET /PDFContent/03%20CBSE/07%20Class%20XII/Biology/?C=M;O=A HTTP/1.1" 200 1054 "-" "Mozilla/5.0 (compatible; MJ12bot/v1.4.8; http://mj12bot.com/)" "brainbox.co.in"
135.181.115.29 - - [02/Jan/2023:18:39:33 -0800] "GET /PDFContent/03%20CBSE/07%20Class%20XII/Biology/?C=M;O=D HTTP/1.1" 200 1050 "-" "Mozilla/5.0 (compatible; MJ12bot/v1.4.8; http://mj12bot.com/)" "brainbox.co.in"
135.181.115.29 - - [02/Jan/2023:18:39:35 -0800] "GET /PDFContent/03%20CBSE/07%20Class%20XII/Biology/?C=N;O=A HTTP/1.1" 200 1044 "-" "Mozilla/5.0 (compatible; MJ12bot/v1.4.8; http://mj12bot.com/)" "brainbox.co.in"
135.181.75.58 - - [02/Jan/2023:18:39:36 -0800] "GET /PDFContent/Beetle/CLASS%20II/?C=M;O=A HTTP/1.1" 200 466 "-" "Mozilla/5.0 (compatible; MJ12bot/v1.4.8; http://mj12bot.com/)" "brainbox.co.in"
135.181.115.29 - - [02/Jan/2023:18:39:37 -0800] "GET /PDFContent/03%20CBSE/07%20Class%20XII/Biology/?C=N;O=D HTTP/1.1" 200 1052 "-" "Mozilla/5.0 (compatible; MJ12bot/v1.4.8; http://mj12bot.com/)" "brainbox.co.in"
135.181.115.29 - - [02/Jan/2023:18:39:39 -0800] "GET /PDFContent/03%20CBSE/07%20Class%20XII/Biology/?C=S;O=A HTTP/1.1" 200 1051 "-" "Mozilla/5.0 (compatible; MJ12bot/v1.4.8; http://mj12bot.com/)" "brainbox.co.in"
135.181.115.29 - - [02/Jan/2023:18:39:41 -0800] "GET /PDFContent/03%20CBSE/07%20Class%20XII/Biology/?C=S;O=D HTTP/1.1" 200 1048 "-" "Mozilla/5.0 (compatible; MJ12bot/v1.4.8; http://mj12bot.com/)" "brainbox.co.in"
135.181.115.29 - - [02/Jan/2023:18:39:43 -0800] "GET /PDFContent/03%20CBSE/07%20Class%20XII/Biology/BIOTECHNOLOGY%20%20AND%20ITS%20APPLICATIONS/ HTTP/1.1" 200 631 "-" "Mozilla/5.0 (compatible; MJ12bot/v1.4.8; http://mj12bot.com/)" "brainbox.co.in"
135.181.115.29 - - [02/Jan/2023:18:39:45 -0800] "GET /PDFContent/03%20CBSE/07%20Class%20XII/Biology/BIOTECHNOLOGY-PRINCIPLES%20AND%20PROCESES/ HTTP/1.1" 200 716 "-" "Mozilla/5.0 (compatible; MJ12bot/v1.4.8; http://mj12bot.com/)" "brainbox.co.in"
135.181.115.29 - - [02/Jan/2023:18:39:47 -0800] "GET /PDFContent/03%20CBSE/07%20Class%20XII/Chemistry/?C=D;O=D HTTP/1.1" 200 430 "-" "Mozilla/5.0 (compatible; MJ12bot/v1.4.8; http://mj12bot.com/)" "brainbox.co.in"
135.181.115.29 - - [02/Jan/2023:18:39:49 -0800] "GET /PDFContent/03%20CBSE/07%20Class%20XII/Chemistry/?C=M;O=D HTTP/1.1" 200 430 "-" "Mozilla/5.0 (compatible; MJ12bot/v1.4.8; http://mj12bot.com/)" "brainbox.co.in"
135.181.115.29 - - [02/Jan/2023:18:39:51 -0800] "GET /PDFContent/03%20CBSE/07%20Class%20XII/Chemistry/?C=N;O=A HTTP/1.1" 200 432 "-" "Mozilla/5.0 (compatible; MJ12bot/v1.4.8; http://mj12bot.com/)" "brainbox.co.in"
135.181.75.58 - - [02/Jan/2023:18:39:51 -0800] "GET /PDFContent/Beetle/CLASS%20II/?C=M;O=D HTTP/1.1" 200 462 "-" "Mozilla/5.0 (compatible; MJ12bot/v1.4.8; http://mj12bot.com/)" "brainbox.co.in"
135.181.115.29 - - [02/Jan/2023:18:39:52 -0800] "GET /PDFContent/03%20CBSE/07%20Class%20XII/Chemistry/?C=S;O=D HTTP/1.1" 200 430 "-" "Mozilla/5.0 (compatible; MJ12bot/v1.4.8; http://mj12bot.com/)" "brainbox.co.in"
135.181.115.29 - - [02/Jan/2023:18:39:54 -0800] "GET /PDFContent/03%20CBSE/07%20Class%20XII/Chemistry/SOLID%20STATE/?C=D;O=A HTTP/1.1" 200 781 "-" "Mozilla/5.0 (compatible; MJ12bot/v1.4.8; http://mj12bot.com/)" "brainbox.co.in"
135.181.115.29 - - [02/Jan/2023:18:39:56 -0800] "GET /PDFContent/03%20CBSE/07%20Class%20XII/Chemistry/SOLID%20STATE/?C=D;O=D HTTP/1.1" 200 782 "-" "Mozilla/5.0 (compatible; MJ12bot/v1.4.8; http://mj12bot.com/)" "brainbox.co.in"
135.181.115.29 - - [02/Jan/2023:18:39:58 -0800] "GET /PDFContent/03%20CBSE/07%20Class%20XII/Chemistry/SOLID%20STATE/?C=M;O=A HTTP/1.1" 200 785 "-" "Mozilla/5.0 (compatible; MJ12bot/v1.4.8; http://mj12bot.com/)" "brainbox.co.in"
135.181.115.29 - - [02/Jan/2023:18:40:00 -0800] "GET /PDFContent/03%20CBSE/07%20Class%20XII/Chemistry/SOLID%20STATE/?C=M;O=D HTTP/1.1" 200 781 "-" "Mozilla/5.0 (compatible; MJ12bot/v1.4.8; http://mj12bot.com/)" "brainbox.co.in"
135.181.75.58 - - [02/Jan/2023:18:40:01 -0800] "GET /PDFContent/Beetle/CLASS%20II/?C=N;O=A HTTP/1.1" 200 463 "-" "Mozilla/5.0 (compatible; MJ12bot/v1.4.8; http://mj12bot.com/)" "brainbox.co.in"
135.181.115.29 - - [02/Jan/2023:18:40:02 -0800] "GET /PDFContent/03%20CBSE/07%20Class%20XII/Chemistry/SOLID%20STATE/?C=N;O=A HTTP/1.1" 200 781 "-" "Mozilla/5.0 (compatible; MJ12bot/v1.4.8; http://mj12bot.com/)" "brainbox.co.in"
135.181.115.29 - - [02/Jan/2023:18:40:04 -0800] "GET /PDFContent/03%20CBSE/07%20Class%20XII/Chemistry/SOLID%20STATE/?C=N;O=D HTTP/1.1" 200 782 "-" "Mozilla/5.0 (compatible; MJ12bot/v1.4.8; http://mj12bot.com/)" "brainbox.co.in"
135.181.115.29 - - [02/Jan/2023:18:40:06 -0800] "GET /PDFContent/03%20CBSE/07%20Class%20XII/Chemistry/SOLID%20STATE/?C=S;O=A HTTP/1.1" 200 789 "-" "Mozilla/5.0 (compatible; MJ12bot/v1.4.8; http://mj12bot.com/)" "brainbox.co.in"
135.181.115.29 - - [02/Jan/2023:18:40:08 -0800] "GET /PDFContent/03%20CBSE/07%20Class%20XII/Chemistry/SOLID%20STATE/?C=S;O=D HTTP/1.1" 200 782 "-" "Mozilla/5.0 (compatible; MJ12bot/v1.4.8; http://mj12bot.com/)" "brainbox.co.in"
135.181.115.29 - - [02/Jan/2023:18:40:09 -0800] "GET /PDFContent/03%20CBSE/07%20Class%20XII/Chemistry/SOLUTIONS/?C=D;O=A HTTP/1.1" 200 696 "-" "Mozilla/5.0 (compatible; MJ12bot/v1.4.8; http://mj12bot.com/)" "brainbox.co.in"
135.181.115.29 - - [02/Jan/2023:18:40:11 -0800] "GET /PDFContent/03%20CBSE/07%20Class%20XII/Chemistry/SOLUTIONS/?C=D;O=D HTTP/1.1" 200 696 "-" "Mozilla/5.0 (compatible; MJ12bot/v1.4.8; http://mj12bot.com/)" "brainbox.co.in"
135.181.115.29 - - [02/Jan/2023:18:40:13 -0800] "GET /PDFContent/03%20CBSE/07%20Class%20XII/Chemistry/SOLUTIONS/?C=M;O=A HTTP/1.1" 200 697 "-" "Mozilla/5.0 (compatible; MJ12bot/v1.4.8; http://mj12bot.com/)" "brainbox.co.in"
135.181.75.58 - - [02/Jan/2023:18:40:14 -0800] "GET /PDFContent/Beetle/CLASS%20II/?C=N;O=D HTTP/1.1" 200 466 "-" "Mozilla/5.0 (compatible; MJ12bot/v1.4.8; http://mj12bot.com/)" "brainbox.co.in"
135.181.115.29 - - [02/Jan/2023:18:40:15 -0800] "GET /PDFContent/03%20CBSE/07%20Class%20XII/Chemistry/SOLUTIONS/?C=M;O=D HTTP/1.1" 200 699 "-" "Mozilla/5.0 (compatible; MJ12bot/v1.4.8; http://mj12bot.com/)" "brainbox.co.in"
135.181.115.29 - - [02/Jan/2023:18:40:17 -0800] "GET /PDFContent/03%20CBSE/07%20Class%20XII/Chemistry/SOLUTIONS/?C=N;O=A HTTP/1.1" 200 696 "-" "Mozilla/5.0 (compatible; MJ12bot/v1.4.8; http://mj12bot.com/)" "brainbox.co.in"
135.181.115.29 - - [02/Jan/2023:18:40:19 -0800] "GET /PDFContent/03%20CBSE/07%20Class%20XII/Chemistry/SOLUTIONS/?C=N;O=D HTTP/1.1" 200 696 "-" "Mozilla/5.0 (compatible; MJ12bot/v1.4.8; http://mj12bot.com/)" "brainbox.co.in"
135.181.115.29 - - [02/Jan/2023:18:40:21 -0800] "GET /PDFContent/03%20CBSE/07%20Class%20XII/Chemistry/SOLUTIONS/?C=S;O=A HTTP/1.1" 200 703 "-" "Mozilla/5.0 (compatible; MJ12bot/v1.4.8; http://mj12bot.com/)" "brainbox.co.in"
135.181.115.29 - - [02/Jan/2023:18:40:23 -0800] "GET /PDFContent/03%20CBSE/07%20Class%20XII/Chemistry/SOLUTIONS/?C=S;O=D HTTP/1.1" 200 701 "-" "Mozilla/5.0 (compatible; MJ12bot/v1.4.8; http://mj12bot.com/)" "brainbox.co.in"
135.181.115.29 - - [02/Jan/2023:18:40:25 -0800] "GET /PDFContent/03%20CBSE/07%20Class%20XII/English/?C=D;O=D HTTP/1.1" 200 353 "-" "Mozilla/5.0 (compatible; MJ12bot/v1.4.8; http://mj12bot.com/)" "brainbox.co.in"
135.181.115.29 - - [02/Jan/2023:18:40:27 -0800] "GET /PDFContent/03%20CBSE/07%20Class%20XII/English/?C=M;O=D HTTP/1.1" 200 353 "-" "Mozilla/5.0 (compatible; MJ12bot/v1.4.8; http://mj12bot.com/)" "brainbox.co.in"
135.181.75.58 - - [02/Jan/2023:18:40:27 -0800] "GET /PDFContent/Beetle/CLASS%20II/?C=S;O=A HTTP/1.1" 200 463 "-" "Mozilla/5.0 (compatible; MJ12bot/v1.4.8; http://mj12bot.com/)" "brainbox.co.in"
135.181.115.29 - - [02/Jan/2023:18:40:28 -0800] "GET /PDFContent/03%20CBSE/07%20Class%20XII/English/?C=N;O=A HTTP/1.1" 200 355 "-" "Mozilla/5.0 (compatible; MJ12bot/v1.4.8; http://mj12bot.com/)" "brainbox.co.in"
135.181.115.29 - - [02/Jan/2023:18:40:30 -0800] "GET /PDFContent/03%20CBSE/07%20Class%20XII/English/?C=S;O=D HTTP/1.1" 200 353 "-" "Mozilla/5.0 (compatible; MJ12bot/v1.4.8; http://mj12bot.com/)" "brainbox.co.in"
135.181.115.29 - - [02/Jan/2023:18:40:32 -0800] "GET /PDFContent/03%20CBSE/07%20Class%20XII/Hindi/?C=D;O=D HTTP/1.1" 200 352 "-" "Mozilla/5.0 (compatible; MJ12bot/v1.4.8; http://mj12bot.com/)" "brainbox.co.in"
135.181.115.29 - - [02/Jan/2023:18:40:34 -0800] "GET /PDFContent/03%20CBSE/07%20Class%20XII/Hindi/?C=M;O=D HTTP/1.1" 200 352 "-" "Mozilla/5.0 (compatible; MJ12bot/v1.4.8; http://mj12bot.com/)" "brainbox.co.in"
135.181.115.29 - - [02/Jan/2023:18:40:36 -0800] "GET /PDFContent/03%20CBSE/07%20Class%20XII/Hindi/?C=N;O=A HTTP/1.1" 200 354 "-" "Mozilla/5.0 (compatible; MJ12bot/v1.4.8; http://mj12bot.com/)" "brainbox.co.in"
135.181.115.29 - - [02/Jan/2023:18:40:37 -0800] "GET /PDFContent/03%20CBSE/07%20Class%20XII/Hindi/?C=S;O=D HTTP/1.1" 200 352 "-" "Mozilla/5.0 (compatible; MJ12bot/v1.4.8; http://mj12bot.com/)" "brainbox.co.in"
135.181.75.58 - - [02/Jan/2023:18:40:39 -0800] "GET /PDFContent/Beetle/CLASS%20II/?C=S;O=D HTTP/1.1" 200 466 "-" "Mozilla/5.0 (compatible; MJ12bot/v1.4.8; http://mj12bot.com/)" "brainbox.co.in"
135.181.115.29 - - [02/Jan/2023:18:40:39 -0800] "GET /PDFContent/03%20CBSE/07%20Class%20XII/Maths/?C=D;O=D HTTP/1.1" 200 748 "-" "Mozilla/5.0 (compatible; MJ12bot/v1.4.8; http://mj12bot.com/)" "brainbox.co.in"
135.181.115.29 - - [02/Jan/2023:18:40:41 -0800] "GET /PDFContent/03%20CBSE/07%20Class%20XII/Maths/?C=M;O=D HTTP/1.1" 200 743 "-" "Mozilla/5.0 (compatible; MJ12bot/v1.4.8; http://mj12bot.com/)" "brainbox.co.in"
135.181.115.29 - - [02/Jan/2023:18:40:43 -0800] "GET /PDFContent/03%20CBSE/07%20Class%20XII/Maths/?C=N;O=A HTTP/1.1" 200 748 "-" "Mozilla/5.0 (compatible; MJ12bot/v1.4.8; http://mj12bot.com/)" "brainbox.co.in"
135.181.115.29 - - [02/Jan/2023:18:40:45 -0800] "GET /PDFContent/03%20CBSE/07%20Class%20XII/Maths/?C=S;O=D HTTP/1.1" 200 761 "-" "Mozilla/5.0 (compatible; MJ12bot/v1.4.8; http://mj12bot.com/)" "brainbox.co.in"
135.181.115.29 - - [02/Jan/2023:18:40:47 -0800] "GET /PDFContent/03%20CBSE/07%20Class%20XII/Maths/CBSE_XII_MATHS_LS08_APPLICATION%20OF%20INTEGRALS/?C=D;O=A HTTP/1.1" 200 557 "-" "Mozilla/5.0 (compatible; MJ12bot/v1.4.8; http://mj12bot.com/)" "brainbox.co.in"
135.181.75.58 - - [02/Jan/2023:18:40:48 -0800] "GET /PDFContent/Beetle/CLASS%20II/ENGLISH/ HTTP/1.1" 200 624 "-" "Mozilla/5.0 (compatible; MJ12bot/v1.4.8; http://mj12bot.com/)" "brainbox.co.in"
135.181.115.29 - - [02/Jan/2023:18:40:49 -0800] "GET /PDFContent/03%20CBSE/07%20Class%20XII/Maths/CBSE_XII_MATHS_LS08_APPLICATION%20OF%20INTEGRALS/?C=D;O=D HTTP/1.1" 200 554 "-" "Mozilla/5.0 (compatible; MJ12bot/v1.4.8; http://mj12bot.com/)" "brainbox.co.in"
135.181.115.29 - - [02/Jan/2023:18:40:51 -0800] "GET /PDFContent/03%20CBSE/07%20Class%20XII/Maths/CBSE_XII_MATHS_LS08_APPLICATION%20OF%20INTEGRALS/?C=M;O=A HTTP/1.1" 200 557 "-" "Mozilla/5.0 (compatible; MJ12bot/v1.4.8; http://mj12bot.com/)" "brainbox.co.in"
135.181.115.29 - - [02/Jan/2023:18:40:53 -0800] "GET /PDFContent/03%20CBSE/07%20Class%20XII/Maths/CBSE_XII_MATHS_LS08_APPLICATION%20OF%20INTEGRALS/?C=M;O=D HTTP/1.1" 200 554 "-" "Mozilla/5.0 (compatible; MJ12bot/v1.4.8; http://mj12bot.com/)" "brainbox.co.in"
135.181.115.29 - - [02/Jan/2023:18:40:55 -0800] "GET /PDFContent/03%20CBSE/07%20Class%20XII/Maths/CBSE_XII_MATHS_LS08_APPLICATION%20OF%20INTEGRALS/?C=N;O=A HTTP/1.1" 200 557 "-" "Mozilla/5.0 (compatible; MJ12bot/v1.4.8; http://mj12bot.com/)" "brainbox.co.in"
135.181.115.29 - - [02/Jan/2023:18:40:57 -0800] "GET /PDFContent/03%20CBSE/07%20Class%20XII/Maths/CBSE_XII_MATHS_LS08_APPLICATION%20OF%20INTEGRALS/?C=N;O=D HTTP/1.1" 200 554 "-" "Mozilla/5.0 (compatible; MJ12bot/v1.4.8; http://mj12bot.com/)" "brainbox.co.in"
135.181.115.29 - - [02/Jan/2023:18:40:59 -0800] "GET /PDFContent/03%20CBSE/07%20Class%20XII/Maths/CBSE_XII_MATHS_LS08_APPLICATION%20OF%20INTEGRALS/?C=S;O=A HTTP/1.1" 200 557 "-" "Mozilla/5.0 (compatible; MJ12bot/v1.4.8; http://mj12bot.com/)" "brainbox.co.in"
135.181.115.29 - - [02/Jan/2023:18:41:01 -0800] "GET /PDFContent/03%20CBSE/07%20Class%20XII/Maths/CBSE_XII_MATHS_LS08_APPLICATION%20OF%20INTEGRALS/?C=S;O=D HTTP/1.1" 200 555 "-" "Mozilla/5.0 (compatible; MJ12bot/v1.4.8; http://mj12bot.com/)" "brainbox.co.in"
135.181.75.58 - - [02/Jan/2023:18:41:02 -0800] "GET /PDFContent/Beetle/CLASS%20II/ENGLISH%20SEM%202/ HTTP/1.1" 200 615 "-" "Mozilla/5.0 (compatible; MJ12bot/v1.4.8; http://mj12bot.com/)" "brainbox.co.in"
135.181.115.29 - - [02/Jan/2023:18:41:02 -0800] "GET /PDFContent/03%20CBSE/07%20Class%20XII/Maths/PROBABILITY/?C=D;O=A HTTP/1.1" 200 649 "-" "Mozilla/5.0 (compatible; MJ12bot/v1.4.8; http://mj12bot.com/)" "brainbox.co.in"
135.181.115.29 - - [02/Jan/2023:18:41:04 -0800] "GET /PDFContent/03%20CBSE/07%20Class%20XII/Maths/PROBABILITY/?C=D;O=D HTTP/1.1" 200 650 "-" "Mozilla/5.0 (compatible; MJ12bot/v1.4.8; http://mj12bot.com/)" "brainbox.co.in"
135.181.115.29 - - [02/Jan/2023:18:41:06 -0800] "GET /PDFContent/03%20CBSE/07%20Class%20XII/Maths/PROBABILITY/?C=M;O=A HTTP/1.1" 200 647 "-" "Mozilla/5.0 (compatible; MJ12bot/v1.4.8; http://mj12bot.com/)" "brainbox.co.in"
135.181.115.29 - - [02/Jan/2023:18:41:08 -0800] "GET /PDFContent/03%20CBSE/07%20Class%20XII/Maths/PROBABILITY/?C=M;O=D HTTP/1.1" 200 648 "-" "Mozilla/5.0 (compatible; MJ12bot/v1.4.8; http://mj12bot.com/)" "brainbox.co.in"
135.181.115.29 - - [02/Jan/2023:18:41:10 -0800] "GET /PDFContent/03%20CBSE/07%20Class%20XII/Maths/PROBABILITY/?C=N;O=A HTTP/1.1" 200 649 "-" "Mozilla/5.0 (compatible; MJ12bot/v1.4.8; http://mj12bot.com/)" "brainbox.co.in"
135.181.115.29 - - [02/Jan/2023:18:41:12 -0800] "GET /PDFContent/03%20CBSE/07%20Class%20XII/Maths/PROBABILITY/?C=N;O=D HTTP/1.1" 200 650 "-" "Mozilla/5.0 (compatible; MJ12bot/v1.4.8; http://mj12bot.com/)" "brainbox.co.in"
135.181.115.29 - - [02/Jan/2023:18:41:14 -0800] "GET /PDFContent/03%20CBSE/07%20Class%20XII/Maths/PROBABILITY/?C=S;O=A HTTP/1.1" 200 651 "-" "Mozilla/5.0 (compatible; MJ12bot/v1.4.8; http://mj12bot.com/)" "brainbox.co.in"
135.181.75.58 - - [02/Jan/2023:18:41:14 -0800] "GET /PDFContent/Beetle/CLASS%20II/ENGLISH%20SEM%202/?C=D;O=A HTTP/1.1" 200 615 "-" "Mozilla/5.0 (compatible; MJ12bot/v1.4.8; http://mj12bot.com/)" "brainbox.co.in"
135.181.115.29 - - [02/Jan/2023:18:41:15 -0800] "GET /PDFContent/03%20CBSE/07%20Class%20XII/Maths/PROBABILITY/?C=S;O=D HTTP/1.1" 200 653 "-" "Mozilla/5.0 (compatible; MJ12bot/v1.4.8; http://mj12bot.com/)" "brainbox.co.in"
135.181.75.58 - - [02/Jan/2023:18:41:25 -0800] "GET /PDFContent/Beetle/CLASS%20II/ENGLISH%20SEM%202/?C=M;O=A HTTP/1.1" 200 615 "-" "Mozilla/5.0 (compatible; MJ12bot/v1.4.8; http://mj12bot.com/)" "brainbox.co.in"
135.181.75.58 - - [02/Jan/2023:18:41:37 -0800] "GET /PDFContent/Beetle/CLASS%20II/ENGLISH%20SEM%202/?C=N;O=D HTTP/1.1" 200 614 "-" "Mozilla/5.0 (compatible; MJ12bot/v1.4.8; http://mj12bot.com/)" "brainbox.co.in"
135.181.115.29 - - [02/Jan/2023:18:41:45 -0800] "GET /PDFContent/03%20CBSE/07%20Class%20XII/Maths/PROBABILITY/?C=S;O=A HTTP/1.1" 200 651 "-" "Mozilla/5.0 (compatible; MJ12bot/v1.4.8; http://mj12bot.com/)" "brainbox.co.in"
135.181.115.29 - - [02/Jan/2023:18:41:47 -0800] "GET /PDFContent/03%20CBSE/07%20Class%20XII/Maths/PROBABILITY/?C=S;O=D HTTP/1.1" 200 653 "-" "Mozilla/5.0 (compatible; MJ12bot/v1.4.8; http://mj12bot.com/)" "brainbox.co.in"
135.181.75.58 - - [02/Jan/2023:18:41:49 -0800] "GET /PDFContent/Beetle/CLASS%20II/ENGLISH%20SEM%202/?C=S;O=A HTTP/1.1" 200 614 "-" "Mozilla/5.0 (compatible; MJ12bot/v1.4.8; http://mj12bot.com/)" "brainbox.co.in"
135.181.115.29 - - [02/Jan/2023:18:41:49 -0800] "GET /PDFContent/03%20CBSE/07%20Class%20XII/Physics/?C=D;O=D HTTP/1.1" 200 457 "-" "Mozilla/5.0 (compatible; MJ12bot/v1.4.8; http://mj12bot.com/)" "brainbox.co.in"
135.181.115.29 - - [02/Jan/2023:18:41:50 -0800] "GET /PDFContent/03%20CBSE/07%20Class%20XII/Physics/?C=M;O=D HTTP/1.1" 200 457 "-" "Mozilla/5.0 (compatible; MJ12bot/v1.4.8; http://mj12bot.com/)" "brainbox.co.in"
135.181.115.29 - - [02/Jan/2023:18:41:52 -0800] "GET /PDFContent/03%20CBSE/07%20Class%20XII/Physics/?C=N;O=A HTTP/1.1" 200 460 "-" "Mozilla/5.0 (compatible; MJ12bot/v1.4.8; http://mj12bot.com/)" "brainbox.co.in"
135.181.115.29 - - [02/Jan/2023:18:41:54 -0800] "GET /PDFContent/03%20CBSE/07%20Class%20XII/Physics/?C=S;O=D HTTP/1.1" 200 457 "-" "Mozilla/5.0 (compatible; MJ12bot/v1.4.8; http://mj12bot.com/)" "brainbox.co.in"
135.181.115.29 - - [02/Jan/2023:18:41:56 -0800] "GET /PDFContent/03%20CBSE/07%20Class%20XII/Physics/CURRENT%20ELECTRICITY/?C=D;O=A HTTP/1.1" 200 650 "-" "Mozilla/5.0 (compatible; MJ12bot/v1.4.8; http://mj12bot.com/)" "brainbox.co.in"
135.181.115.29 - - [02/Jan/2023:18:41:58 -0800] "GET /PDFContent/03%20CBSE/07%20Class%20XII/Physics/CURRENT%20ELECTRICITY/?C=D;O=D HTTP/1.1" 200 648 "-" "Mozilla/5.0 (compatible; MJ12bot/v1.4.8; http://mj12bot.com/)" "brainbox.co.in"
135.181.115.29 - - [02/Jan/2023:18:41:59 -0800] "GET /PDFContent/03%20CBSE/07%20Class%20XII/Physics/CURRENT%20ELECTRICITY/?C=M;O=A HTTP/1.1" 200 647 "-" "Mozilla/5.0 (compatible; MJ12bot/v1.4.8; http://mj12bot.com/)" "brainbox.co.in"
135.181.75.58 - - [02/Jan/2023:18:42:00 -0800] "GET /PDFContent/Beetle/CLASS%20II/ENGLISH/?C=D;O=A HTTP/1.1" 200 624 "-" "Mozilla/5.0 (compatible; MJ12bot/v1.4.8; http://mj12bot.com/)" "brainbox.co.in"
135.181.115.29 - - [02/Jan/2023:18:42:01 -0800] "GET /PDFContent/03%20CBSE/07%20Class%20XII/Physics/CURRENT%20ELECTRICITY/?C=M;O=D HTTP/1.1" 200 649 "-" "Mozilla/5.0 (compatible; MJ12bot/v1.4.8; http://mj12bot.com/)" "brainbox.co.in"
135.181.115.29 - - [02/Jan/2023:18:42:03 -0800] "GET /PDFContent/03%20CBSE/07%20Class%20XII/Physics/CURRENT%20ELECTRICITY/?C=N;O=A HTTP/1.1" 200 650 "-" "Mozilla/5.0 (compatible; MJ12bot/v1.4.8; http://mj12bot.com/)" "brainbox.co.in"
135.181.115.29 - - [02/Jan/2023:18:42:05 -0800] "GET /PDFContent/03%20CBSE/07%20Class%20XII/Physics/CURRENT%20ELECTRICITY/?C=N;O=D HTTP/1.1" 200 648 "-" "Mozilla/5.0 (compatible; MJ12bot/v1.4.8; http://mj12bot.com/)" "brainbox.co.in"
114.119.147.58 - - [02/Jan/2023:18:42:06 -0800] "GET /PDFContent/04%20ICSE/07%20Class%20XII/Chemistry/?C=D%3BO%3DA HTTP/1.1" 200 356 "https://brainbox.co.in/PDFContent/04%20ICSE/07%20Class%20XII/Chemistry/?C=S%3BO%3DA" "Mozilla/5.0 (Linux; Android 7.0;) AppleWebKit/537.36 (KHTML, like Gecko) Mobile Safari/537.36 (compatible; PetalBot;+https://webmaster.petalsearch.com/site/petalbot)" "brainbox.co.in"
135.181.115.29 - - [02/Jan/2023:18:42:07 -0800] "GET /PDFContent/03%20CBSE/07%20Class%20XII/Physics/CURRENT%20ELECTRICITY/?C=S;O=A HTTP/1.1" 200 653 "-" "Mozilla/5.0 (compatible; MJ12bot/v1.4.8; http://mj12bot.com/)" "brainbox.co.in"
135.181.115.29 - - [02/Jan/2023:18:42:08 -0800] "GET /PDFContent/03%20CBSE/07%20Class%20XII/Physics/CURRENT%20ELECTRICITY/?C=S;O=D HTTP/1.1" 200 647 "-" "Mozilla/5.0 (compatible; MJ12bot/v1.4.8; http://mj12bot.com/)" "brainbox.co.in"
135.181.115.29 - - [02/Jan/2023:18:42:10 -0800] "GET /PDFContent/03%20CBSE/07%20Class%20XII/Physics/ELECTRIC%20CHARGES%20AND%20FIELDS/?C=D;O=A HTTP/1.1" 200 687 "-" "Mozilla/5.0 (compatible; MJ12bot/v1.4.8; http://mj12bot.com/)" "brainbox.co.in"
135.181.75.58 - - [02/Jan/2023:18:42:12 -0800] "GET /PDFContent/Beetle/CLASS%20II/ENGLISH/?C=M;O=A HTTP/1.1" 200 624 "-" "Mozilla/5.0 (compatible; MJ12bot/v1.4.8; http://mj12bot.com/)" "brainbox.co.in"
