114.119.130.29 - - [28/Nov/2022:03:31:21 -0800] "GET /PDFContent/03%20CBSE/01%20Class%20VI/Chemistry/?C=N%3BO%3DD HTTP/1.1" 200 407 "https://brainbox.co.in/PDFContent/03%20CBSE/01%20Class%20VI/Chemistry/?C=S%3BO%3DA" "Mozilla/5.0 (Linux; Android 7.0;) AppleWebKit/537.36 (KHTML, like Gecko) Mobile Safari/537.36 (compatible; PetalBot;+https://webmaster.petalsearch.com/site/petalbot)" "brainbox.co.in"
114.119.148.161 - - [28/Nov/2022:03:36:31 -0800] "GET /PDFContent/03%20CBSE/07%20Class%20XII/Biology/BIOTECHNOLOGY-PRINCIPLES%20AND%20PROCESES/Biotechnology-Principles%20&%20Process_T07_Process%20of%20Recombinant%20DNA%20technology_A,B%20&%20C.pdf HTTP/1.1" 200 228703 "https://brainbox.co.in/PDFContent/03%20CBSE/07%20Class%20XII/Biology/BIOTECHNOLOGY-PRINCIPLES%20AND%20PROCESES/?C=S%3BO%3DA" "Mozilla/5.0 (Linux; Android 7.0;) AppleWebKit/537.36 (KHTML, like Gecko) Mobile Safari/537.36 (compatible; PetalBot;+https://webmaster.petalsearch.com/site/petalbot)" "brainbox.co.in"
104.196.165.78 - - [28/Nov/2022:03:40:43 -0800] "GET /?C=M;O=A HTTP/1.1" 200 429 "-" "ZoominfoBot (zoominfobot at zoominfo dot com)" "brainbox.co.in"
114.119.156.16 - - [28/Nov/2022:03:41:40 -0800] "GET /PDFContent/01%20TSB/03%20Class%20VIII/English/LS5C/ HTTP/1.1" 200 535 "https://brainbox.co.in/PDFContent/01%20TSB/03%20Class%20VIII/English/" "Mozilla/5.0 (Linux; Android 7.0;) AppleWebKit/537.36 (KHTML, like Gecko) Mobile Safari/537.36 (compatible; PetalBot;+https://webmaster.petalsearch.com/site/petalbot)" "brainbox.co.in"
104.196.165.78 - - [28/Nov/2022:03:44:13 -0800] "GET /?C=N;O=D HTTP/1.1" 200 428 "-" "ZoominfoBot (zoominfobot at zoominfo dot com)" "www.brainbox.co.in"
51.222.253.19 - - [28/Nov/2022:03:44:28 -0800] "GET /PDFContent/02%20APSB/06%20Class%20XI/Chemistry/?C=M;O=D HTTP/1.1" 200 354 "-" "Mozilla/5.0 (compatible; AhrefsBot/7.0; +http://ahrefs.com/robot/)" "brainbox.co.in"
114.119.130.29 - - [28/Nov/2022:03:46:52 -0800] "GET /PDFContent/03%20CBSE/07%20Class%20XII/Chemistry/SOLID%20STATE/Solid%20State_T08_PACKING%20EFFICIENCY(BCC).pdf HTTP/1.1" 200 237810 "https://brainbox.co.in/PDFContent/03%20CBSE/07%20Class%20XII/Chemistry/SOLID%20STATE/?C=S%3BO%3DA" "Mozilla/5.0 (Linux; Android 7.0;) AppleWebKit/537.36 (KHTML, like Gecko) Mobile Safari/537.36 (compatible; PetalBot;+https://webmaster.petalsearch.com/site/petalbot)" "brainbox.co.in"
114.119.136.99 - - [28/Nov/2022:03:52:02 -0800] "GET /PDFContent/01%20TSB/06%20Class%20XI/Chemistry/ HTTP/1.1" 200 355 "https://brainbox.co.in/PDFContent/01%20TSB/06%20Class%20XI/?C=M%3BO%3DA" "Mozilla/5.0 (Linux; Android 7.0;) AppleWebKit/537.36 (KHTML, like Gecko) Mobile Safari/537.36 (compatible; PetalBot;+https://webmaster.petalsearch.com/site/petalbot)" "brainbox.co.in"
114.119.131.203 - - [28/Nov/2022:03:57:16 -0800] "GET /PDFContent/01%20TSB/05%20Class%20X/English/THE%20STOREYED%20HOUSE%20P1/?C=M%3BO%3DA HTTP/1.1" 200 548 "https://brainbox.co.in/PDFContent/01%20TSB/05%20Class%20X/English/THE%20STOREYED%20HOUSE%20P1/?C=N%3BO%3DD" "Mozilla/5.0 (Linux; Android 7.0;) AppleWebKit/537.36 (KHTML, like Gecko) Mobile Safari/537.36 (compatible; PetalBot;+https://webmaster.petalsearch.com/site/petalbot)" "brainbox.co.in"
114.119.156.16 - - [28/Nov/2022:04:02:24 -0800] "GET /PDFContent/03%20CBSE/03%20Class%20VIII/Maths/INTRODUCTION%20TO%20GRAPHS/Introduction%20to%20Graphs_Construction%20of%20graphs.pdf HTTP/1.1" 200 430065 "https://brainbox.co.in/PDFContent/03%20CBSE/03%20Class%20VIII/Maths/INTRODUCTION%20TO%20GRAPHS/?C=D%3BO%3DA" "Mozilla/5.0 (Linux; Android 7.0;) AppleWebKit/537.36 (KHTML, like Gecko) Mobile Safari/537.36 (compatible; PetalBot;+https://webmaster.petalsearch.com/site/petalbot)" "brainbox.co.in"
77.88.9.131 - - [28/Nov/2022:04:02:38 -0800] "GET /PDFContent/02%20APSB/05%20Class%20X/ HTTP/1.1" 200 463 "-" "Mozilla/5.0 (compatible; YandexBot/3.0; +http://yandex.com/bots)" "brainbox.co.in"
114.119.130.152 - - [28/Nov/2022:04:07:34 -0800] "GET /PDFContent/03%20CBSE/06%20Class%20XI/Biology/Cell-The%20unit%20of%20life/?C=D%3BO%3DA HTTP/1.1" 200 805 "https://brainbox.co.in/PDFContent/03%20CBSE/06%20Class%20XI/Biology/Cell-The%20unit%20of%20life/?C=S%3BO%3DA" "Mozilla/5.0 (Linux; Android 7.0;) AppleWebKit/537.36 (KHTML, like Gecko) Mobile Safari/537.36 (compatible; PetalBot;+https://webmaster.petalsearch.com/site/petalbot)" "brainbox.co.in"
114.119.131.203 - - [28/Nov/2022:04:12:52 -0800] "GET /PDFContent/01%20TSB/03%20Class%20VIII/English/LS2C/TSB_VIII_ENGLISH_LS02C_REACHING%20THE%20UNREACHED_LESSON%20EXPLANATION.pdf HTTP/1.1" 200 351408 "https://brainbox.co.in/PDFContent/01%20TSB/03%20Class%20VIII/English/LS2C/?C=D%3BO%3DA" "Mozilla/5.0 (Linux; Android 7.0;) AppleWebKit/537.36 (KHTML, like Gecko) Mobile Safari/537.36 (compatible; PetalBot;+https://webmaster.petalsearch.com/site/petalbot)" "brainbox.co.in"
51.222.253.1 - - [28/Nov/2022:04:15:09 -0800] "GET /PDFContent/02%20APSB/01%20Class%20VI/English/?C=N;O=D HTTP/1.1" 200 352 "-" "Mozilla/5.0 (compatible; AhrefsBot/7.0; +http://ahrefs.com/robot/)" "brainbox.co.in"
114.119.130.29 - - [28/Nov/2022:04:17:56 -0800] "GET /PDFContent/03%20CBSE/04%20Class%20IX/Sanskrit/?C=N%3BO%3DD HTTP/1.1" 200 354 "https://brainbox.co.in/PDFContent/03%20CBSE/04%20Class%20IX/Sanskrit/?C=S%3BO%3DA" "Mozilla/5.0 (Linux; Android 7.0;) AppleWebKit/537.36 (KHTML, like Gecko) Mobile Safari/537.36 (compatible; PetalBot;+https://webmaster.petalsearch.com/site/petalbot)" "brainbox.co.in"
114.119.130.152 - - [28/Nov/2022:04:23:05 -0800] "GET /PDFContent/03%20CBSE/03%20Class%20VIII/Maths/ALGEBRAIC%20EXPRESSIONS%20AND%20IDENTITIES/CBSE_VIII_MATHS_LS09_ALGEBRAIC%20EXPRESSION%20OF%20IDENTITIES_ADDING%20AND%20SUBTRACTING%20FOR%20ANY%20NEGATIVE%20NUMBERS.pdf HTTP/1.1" 200 365285 "https://brainbox.co.in/PDFContent/03%20CBSE/03%20Class%20VIII/Maths/ALGEBRAIC%20EXPRESSIONS%20AND%20IDENTITIES/" "Mozilla/5.0 (Linux; Android 7.0;) AppleWebKit/537.36 (KHTML, like Gecko) Mobile Safari/537.36 (compatible; PetalBot;+https://webmaster.petalsearch.com/site/petalbot)" "brainbox.co.in"
114.119.156.16 - - [28/Nov/2022:04:28:16 -0800] "GET /PDFContent/03%20CBSE/07%20Class%20XII/Biology/BIOTECHNOLOGY-PRINCIPLES%20AND%20PROCESES/Biotechnology-Principles%20&%20Process_T02_Restriction%20Enzymes.pdf HTTP/1.1" 200 385547 "https://brainbox.co.in/PDFContent/03%20CBSE/07%20Class%20XII/Biology/BIOTECHNOLOGY-PRINCIPLES%20AND%20PROCESES/?C=S%3BO%3DA" "Mozilla/5.0 (Linux; Android 7.0;) AppleWebKit/537.36 (KHTML, like Gecko) Mobile Safari/537.36 (compatible; PetalBot;+https://webmaster.petalsearch.com/site/petalbot)" "brainbox.co.in"
114.119.130.29 - - [28/Nov/2022:04:33:26 -0800] "GET /PDFContent/03%20CBSE/03%20Class%20VIII/Chemistry/Combustion%20and%20Flames/CBSE_VIII_CHEMISTRY_COMBUSTION%20&%20FLAMES_Harmful%20effects%20of%20over%20Fuel.pdf HTTP/1.1" 200 267569 "https://brainbox.co.in/PDFContent/03%20CBSE/03%20Class%20VIII/Chemistry/Combustion%20and%20Flames/?C=M%3BO%3DA" "Mozilla/5.0 (Linux; Android 7.0;) AppleWebKit/537.36 (KHTML, like Gecko) Mobile Safari/537.36 (compatible; PetalBot;+https://webmaster.petalsearch.com/site/petalbot)" "brainbox.co.in"
114.119.131.203 - - [28/Nov/2022:04:38:36 -0800] "GET /PDFContent/01%20TSB/04%20Class%20IX/English/?C=N%3BO%3DD HTTP/1.1" 200 353 "https://brainbox.co.in/PDFContent/01%20TSB/04%20Class%20IX/English/?C=S%3BO%3DA" "Mozilla/5.0 (Linux; Android 7.0;) AppleWebKit/537.36 (KHTML, like Gecko) Mobile Safari/537.36 (compatible; PetalBot;+https://webmaster.petalsearch.com/site/petalbot)" "brainbox.co.in"
114.119.144.29 - - [28/Nov/2022:04:43:46 -0800] "GET /PDFContent/01%20TSB/02%20Class%20VII/Telugu/?C=N%3BO%3DD HTTP/1.1" 200 353 "https://brainbox.co.in/PDFContent/01%20TSB/02%20Class%20VII/Telugu/" "Mozilla/5.0 (Linux; Android 7.0;) AppleWebKit/537.36 (KHTML, like Gecko) Mobile Safari/537.36 (compatible; PetalBot;+https://webmaster.petalsearch.com/site/petalbot)" "brainbox.co.in"
114.119.130.29 - - [28/Nov/2022:04:49:12 -0800] "GET /PDFContent/03%20CBSE/04%20Class%20IX/Hindi/Biology/?C=D%3BO%3DA HTTP/1.1" 200 358 "https://brainbox.co.in/PDFContent/03%20CBSE/04%20Class%20IX/Hindi/Biology/?C=N%3BO%3DD" "Mozilla/5.0 (Linux; Android 7.0;) AppleWebKit/537.36 (KHTML, like Gecko) Mobile Safari/537.36 (compatible; PetalBot;+https://webmaster.petalsearch.com/site/petalbot)" "brainbox.co.in"
114.119.136.99 - - [28/Nov/2022:04:54:09 -0800] "GET /taskdiary/ HTTP/1.1" 200 314 "https://brainbox.co.in/" "Mozilla/5.0 (Linux; Android 7.0;) AppleWebKit/537.36 (KHTML, like Gecko) Mobile Safari/537.36 (compatible; PetalBot;+https://webmaster.petalsearch.com/site/petalbot)" "brainbox.co.in"
54.67.66.51 - - [28/Nov/2022:04:55:53 -0800] "GET /~richard/templates/beez/US/uk/paypal/login.htm HTTP/1.1" 404 73 "-" "Mozilla/5.0 (Macintosh; Intel Mac OS X 10_10_5) AppleWebKit/537.36 (KHTML, like Gecko) Chrome/52.0.2743.116 Safari/537.36" "brainbox.co.in"
114.119.148.161 - - [28/Nov/2022:04:59:18 -0800] "GET /PDFContent/03%20CBSE/04%20Class%20IX/Chemistry/ATOMS%20AND%20MOLECULES/?C=S%3BO%3DA HTTP/1.1" 200 611 "https://brainbox.co.in/PDFContent/03%20CBSE/04%20Class%20IX/Chemistry/ATOMS%20AND%20MOLECULES/" "Mozilla/5.0 (Linux; Android 7.0;) AppleWebKit/537.36 (KHTML, like Gecko) Mobile Safari/537.36 (compatible; PetalBot;+https://webmaster.petalsearch.com/site/petalbot)" "brainbox.co.in"
114.119.129.184 - - [28/Nov/2022:05:04:30 -0800] "GET /PDFContent/Beetle/CLASS%20V/SOCIAL/SEM%202/LESSON%208.%20THE%20BRITISH%20RULE%20IN%20INDIA.pdf HTTP/1.1" 200 186067 "https://brainbox.co.in/PDFContent/Beetle/CLASS%20V/SOCIAL/SEM%202/" "Mozilla/5.0 (Linux; Android 7.0;) AppleWebKit/537.36 (KHTML, like Gecko) Mobile Safari/537.36 (compatible; PetalBot;+https://webmaster.petalsearch.com/site/petalbot)" "brainbox.co.in"
114.119.148.161 - - [28/Nov/2022:05:09:38 -0800] "GET /PDFContent/03%20CBSE/07%20Class%20XII/Maths/CBSE_XII_MATHS_LS08_APPLICATION%20OF%20INTEGRALS/Applications%20of%20Integrals_T01_Introduction.pdf HTTP/1.1" 200 272328 "https://brainbox.co.in/PDFContent/03%20CBSE/07%20Class%20XII/Maths/CBSE_XII_MATHS_LS08_APPLICATION%20OF%20INTEGRALS/?C=D%3BO%3DA" "Mozilla/5.0 (Linux; Android 7.0;) AppleWebKit/537.36 (KHTML, like Gecko) Mobile Safari/537.36 (compatible; PetalBot;+https://webmaster.petalsearch.com/site/petalbot)" "brainbox.co.in"
3.22.194.166 - - [28/Nov/2022:05:09:59 -0800] "GET /~richard/templates/beez/US/uk/paypal/login.htm HTTP/1.1" 404 73 "-" "Mozilla/5.0 (Macintosh; Intel Mac OS X 10_10_5) AppleWebKit/537.36 (KHTML, like Gecko) Chrome/52.0.2743.116 Safari/537.36" "brainbox.co.in"
114.119.130.152 - - [28/Nov/2022:05:14:48 -0800] "GET /PDFContent/01%20TSB/06%20Class%20XI/Telugu/?C=M%3BO%3DA HTTP/1.1" 200 353 "https://brainbox.co.in/PDFContent/01%20TSB/06%20Class%20XI/Telugu/?C=N%3BO%3DD" "Mozilla/5.0 (Linux; Android 7.0;) AppleWebKit/537.36 (KHTML, like Gecko) Mobile Safari/537.36 (compatible; PetalBot;+https://webmaster.petalsearch.com/site/petalbot)" "brainbox.co.in"
51.222.253.5 - - [28/Nov/2022:05:14:53 -0800] "GET /PDFContent/02%20APSB/06%20Class%20XI/Telugu/?C=N;O=D HTTP/1.1" 200 353 "-" "Mozilla/5.0 (compatible; AhrefsBot/7.0; +http://ahrefs.com/robot/)" "brainbox.co.in"
114.119.156.16 - - [28/Nov/2022:05:19:59 -0800] "GET /PDFContent/01%20TSB/03%20Class%20VIII/English/LS1A/New/?C=S%3BO%3DA HTTP/1.1" 200 507 "https://brainbox.co.in/PDFContent/01%20TSB/03%20Class%20VIII/English/LS1A/New/" "Mozilla/5.0 (Linux; Android 7.0;) AppleWebKit/537.36 (KHTML, like Gecko) Mobile Safari/537.36 (compatible; PetalBot;+https://webmaster.petalsearch.com/site/petalbot)" "brainbox.co.in"
114.119.148.161 - - [28/Nov/2022:05:25:08 -0800] "GET /PDFContent/English/CLASS%20-%201%20WORKSHEETS/Lesson-7%20The%20Sun%20and%20the%20Wind.pdf HTTP/1.1" 200 96906 "https://brainbox.co.in/PDFContent/English/CLASS%20-%201%20WORKSHEETS/" "Mozilla/5.0 (Linux; Android 7.0;) AppleWebKit/537.36 (KHTML, like Gecko) Mobile Safari/537.36 (compatible; PetalBot;+https://webmaster.petalsearch.com/site/petalbot)" "brainbox.co.in"
114.119.129.184 - - [28/Nov/2022:05:30:18 -0800] "GET /PDFContent/01%20TSB/03%20Class%20VIII/English/LS6A/?C=N%3BO%3DD HTTP/1.1" 200 537 "https://brainbox.co.in/PDFContent/01%20TSB/03%20Class%20VIII/English/LS6A/?C=D%3BO%3DA" "Mozilla/5.0 (Linux; Android 7.0;) AppleWebKit/537.36 (KHTML, like Gecko) Mobile Safari/537.36 (compatible; PetalBot;+https://webmaster.petalsearch.com/site/petalbot)" "brainbox.co.in"
114.119.130.152 - - [28/Nov/2022:05:35:29 -0800] "GET /PDFContent/03%20CBSE/03%20Class%20VIII/Maths/ALGEBRAIC%20EXPRESSIONS%20AND%20IDENTITIES/CBSE_VIII_MATHS_LS09_ALGEBRAIC%20EXPRESSION%20OF%20IDENTITIES_ADDITION%20OF%20ALGEBRAIC%20EXPRESSIONS.pdf HTTP/1.1" 200 269528 "https://brainbox.co.in/PDFContent/03%20CBSE/03%20Class%20VIII/Maths/ALGEBRAIC%20EXPRESSIONS%20AND%20IDENTITIES/" "Mozilla/5.0 (Linux; Android 7.0;) AppleWebKit/537.36 (KHTML, like Gecko) Mobile Safari/537.36 (compatible; PetalBot;+https://webmaster.petalsearch.com/site/petalbot)" "brainbox.co.in"
114.119.156.16 - - [28/Nov/2022:05:40:38 -0800] "GET /PDFContent/04%20ICSE/04%20Class%20IX/?C=S%3BO%3DA HTTP/1.1" 200 462 "https://brainbox.co.in/PDFContent/04%20ICSE/04%20Class%20IX/?C=N%3BO%3DD" "Mozilla/5.0 (Linux; Android 7.0;) AppleWebKit/537.36 (KHTML, like Gecko) Mobile Safari/537.36 (compatible; PetalBot;+https://webmaster.petalsearch.com/site/petalbot)" "brainbox.co.in"
51.222.253.16 - - [28/Nov/2022:05:41:03 -0800] "GET /PDFContent/03%20CBSE/02%20Class%20VII/Sanskrit/?C=M;O=D HTTP/1.1" 200 353 "-" "Mozilla/5.0 (compatible; AhrefsBot/7.0; +http://ahrefs.com/robot/)" "brainbox.co.in"
114.119.144.29 - - [28/Nov/2022:05:45:51 -0800] "GET /PDFContent/02%20APSB/02%20Class%20VII/Physics/?C=D%3BO%3DA HTTP/1.1" 200 353 "https://brainbox.co.in/PDFContent/02%20APSB/02%20Class%20VII/Physics/?C=S%3BO%3DA" "Mozilla/5.0 (Linux; Android 7.0;) AppleWebKit/537.36 (KHTML, like Gecko) Mobile Safari/537.36 (compatible; PetalBot;+https://webmaster.petalsearch.com/site/petalbot)" "brainbox.co.in"
114.119.131.203 - - [28/Nov/2022:05:51:00 -0800] "GET /PDFContent/01%20TSB/04%20Class%20IX/Maths/ HTTP/1.1" 200 389 "https://brainbox.co.in/PDFContent/01%20TSB/04%20Class%20IX/Maths/Biology/" "Mozilla/5.0 (Linux; Android 7.0;) AppleWebKit/537.36 (KHTML, like Gecko) Mobile Safari/537.36 (compatible; PetalBot;+https://webmaster.petalsearch.com/site/petalbot)" "brainbox.co.in"
51.222.253.18 - - [28/Nov/2022:05:56:05 -0800] "GET /PDFContent/03%20CBSE/02%20Class%20VII/Sanskrit/?C=S;O=D HTTP/1.1" 200 353 "-" "Mozilla/5.0 (compatible; AhrefsBot/7.0; +http://ahrefs.com/robot/)" "brainbox.co.in"
114.119.136.99 - - [28/Nov/2022:05:56:15 -0800] "GET /PDFContent/03%20CBSE/02%20Class%20VII/Hindi/Word%20Meaning/CBSC_VII_LS01_CHIDIYA%20AUR%20CHURUNGUN_WORD%20MEANING.pdf HTTP/1.1" 200 610818 "https://brainbox.co.in/PDFContent/03%20CBSE/02%20Class%20VII/Hindi/Word%20Meaning/?C=N%3BO%3DD" "Mozilla/5.0 (Linux; Android 7.0;) AppleWebKit/537.36 (KHTML, like Gecko) Mobile Safari/537.36 (compatible; PetalBot;+https://webmaster.petalsearch.com/site/petalbot)" "brainbox.co.in"
114.119.130.152 - - [28/Nov/2022:06:01:22 -0800] "GET /PDFContent/01%20TSB/03%20Class%20VIII/Maths/?C=D%3BO%3DA HTTP/1.1" 200 353 "https://brainbox.co.in/PDFContent/01%20TSB/03%20Class%20VIII/Maths/?C=N%3BO%3DD" "Mozilla/5.0 (Linux; Android 7.0;) AppleWebKit/537.36 (KHTML, like Gecko) Mobile Safari/537.36 (compatible; PetalBot;+https://webmaster.petalsearch.com/site/petalbot)" "brainbox.co.in"
114.119.148.161 - - [28/Nov/2022:06:06:40 -0800] "GET /PDFContent/03%20CBSE/05%20Class%20X/Hindi/SPARSH/LS02/?C=M%3BO%3DA HTTP/1.1" 200 542 "https://brainbox.co.in/PDFContent/03%20CBSE/05%20Class%20X/Hindi/SPARSH/LS02/?C=S%3BO%3DA" "Mozilla/5.0 (Linux; Android 7.0;) AppleWebKit/537.36 (KHTML, like Gecko) Mobile Safari/537.36 (compatible; PetalBot;+https://webmaster.petalsearch.com/site/petalbot)" "brainbox.co.in"
114.119.129.184 - - [28/Nov/2022:06:11:43 -0800] "GET /PDFContent/03%20CBSE/05%20Class%20X/Hindi/SPARSH/LS15/?C=S%3BO%3DA HTTP/1.1" 200 539 "https://brainbox.co.in/PDFContent/03%20CBSE/05%20Class%20X/Hindi/SPARSH/LS15/?C=M%3BO%3DA" "Mozilla/5.0 (Linux; Android 7.0;) AppleWebKit/537.36 (KHTML, like Gecko) Mobile Safari/537.36 (compatible; PetalBot;+https://webmaster.petalsearch.com/site/petalbot)" "brainbox.co.in"
114.119.129.184 - - [28/Nov/2022:06:16:52 -0800] "GET /PDFContent/01%20TSB/02%20Class%20VII/Hindi/word%20meaning/TSV_VII_LS01_MANN%20KARTA%20HAI_WORD%20MEANING.pdf HTTP/1.1" 200 201742 "https://brainbox.co.in/PDFContent/01%20TSB/02%20Class%20VII/Hindi/word%20meaning/" "Mozilla/5.0 (Linux; Android 7.0;) AppleWebKit/537.36 (KHTML, like Gecko) Mobile Safari/537.36 (compatible; PetalBot;+https://webmaster.petalsearch.com/site/petalbot)" "brainbox.co.in"
114.119.130.152 - - [28/Nov/2022:06:22:07 -0800] "GET /PDFContent/01%20TSB/03%20Class%20VIII/English/LS5C/TSB_VIII_ENGLISH_LS05C_THEY%20LITERALLY%20BUILD%20THE%20NATION_Assignments.pdf HTTP/1.1" 200 231497 "https://brainbox.co.in/PDFContent/01%20TSB/03%20Class%20VIII/English/LS5C/?C=S%3BO%3DA" "Mozilla/5.0 (Linux; Android 7.0;) AppleWebKit/537.36 (KHTML, like Gecko) Mobile Safari/537.36 (compatible; PetalBot;+https://webmaster.petalsearch.com/site/petalbot)" "brainbox.co.in"
114.119.130.29 - - [28/Nov/2022:06:27:13 -0800] "GET /PDFContent/01%20TSB/03%20Class%20VIII/English/LS7B/?C=M%3BO%3DA HTTP/1.1" 200 526 "https://brainbox.co.in/PDFContent/01%20TSB/03%20Class%20VIII/English/LS7B/?C=N%3BO%3DD" "Mozilla/5.0 (Linux; Android 7.0;) AppleWebKit/537.36 (KHTML, like Gecko) Mobile Safari/537.36 (compatible; PetalBot;+https://webmaster.petalsearch.com/site/petalbot)" "brainbox.co.in"
157.55.39.169 - - [28/Nov/2022:06:31:36 -0800] "GET /robots.txt HTTP/1.1" 404 88 "-" "Mozilla/5.0 AppleWebKit/537.36 (KHTML, like Gecko; compatible; bingbot/2.0; +http://www.bing.com/bingbot.htm) Chrome/103.0.5060.134 Safari/537.36" "brainbox.co.in"
207.46.13.190 - - [28/Nov/2022:06:31:47 -0800] "GET /PDFContent/01%20TSB/03%20Class%20VIII/English/LS1A/TSBoard_English_VIII_LS1A_Introduction.pdf HTTP/1.1" 200 101788 "-" "Mozilla/5.0 (compatible; bingbot/2.0; +http://www.bing.com/bingbot.htm)" "brainbox.co.in"
51.222.253.10 - - [28/Nov/2022:06:32:21 -0800] "GET /PDFContent/02%20APSB/04%20Class%20IX/English/?C=D;O=D HTTP/1.1" 200 352 "-" "Mozilla/5.0 (compatible; AhrefsBot/7.0; +http://ahrefs.com/robot/)" "brainbox.co.in"
114.119.131.203 - - [28/Nov/2022:06:32:26 -0800] "GET /PDFContent/01%20TSB/04%20Class%20IX/Biology/Challenging%20in%20Improving%20Agricultural/TS_IX_BIOLOGY_CHALLENGES%20%20IN%20IMPROVING%20AGRICULTURAL_Bee%20Keeping HTTP/1.1" 200 195207 "https://brainboxschool.com/material/TSB/IX/Biology/CHALLENGES_IN_IMPROVING_AGRICULTURAL_PRODUCTION.html" "Mozilla/5.0 (Linux; Android 7.0;) AppleWebKit/537.36 (KHTML, like Gecko) Mobile Safari/537.36 (compatible; PetalBot;+https://webmaster.petalsearch.com/site/petalbot)" "brainbox.co.in"
114.119.131.203 - - [28/Nov/2022:06:37:35 -0800] "GET /PDFContent/04%20ICSE/01%20Class%20VI/Chemistry/?C=S%3BO%3DA HTTP/1.1" 200 355 "https://brainbox.co.in/PDFContent/04%20ICSE/01%20Class%20VI/Chemistry/?C=N%3BO%3DD" "Mozilla/5.0 (Linux; Android 7.0;) AppleWebKit/537.36 (KHTML, like Gecko) Mobile Safari/537.36 (compatible; PetalBot;+https://webmaster.petalsearch.com/site/petalbot)" "brainbox.co.in"
114.119.131.203 - - [28/Nov/2022:06:42:44 -0800] "GET /PDFContent/03%20CBSE/07%20Class%20XII/Biology/BIOTECHNOLOGY%20%20AND%20ITS%20APPLICATIONS/?C=M%3BO%3DA HTTP/1.1" 200 631 "https://brainbox.co.in/PDFContent/03%20CBSE/07%20Class%20XII/Biology/BIOTECHNOLOGY%20%20AND%20ITS%20APPLICATIONS/?C=D%3BO%3DA" "Mozilla/5.0 (Linux; Android 7.0;) AppleWebKit/537.36 (KHTML, like Gecko) Mobile Safari/537.36 (compatible; PetalBot;+https://webmaster.petalsearch.com/site/petalbot)" "brainbox.co.in"
114.119.148.161 - - [28/Nov/2022:06:47:55 -0800] "GET /PDFContent/03%20CBSE/05%20Class%20X/Hindi/CBSE_X_HINDI_LS03_SAANA%20HATH%20JODI_CUE%20WORDS.pdf HTTP/1.1" 200 446959 "https://brainbox.co.in/PDFContent/03%20CBSE/05%20Class%20X/Hindi/?C=M%3BO%3DA" "Mozilla/5.0 (Linux; Android 7.0;) AppleWebKit/537.36 (KHTML, like Gecko) Mobile Safari/537.36 (compatible; PetalBot;+https://webmaster.petalsearch.com/site/petalbot)" "brainbox.co.in"
114.119.131.203 - - [28/Nov/2022:06:53:06 -0800] "GET /PDFContent/03%20CBSE/02%20Class%20VII/Maths/?C=S%3BO%3DA HTTP/1.1" 200 353 "https://brainbox.co.in/PDFContent/03%20CBSE/02%20Class%20VII/Maths/?C=M%3BO%3DA" "Mozilla/5.0 (Linux; Android 7.0;) AppleWebKit/537.36 (KHTML, like Gecko) Mobile Safari/537.36 (compatible; PetalBot;+https://webmaster.petalsearch.com/site/petalbot)" "brainbox.co.in"
114.119.131.203 - - [28/Nov/2022:06:58:16 -0800] "GET /PDFContent/01%20TSB/01%20Class%20VI/Hindi/ HTTP/1.1" 200 350 "https://brainbox.co.in/PDFContent/01%20TSB/01%20Class%20VI/?C=N%3BO%3DD" "Mozilla/5.0 (Linux; Android 7.0;) AppleWebKit/537.36 (KHTML, like Gecko) Mobile Safari/537.36 (compatible; PetalBot;+https://webmaster.petalsearch.com/site/petalbot)" "brainbox.co.in"
114.119.130.152 - - [28/Nov/2022:07:03:26 -0800] "GET /PDFContent/04%20ICSE/03%20Class%20VIII/English/?C=M%3BO%3DA HTTP/1.1" 200 355 "https://brainbox.co.in/PDFContent/04%20ICSE/03%20Class%20VIII/English/?C=D%3BO%3DA" "Mozilla/5.0 (Linux; Android 7.0;) AppleWebKit/537.36 (KHTML, like Gecko) Mobile Safari/537.36 (compatible; PetalBot;+https://webmaster.petalsearch.com/site/petalbot)" "brainbox.co.in"
114.119.136.99 - - [28/Nov/2022:07:08:38 -0800] "GET /PDFContent/03%20CBSE/04%20Class%20IX/Maths/CBSE_IX_MATHS_LS03_COORDINATE%20GEOMETRY/?C=S%3BO%3DA HTTP/1.1" 200 710 "https://brainbox.co.in/PDFContent/03%20CBSE/04%20Class%20IX/Maths/CBSE_IX_MATHS_LS03_COORDINATE%20GEOMETRY/?C=N%3BO%3DD" "Mozilla/5.0 (Linux; Android 7.0;) AppleWebKit/537.36 (KHTML, like Gecko) Mobile Safari/537.36 (compatible; PetalBot;+https://webmaster.petalsearch.com/site/petalbot)" "brainbox.co.in"
114.119.131.203 - - [28/Nov/2022:07:13:50 -0800] "GET /PDFContent/03%20CBSE/05%20Class%20X/Biology/How%20to%20do%20organsims%20reproduce/CBSE_X_BIOLOGY_HOW%20TO%20DO%20ORGANISMS%20REPRODUCE_Contraception HTTP/1.1" 200 235810 "https://brainboxschool.com/material/CBSE/X/Biology/HOW_DO_ORGANISMS_REPRODUCE.html" "Mozilla/5.0 (Linux; Android 7.0;) AppleWebKit/537.36 (KHTML, like Gecko) Mobile Safari/537.36 (compatible; PetalBot;+https://webmaster.petalsearch.com/site/petalbot)" "brainbox.co.in"
114.119.131.203 - - [28/Nov/2022:07:18:57 -0800] "GET /PDFContent/03%20CBSE/06%20Class%20XI/Telugu/?C=S%3BO%3DA HTTP/1.1" 200 355 "https://brainbox.co.in/PDFContent/03%20CBSE/06%20Class%20XI/Telugu/?C=M%3BO%3DA" "Mozilla/5.0 (Linux; Android 7.0;) AppleWebKit/537.36 (KHTML, like Gecko) Mobile Safari/537.36 (compatible; PetalBot;+https://webmaster.petalsearch.com/site/petalbot)" "brainbox.co.in"
114.119.148.161 - - [28/Nov/2022:07:24:07 -0800] "GET /PDFContent/03%20CBSE/04%20Class%20IX/Maths/LINEAR%20EQUATIONS%20IN%20TWO%20VARIABLES/CBSE_IX_MATHS_LS04_LINEAR%20EQUATIONS%20IN%20%20TWO%20VARIABLES_LINEAR%20EQUATION.pdf HTTP/1.1" 200 460395 "https://brainbox.co.in/PDFContent/03%20CBSE/04%20Class%20IX/Maths/LINEAR%20EQUATIONS%20IN%20TWO%20VARIABLES/" "Mozilla/5.0 (Linux; Android 7.0;) AppleWebKit/537.36 (KHTML, like Gecko) Mobile Safari/537.36 (compatible; PetalBot;+https://webmaster.petalsearch.com/site/petalbot)" "brainbox.co.in"
114.119.156.16 - - [28/Nov/2022:07:29:19 -0800] "GET /PDFContent/01%20TSB/06%20Class%20XI/Maths/ HTTP/1.1" 200 391 "https://brainbox.co.in/PDFContent/01%20TSB/06%20Class%20XI/?C=M%3BO%3DA" "Mozilla/5.0 (Linux; Android 7.0;) AppleWebKit/537.36 (KHTML, like Gecko) Mobile Safari/537.36 (compatible; PetalBot;+https://webmaster.petalsearch.com/site/petalbot)" "brainbox.co.in"
114.119.129.184 - - [28/Nov/2022:07:34:30 -0800] "GET /PDFContent/01%20TSB/05%20Class%20X/English/6A,ENVIRONMENT/?C=D%3BO%3DA HTTP/1.1" 200 518 "https://brainbox.co.in/PDFContent/01%20TSB/05%20Class%20X/English/6A,ENVIRONMENT/?C=S%3BO%3DA" "Mozilla/5.0 (Linux; Android 7.0;) AppleWebKit/537.36 (KHTML, like Gecko) Mobile Safari/537.36 (compatible; PetalBot;+https://webmaster.petalsearch.com/site/petalbot)" "brainbox.co.in"
77.88.9.140 - - [28/Nov/2022:07:39:33 -0800] "GET /robots.txt HTTP/1.1" 404 73 "-" "Mozilla/5.0 (compatible; YandexBot/3.0; +http://yandex.com/bots)" "brainbox.co.in"
77.88.9.140 - - [28/Nov/2022:07:39:39 -0800] "GET /PDFContent/Beetle/CLASS%20II/ENGLISH/Lesson%204%20-%20Chotu%20sees%20a%20snake.pdf HTTP/1.1" 200 118970 "-" "Mozilla/5.0 (compatible; YandexBot/3.0; +http://yandex.com/bots)" "brainbox.co.in"
114.119.130.152 - - [28/Nov/2022:07:39:39 -0800] "GET /PDFContent/Beetle/CLASS%20I/EVS%201-2/Lesson%201.%20Plants%20around%20us.pdf HTTP/1.1" 404 88 "https://brainbox.co.in/PDFContent/Beetle/CLASS%20I/EVS%201-2/?C=S%3BO%3DA" "Mozilla/5.0 (Linux; Android 7.0;) AppleWebKit/537.36 (KHTML, like Gecko) Mobile Safari/537.36 (compatible; PetalBot;+https://webmaster.petalsearch.com/site/petalbot)" "brainbox.co.in"
114.119.130.152 - - [28/Nov/2022:07:44:48 -0800] "GET /PDFContent/01%20TSB/02%20Class%20VII/Science/ELECTRICITY/?C=D%3BO%3DA HTTP/1.1" 200 571 "https://brainbox.co.in/PDFContent/01%20TSB/02%20Class%20VII/Science/ELECTRICITY/" "Mozilla/5.0 (Linux; Android 7.0;) AppleWebKit/537.36 (KHTML, like Gecko) Mobile Safari/537.36 (compatible; PetalBot;+https://webmaster.petalsearch.com/site/petalbot)" "brainbox.co.in"
114.119.130.152 - - [28/Nov/2022:07:49:58 -0800] "GET /PDFContent/CUBE%20Maths/CLASS%20-%201%20WORKSHEETS/?C=M%3BO%3DA HTTP/1.1" 200 865 "https://brainbox.co.in/PDFContent/CUBE%20Maths/CLASS%20-%201%20WORKSHEETS/" "Mozilla/5.0 (Linux; Android 7.0;) AppleWebKit/537.36 (KHTML, like Gecko) Mobile Safari/537.36 (compatible; PetalBot;+https://webmaster.petalsearch.com/site/petalbot)" "brainbox.co.in"
114.119.130.152 - - [28/Nov/2022:07:55:18 -0800] "GET /PDFContent/03%20CBSE/07%20Class%20XII/Biology/?C=S%3BO%3DA HTTP/1.1" 200 1044 "https://brainbox.co.in/PDFContent/03%20CBSE/07%20Class%20XII/Biology/?C=D%3BO%3DA" "Mozilla/5.0 (Linux; Android 7.0;) AppleWebKit/537.36 (KHTML, like Gecko) Mobile Safari/537.36 (compatible; PetalBot;+https://webmaster.petalsearch.com/site/petalbot)" "brainbox.co.in"
194.38.20.161 - - [28/Nov/2022:07:57:59 -0800] "GET /sites/all/libraries/elfinder/connectors/php/connector.php HTTP/1.1" 404 73 "-" "ALittle Client" "brainbox.co.in"
194.38.20.161 - - [28/Nov/2022:07:57:59 -0800] "GET /sites/all/libraries/elfinder/elfinder.html HTTP/1.1" 404 73 "-" "ALittle Client" "brainbox.co.in"
194.38.20.161 - - [28/Nov/2022:07:58:06 -0800] "GET /sites/all/libraries/elfinder/src/connectors/php/connector.php HTTP/1.1" 404 73 "-" "ALittle Client" "brainbox.co.in"
114.119.130.152 - - [28/Nov/2022:08:00:19 -0800] "GET /PDFContent/Beetle/CLASS%20IV/SOCAIL%20SEM%202/LESSON%201.%20WATER%20RESOURCES%20OF%20INDIA.pdf HTTP/1.1" 200 91268 "https://brainbox.co.in/PDFContent/Beetle/CLASS%20IV/SOCAIL%20SEM%202/?C=M%3BO%3DA" "Mozilla/5.0 (Linux; Android 7.0;) AppleWebKit/537.36 (KHTML, like Gecko) Mobile Safari/537.36 (compatible; PetalBot;+https://webmaster.petalsearch.com/site/petalbot)" "brainbox.co.in"
114.119.156.16 - - [28/Nov/2022:08:05:33 -0800] "GET /PDFContent/01%20TSB/03%20Class%20VIII/English/LS4B/TSB_VIII_ENGLISH_LS04B_PRETEEN%20PRETEXT_Questions%20And%20Answers.pdf HTTP/1.1" 200 323762 "https://brainbox.co.in/PDFContent/01%20TSB/03%20Class%20VIII/English/LS4B/?C=S%3BO%3DA" "Mozilla/5.0 (Linux; Android 7.0;) AppleWebKit/537.36 (KHTML, like Gecko) Mobile Safari/537.36 (compatible; PetalBot;+https://webmaster.petalsearch.com/site/petalbot)" "brainbox.co.in"
114.119.148.161 - - [28/Nov/2022:08:10:39 -0800] "GET /PDFContent/03%20CBSE/04%20Class%20IX/Maths/POLYNOMIALS/?C=D%3BO%3DA HTTP/1.1" 200 1152 "https://brainbox.co.in/PDFContent/03%20CBSE/04%20Class%20IX/Maths/POLYNOMIALS/?C=N%3BO%3DD" "Mozilla/5.0 (Linux; Android 7.0;) AppleWebKit/537.36 (KHTML, like Gecko) Mobile Safari/537.36 (compatible; PetalBot;+https://webmaster.petalsearch.com/site/petalbot)" "brainbox.co.in"
114.119.129.184 - - [28/Nov/2022:08:15:50 -0800] "GET /PDFContent/03%20CBSE/06%20Class%20XI/Maths/SETS/Sets_Universal%20Sets%20,%20Complement%20of%20a%20set%20&%20sets%20operations.pdf HTTP/1.1" 200 206141 "https://brainbox.co.in/PDFContent/03%20CBSE/06%20Class%20XI/Maths/SETS/" "Mozilla/5.0 (Linux; Android 7.0;) AppleWebKit/537.36 (KHTML, like Gecko) Mobile Safari/537.36 (compatible; PetalBot;+https://webmaster.petalsearch.com/site/petalbot)" "brainbox.co.in"
114.119.131.203 - - [28/Nov/2022:08:21:04 -0800] "GET /PDFContent/03%20CBSE/05%20Class%20X/Hindi/CBSE_X_HINDI_LS01_NETAJI%20KA%20CHASHMA_GLOSSARY.pdf HTTP/1.1" 200 460897 "https://brainbox.co.in/PDFContent/03%20CBSE/05%20Class%20X/Hindi/?C=M%3BO%3DA" "Mozilla/5.0 (Linux; Android 7.0;) AppleWebKit/537.36 (KHTML, like Gecko) Mobile Safari/537.36 (compatible; PetalBot;+https://webmaster.petalsearch.com/site/petalbot)" "brainbox.co.in"
51.222.253.4 - - [28/Nov/2022:08:23:50 -0800] "GET /PDFContent/SPECIAL%20CROUSE/Part%201%20Grammar%20Essentials/ HTTP/1.1" 200 456 "-" "Mozilla/5.0 (compatible; AhrefsBot/7.0; +http://ahrefs.com/robot/)" "brainbox.co.in"
114.119.144.29 - - [28/Nov/2022:08:26:11 -0800] "GET /PDFContent/03%20CBSE/04%20Class%20IX/Biology/WHY%20DO%20WE%20FALL%20ILL/Why%20Do%20We%20Fall%20Ill_T02_Disease%20and%20It's%20causes.pdf HTTP/1.1" 200 737349 "https://brainbox.co.in/PDFContent/03%20CBSE/04%20Class%20IX/Biology/WHY%20DO%20WE%20FALL%20ILL/?C=N%3BO%3DD" "Mozilla/5.0 (Linux; Android 7.0;) AppleWebKit/537.36 (KHTML, like Gecko) Mobile Safari/537.36 (compatible; PetalBot;+https://webmaster.petalsearch.com/site/petalbot)" "brainbox.co.in"
114.119.144.29 - - [28/Nov/2022:08:31:21 -0800] "GET /taskdiary/?C=N%3BO%3DD HTTP/1.1" 200 314 "https://brainbox.co.in/taskdiary/?C=S%3BO%3DA" "Mozilla/5.0 (Linux; Android 7.0;) AppleWebKit/537.36 (KHTML, like Gecko) Mobile Safari/537.36 (compatible; PetalBot;+https://webmaster.petalsearch.com/site/petalbot)" "brainbox.co.in"
114.119.136.99 - - [28/Nov/2022:08:36:33 -0800] "GET /PDFContent/03%20CBSE/04%20Class%20IX/Maths/CBSE_IX_MATHS_LS12_HERON'S%20FORMULA_SOLVED%20PROBLEM_01.pdf HTTP/1.1" 200 285310 "https://brainbox.co.in/PDFContent/03%20CBSE/04%20Class%20IX/Maths/?C=M%3BO%3DA" "Mozilla/5.0 (Linux; Android 7.0;) AppleWebKit/537.36 (KHTML, like Gecko) Mobile Safari/537.36 (compatible; PetalBot;+https://webmaster.petalsearch.com/site/petalbot)" "brainbox.co.in"
207.46.13.52 - - [28/Nov/2022:08:40:44 -0800] "GET /PDFContent/03%20CBSE/04%20Class%20IX/Biology/CBSE_lX_BIOLOGY_LS07_DIVERSTY%20IN%20LIVING%20ORGANISMS_KINGDOM%20MONERA.pdf HTTP/1.1" 200 382506 "-" "Mozilla/5.0 (compatible; bingbot/2.0; +http://www.bing.com/bingbot.htm)" "brainbox.co.in"
114.119.156.16 - - [28/Nov/2022:08:41:43 -0800] "GET /PDFContent/CUBE%20Maths/CLASS%20-%203%20WORKSHEETS/10.%20Measurement%20of%20Capacity.pdf HTTP/1.1" 200 68394 "https://brainbox.co.in/PDFContent/CUBE%20Maths/CLASS%20-%203%20WORKSHEETS/?C=S%3BO%3DA" "Mozilla/5.0 (Linux; Android 7.0;) AppleWebKit/537.36 (KHTML, like Gecko) Mobile Safari/537.36 (compatible; PetalBot;+https://webmaster.petalsearch.com/site/petalbot)" "brainbox.co.in"
114.119.144.29 - - [28/Nov/2022:08:46:52 -0800] "GET /?C=N%3BO%3DD HTTP/1.1" 200 428 "https://brainbox.co.in" "Mozilla/5.0 (Linux; Android 7.0;) AppleWebKit/537.36 (KHTML, like Gecko) Mobile Safari/537.36 (compatible; PetalBot;+https://webmaster.petalsearch.com/site/petalbot)" "brainbox.co.in"
114.119.130.29 - - [28/Nov/2022:08:52:02 -0800] "GET /PDFContent/01%20TSB/02%20Class%20VII/Telugu/?C=S%3BO%3DA HTTP/1.1" 200 353 "https://brainbox.co.in/PDFContent/01%20TSB/02%20Class%20VII/Telugu/" "Mozilla/5.0 (Linux; Android 7.0;) AppleWebKit/537.36 (KHTML, like Gecko) Mobile Safari/537.36 (compatible; PetalBot;+https://webmaster.petalsearch.com/site/petalbot)" "brainbox.co.in"
50.18.131.110 - - [28/Nov/2022:08:55:58 -0800] "GET /~richard/templates/beez/US/uk/paypal/login.htm HTTP/1.1" 404 73 "-" "Mozilla/5.0 (Macintosh; Intel Mac OS X 10_10_5) AppleWebKit/537.36 (KHTML, like Gecko) Chrome/52.0.2743.116 Safari/537.36" "brainbox.co.in"
114.119.144.29 - - [28/Nov/2022:08:57:12 -0800] "GET /PDFContent/03%20CBSE/06%20Class%20XI/?C=S%3BO%3DA HTTP/1.1" 200 520 "https://brainbox.co.in/PDFContent/03%20CBSE/06%20Class%20XI/?C=M%3BO%3DA" "Mozilla/5.0 (Linux; Android 7.0;) AppleWebKit/537.36 (KHTML, like Gecko) Mobile Safari/537.36 (compatible; PetalBot;+https://webmaster.petalsearch.com/site/petalbot)" "brainbox.co.in"
114.119.136.99 - - [28/Nov/2022:09:02:22 -0800] "GET /PDFContent/02%20APSB/06%20Class%20XI/Maths/?C=S%3BO%3DA HTTP/1.1" 200 352 "https://brainbox.co.in/PDFContent/02%20APSB/06%20Class%20XI/Maths/?C=D%3BO%3DA" "Mozilla/5.0 (Linux; Android 7.0;) AppleWebKit/537.36 (KHTML, like Gecko) Mobile Safari/537.36 (compatible; PetalBot;+https://webmaster.petalsearch.com/site/petalbot)" "brainbox.co.in"
114.119.131.203 - - [28/Nov/2022:09:07:33 -0800] "GET /PDFContent/03%20CBSE/06%20Class%20XI/Biology/MINERAL%20NUTRITION/Mineral%20Nutrition_T01_Methods%20to%20study%20the%20mineral%20requirements%20of%20plants.pdf HTTP/1.1" 200 247602 "https://brainbox.co.in/PDFContent/03%20CBSE/06%20Class%20XI/Biology/MINERAL%20NUTRITION/?C=M%3BO%3DA" "Mozilla/5.0 (Linux; Android 7.0;) AppleWebKit/537.36 (KHTML, like Gecko) Mobile Safari/537.36 (compatible; PetalBot;+https://webmaster.petalsearch.com/site/petalbot)" "brainbox.co.in"
77.88.9.130 - - [28/Nov/2022:09:11:19 -0800] "GET /PDFContent/Beetle/CLASS%20II/EVS%20SEM%202/Lesson%204.%20Water.pdf HTTP/1.1" 200 73089 "-" "Mozilla/5.0 (compatible; YandexBot/3.0; +http://yandex.com/bots)" "brainbox.co.in"
114.119.156.16 - - [28/Nov/2022:09:12:42 -0800] "GET /PDFContent/03%20CBSE/04%20Class%20IX/Maths/LINEAR%20EQUATIONS%20IN%20TWO%20VARIABLES/CBSE_IX_MATHS_LS04_LINEAR%20EQUATIONS%20IN%20%20TWO%20VARIABLES_GRAPH%20OF%20LINEAR%20EQVATION%20IN%20TWO%20VARIABLES.pdf HTTP/1.1" 200 490464 "https://brainbox.co.in/PDFContent/03%20CBSE/04%20Class%20IX/Maths/LINEAR%20EQUATIONS%20IN%20TWO%20VARIABLES/" "Mozilla/5.0 (Linux; Android 7.0;) AppleWebKit/537.36 (KHTML, like Gecko) Mobile Safari/537.36 (compatible; PetalBot;+https://webmaster.petalsearch.com/site/petalbot)" "brainbox.co.in"
114.119.130.152 - - [28/Nov/2022:09:17:53 -0800] "GET /PDFContent/03%20CBSE/03%20Class%20VIII/Chemistry/Combustion%20and%20Flames/CBSE_VIII_CHEMISTRY_COMBUSTION%20&%20FLAMES_Harmful%20effects%20of%20over%20Fuel HTTP/1.1" 200 267569 "https://brainboxschool.com/material/CBSE/VIII/Chemistry/COMBUSTION_AND_FLAME.html" "Mozilla/5.0 (Linux; Android 7.0;) AppleWebKit/537.36 (KHTML, like Gecko) Mobile Safari/537.36 (compatible; PetalBot;+https://webmaster.petalsearch.com/site/petalbot)" "brainbox.co.in"
114.119.130.29 - - [28/Nov/2022:09:23:03 -0800] "GET /PDFContent/Beetle/CLASS%20IV/SOCIAL/LESSON%203%20.%20THE%20NORTHEN%20PLAINS.pdf HTTP/1.1" 200 113470 "https://brainbox.co.in/PDFContent/Beetle/CLASS%20IV/SOCIAL/?C=D%3BO%3DA" "Mozilla/5.0 (Linux; Android 7.0;) AppleWebKit/537.36 (KHTML, like Gecko) Mobile Safari/537.36 (compatible; PetalBot;+https://webmaster.petalsearch.com/site/petalbot)" "brainbox.co.in"
114.119.129.184 - - [28/Nov/2022:09:28:15 -0800] "GET /PDFContent/03%20CBSE/05%20Class%20X/Hindi/?C=S%3BO%3DA HTTP/1.1" 200 1378 "https://brainbox.co.in/PDFContent/03%20CBSE/05%20Class%20X/Hindi/?C=M%3BO%3DA" "Mozilla/5.0 (Linux; Android 7.0;) AppleWebKit/537.36 (KHTML, like Gecko) Mobile Safari/537.36 (compatible; PetalBot;+https://webmaster.petalsearch.com/site/petalbot)" "brainbox.co.in"
114.119.136.99 - - [28/Nov/2022:09:33:25 -0800] "GET /PDFContent/01%20TSB/02%20Class%20VII/ HTTP/1.1" 200 505 "https://brainbox.co.in/PDFContent/01%20TSB/?C=M%3BO%3DA" "Mozilla/5.0 (Linux; Android 7.0;) AppleWebKit/537.36 (KHTML, like Gecko) Mobile Safari/537.36 (compatible; PetalBot;+https://webmaster.petalsearch.com/site/petalbot)" "brainbox.co.in"
114.119.148.161 - - [28/Nov/2022:09:38:37 -0800] "GET /PDFContent/01%20TSB/02%20Class%20VII/Hindi/word%20meaning/TSV_VII_LS06_APNA%20PYARA%20DESH_WORD%20MEANING.pdf HTTP/1.1" 200 284693 "https://brainbox.co.in/PDFContent/01%20TSB/02%20Class%20VII/Hindi/word%20meaning/" "Mozilla/5.0 (Linux; Android 7.0;) AppleWebKit/537.36 (KHTML, like Gecko) Mobile Safari/537.36 (compatible; PetalBot;+https://webmaster.petalsearch.com/site/petalbot)" "brainbox.co.in"
114.119.130.29 - - [28/Nov/2022:09:43:49 -0800] "GET /PDFContent/01%20TSB/03%20Class%20VIII/Telugu/?C=D%3BO%3DA HTTP/1.1" 200 404 "https://brainbox.co.in/PDFContent/01%20TSB/03%20Class%20VIII/Telugu/?C=S%3BO%3DA" "Mozilla/5.0 (Linux; Android 7.0;) AppleWebKit/537.36 (KHTML, like Gecko) Mobile Safari/537.36 (compatible; PetalBot;+https://webmaster.petalsearch.com/site/petalbot)" "brainbox.co.in"
114.119.130.152 - - [28/Nov/2022:09:48:54 -0800] "GET /PDFContent/02%20APSB/02%20Class%20VII/English/?C=S%3BO%3DA HTTP/1.1" 200 353 "https://brainbox.co.in/PDFContent/02%20APSB/02%20Class%20VII/English/?C=N%3BO%3DD" "Mozilla/5.0 (Linux; Android 7.0;) AppleWebKit/537.36 (KHTML, like Gecko) Mobile Safari/537.36 (compatible; PetalBot;+https://webmaster.petalsearch.com/site/petalbot)" "brainbox.co.in"
114.119.148.161 - - [28/Nov/2022:09:54:04 -0800] "GET /PDFContent/Beetle/CLASS%20IV/SCIENCE%202/Lesson%205.%20Matter.pdf HTTP/1.1" 200 135919 "https://brainbox.co.in/PDFContent/Beetle/CLASS%20IV/SCIENCE%202/?C=N%3BO%3DD" "Mozilla/5.0 (Linux; Android 7.0;) AppleWebKit/537.36 (KHTML, like Gecko) Mobile Safari/537.36 (compatible; PetalBot;+https://webmaster.petalsearch.com/site/petalbot)" "brainbox.co.in"
114.119.129.184 - - [28/Nov/2022:09:59:16 -0800] "GET /PDFContent/Beetle/CLASS%20I/EVS%20class1-sem1/Lesson%208.%20my%20neighbourhood.pdf HTTP/1.1" 200 91408 "https://brainbox.co.in/PDFContent/Beetle/CLASS%20I/EVS%20class1-sem1/" "Mozilla/5.0 (Linux; Android 7.0;) AppleWebKit/537.36 (KHTML, like Gecko) Mobile Safari/537.36 (compatible; PetalBot;+https://webmaster.petalsearch.com/site/petalbot)" "brainbox.co.in"
114.119.136.99 - - [28/Nov/2022:10:04:27 -0800] "GET /PDFContent/CUBE%20Maths/CLASS%20-%204%20WORKSHEETS/?C=M%3BO%3DA HTTP/1.1" 200 806 "https://brainbox.co.in/PDFContent/CUBE%20Maths/CLASS%20-%204%20WORKSHEETS/?C=N%3BO%3DD" "Mozilla/5.0 (Linux; Android 7.0;) AppleWebKit/537.36 (KHTML, like Gecko) Mobile Safari/537.36 (compatible; PetalBot;+https://webmaster.petalsearch.com/site/petalbot)" "brainbox.co.in"
114.119.148.161 - - [28/Nov/2022:10:09:39 -0800] "GET /PDFContent/01%20TSB/02%20Class%20VII/Chemistry/?C=M%3BO%3DA HTTP/1.1" 200 355 "https://brainbox.co.in/PDFContent/01%20TSB/02%20Class%20VII/Chemistry/" "Mozilla/5.0 (Linux; Android 7.0;) AppleWebKit/537.36 (KHTML, like Gecko) Mobile Safari/537.36 (compatible; PetalBot;+https://webmaster.petalsearch.com/site/petalbot)" "brainbox.co.in"
114.119.129.184 - - [28/Nov/2022:10:14:50 -0800] "GET /MyERP/?C=S%3BO%3DA HTTP/1.1" 200 312 "https://brainbox.co.in/MyERP/" "Mozilla/5.0 (Linux; Android 7.0;) AppleWebKit/537.36 (KHTML, like Gecko) Mobile Safari/537.36 (compatible; PetalBot;+https://webmaster.petalsearch.com/site/petalbot)" "brainbox.co.in"
114.119.136.99 - - [28/Nov/2022:10:19:59 -0800] "GET /PDFContent/01%20TSB/01%20Class%20VI/Maths/01%20KNOWING%20OUR%20NUMBERS/ HTTP/1.1" 200 596 "https://brainbox.co.in/PDFContent/01%20TSB/01%20Class%20VI/Maths/?C=N%3BO%3DD" "Mozilla/5.0 (Linux; Android 7.0;) AppleWebKit/537.36 (KHTML, like Gecko) Mobile Safari/537.36 (compatible; PetalBot;+https://webmaster.petalsearch.com/site/petalbot)" "brainbox.co.in"
114.119.148.161 - - [28/Nov/2022:10:25:13 -0800] "GET /PDFContent/03%20CBSE/02%20Class%20VII/Science/WINDS%20STORMS%20AND%20CYCLONES/?C=M%3BO%3DA HTTP/1.1" 200 516 "https://brainbox.co.in/PDFContent/03%20CBSE/02%20Class%20VII/Science/WINDS%20STORMS%20AND%20CYCLONES/" "Mozilla/5.0 (Linux; Android 7.0;) AppleWebKit/537.36 (KHTML, like Gecko) Mobile Safari/537.36 (compatible; PetalBot;+https://webmaster.petalsearch.com/site/petalbot)" "brainbox.co.in"
114.119.129.184 - - [28/Nov/2022:10:30:19 -0800] "GET /PDFContent/04%20ICSE/07%20Class%20XII/Telugu/?C=D%3BO%3DA HTTP/1.1" 200 355 "https://brainbox.co.in/PDFContent/04%20ICSE/07%20Class%20XII/Telugu/?C=N%3BO%3DD" "Mozilla/5.0 (Linux; Android 7.0;) AppleWebKit/537.36 (KHTML, like Gecko) Mobile Safari/537.36 (compatible; PetalBot;+https://webmaster.petalsearch.com/site/petalbot)" "brainbox.co.in"
114.119.131.203 - - [28/Nov/2022:10:35:29 -0800] "GET /PDFContent/03%20CBSE/03%20Class%20VIII/Biology/Questions%20&%20Answers1.pdf HTTP/1.1" 200 409500 "https://brainbox.co.in/PDFContent/03%20CBSE/03%20Class%20VIII/Biology/" "Mozilla/5.0 (Linux; Android 7.0;) AppleWebKit/537.36 (KHTML, like Gecko) Mobile Safari/537.36 (compatible; PetalBot;+https://webmaster.petalsearch.com/site/petalbot)" "brainbox.co.in"
114.119.144.29 - - [28/Nov/2022:10:40:40 -0800] "GET /PDFContent/Beetle/CLASS%20I/MATHEMATICS%20class1-sem2/?C=M%3BO%3DA HTTP/1.1" 200 647 "https://brainbox.co.in/PDFContent/Beetle/CLASS%20I/MATHEMATICS%20class1-sem2/" "Mozilla/5.0 (Linux; Android 7.0;) AppleWebKit/537.36 (KHTML, like Gecko) Mobile Safari/537.36 (compatible; PetalBot;+https://webmaster.petalsearch.com/site/petalbot)" "brainbox.co.in"
114.119.136.99 - - [28/Nov/2022:10:45:51 -0800] "GET /PDFContent/01%20TSB/03%20Class%20VIII/English/LS2B/New/TSB_VIII_ENGLISH_LS02B_THE%20CRY%20OF%20CHILDREN_INTRODUCTION.pdf HTTP/1.1" 200 442571 "https://brainbox.co.in/PDFContent/01%20TSB/03%20Class%20VIII/English/LS2B/New/" "Mozilla/5.0 (Linux; Android 7.0;) AppleWebKit/537.36 (KHTML, like Gecko) Mobile Safari/537.36 (compatible; PetalBot;+https://webmaster.petalsearch.com/site/petalbot)" "brainbox.co.in"
77.88.9.139 - - [28/Nov/2022:10:48:26 -0800] "GET /PDFContent/01%20TSB/05%20Class%20X/English/THE%20STOREYED%20HOUSE%20P2/TSB_X_ENGLISH_LS05B_THE%20STOREYED%20HOUSE%20P2_INTRODUCTION.pdf HTTP/1.1" 200 233567 "-" "Mozilla/5.0 (compatible; YandexBot/3.0; +http://yandex.com/bots)" "brainbox.co.in"
114.119.129.184 - - [28/Nov/2022:10:55:32 -0800] "GET /PDFContent/03%20CBSE/04%20Class%20IX/Hindi/?C=M%3BO%3DA HTTP/1.1" 200 393 "https://brainbox.co.in/PDFContent/03%20CBSE/04%20Class%20IX/Hindi/?C=N%3BO%3DD" "Mozilla/5.0 (Linux; Android 7.0;) AppleWebKit/537.36 (KHTML, like Gecko) Mobile Safari/537.36 (compatible; PetalBot;+https://webmaster.petalsearch.com/site/petalbot)" "brainbox.co.in"
114.119.131.203 - - [28/Nov/2022:11:00:58 -0800] "GET /PDFContent/03%20CBSE/07%20Class%20XII/?C=N%3BO%3DD HTTP/1.1" 200 513 "https://brainbox.co.in/PDFContent/03%20CBSE/07%20Class%20XII/" "Mozilla/5.0 (Linux; Android 7.0;) AppleWebKit/537.36 (KHTML, like Gecko) Mobile Safari/537.36 (compatible; PetalBot;+https://webmaster.petalsearch.com/site/petalbot)" "brainbox.co.in"
114.119.129.184 - - [28/Nov/2022:11:06:18 -0800] "GET /PDFContent/03%20CBSE/03%20Class%20VIII/Hindi/ HTTP/1.1" 200 351 "https://brainbox.co.in/PDFContent/03%20CBSE/03%20Class%20VIII/" "Mozilla/5.0 (Linux; Android 7.0;) AppleWebKit/537.36 (KHTML, like Gecko) Mobile Safari/537.36 (compatible; PetalBot;+https://webmaster.petalsearch.com/site/petalbot)" "brainbox.co.in"
114.119.148.161 - - [28/Nov/2022:11:11:32 -0800] "GET /PDFContent/01%20TSB/01%20Class%20VI/Maths/01%20KNOWING%20OUR%20NUMBERS/KNOWING%20OUR%20NUMBERS_Part%202.1%20Est%20N.pdf HTTP/1.1" 200 393950 "https://brainbox.co.in/PDFContent/01%20TSB/01%20Class%20VI/Maths/01%20KNOWING%20OUR%20NUMBERS/" "Mozilla/5.0 (Linux; Android 7.0;) AppleWebKit/537.36 (KHTML, like Gecko) Mobile Safari/537.36 (compatible; PetalBot;+https://webmaster.petalsearch.com/site/petalbot)" "brainbox.co.in"
114.119.136.99 - - [28/Nov/2022:11:17:02 -0800] "GET /PDFContent/03%20CBSE/03%20Class%20VIII/Chemistry/CHEMICAL%20EFFECTS%20OF%20ELECTRIC%20CURRENT/?C=M%3BO%3DA HTTP/1.1" 200 550 "https://brainbox.co.in/PDFContent/03%20CBSE/03%20Class%20VIII/Chemistry/CHEMICAL%20EFFECTS%20OF%20ELECTRIC%20CURRENT/?C=N%3BO%3DD" "Mozilla/5.0 (Linux; Android 7.0;) AppleWebKit/537.36 (KHTML, like Gecko) Mobile Safari/537.36 (compatible; PetalBot;+https://webmaster.petalsearch.com/site/petalbot)" "brainbox.co.in"
51.222.253.8 - - [28/Nov/2022:11:21:18 -0800] "GET /robots.txt HTTP/1.1" 404 88 "-" "Mozilla/5.0 (compatible; AhrefsBot/7.0; +http://ahrefs.com/robot/)" "brainbox.co.in"
51.222.253.15 - - [28/Nov/2022:11:21:19 -0800] "GET /PDFContent/03%20CBSE/03%20Class%20VIII/Physics/SOME%20NATURAL%20PHENOMENA/?C=M;O=D HTTP/1.1" 200 544 "-" "Mozilla/5.0 (compatible; AhrefsBot/7.0; +http://ahrefs.com/robot/)" "brainbox.co.in"
114.119.144.29 - - [28/Nov/2022:11:22:07 -0800] "GET /PDFContent/03%20CBSE/07%20Class%20XII/Biology/BIOTECHNOLOGY-PRINCIPLES%20AND%20PROCESES/Biotechnology-Principles%20&%20Process_T08_Cutting%20DNA,amplification%20of%20Gene.pdf HTTP/1.1" 200 147560 "https://brainbox.co.in/PDFContent/03%20CBSE/07%20Class%20XII/Biology/BIOTECHNOLOGY-PRINCIPLES%20AND%20PROCESES/?C=S%3BO%3DA" "Mozilla/5.0 (Linux; Android 7.0;) AppleWebKit/537.36 (KHTML, like Gecko) Mobile Safari/537.36 (compatible; PetalBot;+https://webmaster.petalsearch.com/site/petalbot)" "brainbox.co.in"
114.119.148.161 - - [28/Nov/2022:11:27:20 -0800] "GET /PDFContent/04%20ICSE/05%20Class%20X/?C=N%3BO%3DD HTTP/1.1" 200 463 "https://brainbox.co.in/PDFContent/04%20ICSE/05%20Class%20X/?C=D%3BO%3DA" "Mozilla/5.0 (Linux; Android 7.0;) AppleWebKit/537.36 (KHTML, like Gecko) Mobile Safari/537.36 (compatible; PetalBot;+https://webmaster.petalsearch.com/site/petalbot)" "brainbox.co.in"
114.119.130.29 - - [28/Nov/2022:11:32:34 -0800] "GET /PDFContent/Beetle/CLASS%20II/MATHEMATICS%20SEM%202/Lesson%207.%20Measurement%20of%20length.pdf HTTP/1.1" 200 - "https://brainbox.co.in/PDFContent/Beetle/CLASS%20II/MATHEMATICS%20SEM%202/?C=M%3BO%3DA" "Mozilla/5.0 (Linux; Android 7.0;) AppleWebKit/537.36 (KHTML, like Gecko) Mobile Safari/537.36 (compatible; PetalBot;+https://webmaster.petalsearch.com/site/petalbot)" "brainbox.co.in"
114.119.131.203 - - [28/Nov/2022:11:37:50 -0800] "GET /PDFContent/04%20ICSE/02%20Class%20VII/Hindi/?C=D%3BO%3DA HTTP/1.1" 200 353 "https://brainbox.co.in/PDFContent/04%20ICSE/02%20Class%20VII/Hindi/?C=M%3BO%3DA" "Mozilla/5.0 (Linux; Android 7.0;) AppleWebKit/537.36 (KHTML, like Gecko) Mobile Safari/537.36 (compatible; PetalBot;+https://webmaster.petalsearch.com/site/petalbot)" "brainbox.co.in"
114.119.129.184 - - [28/Nov/2022:11:43:05 -0800] "GET /PDFContent/Beetle/CLASS%20III/SCIENCE/ HTTP/1.1" 200 406 "https://brainbox.co.in/PDFContent/Beetle/CLASS%20III/?C=S%3BO%3DA" "Mozilla/5.0 (Linux; Android 7.0;) AppleWebKit/537.36 (KHTML, like Gecko) Mobile Safari/537.36 (compatible; PetalBot;+https://webmaster.petalsearch.com/site/petalbot)" "brainbox.co.in"
114.119.144.29 - - [28/Nov/2022:11:48:19 -0800] "GET /PDFContent/03%20CBSE/05%20Class%20X/Biology/How%20to%20do%20organsims%20reproduce/CBSE_X_BIOLOGY_HOW%20TO%20DO%20ORGANISMS%20REPRODUCE_Fertilisation,formation%20of%20seeds.pdf HTTP/1.1" 200 198669 "https://brainbox.co.in/PDFContent/03%20CBSE/05%20Class%20X/Biology/How%20to%20do%20organsims%20reproduce/?C=M%3BO%3DA" "Mozilla/5.0 (Linux; Android 7.0;) AppleWebKit/537.36 (KHTML, like Gecko) Mobile Safari/537.36 (compatible; PetalBot;+https://webmaster.petalsearch.com/site/petalbot)" "brainbox.co.in"
114.119.148.161 - - [28/Nov/2022:11:53:37 -0800] "GET /PDFContent/Beetle/CLASS%20IV/ENGLISH/?C=D%3BO%3DA HTTP/1.1" 200 686 "https://brainbox.co.in/PDFContent/Beetle/CLASS%20IV/ENGLISH/?C=S%3BO%3DA" "Mozilla/5.0 (Linux; Android 7.0;) AppleWebKit/537.36 (KHTML, like Gecko) Mobile Safari/537.36 (compatible; PetalBot;+https://webmaster.petalsearch.com/site/petalbot)" "brainbox.co.in"
114.119.130.152 - - [28/Nov/2022:11:58:53 -0800] "GET /PDFContent/03%20CBSE/01%20Class%20VI/English/?C=M%3BO%3DA HTTP/1.1" 200 353 "https://brainbox.co.in/PDFContent/03%20CBSE/01%20Class%20VI/English/?C=D%3BO%3DA" "Mozilla/5.0 (Linux; Android 7.0;) AppleWebKit/537.36 (KHTML, like Gecko) Mobile Safari/537.36 (compatible; PetalBot;+https://webmaster.petalsearch.com/site/petalbot)" "brainbox.co.in"
114.119.136.99 - - [28/Nov/2022:12:04:05 -0800] "GET /PDFContent/02%20APSB/01%20Class%20VI/Physics/?C=N%3BO%3DD HTTP/1.1" 200 353 "https://brainbox.co.in/PDFContent/02%20APSB/01%20Class%20VI/Physics/?C=D%3BO%3DA" "Mozilla/5.0 (Linux; Android 7.0;) AppleWebKit/537.36 (KHTML, like Gecko) Mobile Safari/537.36 (compatible; PetalBot;+https://webmaster.petalsearch.com/site/petalbot)" "brainbox.co.in"
77.88.9.139 - - [28/Nov/2022:12:09:03 -0800] "GET /robots.txt HTTP/1.1" 404 73 "-" "Mozilla/5.0 (compatible; YandexBot/3.0; +http://yandex.com/bots)" "brainbox.co.in"
77.88.9.137 - - [28/Nov/2022:12:09:07 -0800] "GET /PDFContent/Beetle/CLASS%20II/EVS%20SEM%202/Lesson%203.%20Air.pdf HTTP/1.1" 200 72827 "-" "Mozilla/5.0 (compatible; YandexBot/3.0; +http://yandex.com/bots)" "brainbox.co.in"
114.119.156.16 - - [28/Nov/2022:12:09:23 -0800] "GET /PDFContent/03%20CBSE/02%20Class%20VII/English/CBSEBoard_English_VII_LS2_GLOSSARY_PART2.pdf HTTP/1.1" 200 390283 "https://brainbox.co.in/PDFContent/03%20CBSE/02%20Class%20VII/English/?C=S%3BO%3DA" "Mozilla/5.0 (Linux; Android 7.0;) AppleWebKit/537.36 (KHTML, like Gecko) Mobile Safari/537.36 (compatible; PetalBot;+https://webmaster.petalsearch.com/site/petalbot)" "brainbox.co.in"
114.119.130.152 - - [28/Nov/2022:12:14:38 -0800] "GET /PDFContent/01%20TSB/02%20Class%20VII/English/01LS4B/ HTTP/1.1" 200 475 "https://brainbox.co.in/PDFContent/01%20TSB/02%20Class%20VII/English/?C=D%3BO%3DA" "Mozilla/5.0 (Linux; Android 7.0;) AppleWebKit/537.36 (KHTML, like Gecko) Mobile Safari/537.36 (compatible; PetalBot;+https://webmaster.petalsearch.com/site/petalbot)" "brainbox.co.in"
114.119.129.184 - - [28/Nov/2022:12:19:51 -0800] "GET /PDFContent/03%20CBSE/02%20Class%20VII/Hindi/GLOSSARY/CBSC_VII_LS06_GARO_GLOSSARY.pdf HTTP/1.1" 200 1235745 "https://brainbox.co.in/PDFContent/03%20CBSE/02%20Class%20VII/Hindi/GLOSSARY/" "Mozilla/5.0 (Linux; Android 7.0;) AppleWebKit/537.36 (KHTML, like Gecko) Mobile Safari/537.36 (compatible; PetalBot;+https://webmaster.petalsearch.com/site/petalbot)" "brainbox.co.in"
