51.222.253.15 - - [27/Nov/2022:16:01:52 -0800] "GET /PDFContent/01%20TSB/03%20Class%20VIII/Telugu/SAMUDRAPRAYANAM/?C=N;O=D HTTP/1.1" 200 447 "-" "Mozilla/5.0 (compatible; AhrefsBot/7.0; +http://ahrefs.com/robot/)" "brainbox.co.in"
114.119.130.29 - - [27/Nov/2022:16:02:22 -0800] "GET /PDFContent/03%20CBSE/04%20Class%20IX/Physics/Motion/Rest HTTP/1.1" 200 179674 "https://brainboxschool.com/material/CBSE/IX/Physics/MOTION.html" "Mozilla/5.0 (Linux; Android 7.0;) AppleWebKit/537.36 (KHTML, like Gecko) Mobile Safari/537.36 (compatible; PetalBot;+https://webmaster.petalsearch.com/site/petalbot)" "brainbox.co.in"
77.88.9.139 - - [27/Nov/2022:16:05:12 -0800] "GET /PDFContent/01%20TSB/01%20Class%20VI/English/GRANND%20CONTEST/TSB_VI_LS02_GLOSSARY.pdf HTTP/1.1" 200 77980 "-" "Mozilla/5.0 (compatible; YandexBot/3.0; +http://yandex.com/bots)" "brainbox.co.in"
3.134.253.82 - - [27/Nov/2022:16:06:04 -0800] "GET /~richard/templates/beez/US/uk/paypal/login.htm HTTP/1.1" 404 73 "-" "Mozilla/5.0 (Macintosh; Intel Mac OS X 10_10_5) AppleWebKit/537.36 (KHTML, like Gecko) Chrome/52.0.2743.116 Safari/537.36" "brainbox.co.in"
51.222.253.5 - - [27/Nov/2022:16:06:36 -0800] "GET /PDFContent/03%20CBSE/03%20Class%20VIII/Physics/FRICTION/?C=N;O=D HTTP/1.1" 200 581 "-" "Mozilla/5.0 (compatible; AhrefsBot/7.0; +http://ahrefs.com/robot/)" "brainbox.co.in"
114.119.130.29 - - [27/Nov/2022:16:07:33 -0800] "GET /PDFContent/Beetle/CLASS%20IV/SCIENCE/?C=S%3BO%3DA HTTP/1.1" 200 591 "https://brainbox.co.in/PDFContent/Beetle/CLASS%20IV/SCIENCE/?C=N%3BO%3DD" "Mozilla/5.0 (Linux; Android 7.0;) AppleWebKit/537.36 (KHTML, like Gecko) Mobile Safari/537.36 (compatible; PetalBot;+https://webmaster.petalsearch.com/site/petalbot)" "brainbox.co.in"
51.222.253.20 - - [27/Nov/2022:16:11:14 -0800] "GET /PDFContent/01%20TSB/04%20Class%20IX/Physics/?C=D;O=A HTTP/1.1" 200 353 "-" "Mozilla/5.0 (compatible; AhrefsBot/7.0; +http://ahrefs.com/robot/)" "brainbox.co.in"
114.119.130.29 - - [27/Nov/2022:16:12:48 -0800] "GET /PDFContent/03%20CBSE/02%20Class%20VII/Science/NUTRITION%20IN%20PLANTS/?C=S%3BO%3DA HTTP/1.1" 200 461 "https://brainbox.co.in/PDFContent/03%20CBSE/02%20Class%20VII/Science/NUTRITION%20IN%20PLANTS/?C=N%3BO%3DD" "Mozilla/5.0 (Linux; Android 7.0;) AppleWebKit/537.36 (KHTML, like Gecko) Mobile Safari/537.36 (compatible; PetalBot;+https://webmaster.petalsearch.com/site/petalbot)" "brainbox.co.in"
51.222.253.1 - - [27/Nov/2022:16:15:42 -0800] "GET /PDFContent/03%20CBSE/05%20Class%20X/Physics/?C=M;O=D HTTP/1.1" 200 612 "-" "Mozilla/5.0 (compatible; AhrefsBot/7.0; +http://ahrefs.com/robot/)" "brainbox.co.in"
114.119.144.29 - - [27/Nov/2022:16:18:08 -0800] "GET /PDFContent/03%20CBSE/07%20Class%20XII/Biology/?C=N%3BO%3DD HTTP/1.1" 200 1044 "https://brainbox.co.in/PDFContent/03%20CBSE/07%20Class%20XII/Biology/?C=D%3BO%3DA" "Mozilla/5.0 (Linux; Android 7.0;) AppleWebKit/537.36 (KHTML, like Gecko) Mobile Safari/537.36 (compatible; PetalBot;+https://webmaster.petalsearch.com/site/petalbot)" "brainbox.co.in"
51.222.253.4 - - [27/Nov/2022:16:20:09 -0800] "GET /PDFContent/03%20CBSE/05%20Class%20X/Physics/?C=S;O=D HTTP/1.1" 200 613 "-" "Mozilla/5.0 (compatible; AhrefsBot/7.0; +http://ahrefs.com/robot/)" "brainbox.co.in"
114.119.136.99 - - [27/Nov/2022:16:23:12 -0800] "GET /PDFContent/03%20CBSE/05%20Class%20X/Hindi/SPARSH/LS10/CBSE_X_HINDI_10B_LS10_PREMCHAND_BADE%20BHAI%20SAAHAB_WRITEUP%20ON%20PREMCHAND.pdf HTTP/1.1" 200 506641 "https://brainbox.co.in/PDFContent/03%20CBSE/05%20Class%20X/Hindi/SPARSH/LS10/?C=S%3BO%3DA" "Mozilla/5.0 (Linux; Android 7.0;) AppleWebKit/537.36 (KHTML, like Gecko) Mobile Safari/537.36 (compatible; PetalBot;+https://webmaster.petalsearch.com/site/petalbot)" "brainbox.co.in"
51.222.253.15 - - [27/Nov/2022:16:24:59 -0800] "GET /PDFContent/01%20TSB/04%20Class%20IX/Physics/?C=M;O=A HTTP/1.1" 200 353 "-" "Mozilla/5.0 (compatible; AhrefsBot/7.0; +http://ahrefs.com/robot/)" "brainbox.co.in"
114.119.156.16 - - [27/Nov/2022:16:28:25 -0800] "GET /PDFContent/03%20CBSE/02%20Class%20VII/Science/LIGHT/CBSE_VII_SCIENCE_REFLECTION%20OF%20LIGHT.pdf HTTP/1.1" 200 309230 "https://brainbox.co.in/PDFContent/03%20CBSE/02%20Class%20VII/Science/LIGHT/?C=N%3BO%3DD" "Mozilla/5.0 (Linux; Android 7.0;) AppleWebKit/537.36 (KHTML, like Gecko) Mobile Safari/537.36 (compatible; PetalBot;+https://webmaster.petalsearch.com/site/petalbot)" "brainbox.co.in"
51.222.253.4 - - [27/Nov/2022:16:29:31 -0800] "GET /PDFContent/01%20TSB/04%20Class%20IX/Physics/?C=S;O=A HTTP/1.1" 200 353 "-" "Mozilla/5.0 (compatible; AhrefsBot/7.0; +http://ahrefs.com/robot/)" "brainbox.co.in"
114.119.131.203 - - [27/Nov/2022:16:33:40 -0800] "GET /PDFContent/01%20TSB/03%20Class%20VIII/English/LS1C/?C=D%3BO%3DA HTTP/1.1" 200 518 "https://brainbox.co.in/PDFContent/01%20TSB/03%20Class%20VIII/English/LS1C/?C=N%3BO%3DD" "Mozilla/5.0 (Linux; Android 7.0;) AppleWebKit/537.36 (KHTML, like Gecko) Mobile Safari/537.36 (compatible; PetalBot;+https://webmaster.petalsearch.com/site/petalbot)" "brainbox.co.in"
51.222.253.16 - - [27/Nov/2022:16:34:30 -0800] "GET /PDFContent/Beetle/CLASS%20V/SOCIAL/?C=N;O=D HTTP/1.1" 200 393 "-" "Mozilla/5.0 (compatible; AhrefsBot/7.0; +http://ahrefs.com/robot/)" "brainbox.co.in"
114.119.130.152 - - [27/Nov/2022:16:38:57 -0800] "GET /PDFContent/Beetle/CLASS%20V/ENGLISH/SEM%201/Lesson%205%20-%20The%20smell%20of%20sweets.pdf HTTP/1.1" 200 117424 "https://brainbox.co.in/PDFContent/Beetle/CLASS%20V/ENGLISH/SEM%201/?C=S%3BO%3DA" "Mozilla/5.0 (Linux; Android 7.0;) AppleWebKit/537.36 (KHTML, like Gecko) Mobile Safari/537.36 (compatible; PetalBot;+https://webmaster.petalsearch.com/site/petalbot)" "brainbox.co.in"
51.222.253.3 - - [27/Nov/2022:16:39:21 -0800] "GET /PDFContent/03%20CBSE/05%20Class%20X/Hindi/SPARSH/?C=M;O=A HTTP/1.1" 200 452 "-" "Mozilla/5.0 (compatible; AhrefsBot/7.0; +http://ahrefs.com/robot/)" "brainbox.co.in"
114.119.144.29 - - [27/Nov/2022:16:44:07 -0800] "GET /PDFContent/01%20TSB/04%20Class%20IX/?C=S%3BO%3DA HTTP/1.1" 200 498 "https://brainbox.co.in/PDFContent/01%20TSB/04%20Class%20IX/?C=M%3BO%3DA" "Mozilla/5.0 (Linux; Android 7.0;) AppleWebKit/537.36 (KHTML, like Gecko) Mobile Safari/537.36 (compatible; PetalBot;+https://webmaster.petalsearch.com/site/petalbot)" "brainbox.co.in"
51.222.253.18 - - [27/Nov/2022:16:44:11 -0800] "GET /PDFContent/02%20APSB/06%20Class%20XI/English/ HTTP/1.1" 200 354 "-" "Mozilla/5.0 (compatible; AhrefsBot/7.0; +http://ahrefs.com/robot/)" "brainbox.co.in"
51.222.253.16 - - [27/Nov/2022:16:48:45 -0800] "GET /PDFContent/02%20APSB/06%20Class%20XI/Physics/ HTTP/1.1" 200 354 "-" "Mozilla/5.0 (compatible; AhrefsBot/7.0; +http://ahrefs.com/robot/)" "brainbox.co.in"
114.119.148.161 - - [27/Nov/2022:16:49:24 -0800] "GET /PDFContent/01%20TSB/01%20Class%20VI/Maths/ HTTP/1.1" 200 414 "https://brainbox.co.in/PDFContent/01%20TSB/01%20Class%20VI/?C=M%3BO%3DA" "Mozilla/5.0 (Linux; Android 7.0;) AppleWebKit/537.36 (KHTML, like Gecko) Mobile Safari/537.36 (compatible; PetalBot;+https://webmaster.petalsearch.com/site/petalbot)" "brainbox.co.in"
51.222.253.16 - - [27/Nov/2022:16:53:39 -0800] "GET /PDFContent/03%20CBSE/04%20Class%20IX/Physics/Gravitation/?C=N;O=D HTTP/1.1" 200 613 "-" "Mozilla/5.0 (compatible; AhrefsBot/7.0; +http://ahrefs.com/robot/)" "brainbox.co.in"
114.119.156.16 - - [27/Nov/2022:16:54:35 -0800] "GET /PDFContent/01%20TSB/02%20Class%20VII/Hindi/ques%20&%20ans/TSB_VII_LS09_CHUTTI%20PATRA%20_QUES%20&%20ANS.pdf HTTP/1.1" 200 226554 "https://brainbox.co.in/PDFContent/01%20TSB/02%20Class%20VII/Hindi/ques%20&%20ans/?C=N%3BO%3DD" "Mozilla/5.0 (Linux; Android 7.0;) AppleWebKit/537.36 (KHTML, like Gecko) Mobile Safari/537.36 (compatible; PetalBot;+https://webmaster.petalsearch.com/site/petalbot)" "brainbox.co.in"
52.53.193.181 - - [27/Nov/2022:16:55:14 -0800] "GET /~richard/templates/beez/US/uk/paypal/login.htm HTTP/1.1" 404 73 "-" "Mozilla/5.0 (Macintosh; Intel Mac OS X 10_10_5) AppleWebKit/537.36 (KHTML, like Gecko) Chrome/52.0.2743.116 Safari/537.36" "brainbox.co.in"
66.249.79.84 - - [27/Nov/2022:16:57:18 -0800] "GET /robots.txt HTTP/1.1" 404 88 "-" "Mozilla/5.0 (compatible; Googlebot/2.1; +http://www.google.com/bot.html)" "brainbox.co.in"
66.249.79.88 - - [27/Nov/2022:16:58:23 -0800] "GET /ads.txt HTTP/1.1" 404 88 "-" "Mozilla/5.0 (compatible; Googlebot/2.1; +http://www.google.com/bot.html)" "brainbox.co.in"
51.222.253.9 - - [27/Nov/2022:16:58:25 -0800] "GET /PDFContent/03%20CBSE/03%20Class%20VIII/Biology/Reproduction%20in%20Animals/?C=D;O=A HTTP/1.1" 200 674 "-" "Mozilla/5.0 (compatible; AhrefsBot/7.0; +http://ahrefs.com/robot/)" "brainbox.co.in"
114.119.148.161 - - [27/Nov/2022:16:59:47 -0800] "GET /PDFContent/Beetle/CLASS%20II/MATHEMATICS%20SEM%202/Lesson%208.%20Measurement%20of%20mass.pdf HTTP/1.1" 200 608282 "https://brainbox.co.in/PDFContent/Beetle/CLASS%20II/MATHEMATICS%20SEM%202/?C=D%3BO%3DA" "Mozilla/5.0 (Linux; Android 7.0;) AppleWebKit/537.36 (KHTML, like Gecko) Mobile Safari/537.36 (compatible; PetalBot;+https://webmaster.petalsearch.com/site/petalbot)" "brainbox.co.in"
51.222.253.12 - - [27/Nov/2022:17:01:47 -0800] "GET /PDFContent/03%20CBSE/05%20Class%20X/Physics/MAGNETIC%20EFFECTS%20OF%20ELECTRIC%20CURRENT/?C=N;O=D HTTP/1.1" 200 655 "-" "Mozilla/5.0 (compatible; AhrefsBot/7.0; +http://ahrefs.com/robot/)" "brainbox.co.in"
51.222.253.5 - - [27/Nov/2022:17:04:40 -0800] "GET /PDFContent/03%20CBSE/05%20Class%20X/Hindi/SPARSH/?C=S;O=A HTTP/1.1" 200 452 "-" "Mozilla/5.0 (compatible; AhrefsBot/7.0; +http://ahrefs.com/robot/)" "brainbox.co.in"
114.119.156.16 - - [27/Nov/2022:17:05:01 -0800] "GET /PDFContent/01%20TSB/03%20Class%20VIII/English/LS5B/?C=D%3BO%3DA HTTP/1.1" 200 536 "https://brainbox.co.in/PDFContent/01%20TSB/03%20Class%20VIII/English/LS5B/" "Mozilla/5.0 (Linux; Android 7.0;) AppleWebKit/537.36 (KHTML, like Gecko) Mobile Safari/537.36 (compatible; PetalBot;+https://webmaster.petalsearch.com/site/petalbot)" "brainbox.co.in"
77.88.9.139 - - [27/Nov/2022:17:06:30 -0800] "GET /PDFContent/02%20APSB/03%20Class%20VIII/Maths/ HTTP/1.1" 200 353 "-" "Mozilla/5.0 (compatible; YandexBot/3.0; +http://yandex.com/bots)" "brainbox.co.in"
51.222.253.4 - - [27/Nov/2022:17:07:36 -0800] "GET /PDFContent/02%20APSB/06%20Class%20XI/Chemistry/?C=D;O=A HTTP/1.1" 200 356 "-" "Mozilla/5.0 (compatible; AhrefsBot/7.0; +http://ahrefs.com/robot/)" "brainbox.co.in"
114.119.156.16 - - [27/Nov/2022:17:10:15 -0800] "GET /PDFContent/Beetle/CLASS%20V/SOCIAL/SEM%201/?C=D%3BO%3DA HTTP/1.1" 200 776 "https://brainbox.co.in/PDFContent/Beetle/CLASS%20V/SOCIAL/SEM%201/?C=S%3BO%3DA" "Mozilla/5.0 (Linux; Android 7.0;) AppleWebKit/537.36 (KHTML, like Gecko) Mobile Safari/537.36 (compatible; PetalBot;+https://webmaster.petalsearch.com/site/petalbot)" "brainbox.co.in"
51.222.253.3 - - [27/Nov/2022:17:11:19 -0800] "GET /PDFContent/04%20ICSE/01%20Class%20VI/Hindi/?C=N;O=D HTTP/1.1" 200 350 "-" "Mozilla/5.0 (compatible; AhrefsBot/7.0; +http://ahrefs.com/robot/)" "brainbox.co.in"
51.222.253.5 - - [27/Nov/2022:17:14:55 -0800] "GET /PDFContent/03%20CBSE/05%20Class%20X/Hindi/SPARSH/ HTTP/1.1" 200 452 "-" "Mozilla/5.0 (compatible; AhrefsBot/7.0; +http://ahrefs.com/robot/)" "brainbox.co.in"
114.119.136.99 - - [27/Nov/2022:17:15:26 -0800] "GET /PDFContent/03%20CBSE/06%20Class%20XI/Biology/TRANSPORT%20IN%20PLANTS/Transport%20in%20plants_T08,9_Long%20distance%20transport%20of%20water.pdf HTTP/1.1" 200 307652 "https://brainbox.co.in/PDFContent/03%20CBSE/06%20Class%20XI/Biology/TRANSPORT%20IN%20PLANTS/?C=D%3BO%3DA" "Mozilla/5.0 (Linux; Android 7.0;) AppleWebKit/537.36 (KHTML, like Gecko) Mobile Safari/537.36 (compatible; PetalBot;+https://webmaster.petalsearch.com/site/petalbot)" "brainbox.co.in"
51.222.253.18 - - [27/Nov/2022:17:18:45 -0800] "GET /PDFContent/03%20CBSE/05%20Class%20X/Hindi/Kshitij/?C=N;O=D HTTP/1.1" 200 434 "-" "Mozilla/5.0 (compatible; AhrefsBot/7.0; +http://ahrefs.com/robot/)" "brainbox.co.in"
114.119.136.99 - - [27/Nov/2022:17:20:39 -0800] "GET /PDFContent/01%20TSB/03%20Class%20VIII/English/LS6A/TSB_VIII_ENGLISH_LS06A_THE%20STORY%20OF%20IKAT_Glossary.pdf HTTP/1.1" 200 251051 "https://brainbox.co.in/PDFContent/01%20TSB/03%20Class%20VIII/English/LS6A/?C=D%3BO%3DA" "Mozilla/5.0 (Linux; Android 7.0;) AppleWebKit/537.36 (KHTML, like Gecko) Mobile Safari/537.36 (compatible; PetalBot;+https://webmaster.petalsearch.com/site/petalbot)" "brainbox.co.in"
51.222.253.7 - - [27/Nov/2022:17:22:53 -0800] "GET /PDFContent/03%20CBSE/03%20Class%20VIII/Maths/INTRODUCTION%20TO%20GRAPHS/?C=N;O=D HTTP/1.1" 200 656 "-" "Mozilla/5.0 (compatible; AhrefsBot/7.0; +http://ahrefs.com/robot/)" "brainbox.co.in"
114.119.130.152 - - [27/Nov/2022:17:25:53 -0800] "GET /PDFContent/01%20TSB/03%20Class%20VIII/English/LS7A/?C=D%3BO%3DA HTTP/1.1" 200 519 "https://brainbox.co.in/PDFContent/01%20TSB/03%20Class%20VIII/English/LS7A/?C=M%3BO%3DA" "Mozilla/5.0 (Linux; Android 7.0;) AppleWebKit/537.36 (KHTML, like Gecko) Mobile Safari/537.36 (compatible; PetalBot;+https://webmaster.petalsearch.com/site/petalbot)" "brainbox.co.in"
51.222.253.20 - - [27/Nov/2022:17:27:03 -0800] "GET /PDFContent/03%20CBSE/02%20Class%20VII/Science/TEXTBOOK%20EXAMPLES/?C=N;O=D HTTP/1.1" 200 740 "-" "Mozilla/5.0 (compatible; AhrefsBot/7.0; +http://ahrefs.com/robot/)" "brainbox.co.in"
114.119.136.99 - - [27/Nov/2022:17:31:03 -0800] "GET /PDFContent/03%20CBSE/04%20Class%20IX/Chemistry/ATOMS%20AND%20MOLECULES/Atoms%20&%20Molecules_T01_Matter%20&%20Laws%20of%20Chemical%20Combination.pdf HTTP/1.1" 200 162270 "https://brainbox.co.in/PDFContent/03%20CBSE/04%20Class%20IX/Chemistry/ATOMS%20AND%20MOLECULES/" "Mozilla/5.0 (Linux; Android 7.0;) AppleWebKit/537.36 (KHTML, like Gecko) Mobile Safari/537.36 (compatible; PetalBot;+https://webmaster.petalsearch.com/site/petalbot)" "brainbox.co.in"
51.222.253.7 - - [27/Nov/2022:17:31:27 -0800] "GET /PDFContent/03%20CBSE/06%20Class%20XI/?C=N;O=D HTTP/1.1" 200 519 "-" "Mozilla/5.0 (compatible; AhrefsBot/7.0; +http://ahrefs.com/robot/)" "brainbox.co.in"
51.222.253.8 - - [27/Nov/2022:17:35:41 -0800] "GET /PDFContent/03%20CBSE/03%20Class%20VIII/Biology/Reproduction%20in%20Animals/?C=M;O=A HTTP/1.1" 200 675 "-" "Mozilla/5.0 (compatible; AhrefsBot/7.0; +http://ahrefs.com/robot/)" "brainbox.co.in"
114.119.130.152 - - [27/Nov/2022:17:36:13 -0800] "GET /PDFContent/03%20CBSE/05%20Class%20X/Biology/CBSE_X_BIOLOGY_LS07_CONTROL%20AND%20CO-ORDINATION_HORMONES.pdf HTTP/1.1" 200 691677 "https://brainbox.co.in/PDFContent/03%20CBSE/05%20Class%20X/Biology/?C=N%3BO%3DD" "Mozilla/5.0 (Linux; Android 7.0;) AppleWebKit/537.36 (KHTML, like Gecko) Mobile Safari/537.36 (compatible; PetalBot;+https://webmaster.petalsearch.com/site/petalbot)" "brainbox.co.in"
51.222.253.4 - - [27/Nov/2022:17:39:23 -0800] "GET /PDFContent/03%20CBSE/03%20Class%20VIII/Biology/Reproduction%20in%20Animals/?C=S;O=A HTTP/1.1" 200 674 "-" "Mozilla/5.0 (compatible; AhrefsBot/7.0; +http://ahrefs.com/robot/)" "brainbox.co.in"
114.119.144.29 - - [27/Nov/2022:17:41:25 -0800] "GET /PDFContent/04%20ICSE/07%20Class%20XII/Maths/?C=S%3BO%3DA HTTP/1.1" 200 354 "https://brainbox.co.in/PDFContent/04%20ICSE/07%20Class%20XII/Maths/?C=N%3BO%3DD" "Mozilla/5.0 (Linux; Android 7.0;) AppleWebKit/537.36 (KHTML, like Gecko) Mobile Safari/537.36 (compatible; PetalBot;+https://webmaster.petalsearch.com/site/petalbot)" "brainbox.co.in"
51.222.253.15 - - [27/Nov/2022:17:43:32 -0800] "GET /PDFContent/Beetle/CLASS%20II/MATHEMATICS/?C=N;O=D HTTP/1.1" 200 490 "-" "Mozilla/5.0 (compatible; AhrefsBot/7.0; +http://ahrefs.com/robot/)" "brainbox.co.in"
114.119.130.29 - - [27/Nov/2022:17:46:42 -0800] "GET /PDFContent/03%20CBSE/02%20Class%20VII/Science/FIBRE%20TO%20FABRIC/?C=S%3BO%3DA HTTP/1.1" 200 621 "https://brainbox.co.in/PDFContent/03%20CBSE/02%20Class%20VII/Science/FIBRE%20TO%20FABRIC/?C=N%3BO%3DD" "Mozilla/5.0 (Linux; Android 7.0;) AppleWebKit/537.36 (KHTML, like Gecko) Mobile Safari/537.36 (compatible; PetalBot;+https://webmaster.petalsearch.com/site/petalbot)" "brainbox.co.in"
51.222.253.11 - - [27/Nov/2022:17:47:33 -0800] "GET /PDFContent/03%20CBSE/03%20Class%20VIII/Physics/Light/?C=S;O=D HTTP/1.1" 200 516 "-" "Mozilla/5.0 (compatible; AhrefsBot/7.0; +http://ahrefs.com/robot/)" "brainbox.co.in"
51.222.253.17 - - [27/Nov/2022:17:51:20 -0800] "GET /PDFContent/03%20CBSE/05%20Class%20X/Hindi/Kshitij/LS08/?C=N;O=D HTTP/1.1" 200 492 "-" "Mozilla/5.0 (compatible; AhrefsBot/7.0; +http://ahrefs.com/robot/)" "brainbox.co.in"
114.119.130.152 - - [27/Nov/2022:17:51:52 -0800] "GET /PDFContent/03%20CBSE/05%20Class%20X/Hindi/Kshitij/LS13/?C=S%3BO%3DA HTTP/1.1" 200 536 "https://brainbox.co.in/PDFContent/03%20CBSE/05%20Class%20X/Hindi/Kshitij/LS13/?C=D%3BO%3DA" "Mozilla/5.0 (Linux; Android 7.0;) AppleWebKit/537.36 (KHTML, like Gecko) Mobile Safari/537.36 (compatible; PetalBot;+https://webmaster.petalsearch.com/site/petalbot)" "brainbox.co.in"
51.222.253.1 - - [27/Nov/2022:17:55:11 -0800] "GET /PDFContent/03%20CBSE/07%20Class%20XII/Physics/ELECTRIC%20CHARGES%20AND%20FIELDS/?C=N;O=D HTTP/1.1" 200 686 "-" "Mozilla/5.0 (compatible; AhrefsBot/7.0; +http://ahrefs.com/robot/)" "brainbox.co.in"
114.119.129.184 - - [27/Nov/2022:17:57:06 -0800] "GET /PDFContent/01%20TSB/03%20Class%20VIII/?C=M%3BO%3DA HTTP/1.1" 200 515 "https://brainbox.co.in/PDFContent/01%20TSB/03%20Class%20VIII/?C=N%3BO%3DD" "Mozilla/5.0 (Linux; Android 7.0;) AppleWebKit/537.36 (KHTML, like Gecko) Mobile Safari/537.36 (compatible; PetalBot;+https://webmaster.petalsearch.com/site/petalbot)" "brainbox.co.in"
51.222.253.10 - - [27/Nov/2022:17:58:55 -0800] "GET /PDFContent/02%20APSB/06%20Class%20XI/Chemistry/?C=S;O=A HTTP/1.1" 200 356 "-" "Mozilla/5.0 (compatible; AhrefsBot/7.0; +http://ahrefs.com/robot/)" "brainbox.co.in"
51.222.253.8 - - [27/Nov/2022:18:02:42 -0800] "GET /PDFContent/02%20APSB/06%20Class%20XI/Chemistry/?C=M;O=A HTTP/1.1" 200 356 "-" "Mozilla/5.0 (compatible; AhrefsBot/7.0; +http://ahrefs.com/robot/)" "brainbox.co.in"
51.222.253.2 - - [27/Nov/2022:18:06:30 -0800] "GET /PDFContent/trial/?C=D;O=D HTTP/1.1" 200 575 "-" "Mozilla/5.0 (compatible; AhrefsBot/7.0; +http://ahrefs.com/robot/)" "brainbox.co.in"
114.119.144.29 - - [27/Nov/2022:18:09:38 -0800] "GET /PDFContent/01%20TSB/03%20Class%20VIII/English/LS1B/New/TSB_VIII_ENGLISH_LS1B_POEM-%20MY%20MOTHER_DECIVE%20USED.pdf HTTP/1.1" 200 347254 "https://brainbox.co.in/PDFContent/01%20TSB/03%20Class%20VIII/English/LS1B/New/?C=S%3BO%3DA" "Mozilla/5.0 (Linux; Android 7.0;) AppleWebKit/537.36 (KHTML, like Gecko) Mobile Safari/537.36 (compatible; PetalBot;+https://webmaster.petalsearch.com/site/petalbot)" "brainbox.co.in"
51.222.253.14 - - [27/Nov/2022:18:10:24 -0800] "GET /PDFContent/03%20CBSE/02%20Class%20VII/Science/ELECTRIC%20CURRENT%20AND%20ITS%20EFFECTS/?C=N;O=D HTTP/1.1" 200 625 "-" "Mozilla/5.0 (compatible; AhrefsBot/7.0; +http://ahrefs.com/robot/)" "brainbox.co.in"
114.119.130.152 - - [27/Nov/2022:18:15:08 -0800] "GET /PDFContent/03%20CBSE/02%20Class%20VII/Science/ELECTRIC%20CURRENT%20AND%20ITS%20EFFECTS/ELECTRIC%20CURRENT%20AND%20ITS%20EFFECTS_Summary.pdf HTTP/1.1" 200 254573 "https://brainbox.co.in/PDFContent/03%20CBSE/02%20Class%20VII/Science/ELECTRIC%20CURRENT%20AND%20ITS%20EFFECTS/?C=D%3BO%3DA" "Mozilla/5.0 (Linux; Android 7.0;) AppleWebKit/537.36 (KHTML, like Gecko) Mobile Safari/537.36 (compatible; PetalBot;+https://webmaster.petalsearch.com/site/petalbot)" "brainbox.co.in"
51.222.253.9 - - [27/Nov/2022:18:18:12 -0800] "GET /PDFContent/Beetle/CLASS%20III/ENGLISH/?C=N;O=D HTTP/1.1" 200 398 "-" "Mozilla/5.0 (compatible; AhrefsBot/7.0; +http://ahrefs.com/robot/)" "brainbox.co.in"
114.119.130.29 - - [27/Nov/2022:18:20:28 -0800] "GET /PDFContent/01%20TSB/02%20Class%20VII/Science/ANIMAL%20FIBRE/?C=M%3BO%3DA HTTP/1.1" 200 522 "https://brainbox.co.in/PDFContent/01%20TSB/02%20Class%20VII/Science/ANIMAL%20FIBRE/?C=N%3BO%3DD" "Mozilla/5.0 (Linux; Android 7.0;) AppleWebKit/537.36 (KHTML, like Gecko) Mobile Safari/537.36 (compatible; PetalBot;+https://webmaster.petalsearch.com/site/petalbot)" "brainbox.co.in"
114.119.130.29 - - [27/Nov/2022:18:25:50 -0800] "GET /PDFContent/03%20CBSE/03%20Class%20VIII/Biology/Cell%20Structures/?C=N%3BO%3DD HTTP/1.1" 200 768 "https://brainbox.co.in/PDFContent/03%20CBSE/03%20Class%20VIII/Biology/Cell%20Structures/?C=M%3BO%3DA" "Mozilla/5.0 (Linux; Android 7.0;) AppleWebKit/537.36 (KHTML, like Gecko) Mobile Safari/537.36 (compatible; PetalBot;+https://webmaster.petalsearch.com/site/petalbot)" "brainbox.co.in"
51.222.253.14 - - [27/Nov/2022:18:26:14 -0800] "GET /PDFContent/03%20CBSE/04%20Class%20IX/Chemistry/ATOMS%20AND%20MOLECULES/?C=N;O=D HTTP/1.1" 200 608 "-" "Mozilla/5.0 (compatible; AhrefsBot/7.0; +http://ahrefs.com/robot/)" "brainbox.co.in"
114.119.148.161 - - [27/Nov/2022:18:31:07 -0800] "GET /PDFContent/01%20TSB/03%20Class%20VIII/English/LS3C/ HTTP/1.1" 200 509 "https://brainbox.co.in/PDFContent/01%20TSB/03%20Class%20VIII/English/" "Mozilla/5.0 (Linux; Android 7.0;) AppleWebKit/537.36 (KHTML, like Gecko) Mobile Safari/537.36 (compatible; PetalBot;+https://webmaster.petalsearch.com/site/petalbot)" "brainbox.co.in"
51.222.253.20 - - [27/Nov/2022:18:34:17 -0800] "GET /PDFContent/03%20CBSE/06%20Class%20XI/Biology/TRANSPORT%20IN%20PLANTS/?C=D;O=A HTTP/1.1" 200 661 "-" "Mozilla/5.0 (compatible; AhrefsBot/7.0; +http://ahrefs.com/robot/)" "brainbox.co.in"
114.119.130.152 - - [27/Nov/2022:18:36:26 -0800] "GET /PDFContent/03%20CBSE/05%20Class%20X/Maths/COORDINATE%20GEOMETRY/?C=M%3BO%3DA HTTP/1.1" 200 698 "https://brainbox.co.in/PDFContent/03%20CBSE/05%20Class%20X/Maths/COORDINATE%20GEOMETRY/?C=N%3BO%3DD" "Mozilla/5.0 (Linux; Android 7.0;) AppleWebKit/537.36 (KHTML, like Gecko) Mobile Safari/537.36 (compatible; PetalBot;+https://webmaster.petalsearch.com/site/petalbot)" "brainbox.co.in"
77.88.9.139 - - [27/Nov/2022:18:37:23 -0800] "GET /robots.txt HTTP/1.1" 404 73 "-" "Mozilla/5.0 (compatible; YandexBot/3.0; +http://yandex.com/bots)" "brainbox.co.in"
77.88.9.140 - - [27/Nov/2022:18:37:27 -0800] "GET /PDFContent/Beetle/CLASS%20V/SOCIAL/SEM%202/LESSON%207.%20THE%20UNITED%20NATIONS.pdf HTTP/1.1" 200 187763 "-" "Mozilla/5.0 (compatible; YandexBot/3.0; +http://yandex.com/bots)" "brainbox.co.in"
51.222.253.1 - - [27/Nov/2022:18:41:42 -0800] "GET /PDFContent/03%20CBSE/05%20Class%20X/Hindi/SPARSH/LS15/ HTTP/1.1" 200 539 "-" "Mozilla/5.0 (compatible; AhrefsBot/7.0; +http://ahrefs.com/robot/)" "brainbox.co.in"
114.119.156.16 - - [27/Nov/2022:18:41:47 -0800] "GET /PDFContent/Beetle/CLASS%20I/ENGLISH%20class1-sem1/Lesson%202%20-%20Run%20boy%20run.pdf HTTP/1.1" 200 69049 "https://brainbox.co.in/PDFContent/Beetle/CLASS%20I/ENGLISH%20class1-sem1/" "Mozilla/5.0 (Linux; Android 7.0;) AppleWebKit/537.36 (KHTML, like Gecko) Mobile Safari/537.36 (compatible; PetalBot;+https://webmaster.petalsearch.com/site/petalbot)" "brainbox.co.in"
114.119.144.29 - - [27/Nov/2022:18:47:06 -0800] "GET /PDFContent/01%20TSB/01%20Class%20VI/Telugu/VARSHAM/TSB_VI_TELUGU_LS03_VARSHAM_Question%20and%20answers.pdf HTTP/1.1" 200 1403121 "https://brainbox.co.in/PDFContent/01%20TSB/01%20Class%20VI/Telugu/VARSHAM/?C=M%3BO%3DA" "Mozilla/5.0 (Linux; Android 7.0;) AppleWebKit/537.36 (KHTML, like Gecko) Mobile Safari/537.36 (compatible; PetalBot;+https://webmaster.petalsearch.com/site/petalbot)" "brainbox.co.in"
51.222.253.6 - - [27/Nov/2022:18:48:42 -0800] "GET /PDFContent/03%20CBSE/06%20Class%20XI/Biology/TRANSPORT%20IN%20PLANTS/?C=M;O=A HTTP/1.1" 200 660 "-" "Mozilla/5.0 (compatible; AhrefsBot/7.0; +http://ahrefs.com/robot/)" "brainbox.co.in"
114.119.156.16 - - [27/Nov/2022:18:52:28 -0800] "GET /PDFContent/03%20CBSE/07%20Class%20XII/Biology/CBSE_XII_BIOLOGY_LS03_%20HUMAN%20REPRODUCTION_SECONDARY%20SEX%20ORGANS_SEMINAL%20VESICLE.pdf HTTP/1.1" 200 465593 "https://brainbox.co.in/PDFContent/03%20CBSE/07%20Class%20XII/Biology/?C=D%3BO%3DA" "Mozilla/5.0 (Linux; Android 7.0;) AppleWebKit/537.36 (KHTML, like Gecko) Mobile Safari/537.36 (compatible; PetalBot;+https://webmaster.petalsearch.com/site/petalbot)" "brainbox.co.in"
51.222.253.1 - - [27/Nov/2022:18:55:34 -0800] "GET /PDFContent/03%20CBSE/07%20Class%20XII/?C=M;O=D HTTP/1.1" 200 512 "-" "Mozilla/5.0 (compatible; AhrefsBot/7.0; +http://ahrefs.com/robot/)" "brainbox.co.in"
114.119.144.29 - - [27/Nov/2022:18:57:48 -0800] "GET /PDFContent/Beetle/CLASS%20I/MATHEMATICS%201-2/Lesson%204%20-%20Addition%20and%20subtraction%20(up%20to%2050).pdf HTTP/1.1" 404 88 "https://brainbox.co.in/PDFContent/Beetle/CLASS%20I/MATHEMATICS%201-2/?C=M%3BO%3DA" "Mozilla/5.0 (Linux; Android 7.0;) AppleWebKit/537.36 (KHTML, like Gecko) Mobile Safari/537.36 (compatible; PetalBot;+https://webmaster.petalsearch.com/site/petalbot)" "brainbox.co.in"
51.222.253.14 - - [27/Nov/2022:19:02:32 -0800] "GET /PDFContent/03%20CBSE/04%20Class%20IX/Physics/Motion/?C=N;O=D HTTP/1.1" 200 823 "-" "Mozilla/5.0 (compatible; AhrefsBot/7.0; +http://ahrefs.com/robot/)" "brainbox.co.in"
114.119.156.16 - - [27/Nov/2022:19:03:06 -0800] "GET /PDFContent/03%20CBSE/03%20Class%20VIII/Maths/CBSE_VIII_MATHS_LS02_LINEAR%20EQUATIONS%20IN%20ONE%20VARIABLE_METHOD_1B.pdf HTTP/1.1" 200 387247 "https://brainbox.co.in/PDFContent/03%20CBSE/03%20Class%20VIII/Maths/?C=D%3BO%3DA" "Mozilla/5.0 (Linux; Android 7.0;) AppleWebKit/537.36 (KHTML, like Gecko) Mobile Safari/537.36 (compatible; PetalBot;+https://webmaster.petalsearch.com/site/petalbot)" "brainbox.co.in"
114.119.130.29 - - [27/Nov/2022:19:08:23 -0800] "GET /PDFContent/03%20CBSE/03%20Class%20VIII/Biology/Microbes%20friend%20and%20foes%20-%202%20-%20Copy%20(6).pdf HTTP/1.1" 200 498938 "https://brainbox.co.in/PDFContent/03%20CBSE/03%20Class%20VIII/Biology/" "Mozilla/5.0 (Linux; Android 7.0;) AppleWebKit/537.36 (KHTML, like Gecko) Mobile Safari/537.36 (compatible; PetalBot;+https://webmaster.petalsearch.com/site/petalbot)" "brainbox.co.in"
51.222.253.16 - - [27/Nov/2022:19:09:32 -0800] "GET /PDFContent/02%20APSB/07%20Class%20XII/English/?C=N;O=D HTTP/1.1" 200 353 "-" "Mozilla/5.0 (compatible; AhrefsBot/7.0; +http://ahrefs.com/robot/)" "brainbox.co.in"
114.119.136.99 - - [27/Nov/2022:19:13:41 -0800] "GET /PDFContent/01%20TSB/05%20Class%20X/English/6A,ENVIRONMENT/?C=M%3BO%3DA HTTP/1.1" 200 518 "https://brainbox.co.in/PDFContent/01%20TSB/05%20Class%20X/English/6A,ENVIRONMENT/?C=S%3BO%3DA" "Mozilla/5.0 (Linux; Android 7.0;) AppleWebKit/537.36 (KHTML, like Gecko) Mobile Safari/537.36 (compatible; PetalBot;+https://webmaster.petalsearch.com/site/petalbot)" "brainbox.co.in"
52.14.180.73 - - [27/Nov/2022:19:15:12 -0800] "GET /~richard/templates/beez/US/uk/paypal/login.htm HTTP/1.1" 404 73 "-" "Mozilla/5.0 (Macintosh; Intel Mac OS X 10_10_5) AppleWebKit/537.36 (KHTML, like Gecko) Chrome/52.0.2743.116 Safari/537.36" "brainbox.co.in"
51.222.253.5 - - [27/Nov/2022:19:16:59 -0800] "GET /PDFContent/03%20CBSE/02%20Class%20VII/Science/HEAT/?C=S;O=D HTTP/1.1" 200 531 "-" "Mozilla/5.0 (compatible; AhrefsBot/7.0; +http://ahrefs.com/robot/)" "brainbox.co.in"
114.119.144.29 - - [27/Nov/2022:19:19:02 -0800] "GET /PDFContent/01%20TSB/06%20Class%20XI/Sanskrit/?C=N%3BO%3DD HTTP/1.1" 200 354 "https://brainbox.co.in/PDFContent/01%20TSB/06%20Class%20XI/Sanskrit/" "Mozilla/5.0 (Linux; Android 7.0;) AppleWebKit/537.36 (KHTML, like Gecko) Mobile Safari/537.36 (compatible; PetalBot;+https://webmaster.petalsearch.com/site/petalbot)" "brainbox.co.in"
51.222.253.7 - - [27/Nov/2022:19:24:15 -0800] "GET /PDFContent/03%20CBSE/02%20Class%20VII/Science/SOIL/?C=M;O=D HTTP/1.1" 200 493 "-" "Mozilla/5.0 (compatible; AhrefsBot/7.0; +http://ahrefs.com/robot/)" "brainbox.co.in"
114.119.130.29 - - [27/Nov/2022:19:24:23 -0800] "GET /PDFContent/04%20ICSE/07%20Class%20XII/Telugu/?C=S%3BO%3DA HTTP/1.1" 200 355 "https://brainbox.co.in/PDFContent/04%20ICSE/07%20Class%20XII/Telugu/?C=N%3BO%3DD" "Mozilla/5.0 (Linux; Android 7.0;) AppleWebKit/537.36 (KHTML, like Gecko) Mobile Safari/537.36 (compatible; PetalBot;+https://webmaster.petalsearch.com/site/petalbot)" "brainbox.co.in"
51.222.253.4 - - [27/Nov/2022:19:27:37 -0800] "GET /PDFContent/03%20CBSE/02%20Class%20VII/Science/SOIL/?C=S;O=D HTTP/1.1" 200 493 "-" "Mozilla/5.0 (compatible; AhrefsBot/7.0; +http://ahrefs.com/robot/)" "brainbox.co.in"
114.119.130.152 - - [27/Nov/2022:19:29:43 -0800] "GET /PDFContent/03%20CBSE/05%20Class%20X/Hindi/CBSE_X_HINDI_LS01_MAATAA%20KAA%20ANCHAL_CUE%20WORDS.pdf HTTP/1.1" 200 491165 "https://brainbox.co.in/PDFContent/03%20CBSE/05%20Class%20X/Hindi/?C=M%3BO%3DA" "Mozilla/5.0 (Linux; Android 7.0;) AppleWebKit/537.36 (KHTML, like Gecko) Mobile Safari/537.36 (compatible; PetalBot;+https://webmaster.petalsearch.com/site/petalbot)" "brainbox.co.in"
51.222.253.2 - - [27/Nov/2022:19:31:13 -0800] "GET /PDFContent/03%20CBSE/02%20Class%20VII/Maths/?C=N;O=D HTTP/1.1" 200 351 "-" "Mozilla/5.0 (compatible; AhrefsBot/7.0; +http://ahrefs.com/robot/)" "brainbox.co.in"
51.222.253.7 - - [27/Nov/2022:19:34:53 -0800] "GET /PDFContent/03%20CBSE/02%20Class%20VII/Science/LIGHT/?C=S;O=D HTTP/1.1" 200 518 "-" "Mozilla/5.0 (compatible; AhrefsBot/7.0; +http://ahrefs.com/robot/)" "brainbox.co.in"
114.119.156.16 - - [27/Nov/2022:19:35:08 -0800] "GET /PDFContent/03%20CBSE/02%20Class%20VII/Science/WINDS%20STORMS%20AND%20CYCLONES/Introduction.pdf HTTP/1.1" 200 452740 "https://brainbox.co.in/PDFContent/03%20CBSE/02%20Class%20VII/Science/WINDS%20STORMS%20AND%20CYCLONES/" "Mozilla/5.0 (Linux; Android 7.0;) AppleWebKit/537.36 (KHTML, like Gecko) Mobile Safari/537.36 (compatible; PetalBot;+https://webmaster.petalsearch.com/site/petalbot)" "brainbox.co.in"
51.222.253.15 - - [27/Nov/2022:19:38:49 -0800] "GET /PDFContent/03%20CBSE/02%20Class%20VII/Science/WINDS%20STORMS%20AND%20CYCLONES/?C=M;O=D HTTP/1.1" 200 514 "-" "Mozilla/5.0 (compatible; AhrefsBot/7.0; +http://ahrefs.com/robot/)" "brainbox.co.in"
114.119.156.16 - - [27/Nov/2022:19:40:18 -0800] "GET /PDFContent/01%20TSB/01%20Class%20VI/ HTTP/1.1" 200 496 "https://brainbox.co.in/PDFContent/01%20TSB/01%20Class%20VI/Maths/?C=N%3BO%3DD" "Mozilla/5.0 (Linux; Android 7.0;) AppleWebKit/537.36 (KHTML, like Gecko) Mobile Safari/537.36 (compatible; PetalBot;+https://webmaster.petalsearch.com/site/petalbot)" "brainbox.co.in"
51.222.253.4 - - [27/Nov/2022:19:43:32 -0800] "GET /PDFContent/03%20CBSE/02%20Class%20VII/Science/ELECTRIC%20CURRENT%20AND%20ITS%20EFFECTS/?C=M;O=D HTTP/1.1" 200 624 "-" "Mozilla/5.0 (compatible; AhrefsBot/7.0; +http://ahrefs.com/robot/)" "brainbox.co.in"
114.119.156.16 - - [27/Nov/2022:19:45:33 -0800] "GET /PDFContent/03%20CBSE/04%20Class%20IX/Chemistry/ATOMS%20AND%20MOLECULES/Atoms%20&%20Molecules_T03_Symbols%20of%20atoms.pdf HTTP/1.1" 200 167178 "https://brainbox.co.in/PDFContent/03%20CBSE/04%20Class%20IX/Chemistry/ATOMS%20AND%20MOLECULES/" "Mozilla/5.0 (Linux; Android 7.0;) AppleWebKit/537.36 (KHTML, like Gecko) Mobile Safari/537.36 (compatible; PetalBot;+https://webmaster.petalsearch.com/site/petalbot)" "brainbox.co.in"
51.222.253.1 - - [27/Nov/2022:19:47:18 -0800] "GET /PDFContent/03%20CBSE/02%20Class%20VII/Science/WINDS%20STORMS%20AND%20CYCLONES/?C=S;O=D HTTP/1.1" 200 515 "-" "Mozilla/5.0 (compatible; AhrefsBot/7.0; +http://ahrefs.com/robot/)" "brainbox.co.in"
51.222.253.4 - - [27/Nov/2022:19:49:51 -0800] "GET /PDFContent/01%20TSB/04%20Class%20IX/Maths/Biology/?C=N;O=A HTTP/1.1" 200 358 "-" "Mozilla/5.0 (compatible; AhrefsBot/7.0; +http://ahrefs.com/robot/)" "brainbox.co.in"
114.119.148.161 - - [27/Nov/2022:19:50:50 -0800] "GET /PDFContent/03%20CBSE/05%20Class%20X/Maths/CBSE_X_MATHS_LS02_POLYNOMIALS_REPRESENTATION%20OF%20LINEAR%20POLYNOMIALS.pdf HTTP/1.1" 200 298584 "https://brainbox.co.in/PDFContent/03%20CBSE/05%20Class%20X/Maths/?C=D%3BO%3DA" "Mozilla/5.0 (Linux; Android 7.0;) AppleWebKit/537.36 (KHTML, like Gecko) Mobile Safari/537.36 (compatible; PetalBot;+https://webmaster.petalsearch.com/site/petalbot)" "brainbox.co.in"
104.196.165.78 - - [27/Nov/2022:19:51:14 -0800] "GET /robots.txt HTTP/1.1" 404 88 "-" "ZoominfoBot (zoominfobot at zoominfo dot com)" "www.brainbox.co.in"
104.196.165.78 - - [27/Nov/2022:19:51:14 -0800] "GET /taskdiary/ HTTP/1.1" 200 314 "-" "ZoominfoBot (zoominfobot at zoominfo dot com)" "www.brainbox.co.in"
51.222.253.8 - - [27/Nov/2022:19:52:20 -0800] "GET /PDFContent/02%20APSB/01%20Class%20VI/?C=M;O=A HTTP/1.1" 200 463 "-" "Mozilla/5.0 (compatible; AhrefsBot/7.0; +http://ahrefs.com/robot/)" "brainbox.co.in"
114.119.130.29 - - [27/Nov/2022:19:56:06 -0800] "GET /PDFContent/03%20CBSE/02%20Class%20VII/English/CBSEBoard_English_VII_LS1_explanation_%20part1.pdf HTTP/1.1" 200 99218 "https://brainbox.co.in/PDFContent/03%20CBSE/02%20Class%20VII/English/?C=S%3BO%3DA" "Mozilla/5.0 (Linux; Android 7.0;) AppleWebKit/537.36 (KHTML, like Gecko) Mobile Safari/537.36 (compatible; PetalBot;+https://webmaster.petalsearch.com/site/petalbot)" "brainbox.co.in"
51.222.253.17 - - [27/Nov/2022:19:57:08 -0800] "GET /PDFContent/02%20APSB/01%20Class%20VI/?C=S;O=A HTTP/1.1" 200 463 "-" "Mozilla/5.0 (compatible; AhrefsBot/7.0; +http://ahrefs.com/robot/)" "brainbox.co.in"
104.196.165.78 - - [27/Nov/2022:19:57:15 -0800] "GET /?C=M;O=A HTTP/1.1" 200 429 "-" "ZoominfoBot (zoominfobot at zoominfo dot com)" "www.brainbox.co.in"
51.222.253.20 - - [27/Nov/2022:20:01:00 -0800] "GET /PDFContent/03%20CBSE/02%20Class%20VII/Science/ACIDS%20BASES%20AND%20SALTS/?C=M;O=D HTTP/1.1" 200 524 "-" "Mozilla/5.0 (compatible; AhrefsBot/7.0; +http://ahrefs.com/robot/)" "brainbox.co.in"
114.119.144.29 - - [27/Nov/2022:20:01:25 -0800] "GET /PDFContent/01%20TSB/05%20Class%20X/English/THE%20STOREYED%20HOUSE%20P1/?C=D%3BO%3DA HTTP/1.1" 200 548 "https://brainbox.co.in/PDFContent/01%20TSB/05%20Class%20X/English/THE%20STOREYED%20HOUSE%20P1/?C=N%3BO%3DD" "Mozilla/5.0 (Linux; Android 7.0;) AppleWebKit/537.36 (KHTML, like Gecko) Mobile Safari/537.36 (compatible; PetalBot;+https://webmaster.petalsearch.com/site/petalbot)" "brainbox.co.in"
104.196.165.78 - - [27/Nov/2022:20:04:03 -0800] "GET /robots.txt HTTP/1.1" 404 88 "-" "ZoominfoBot (zoominfobot at zoominfo dot com)" "brainbox.co.in"
104.196.165.78 - - [27/Nov/2022:20:04:03 -0800] "GET /PDFContent/ HTTP/1.1" 200 1121 "-" "ZoominfoBot (zoominfobot at zoominfo dot com)" "brainbox.co.in"
51.222.253.16 - - [27/Nov/2022:20:04:32 -0800] "GET /PDFContent/03%20CBSE/05%20Class%20X/Hindi/SPARSH/LS10/ HTTP/1.1" 200 568 "-" "Mozilla/5.0 (compatible; AhrefsBot/7.0; +http://ahrefs.com/robot/)" "brainbox.co.in"
114.119.156.16 - - [27/Nov/2022:20:06:37 -0800] "GET /PDFContent/03%20CBSE/05%20Class%20X/Hindi/CBSE_X_HINDI_LS04_MANVIYA%20KARUNA%20KI%20DIVYA%20CHAMAK_QUESTION&ANSWERS.pdf HTTP/1.1" 200 523081 "https://brainbox.co.in/PDFContent/03%20CBSE/05%20Class%20X/Hindi/?C=M%3BO%3DA" "Mozilla/5.0 (Linux; Android 7.0;) AppleWebKit/537.36 (KHTML, like Gecko) Mobile Safari/537.36 (compatible; PetalBot;+https://webmaster.petalsearch.com/site/petalbot)" "brainbox.co.in"
51.222.253.9 - - [27/Nov/2022:20:08:25 -0800] "GET /PDFContent/02%20APSB/07%20Class%20XII/Hindi/?C=D;O=D HTTP/1.1" 200 353 "-" "Mozilla/5.0 (compatible; AhrefsBot/7.0; +http://ahrefs.com/robot/)" "brainbox.co.in"
51.222.253.16 - - [27/Nov/2022:20:11:41 -0800] "GET /PDFContent/01%20TSB/01%20Class%20VI/Physics/ HTTP/1.1" 200 351 "-" "Mozilla/5.0 (compatible; AhrefsBot/7.0; +http://ahrefs.com/robot/)" "brainbox.co.in"
114.119.136.99 - - [27/Nov/2022:20:11:49 -0800] "GET /PDFContent/03%20CBSE/04%20Class%20IX/Chemistry/?C=S%3BO%3DA HTTP/1.1" 200 450 "https://brainbox.co.in/PDFContent/03%20CBSE/04%20Class%20IX/Chemistry/?C=D%3BO%3DA" "Mozilla/5.0 (Linux; Android 7.0;) AppleWebKit/537.36 (KHTML, like Gecko) Mobile Safari/537.36 (compatible; PetalBot;+https://webmaster.petalsearch.com/site/petalbot)" "brainbox.co.in"
114.119.144.29 - - [27/Nov/2022:20:17:00 -0800] "GET /PDFContent/03%20CBSE/07%20Class%20XII/Physics/CURRENT%20ELECTRICITY/?C=D%3BO%3DA HTTP/1.1" 200 650 "https://brainbox.co.in/PDFContent/03%20CBSE/07%20Class%20XII/Physics/CURRENT%20ELECTRICITY/?C=N%3BO%3DD" "Mozilla/5.0 (Linux; Android 7.0;) AppleWebKit/537.36 (KHTML, like Gecko) Mobile Safari/537.36 (compatible; PetalBot;+https://webmaster.petalsearch.com/site/petalbot)" "brainbox.co.in"
51.222.253.11 - - [27/Nov/2022:20:19:33 -0800] "GET /PDFContent/03%20CBSE/02%20Class%20VII/Science/MOTION%20AND%20TIME/?C=M;O=D HTTP/1.1" 200 525 "-" "Mozilla/5.0 (compatible; AhrefsBot/7.0; +http://ahrefs.com/robot/)" "brainbox.co.in"
114.119.148.161 - - [27/Nov/2022:20:22:10 -0800] "GET /PDFContent/01%20TSB/07%20Class%20XII/English/ HTTP/1.1" 200 354 "https://brainbox.co.in/PDFContent/01%20TSB/07%20Class%20XII/?C=S%3BO%3DA" "Mozilla/5.0 (Linux; Android 7.0;) AppleWebKit/537.36 (KHTML, like Gecko) Mobile Safari/537.36 (compatible; PetalBot;+https://webmaster.petalsearch.com/site/petalbot)" "brainbox.co.in"
104.196.165.78 - - [27/Nov/2022:20:25:28 -0800] "GET /SchoolERP/ HTTP/1.1" 200 2315 "-" "ZoominfoBot (zoominfobot at zoominfo dot com)" "www.brainbox.co.in"
54.36.148.136 - - [27/Nov/2022:20:27:11 -0800] "GET /robots.txt HTTP/1.1" 404 88 "-" "Mozilla/5.0 (compatible; AhrefsBot/7.0; +http://ahrefs.com/robot/)" "brainbox.co.in"
51.222.253.5 - - [27/Nov/2022:20:27:13 -0800] "GET /PDFContent/03%20CBSE/02%20Class%20VII/Science/MOTION%20AND%20TIME/?C=S;O=D HTTP/1.1" 200 524 "-" "Mozilla/5.0 (compatible; AhrefsBot/7.0; +http://ahrefs.com/robot/)" "brainbox.co.in"
114.119.130.29 - - [27/Nov/2022:20:27:21 -0800] "GET /PDFContent/02%20APSB/07%20Class%20XII/?C=M%3BO%3DA HTTP/1.1" 200 465 "https://brainbox.co.in/PDFContent/02%20APSB/07%20Class%20XII/?C=S%3BO%3DA" "Mozilla/5.0 (Linux; Android 7.0;) AppleWebKit/537.36 (KHTML, like Gecko) Mobile Safari/537.36 (compatible; PetalBot;+https://webmaster.petalsearch.com/site/petalbot)" "brainbox.co.in"
77.88.9.139 - - [27/Nov/2022:20:28:56 -0800] "GET /PDFContent/01%20TSB/01%20Class%20VI/English/GRANND%20CONTEST/TSB_VI_LS02_EXPLANATION.pdf HTTP/1.1" 200 82712 "-" "Mozilla/5.0 (compatible; YandexBot/3.0; +http://yandex.com/bots)" "brainbox.co.in"
114.119.130.177 - - [27/Nov/2022:20:30:00 -0800] "GET /robots.txt HTTP/1.1" 404 88 "-" "Mozilla/5.0 (compatible;PetalBot;+https://webmaster.petalsearch.com/site/petalbot)" "brainbox.co.in"
114.119.130.29 - - [27/Nov/2022:20:32:31 -0800] "GET /PDFContent/CUBE%20Maths/CLASS%20-%201%20WORKSHEETS/16.%20PATTERNS.pdf HTTP/1.1" 200 170684 "https://brainbox.co.in/PDFContent/CUBE%20Maths/CLASS%20-%201%20WORKSHEETS/" "Mozilla/5.0 (Linux; Android 7.0;) AppleWebKit/537.36 (KHTML, like Gecko) Mobile Safari/537.36 (compatible; PetalBot;+https://webmaster.petalsearch.com/site/petalbot)" "brainbox.co.in"
114.119.144.29 - - [27/Nov/2022:20:37:42 -0800] "GET /PDFContent/03%20CBSE/05%20Class%20X/Biology/LIFE%20PROCESSES/Life%20Processes_T01_Introduction%20Organisation%20of%20the%20Body.pdf HTTP/1.1" 200 465285 "https://brainbox.co.in/PDFContent/03%20CBSE/05%20Class%20X/Biology/LIFE%20PROCESSES/?C=D%3BO%3DA" "Mozilla/5.0 (Linux; Android 7.0;) AppleWebKit/537.36 (KHTML, like Gecko) Mobile Safari/537.36 (compatible; PetalBot;+https://webmaster.petalsearch.com/site/petalbot)" "brainbox.co.in"
51.222.253.3 - - [27/Nov/2022:20:40:22 -0800] "GET /PDFContent/02%20APSB/04%20Class%20IX/Hindi/?C=N;O=D HTTP/1.1" 200 351 "-" "Mozilla/5.0 (compatible; AhrefsBot/7.0; +http://ahrefs.com/robot/)" "brainbox.co.in"
114.119.156.16 - - [27/Nov/2022:20:42:53 -0800] "GET /PDFContent/03%20CBSE/07%20Class%20XII/Physics/ELECTRIC%20CHARGES%20AND%20FIELDS/ HTTP/1.1" 200 687 "https://brainbox.co.in/PDFContent/03%20CBSE/07%20Class%20XII/Physics/?C=D%3BO%3DA" "Mozilla/5.0 (Linux; Android 7.0;) AppleWebKit/537.36 (KHTML, like Gecko) Mobile Safari/537.36 (compatible; PetalBot;+https://webmaster.petalsearch.com/site/petalbot)" "brainbox.co.in"
104.196.165.78 - - [27/Nov/2022:20:45:17 -0800] "GET /taskdiary/ HTTP/1.1" 200 314 "-" "ZoominfoBot (zoominfobot at zoominfo dot com)" "brainbox.co.in"
114.119.130.152 - - [27/Nov/2022:20:48:03 -0800] "GET /PDFContent/01%20TSB/05%20Class%20X/English/6A,ENVIRONMENT/?C=D%3BO%3DA HTTP/1.1" 200 518 "https://brainbox.co.in/PDFContent/01%20TSB/05%20Class%20X/English/6A,ENVIRONMENT/?C=S%3BO%3DA" "Mozilla/5.0 (Linux; Android 7.0;) AppleWebKit/537.36 (KHTML, like Gecko) Mobile Safari/537.36 (compatible; PetalBot;+https://webmaster.petalsearch.com/site/petalbot)" "brainbox.co.in"
103.145.255.142 - - [27/Nov/2022:20:52:08 -0800] "GET / HTTP/1.1" 200 1155 "-" "Mozilla/5.0 (X11; Linux x86_64) AppleWebKit/537.11 (KHTML, like Gecko) Chrome/23.0.1271.64 Safari/537.11" "brainbox.co.in"
103.145.255.142 - - [27/Nov/2022:20:52:12 -0800] "GET /env HTTP/1.1" 404 73 "-" "Mozilla/5.0 (X11; Linux x86_64) AppleWebKit/537.11 (KHTML, like Gecko) Chrome/23.0.1271.64 Safari/537.11" "brainbox.co.in"
103.145.255.142 - - [27/Nov/2022:20:52:13 -0800] "GET /env.txt HTTP/1.1" 404 73 "-" "Mozilla/5.0 (X11; Linux x86_64) AppleWebKit/537.11 (KHTML, like Gecko) Chrome/23.0.1271.64 Safari/537.11" "brainbox.co.in"
114.119.148.161 - - [27/Nov/2022:20:53:13 -0800] "GET /PDFContent/01%20TSB/04%20Class%20IX/Biology/Challenging%20in%20Improving%20Agricultural/TS_IX_BIOLOGY_CHALLENGES%20%20IN%20IMPROVING%20AGRICULTURAL_Increasing%20Population%20Ways.pdf HTTP/1.1" 200 420824 "https://brainbox.co.in/PDFContent/01%20TSB/04%20Class%20IX/Biology/Challenging%20in%20Improving%20Agricultural/?C=D%3BO%3DA" "Mozilla/5.0 (Linux; Android 7.0;) AppleWebKit/537.36 (KHTML, like Gecko) Mobile Safari/537.36 (compatible; PetalBot;+https://webmaster.petalsearch.com/site/petalbot)" "brainbox.co.in"
13.57.222.111 - - [27/Nov/2022:20:55:39 -0800] "GET /~richard/templates/beez/US/uk/paypal/login.htm HTTP/1.1" 404 73 "-" "Mozilla/5.0 (Macintosh; Intel Mac OS X 10_10_5) AppleWebKit/537.36 (KHTML, like Gecko) Chrome/52.0.2743.116 Safari/537.36" "brainbox.co.in"
51.222.253.18 - - [27/Nov/2022:20:56:17 -0800] "GET /PDFContent/02%20APSB/01%20Class%20VI/Chemistry/?C=N;O=D HTTP/1.1" 200 353 "-" "Mozilla/5.0 (compatible; AhrefsBot/7.0; +http://ahrefs.com/robot/)" "brainbox.co.in"
114.119.131.203 - - [27/Nov/2022:20:58:23 -0800] "GET /PDFContent/04%20ICSE/03%20Class%20VIII/Chemistry/ HTTP/1.1" 200 356 "https://brainbox.co.in/PDFContent/04%20ICSE/03%20Class%20VIII/" "Mozilla/5.0 (Linux; Android 7.0;) AppleWebKit/537.36 (KHTML, like Gecko) Mobile Safari/537.36 (compatible; PetalBot;+https://webmaster.petalsearch.com/site/petalbot)" "brainbox.co.in"
114.119.144.29 - - [27/Nov/2022:21:03:33 -0800] "GET /PDFContent/04%20ICSE/06%20Class%20XI/Telugu/?C=S%3BO%3DA HTTP/1.1" 200 355 "https://brainbox.co.in/PDFContent/04%20ICSE/06%20Class%20XI/Telugu/?C=M%3BO%3DA" "Mozilla/5.0 (Linux; Android 7.0;) AppleWebKit/537.36 (KHTML, like Gecko) Mobile Safari/537.36 (compatible; PetalBot;+https://webmaster.petalsearch.com/site/petalbot)" "brainbox.co.in"
114.119.148.161 - - [27/Nov/2022:21:08:44 -0800] "GET /PDFContent/03%20CBSE/03%20Class%20VIII/Maths/ALGEBRAIC%20EXPRESSIONS%20AND%20IDENTITIES/CBSE_VIII_MATHS_LS09_ALGEBRAIC%20EXPRESSION%20OF%20IDENTITIES_EXAMPLE_05.pdf HTTP/1.1" 200 274611 "https://brainbox.co.in/PDFContent/03%20CBSE/03%20Class%20VIII/Maths/ALGEBRAIC%20EXPRESSIONS%20AND%20IDENTITIES/" "Mozilla/5.0 (Linux; Android 7.0;) AppleWebKit/537.36 (KHTML, like Gecko) Mobile Safari/537.36 (compatible; PetalBot;+https://webmaster.petalsearch.com/site/petalbot)" "brainbox.co.in"
51.222.253.8 - - [27/Nov/2022:21:12:54 -0800] "GET /PDFContent/03%20CBSE/06%20Class%20XI/Maths/?C=S;O=D HTTP/1.1" 200 953 "-" "Mozilla/5.0 (compatible; AhrefsBot/7.0; +http://ahrefs.com/robot/)" "brainbox.co.in"
114.119.130.152 - - [27/Nov/2022:21:13:56 -0800] "GET /PDFContent/03%20CBSE/05%20Class%20X/Biology/How%20to%20do%20organsims%20reproduce/CBSE_X_BIOLOGY_HOW%20TO%20DO%20ORGANISMS%20REPRODUCE_Contraception.pdf HTTP/1.1" 200 235810 "https://brainbox.co.in/PDFContent/03%20CBSE/05%20Class%20X/Biology/How%20to%20do%20organsims%20reproduce/?C=M%3BO%3DA" "Mozilla/5.0 (Linux; Android 7.0;) AppleWebKit/537.36 (KHTML, like Gecko) Mobile Safari/537.36 (compatible; PetalBot;+https://webmaster.petalsearch.com/site/petalbot)" "brainbox.co.in"
114.119.131.203 - - [27/Nov/2022:21:19:05 -0800] "GET /PDFContent/04%20ICSE/03%20Class%20VIII/Maths/?C=N%3BO%3DD HTTP/1.1" 200 353 "https://brainbox.co.in/PDFContent/04%20ICSE/03%20Class%20VIII/Maths/?C=D%3BO%3DA" "Mozilla/5.0 (Linux; Android 7.0;) AppleWebKit/537.36 (KHTML, like Gecko) Mobile Safari/537.36 (compatible; PetalBot;+https://webmaster.petalsearch.com/site/petalbot)" "brainbox.co.in"
51.222.253.11 - - [27/Nov/2022:21:21:09 -0800] "GET /PDFContent/03%20CBSE/03%20Class%20VIII/Chemistry/CHEMICAL%20EFFECTS%20OF%20ELECTRIC%20CURRENT/?C=M;O=D HTTP/1.1" 200 550 "-" "Mozilla/5.0 (compatible; AhrefsBot/7.0; +http://ahrefs.com/robot/)" "brainbox.co.in"
104.196.165.78 - - [27/Nov/2022:21:21:21 -0800] "GET /MySQL_Database/ HTTP/1.1" 200 2311 "-" "ZoominfoBot (zoominfobot at zoominfo dot com)" "brainbox.co.in"
114.119.148.161 - - [27/Nov/2022:21:24:16 -0800] "GET /PDFContent/03%20CBSE/06%20Class%20XI/Physics/MOTION%20IN%20STRAIGHT%20LINE/CBSE_XI_PHYSCIS_LS03_MOTION%20IN%20A%20STRAIGHT%20LINE_PROB_02.pdf HTTP/1.1" 200 388255 "https://brainbox.co.in/PDFContent/03%20CBSE/06%20Class%20XI/Physics/MOTION%20IN%20STRAIGHT%20LINE/?C=S%3BO%3DA" "Mozilla/5.0 (Linux; Android 7.0;) AppleWebKit/537.36 (KHTML, like Gecko) Mobile Safari/537.36 (compatible; PetalBot;+https://webmaster.petalsearch.com/site/petalbot)" "brainbox.co.in"
51.222.253.7 - - [27/Nov/2022:21:28:41 -0800] "GET /PDFContent/03%20CBSE/07%20Class%20XII/Telugu/?C=D;O=A HTTP/1.1" 200 355 "-" "Mozilla/5.0 (compatible; AhrefsBot/7.0; +http://ahrefs.com/robot/)" "brainbox.co.in"
114.119.129.184 - - [27/Nov/2022:21:29:26 -0800] "GET /?C=M%3BO%3DA HTTP/1.1" 200 428 "https://brainbox.co.in/" "Mozilla/5.0 (Linux; Android 7.0;) AppleWebKit/537.36 (KHTML, like Gecko) Mobile Safari/537.36 (compatible; PetalBot;+https://webmaster.petalsearch.com/site/petalbot)" "brainbox.co.in"
114.119.129.184 - - [27/Nov/2022:21:34:36 -0800] "GET /PDFContent/Beetle/CLASS%20I/ENGLISH%20class1-sem1/?C=N%3BO%3DD HTTP/1.1" 200 903 "https://brainbox.co.in/PDFContent/Beetle/CLASS%20I/ENGLISH%20class1-sem1/" "Mozilla/5.0 (Linux; Android 7.0;) AppleWebKit/537.36 (KHTML, like Gecko) Mobile Safari/537.36 (compatible; PetalBot;+https://webmaster.petalsearch.com/site/petalbot)" "brainbox.co.in"
51.222.253.13 - - [27/Nov/2022:21:36:45 -0800] "GET /PDFContent/04%20ICSE/06%20Class%20XI/Physics/?C=S;O=A HTTP/1.1" 200 354 "-" "Mozilla/5.0 (compatible; AhrefsBot/7.0; +http://ahrefs.com/robot/)" "brainbox.co.in"
114.119.144.29 - - [27/Nov/2022:21:39:47 -0800] "GET /PDFContent/Beetle/CLASS%20IV/SOCIAL/LESSON%206.%20THE%20COASTAL%20PLAINS%20AND%20THE%20ISLANDS.pdf HTTP/1.1" 200 86309 "https://brainbox.co.in/PDFContent/Beetle/CLASS%20IV/SOCIAL/?C=N%3BO%3DD" "Mozilla/5.0 (Linux; Android 7.0;) AppleWebKit/537.36 (KHTML, like Gecko) Mobile Safari/537.36 (compatible; PetalBot;+https://webmaster.petalsearch.com/site/petalbot)" "brainbox.co.in"
104.196.165.78 - - [27/Nov/2022:21:41:03 -0800] "GET /?C=S;O=A HTTP/1.1" 200 428 "-" "ZoominfoBot (zoominfobot at zoominfo dot com)" "www.brainbox.co.in"
51.222.253.6 - - [27/Nov/2022:21:44:00 -0800] "GET /PDFContent/Beetle/CLASS%20III/SOCIAL/SEM%201/?C=M;O=A HTTP/1.1" 200 723 "-" "Mozilla/5.0 (compatible; AhrefsBot/7.0; +http://ahrefs.com/robot/)" "brainbox.co.in"
114.119.156.16 - - [27/Nov/2022:21:44:58 -0800] "GET /PDFContent/01%20TSB/03%20Class%20VIII/English/LS2B/TSBoard_English_VIII_LS2B_Questions%20and%20Answers.pdf HTTP/1.1" 200 173929 "https://brainbox.co.in/PDFContent/01%20TSB/03%20Class%20VIII/English/LS2B/?C=M%3BO%3DA" "Mozilla/5.0 (Linux; Android 7.0;) AppleWebKit/537.36 (KHTML, like Gecko) Mobile Safari/537.36 (compatible; PetalBot;+https://webmaster.petalsearch.com/site/petalbot)" "brainbox.co.in"
114.119.130.152 - - [27/Nov/2022:21:50:08 -0800] "GET /PDFContent/Beetle/CLASS%20V/MATHEMATICS/SEM%202/Lesson%205.%20Volume%20and%20Nets.pdf HTTP/1.1" 200 79441 "https://brainbox.co.in/PDFContent/Beetle/CLASS%20V/MATHEMATICS/SEM%202/?C=N%3BO%3DD" "Mozilla/5.0 (Linux; Android 7.0;) AppleWebKit/537.36 (KHTML, like Gecko) Mobile Safari/537.36 (compatible; PetalBot;+https://webmaster.petalsearch.com/site/petalbot)" "brainbox.co.in"
104.196.165.78 - - [27/Nov/2022:21:51:17 -0800] "GET /?C=D;O=A HTTP/1.1" 200 428 "-" "ZoominfoBot (zoominfobot at zoominfo dot com)" "www.brainbox.co.in"
51.222.253.12 - - [27/Nov/2022:21:51:40 -0800] "GET /PDFContent/02%20APSB/06%20Class%20XI/Chemistry/ HTTP/1.1" 200 356 "-" "Mozilla/5.0 (compatible; AhrefsBot/7.0; +http://ahrefs.com/robot/)" "brainbox.co.in"
114.119.148.161 - - [27/Nov/2022:21:55:22 -0800] "GET /PDFContent/03%20CBSE/03%20Class%20VIII/Maths/INTRODUCTION%20TO%20GRAPHS/Introduction%20to%20Graphs_Linear%20graph_A%20&%20B.pdf HTTP/1.1" 200 414152 "https://brainbox.co.in/PDFContent/03%20CBSE/03%20Class%20VIII/Maths/INTRODUCTION%20TO%20GRAPHS/?C=D%3BO%3DA" "Mozilla/5.0 (Linux; Android 7.0;) AppleWebKit/537.36 (KHTML, like Gecko) Mobile Safari/537.36 (compatible; PetalBot;+https://webmaster.petalsearch.com/site/petalbot)" "brainbox.co.in"
51.222.253.9 - - [27/Nov/2022:21:55:47 -0800] "GET /PDFContent/02%20APSB/01%20Class%20VI/?C=D;O=A HTTP/1.1" 200 463 "-" "Mozilla/5.0 (compatible; AhrefsBot/7.0; +http://ahrefs.com/robot/)" "brainbox.co.in"
51.222.253.1 - - [27/Nov/2022:22:00:10 -0800] "GET /PDFContent/01%20TSB/02%20Class%20VII/Telugu/?C=D;O=A HTTP/1.1" 200 353 "-" "Mozilla/5.0 (compatible; AhrefsBot/7.0; +http://ahrefs.com/robot/)" "brainbox.co.in"
114.119.156.16 - - [27/Nov/2022:22:00:30 -0800] "GET /PDFContent/Beetle/CLASS%20I/EVS/?C=M%3BO%3DA HTTP/1.1" 404 88 "https://brainbox.co.in/PDFContent/Beetle/CLASS%20I/EVS/?C=N%3BO%3DD" "Mozilla/5.0 (Linux; Android 7.0;) AppleWebKit/537.36 (KHTML, like Gecko) Mobile Safari/537.36 (compatible; PetalBot;+https://webmaster.petalsearch.com/site/petalbot)" "brainbox.co.in"
51.222.253.9 - - [27/Nov/2022:22:03:37 -0800] "GET /PDFContent/02%20APSB/04%20Class%20IX/Chemistry/?C=S;O=D HTTP/1.1" 200 353 "-" "Mozilla/5.0 (compatible; AhrefsBot/7.0; +http://ahrefs.com/robot/)" "brainbox.co.in"
