35.235.69.188 - - [24/Nov/2022:22:34:14 -0800] "GET /xleet.php HTTP/1.1" 404 88 "http://brainbox.co.in//xleet.php" "Go-http-client/2.0" "brainbox.co.in"
35.235.69.188 - - [24/Nov/2022:22:34:14 -0800] "GET /1337.php HTTP/1.1" 404 88 "http://brainbox.co.in//1337.php" "Go-http-client/2.0" "brainbox.co.in"
35.235.69.188 - - [24/Nov/2022:22:34:14 -0800] "GET /wxo.php HTTP/1.1" 404 88 "http://brainbox.co.in//wxo.php" "Go-http-client/2.0" "brainbox.co.in"
35.235.69.188 - - [24/Nov/2022:22:34:14 -0800] "GET /wp-info.php HTTP/1.1" 404 88 "http://brainbox.co.in//wp-info.php" "Go-http-client/2.0" "brainbox.co.in"
35.235.69.188 - - [24/Nov/2022:22:34:14 -0800] "GET /up-kon.php HTTP/1.1" 404 88 "http://brainbox.co.in//up-kon.php" "Go-http-client/2.0" "brainbox.co.in"
35.235.69.188 - - [24/Nov/2022:22:34:14 -0800] "GET /hehe.php HTTP/1.1" 404 88 "http://brainbox.co.in//hehe.php" "Go-http-client/2.0" "brainbox.co.in"
35.235.69.188 - - [24/Nov/2022:22:34:14 -0800] "GET /3x.php?3x=3x HTTP/1.1" 404 88 "http://brainbox.co.in//3x.php?3x=3x" "Go-http-client/2.0" "brainbox.co.in"
35.235.69.188 - - [24/Nov/2022:22:34:14 -0800] "GET /xmlrqc.php HTTP/1.1" 404 88 "http://brainbox.co.in//xmlrqc.php" "Go-http-client/2.0" "brainbox.co.in"
35.235.69.188 - - [24/Nov/2022:22:34:14 -0800] "GET /wp-blog.php HTTP/1.1" 404 88 "http://brainbox.co.in//wp-blog.php" "Go-http-client/2.0" "brainbox.co.in"
35.235.69.188 - - [24/Nov/2022:22:34:15 -0800] "GET /xwxx.php HTTP/1.1" 404 88 "http://brainbox.co.in//xwxx.php" "Go-http-client/2.0" "brainbox.co.in"
35.235.69.188 - - [24/Nov/2022:22:34:15 -0800] "GET /wp-content/plugins/fighter/fk.php HTTP/1.1" 404 88 "http://brainbox.co.in//wp-content/plugins/fighter/fk.php" "Go-http-client/2.0" "brainbox.co.in"
35.235.69.188 - - [24/Nov/2022:22:34:15 -0800] "GET /wp-x.php HTTP/1.1" 404 88 "http://brainbox.co.in//wp-x.php" "Go-http-client/2.0" "brainbox.co.in"
35.235.69.188 - - [24/Nov/2022:22:34:15 -0800] "GET /xl.php HTTP/1.1" 404 88 "http://brainbox.co.in//xl.php" "Go-http-client/2.0" "brainbox.co.in"
35.235.69.188 - - [24/Nov/2022:22:34:15 -0800] "GET /wp-god.php HTTP/1.1" 404 88 "http://brainbox.co.in//wp-god.php" "Go-http-client/2.0" "brainbox.co.in"
35.235.69.188 - - [24/Nov/2022:22:34:15 -0800] "GET /wp-easy.php HTTP/1.1" 404 88 "http://brainbox.co.in//wp-easy.php" "Go-http-client/2.0" "brainbox.co.in"
35.235.69.188 - - [24/Nov/2022:22:34:15 -0800] "GET /wp-content/plugins/easybusy/wp-blog.php HTTP/1.1" 404 88 "http://brainbox.co.in//wp-content/plugins/easybusy/wp-blog.php" "Go-http-client/2.0" "brainbox.co.in"
35.235.69.188 - - [24/Nov/2022:22:34:15 -0800] "GET /DKIZ.php?DKIZ HTTP/1.1" 404 88 "http://brainbox.co.in//DKIZ.php?DKIZ" "Go-http-client/2.0" "brainbox.co.in"
35.235.69.188 - - [24/Nov/2022:22:34:15 -0800] "GET /pi.php HTTP/1.1" 404 88 "http://brainbox.co.in//pi.php" "Go-http-client/2.0" "brainbox.co.in"
35.235.69.188 - - [24/Nov/2022:22:34:15 -0800] "GET /wp-includes/assets/pi.php HTTP/1.1" 404 88 "http://brainbox.co.in//wp-includes/assets/pi.php" "Go-http-client/2.0" "brainbox.co.in"
35.235.69.188 - - [24/Nov/2022:22:34:15 -0800] "GET /XxX.php HTTP/1.1" 404 88 "http://brainbox.co.in//XxX.php" "Go-http-client/2.0" "brainbox.co.in"
35.235.69.188 - - [24/Nov/2022:22:34:15 -0800] "GET /new-index.php HTTP/1.1" 404 88 "http://brainbox.co.in//new-index.php" "Go-http-client/2.0" "brainbox.co.in"
35.235.69.188 - - [24/Nov/2022:22:34:15 -0800] "GET /xml.php HTTP/1.1" 404 88 "http://brainbox.co.in//xml.php" "Go-http-client/2.0" "brainbox.co.in"
35.235.69.188 - - [24/Nov/2022:22:34:16 -0800] "GET /wp_logx.php HTTP/1.1" 404 88 "http://brainbox.co.in//wp_logx.php" "Go-http-client/2.0" "brainbox.co.in"
35.235.69.188 - - [24/Nov/2022:22:34:16 -0800] "GET /wp-content/upload.php HTTP/1.1" 404 88 "http://brainbox.co.in//wp-content/upload.php" "Go-http-client/2.0" "brainbox.co.in"
35.235.69.188 - - [24/Nov/2022:22:34:16 -0800] "GET /crypted.php HTTP/1.1" 404 88 "http://brainbox.co.in//crypted.php" "Go-http-client/2.0" "brainbox.co.in"
35.235.69.188 - - [24/Nov/2022:22:34:16 -0800] "GET /wpx.php HTTP/1.1" 404 88 "http://brainbox.co.in//wpx.php" "Go-http-client/2.0" "brainbox.co.in"
35.235.69.188 - - [24/Nov/2022:22:34:16 -0800] "GET /ini.php HTTP/1.1" 404 88 "http://brainbox.co.in//ini.php" "Go-http-client/2.0" "brainbox.co.in"
35.235.69.188 - - [24/Nov/2022:22:34:16 -0800] "GET /xx.php HTTP/1.1" 404 88 "http://brainbox.co.in/xx.php" "Go-http-client/2.0" "brainbox.co.in"
35.235.69.188 - - [24/Nov/2022:22:34:16 -0800] "GET /reminder.php HTTP/1.1" 404 88 "http://brainbox.co.in//reminder.php" "Go-http-client/2.0" "brainbox.co.in"
35.235.69.188 - - [24/Nov/2022:22:34:16 -0800] "GET /wp-content/plugins//masterx/wpx.php HTTP/1.1" 404 88 "http://brainbox.co.in//wp-content/plugins//masterx/wpx.php" "Go-http-client/2.0" "brainbox.co.in"
35.235.69.188 - - [24/Nov/2022:22:34:16 -0800] "GET /image/screenshot_1.php HTTP/1.1" 404 88 "http://brainbox.co.in//image/screenshot_1.php" "Go-http-client/2.0" "brainbox.co.in"
35.235.69.188 - - [24/Nov/2022:22:34:16 -0800] "GET /screenshot_1.php HTTP/1.1" 404 88 "http://brainbox.co.in//screenshot_1.php" "Go-http-client/2.0" "brainbox.co.in"
35.235.69.188 - - [24/Nov/2022:22:34:16 -0800] "GET /mad.php HTTP/1.1" 404 88 "http://brainbox.co.in//mad.php" "Go-http-client/2.0" "brainbox.co.in"
35.235.69.188 - - [24/Nov/2022:22:34:16 -0800] "GET /admin/controller/extension/wpm.php HTTP/1.1" 404 88 "http://brainbox.co.in//admin/controller/extension/wpm.php" "Go-http-client/2.0" "brainbox.co.in"
35.235.69.188 - - [24/Nov/2022:22:34:16 -0800] "GET /xlt.php HTTP/1.1" 404 88 "http://brainbox.co.in//xlt.php" "Go-http-client/2.0" "brainbox.co.in"
35.235.69.188 - - [24/Nov/2022:22:34:17 -0800] "GET /xl.php HTTP/1.1" 404 88 "http://brainbox.co.in//xl.php" "Go-http-client/2.0" "brainbox.co.in"
35.235.69.188 - - [24/Nov/2022:22:34:17 -0800] "GET /lufix.php HTTP/1.1" 404 88 "http://brainbox.co.in//lufix.php" "Go-http-client/2.0" "brainbox.co.in"
35.235.69.188 - - [24/Nov/2022:22:34:17 -0800] "GET /uploads/up.php HTTP/1.1" 404 88 "http://brainbox.co.in//uploads/up.php" "Go-http-client/2.0" "brainbox.co.in"
35.235.69.188 - - [24/Nov/2022:22:34:17 -0800] "GET /images/vuln.php HTTP/1.1" 404 88 "http://brainbox.co.in//images/vuln.php" "Go-http-client/2.0" "brainbox.co.in"
35.235.69.188 - - [24/Nov/2022:22:34:17 -0800] "GET /up.php HTTP/1.1" 404 88 "http://brainbox.co.in//up.php" "Go-http-client/2.0" "brainbox.co.in"
35.235.69.188 - - [24/Nov/2022:22:34:17 -0800] "GET /media-admin.php HTTP/1.1" 404 88 "http://brainbox.co.in//media-admin.php" "Go-http-client/2.0" "brainbox.co.in"
35.235.69.188 - - [24/Nov/2022:22:34:17 -0800] "GET /1index.php HTTP/1.1" 404 88 "http://brainbox.co.in//1index.php" "Go-http-client/2.0" "brainbox.co.in"
35.235.69.188 - - [24/Nov/2022:22:34:17 -0800] "GET /payout.php HTTP/1.1" 404 88 "http://brainbox.co.in//payout.php" "Go-http-client/2.0" "brainbox.co.in"
35.235.69.188 - - [24/Nov/2022:22:34:17 -0800] "GET /google.php HTTP/1.1" 404 88 "http://brainbox.co.in//google.php" "Go-http-client/2.0" "brainbox.co.in"
35.235.69.188 - - [24/Nov/2022:22:34:17 -0800] "GET /srx.php HTTP/1.1" 404 88 "http://brainbox.co.in//srx.php" "Go-http-client/2.0" "brainbox.co.in"
35.235.69.188 - - [24/Nov/2022:22:34:17 -0800] "GET /x.php HTTP/1.1" 404 88 "http://brainbox.co.in//x.php" "Go-http-client/2.0" "brainbox.co.in"
35.235.69.188 - - [24/Nov/2022:22:34:17 -0800] "GET /upload.php HTTP/1.1" 404 88 "http://brainbox.co.in//upload.php" "Go-http-client/2.0" "brainbox.co.in"
35.235.69.188 - - [24/Nov/2022:22:34:17 -0800] "GET /ups.php HTTP/1.1" 404 88 "http://brainbox.co.in//ups.php" "Go-http-client/2.0" "brainbox.co.in"
114.119.129.184 - - [24/Nov/2022:22:34:55 -0800] "GET /PDFContent/Beetle/CLASS%20IV/MATHEMATICS%202/?C=N%3BO%3DD HTTP/1.1" 200 579 "https://brainbox.co.in/PDFContent/Beetle/CLASS%20IV/MATHEMATICS%202/?C=D%3BO%3DA" "Mozilla/5.0 (Linux; Android 7.0;) AppleWebKit/537.36 (KHTML, like Gecko) Mobile Safari/537.36 (compatible; PetalBot;+https://webmaster.petalsearch.com/site/petalbot)" "brainbox.co.in"
65.108.110.26 - - [24/Nov/2022:22:39:43 -0800] "GET /robots.txt HTTP/1.1" 404 73 "-" "Mozilla/5.0 (compatible; MJ12bot/v1.4.8; http://mj12bot.com/)" "brainbox.co.in"
65.108.110.26 - - [24/Nov/2022:22:39:45 -0800] "GET /PDFContent/SPECIAL%20CROUSE/Part%201%20Grammar%20Essentials/STD_IV/UNIT%201%20%E2%80%93%20EKALAVYA.pdf HTTP/1.1" 200 494500 "-" "Mozilla/5.0 (compatible; MJ12bot/v1.4.8; http://mj12bot.com/)" "brainbox.co.in"
65.108.110.26 - - [24/Nov/2022:22:39:47 -0800] "GET /PDFContent/SPECIAL%20CROUSE/Part%201%20Grammar%20Essentials/STD_IV/UNIT%202%20%E2%80%93%20THE%20PANCAKE.pdf HTTP/1.1" 200 485215 "-" "Mozilla/5.0 (compatible; MJ12bot/v1.4.8; http://mj12bot.com/)" "brainbox.co.in"
65.108.110.26 - - [24/Nov/2022:22:39:50 -0800] "GET /PDFContent/SPECIAL%20CROUSE/Part%201%20Grammar%20Essentials/STD_IV/UNIT%203%20%E2%80%93%20WHAT%20IS%20A%20TREE.pdf HTTP/1.1" 200 690004 "-" "Mozilla/5.0 (compatible; MJ12bot/v1.4.8; http://mj12bot.com/)" "brainbox.co.in"
65.108.110.26 - - [24/Nov/2022:22:39:52 -0800] "GET /PDFContent/SPECIAL%20CROUSE/Part%201%20Grammar%20Essentials/STD_IV/UNIT%204%20%E2%80%93%20THE%20MILLER,%20HIS%20SON%20AND%20DONKEY.pdf HTTP/1.1" 200 491966 "-" "Mozilla/5.0 (compatible; MJ12bot/v1.4.8; http://mj12bot.com/)" "brainbox.co.in"
65.108.110.26 - - [24/Nov/2022:22:39:54 -0800] "GET /PDFContent/SPECIAL%20CROUSE/Part%201%20Grammar%20Essentials/STD_IV/UNIT%205%20%E2%80%93%20FUDI%E2%80%99s%20DESERT%20JOURNEY.pdf HTTP/1.1" 200 484885 "-" "Mozilla/5.0 (compatible; MJ12bot/v1.4.8; http://mj12bot.com/)" "brainbox.co.in"
65.108.110.26 - - [24/Nov/2022:22:39:56 -0800] "GET /PDFContent/SPECIAL%20CROUSE/Part%201%20Grammar%20Essentials/STD_IV/UNIT%206%20%E2%80%93%20HONESTY.pdf HTTP/1.1" 200 528824 "-" "Mozilla/5.0 (compatible; MJ12bot/v1.4.8; http://mj12bot.com/)" "brainbox.co.in"
65.108.110.26 - - [24/Nov/2022:22:39:58 -0800] "GET /PDFContent/SPECIAL%20CROUSE/Part%201%20Grammar%20Essentials/STD_IV/UNIT%207%20%E2%80%93%20THE%20BOY%20AND%20THE%20CATAPULT.pdf HTTP/1.1" 200 660874 "-" "Mozilla/5.0 (compatible; MJ12bot/v1.4.8; http://mj12bot.com/)" "brainbox.co.in"
65.108.110.26 - - [24/Nov/2022:22:40:01 -0800] "GET /PDFContent/SPECIAL%20CROUSE/Part%201%20Grammar%20Essentials/STD_IV/UNIT%208%20%E2%80%93%20THE%20UNLUCKY%20FACE.pdf HTTP/1.1" 200 471161 "-" "Mozilla/5.0 (compatible; MJ12bot/v1.4.8; http://mj12bot.com/)" "brainbox.co.in"
114.119.131.203 - - [24/Nov/2022:22:40:02 -0800] "GET /PDFContent/02%20APSB/01%20Class%20VI/Physics/?C=D%3BO%3DA HTTP/1.1" 200 353 "https://brainbox.co.in/PDFContent/02%20APSB/01%20Class%20VI/Physics/?C=S%3BO%3DA" "Mozilla/5.0 (Linux; Android 7.0;) AppleWebKit/537.36 (KHTML, like Gecko) Mobile Safari/537.36 (compatible; PetalBot;+https://webmaster.petalsearch.com/site/petalbot)" "brainbox.co.in"
65.108.110.26 - - [24/Nov/2022:22:40:03 -0800] "GET /PDFContent/SPECIAL%20CROUSE/STD_III/UNIT%201%20%E2%80%93%20TALKING%20TRAIN.pdf HTTP/1.1" 404 88 "-" "Mozilla/5.0 (compatible; MJ12bot/v1.4.8; http://mj12bot.com/)" "brainbox.co.in"
65.108.110.26 - - [24/Nov/2022:22:40:05 -0800] "GET /PDFContent/SPECIAL%20CROUSE/STD_III/UNIT%202%20%E2%80%93%20SWAMY%20&%20THE%20MAGIC%20BEANS.pdf HTTP/1.1" 404 88 "-" "Mozilla/5.0 (compatible; MJ12bot/v1.4.8; http://mj12bot.com/)" "brainbox.co.in"
65.108.110.26 - - [24/Nov/2022:22:40:07 -0800] "GET /PDFContent/SPECIAL%20CROUSE/STD_III/UNIT%203%20%E2%80%93%20I%20LIKE%20IT%20THIS%20WAY.pdf HTTP/1.1" 404 88 "-" "Mozilla/5.0 (compatible; MJ12bot/v1.4.8; http://mj12bot.com/)" "brainbox.co.in"
65.108.110.26 - - [24/Nov/2022:22:40:09 -0800] "GET /PDFContent/SPECIAL%20CROUSE/STD_III/UNIT%204%20%E2%80%93%20THE%20MOUSE%20&%20THE%20PENCIL.pdf HTTP/1.1" 404 88 "-" "Mozilla/5.0 (compatible; MJ12bot/v1.4.8; http://mj12bot.com/)" "brainbox.co.in"
65.108.110.26 - - [24/Nov/2022:22:40:11 -0800] "GET /PDFContent/SPECIAL%20CROUSE/STD_III/UNIT%205%20%E2%80%93%20THE%20LITTLE%20RED%20HEN.pdf HTTP/1.1" 404 88 "-" "Mozilla/5.0 (compatible; MJ12bot/v1.4.8; http://mj12bot.com/)" "brainbox.co.in"
65.108.110.26 - - [24/Nov/2022:22:40:13 -0800] "GET /PDFContent/SPECIAL%20CROUSE/STD_III/UNIT%206%20%E2%80%93%20MARY%20&%20THE%20THREE%20BEARS.pdf HTTP/1.1" 404 88 "-" "Mozilla/5.0 (compatible; MJ12bot/v1.4.8; http://mj12bot.com/)" "brainbox.co.in"
65.108.110.26 - - [24/Nov/2022:22:40:15 -0800] "GET /PDFContent/SPECIAL%20CROUSE/STD_III/UNIT%207%20%E2%80%93%20THE%20ANIMAL%20SCHOOL.pdf HTTP/1.1" 404 88 "-" "Mozilla/5.0 (compatible; MJ12bot/v1.4.8; http://mj12bot.com/)" "brainbox.co.in"
65.108.110.26 - - [24/Nov/2022:22:40:17 -0800] "GET /PDFContent/SPECIAL%20CROUSE/STD_III/UNIT%208%20%E2%80%93%20BIRBAL%20OUTWITS%20THE%20CHEAT.pdf HTTP/1.1" 404 88 "-" "Mozilla/5.0 (compatible; MJ12bot/v1.4.8; http://mj12bot.com/)" "brainbox.co.in"
65.108.110.26 - - [24/Nov/2022:22:40:19 -0800] "GET /PDFContent/SPECIAL%20CROUSE/STD_IV/UNIT%201%20%E2%80%93%20EKALAVYA.pdf HTTP/1.1" 404 88 "-" "Mozilla/5.0 (compatible; MJ12bot/v1.4.8; http://mj12bot.com/)" "brainbox.co.in"
65.108.110.26 - - [24/Nov/2022:22:40:22 -0800] "GET /PDFContent/SPECIAL%20CROUSE/STD_IV/UNIT%202%20%E2%80%93%20THE%20PANCAKE.pdf HTTP/1.1" 404 88 "-" "Mozilla/5.0 (compatible; MJ12bot/v1.4.8; http://mj12bot.com/)" "brainbox.co.in"
65.108.110.26 - - [24/Nov/2022:22:40:24 -0800] "GET /PDFContent/SPECIAL%20CROUSE/STD_IV/UNIT%203%20%E2%80%93%20WHAT%20IS%20A%20TREE.pdf HTTP/1.1" 404 88 "-" "Mozilla/5.0 (compatible; MJ12bot/v1.4.8; http://mj12bot.com/)" "brainbox.co.in"
65.108.110.26 - - [24/Nov/2022:22:40:26 -0800] "GET /PDFContent/SPECIAL%20CROUSE/STD_IV/UNIT%204%20%E2%80%93%20THE%20MILLER,%20HIS%20SON%20AND%20DONKEY.pdf HTTP/1.1" 404 88 "-" "Mozilla/5.0 (compatible; MJ12bot/v1.4.8; http://mj12bot.com/)" "brainbox.co.in"
65.108.110.26 - - [24/Nov/2022:22:40:28 -0800] "GET /PDFContent/SPECIAL%20CROUSE/STD_IV/UNIT%205%20%E2%80%93%20FUDI%E2%80%99s%20DESERT%20JOURNEY.pdf HTTP/1.1" 404 88 "-" "Mozilla/5.0 (compatible; MJ12bot/v1.4.8; http://mj12bot.com/)" "brainbox.co.in"
65.108.110.26 - - [24/Nov/2022:22:40:30 -0800] "GET /PDFContent/SPECIAL%20CROUSE/STD_IV/UNIT%206%20%E2%80%93%20HONESTY.pdf HTTP/1.1" 404 88 "-" "Mozilla/5.0 (compatible; MJ12bot/v1.4.8; http://mj12bot.com/)" "brainbox.co.in"
65.108.110.26 - - [24/Nov/2022:22:40:33 -0800] "GET /PDFContent/SPECIAL%20CROUSE/STD_IV/UNIT%207%20%E2%80%93%20THE%20BOY%20AND%20THE%20CATAPULT.pdf HTTP/1.1" 404 88 "-" "Mozilla/5.0 (compatible; MJ12bot/v1.4.8; http://mj12bot.com/)" "brainbox.co.in"
65.108.110.26 - - [24/Nov/2022:22:40:35 -0800] "GET /PDFContent/SPECIAL%20CROUSE/STD_IV/UNIT%208%20%E2%80%93%20THE%20UNLUCKY%20FACE.pdf HTTP/1.1" 404 88 "-" "Mozilla/5.0 (compatible; MJ12bot/v1.4.8; http://mj12bot.com/)" "brainbox.co.in"
65.108.110.26 - - [24/Nov/2022:22:40:37 -0800] "GET /robots.txt HTTP/1.1" 404 73 "-" "Mozilla/5.0 (compatible; MJ12bot/v1.4.8; http://mj12bot.com/)" "www.brainbox.co.in"
65.108.110.26 - - [24/Nov/2022:22:40:39 -0800] "GET /PDFContent/Beetle/CLASS%20I/ENGLISH%201-2/Lesson%204%20%E2%80%90%20Neha%20learns%20a%20lesson.pdf HTTP/1.1" 404 88 "-" "Mozilla/5.0 (compatible; MJ12bot/v1.4.8; http://mj12bot.com/)" "www.brainbox.co.in"
65.108.110.26 - - [24/Nov/2022:22:40:41 -0800] "GET /PDFContent/Beetle/CLASS%20I/ENGLISH%201-2/Lesson%205%20%E2%80%90%20A%20birthday%20party.pdf HTTP/1.1" 404 88 "-" "Mozilla/5.0 (compatible; MJ12bot/v1.4.8; http://mj12bot.com/)" "www.brainbox.co.in"
65.108.110.26 - - [24/Nov/2022:22:40:44 -0800] "GET /PDFContent/Beetle/CLASS%20I/ENGLISH/Lesson%205%20%E2%80%90%20Tenali%20Raman%20And%20The%20Thieves.pdf HTTP/1.1" 404 88 "-" "Mozilla/5.0 (compatible; MJ12bot/v1.4.8; http://mj12bot.com/)" "www.brainbox.co.in"
65.108.110.26 - - [24/Nov/2022:22:40:46 -0800] "GET /PDFContent/Beetle/CLASS%20I/ENGLISH/Lesson%207%20%E2%80%90%20The%20wish.pdf HTTP/1.1" 404 88 "-" "Mozilla/5.0 (compatible; MJ12bot/v1.4.8; http://mj12bot.com/)" "www.brainbox.co.in"
65.108.110.26 - - [24/Nov/2022:22:40:48 -0800] "GET /PDFContent/Beetle/CLASS%20IV/ENGLISH%20SEM%202/Lesson%203%20-%20The%20Emperor%E2%80%99s%20New%20Clothes.pdf HTTP/1.1" 200 155207 "-" "Mozilla/5.0 (compatible; MJ12bot/v1.4.8; http://mj12bot.com/)" "www.brainbox.co.in"
65.108.110.26 - - [24/Nov/2022:22:40:50 -0800] "GET /PDFContent/Beetle/CLASS%20IV/ENGLISH%20SEM%202/Lesson%205%20-%20Mother%E2%80%99s%20Love.pdf HTTP/1.1" 200 132907 "-" "Mozilla/5.0 (compatible; MJ12bot/v1.4.8; http://mj12bot.com/)" "www.brainbox.co.in"
65.108.110.26 - - [24/Nov/2022:22:40:53 -0800] "GET /PDFContent/Beetle/CLASS%20IV/ENGLISH/Lesson%205%20%E2%80%90%20Tenali%20Raman%20And%20The%20Thieves.pdf HTTP/1.1" 200 99880 "-" "Mozilla/5.0 (compatible; MJ12bot/v1.4.8; http://mj12bot.com/)" "www.brainbox.co.in"
65.108.110.26 - - [24/Nov/2022:22:40:55 -0800] "GET /PDFContent/Beetle/CLASS%20IV/ENGLISH/Lesson%207%20%E2%80%90%20The%20wish.pdf HTTP/1.1" 200 76025 "-" "Mozilla/5.0 (compatible; MJ12bot/v1.4.8; http://mj12bot.com/)" "www.brainbox.co.in"
65.108.110.26 - - [24/Nov/2022:22:40:57 -0800] "GET /PDFContent/Beetle/CLASS%20V/SOCIAL/SEM%201/LESSON%201.%20GLOBE%E2%80%90%20A%20MODEL%20OF%20THE%20EARTH.pdf HTTP/1.1" 200 52635 "-" "Mozilla/5.0 (compatible; MJ12bot/v1.4.8; http://mj12bot.com/)" "www.brainbox.co.in"
51.222.253.19 - - [24/Nov/2022:22:40:59 -0800] "GET /PDFContent/03%20CBSE/06%20Class%20XI/?C=M;O=A HTTP/1.1" 200 520 "-" "Mozilla/5.0 (compatible; AhrefsBot/7.0; +http://ahrefs.com/robot/)" "brainbox.co.in"
65.108.110.26 - - [24/Nov/2022:22:40:59 -0800] "GET /PDFContent/Beetle/CLASS%20V/SOCIAL/SEM%201/LESSON%204.%20EQUATORIAL%20CLIMATE%E2%80%90%20THE%20DEMOCRATIC%20REPUBLIC%20OF.pdf HTTP/1.1" 200 120271 "-" "Mozilla/5.0 (compatible; MJ12bot/v1.4.8; http://mj12bot.com/)" "www.brainbox.co.in"
65.108.110.26 - - [24/Nov/2022:22:41:02 -0800] "GET /PDFContent/Beetle/CLASS%20V/SOCIAL/SEM%201/LESSON%206.%20FRIGID%20CLIMATE%20%E2%80%93%20GREENLAND.pdf HTTP/1.1" 200 90607 "-" "Mozilla/5.0 (compatible; MJ12bot/v1.4.8; http://mj12bot.com/)" "www.brainbox.co.in"
65.108.110.26 - - [24/Nov/2022:22:41:04 -0800] "GET /PDFContent/Beetle/CLASS%20V/SOCIAL/SEM%201/LESSON%207.%20TEMPERATE%20CLIMATE%E2%80%90%20GRASSLANDS.pdf HTTP/1.1" 200 118420 "-" "Mozilla/5.0 (compatible; MJ12bot/v1.4.8; http://mj12bot.com/)" "www.brainbox.co.in"
114.119.130.29 - - [24/Nov/2022:22:45:13 -0800] "GET /PDFContent/01%20TSB/02%20Class%20VII/English/01LS4B/TSBoard_English_Vll_LS04B_Q&A.pdf HTTP/1.1" 200 213933 "https://brainbox.co.in/PDFContent/01%20TSB/02%20Class%20VII/English/01LS4B/?C=M%3BO%3DA" "Mozilla/5.0 (Linux; Android 7.0;) AppleWebKit/537.36 (KHTML, like Gecko) Mobile Safari/537.36 (compatible; PetalBot;+https://webmaster.petalsearch.com/site/petalbot)" "brainbox.co.in"
114.119.156.16 - - [24/Nov/2022:22:50:25 -0800] "GET /PDFContent/03%20CBSE/07%20Class%20XII/Physics/CURRENT%20ELECTRICITY/?C=N%3BO%3DD HTTP/1.1" 200 650 "https://brainbox.co.in/PDFContent/03%20CBSE/07%20Class%20XII/Physics/CURRENT%20ELECTRICITY/?C=M%3BO%3DA" "Mozilla/5.0 (Linux; Android 7.0;) AppleWebKit/537.36 (KHTML, like Gecko) Mobile Safari/537.36 (compatible; PetalBot;+https://webmaster.petalsearch.com/site/petalbot)" "brainbox.co.in"
114.119.131.203 - - [24/Nov/2022:22:55:33 -0800] "GET /PDFContent/04%20ICSE/04%20Class%20IX/English/?C=D%3BO%3DA HTTP/1.1" 200 352 "https://brainbox.co.in/PDFContent/04%20ICSE/04%20Class%20IX/English/?C=M%3BO%3DA" "Mozilla/5.0 (Linux; Android 7.0;) AppleWebKit/537.36 (KHTML, like Gecko) Mobile Safari/537.36 (compatible; PetalBot;+https://webmaster.petalsearch.com/site/petalbot)" "brainbox.co.in"
114.119.156.16 - - [24/Nov/2022:23:00:41 -0800] "GET /PDFContent/03%20CBSE/05%20Class%20X/Physics/REFLECTION%20AND%20REFRACTION/CBSE_X_PHYSCIS_LS10_REFLECTION%20&%20REFRACTION_IMAGES%20FORMATION%20DUE%20TO%20CONCAVE%20MIRRORS.pdf HTTP/1.1" 200 427760 "https://brainboxschool.com/material/CBSE/X/Physics/REFLECTION_&_REFRACTION.html" "Mozilla/5.0 (Linux; Android 7.0;) AppleWebKit/537.36 (KHTML, like Gecko) Mobile Safari/537.36 (compatible; PetalBot;+https://webmaster.petalsearch.com/site/petalbot)" "brainbox.co.in"
51.222.253.2 - - [24/Nov/2022:23:04:18 -0800] "GET /PDFContent/01%20TSB/?C=M;O=A HTTP/1.1" 200 509 "-" "Mozilla/5.0 (compatible; AhrefsBot/7.0; +http://ahrefs.com/robot/)" "brainbox.co.in"
114.119.136.99 - - [24/Nov/2022:23:05:51 -0800] "GET /PDFContent/Beetle/CLASS%20V/SOCIAL/?C=N%3BO%3DD HTTP/1.1" 200 395 "https://brainbox.co.in/PDFContent/Beetle/CLASS%20V/SOCIAL/?C=D%3BO%3DA" "Mozilla/5.0 (Linux; Android 7.0;) AppleWebKit/537.36 (KHTML, like Gecko) Mobile Safari/537.36 (compatible; PetalBot;+https://webmaster.petalsearch.com/site/petalbot)" "brainbox.co.in"
77.88.9.140 - - [24/Nov/2022:23:10:17 -0800] "GET /PDFContent/Beetle/CLASS%20III/SCIENCE/SEM%201/Lesson%204.%20All%20about%20birds.pdf HTTP/1.1" 200 97716 "-" "Mozilla/5.0 (compatible; YandexBot/3.0; +http://yandex.com/bots)" "brainbox.co.in"
114.119.144.29 - - [24/Nov/2022:23:11:01 -0800] "GET /PDFContent/01%20TSB/02%20Class%20VII/English/01LS4C/?C=N%3BO%3DD HTTP/1.1" 200 480 "https://brainbox.co.in/PDFContent/01%20TSB/02%20Class%20VII/English/01LS4C/?C=S%3BO%3DA" "Mozilla/5.0 (Linux; Android 7.0;) AppleWebKit/537.36 (KHTML, like Gecko) Mobile Safari/537.36 (compatible; PetalBot;+https://webmaster.petalsearch.com/site/petalbot)" "brainbox.co.in"
114.119.131.203 - - [24/Nov/2022:23:16:12 -0800] "GET /PDFContent/03%20CBSE/03%20Class%20VIII/Chemistry/ HTTP/1.1" 200 631 "https://brainbox.co.in/PDFContent/03%20CBSE/03%20Class%20VIII/" "Mozilla/5.0 (Linux; Android 7.0;) AppleWebKit/537.36 (KHTML, like Gecko) Mobile Safari/537.36 (compatible; PetalBot;+https://webmaster.petalsearch.com/site/petalbot)" "brainbox.co.in"
114.119.148.161 - - [24/Nov/2022:23:21:21 -0800] "GET /PDFContent/03%20CBSE/02%20Class%20VII/Hindi/Ques%20&%20Ans/CBSC_VII_LS01_CHIDIYA%20AUR%20CHURUNGUN_QUES%20&%20ANS.pdf HTTP/1.1" 200 282958 "https://brainbox.co.in/PDFContent/03%20CBSE/02%20Class%20VII/Hindi/Ques%20&%20Ans/?C=D%3BO%3DA" "Mozilla/5.0 (Linux; Android 7.0;) AppleWebKit/537.36 (KHTML, like Gecko) Mobile Safari/537.36 (compatible; PetalBot;+https://webmaster.petalsearch.com/site/petalbot)" "brainbox.co.in"
114.119.148.161 - - [24/Nov/2022:23:26:32 -0800] "GET /PDFContent/01%20TSB/03%20Class%20VIII/English/LS3A/TSB_VIII_ENGLISH_LS3A_%20THE%20SELFISH%20GIANT%20P1_INTRODUCTION.pdf HTTP/1.1" 200 348772 "https://brainbox.co.in/PDFContent/01%20TSB/03%20Class%20VIII/English/LS3A/?C=M%3BO%3DA" "Mozilla/5.0 (Linux; Android 7.0;) AppleWebKit/537.36 (KHTML, like Gecko) Mobile Safari/537.36 (compatible; PetalBot;+https://webmaster.petalsearch.com/site/petalbot)" "brainbox.co.in"
51.222.253.19 - - [24/Nov/2022:23:27:43 -0800] "GET /PDFContent/01%20TSB/07%20Class%20XII/Maths/?C=D;O=D HTTP/1.1" 200 431 "-" "Mozilla/5.0 (compatible; AhrefsBot/7.0; +http://ahrefs.com/robot/)" "brainbox.co.in"
114.119.136.99 - - [24/Nov/2022:23:31:45 -0800] "GET /PDFContent/03%20CBSE/01%20Class%20VI/?C=S%3BO%3DA HTTP/1.1" 200 471 "https://brainbox.co.in/PDFContent/03%20CBSE/01%20Class%20VI/?C=M%3BO%3DA" "Mozilla/5.0 (Linux; Android 7.0;) AppleWebKit/537.36 (KHTML, like Gecko) Mobile Safari/537.36 (compatible; PetalBot;+https://webmaster.petalsearch.com/site/petalbot)" "brainbox.co.in"
114.119.129.184 - - [24/Nov/2022:23:36:54 -0800] "GET /PDFContent/01%20TSB/05%20Class%20X/English/OR%20WILL%20THE%20DREAMER%20WAKE/TSB_X_ENGLISH_LS06B_OR%20WILL%20THE%20DREAMER%20WAKE_GLOSSARY.pdf HTTP/1.1" 200 250237 "https://brainbox.co.in/PDFContent/01%20TSB/05%20Class%20X/English/OR%20WILL%20THE%20DREAMER%20WAKE/" "Mozilla/5.0 (Linux; Android 7.0;) AppleWebKit/537.36 (KHTML, like Gecko) Mobile Safari/537.36 (compatible; PetalBot;+https://webmaster.petalsearch.com/site/petalbot)" "brainbox.co.in"
114.119.148.161 - - [24/Nov/2022:23:42:02 -0800] "GET /PDFContent/English/CLASS%20-%201%20WORKSHEETS/Lesson-8%20Falling%20Snow.pdf HTTP/1.1" 200 334339 "https://brainbox.co.in/PDFContent/English/CLASS%20-%201%20WORKSHEETS/" "Mozilla/5.0 (Linux; Android 7.0;) AppleWebKit/537.36 (KHTML, like Gecko) Mobile Safari/537.36 (compatible; PetalBot;+https://webmaster.petalsearch.com/site/petalbot)" "brainbox.co.in"
114.119.148.161 - - [24/Nov/2022:23:47:11 -0800] "GET /PDFContent/03%20CBSE/05%20Class%20X/Biology/How%20to%20do%20organsims%20reproduce/CBSE_X_BIOLOGY_HOW%20TO%20DO%20ORGANISMS%20REPRODUCE_Menstrual.pdf HTTP/1.1" 200 263203 "https://brainbox.co.in/PDFContent/03%20CBSE/05%20Class%20X/Biology/How%20to%20do%20organsims%20reproduce/?C=M%3BO%3DA" "Mozilla/5.0 (Linux; Android 7.0;) AppleWebKit/537.36 (KHTML, like Gecko) Mobile Safari/537.36 (compatible; PetalBot;+https://webmaster.petalsearch.com/site/petalbot)" "brainbox.co.in"
114.119.129.184 - - [24/Nov/2022:23:52:24 -0800] "GET /PDFContent/03%20CBSE/05%20Class%20X/Hindi/Kshitij/LS01/ HTTP/1.1" 200 505 "https://brainbox.co.in/PDFContent/03%20CBSE/05%20Class%20X/Hindi/Kshitij/?C=D%3BO%3DA" "Mozilla/5.0 (Linux; Android 7.0;) AppleWebKit/537.36 (KHTML, like Gecko) Mobile Safari/537.36 (compatible; PetalBot;+https://webmaster.petalsearch.com/site/petalbot)" "brainbox.co.in"
51.222.253.6 - - [24/Nov/2022:23:53:56 -0800] "GET /PDFContent/Beetle/CLASS%20III/SCIENCE/SEM%201/?C=D;O=A HTTP/1.1" 200 625 "-" "Mozilla/5.0 (compatible; AhrefsBot/7.0; +http://ahrefs.com/robot/)" "brainbox.co.in"
114.119.156.16 - - [24/Nov/2022:23:57:38 -0800] "GET /PDFContent/03%20CBSE/06%20Class%20XI/Physics/MOTION%20IN%20STRAIGHT%20LINE/CBSE_XI_PHYSCIS_LS10_MOTION%20IN%20A%20STRAIGHT%20LINE_Projection%20From%20The%20Top%20Of%20A%20Tower.pdf HTTP/1.1" 200 247826 "https://brainbox.co.in/PDFContent/03%20CBSE/06%20Class%20XI/Physics/MOTION%20IN%20STRAIGHT%20LINE/?C=S%3BO%3DA" "Mozilla/5.0 (Linux; Android 7.0;) AppleWebKit/537.36 (KHTML, like Gecko) Mobile Safari/537.36 (compatible; PetalBot;+https://webmaster.petalsearch.com/site/petalbot)" "brainbox.co.in"
114.119.129.184 - - [25/Nov/2022:00:02:42 -0800] "GET /PDFContent/03%20CBSE/04%20Class%20IX/Biology/Tissues/CBSE_IX_Biology_Tissues_Simple%20permanent%20tissue.pdf HTTP/1.1" 200 325562 "https://brainbox.co.in/PDFContent/03%20CBSE/04%20Class%20IX/Biology/Tissues/?C=N%3BO%3DD" "Mozilla/5.0 (Linux; Android 7.0;) AppleWebKit/537.36 (KHTML, like Gecko) Mobile Safari/537.36 (compatible; PetalBot;+https://webmaster.petalsearch.com/site/petalbot)" "brainbox.co.in"
114.119.144.29 - - [25/Nov/2022:00:07:52 -0800] "GET /PDFContent/03%20CBSE/07%20Class%20XII/Chemistry/SOLUTIONS/?C=M%3BO%3DA HTTP/1.1" 200 696 "https://brainbox.co.in/PDFContent/03%20CBSE/07%20Class%20XII/Chemistry/SOLUTIONS/?C=D%3BO%3DA" "Mozilla/5.0 (Linux; Android 7.0;) AppleWebKit/537.36 (KHTML, like Gecko) Mobile Safari/537.36 (compatible; PetalBot;+https://webmaster.petalsearch.com/site/petalbot)" "brainbox.co.in"
114.119.136.99 - - [25/Nov/2022:00:13:02 -0800] "GET /PDFContent/Beetle/CLASS%20V/ENGLISH/SEM%202/Poem%20-%20Timothy%20Boon.pdf HTTP/1.1" 200 107579 "https://brainbox.co.in/PDFContent/Beetle/CLASS%20V/ENGLISH/SEM%202/?C=N%3BO%3DD" "Mozilla/5.0 (Linux; Android 7.0;) AppleWebKit/537.36 (KHTML, like Gecko) Mobile Safari/537.36 (compatible; PetalBot;+https://webmaster.petalsearch.com/site/petalbot)" "brainbox.co.in"
114.119.144.29 - - [25/Nov/2022:00:18:09 -0800] "GET /PDFContent/03%20CBSE/05%20Class%20X/Biology/Our%20Environment/Food%20chain%20and%20Food%20Web.pdf HTTP/1.1" 200 388879 "https://brainbox.co.in/PDFContent/03%20CBSE/05%20Class%20X/Biology/Our%20Environment/?C=S%3BO%3DA" "Mozilla/5.0 (Linux; Android 7.0;) AppleWebKit/537.36 (KHTML, like Gecko) Mobile Safari/537.36 (compatible; PetalBot;+https://webmaster.petalsearch.com/site/petalbot)" "brainbox.co.in"
207.46.13.118 - - [25/Nov/2022:00:20:30 -0800] "GET /PDFContent/03%20CBSE/04%20Class%20IX/Biology/Tissues/CBSE_IX_Biology_Tissues_Nerve%20tissue HTTP/1.1" 200 267412 "-" "Mozilla/5.0 AppleWebKit/537.36 (KHTML, like Gecko; compatible; bingbot/2.0; +http://www.bing.com/bingbot.htm) Chrome/103.0.5060.134 Safari/537.36" "brainbox.co.in"
114.119.131.203 - - [25/Nov/2022:00:23:18 -0800] "GET /PDFContent/02%20APSB/06%20Class%20XI/Sanskrit/?C=M%3BO%3DA HTTP/1.1" 200 355 "https://brainbox.co.in/PDFContent/02%20APSB/06%20Class%20XI/Sanskrit/?C=D%3BO%3DA" "Mozilla/5.0 (Linux; Android 7.0;) AppleWebKit/537.36 (KHTML, like Gecko) Mobile Safari/537.36 (compatible; PetalBot;+https://webmaster.petalsearch.com/site/petalbot)" "brainbox.co.in"
114.119.130.29 - - [25/Nov/2022:00:28:28 -0800] "GET /PDFContent/03%20CBSE/07%20Class%20XII/Biology/BIOTECHNOLOGY%20%20AND%20ITS%20APPLICATIONS/Biotechnology%20&%20It's%20applications_T02_Pest%20resistant%20plants.pdf HTTP/1.1" 200 139544 "https://brainbox.co.in/PDFContent/03%20CBSE/07%20Class%20XII/Biology/BIOTECHNOLOGY%20%20AND%20ITS%20APPLICATIONS/?C=N%3BO%3DD" "Mozilla/5.0 (Linux; Android 7.0;) AppleWebKit/537.36 (KHTML, like Gecko) Mobile Safari/537.36 (compatible; PetalBot;+https://webmaster.petalsearch.com/site/petalbot)" "brainbox.co.in"
114.119.130.152 - - [25/Nov/2022:00:33:36 -0800] "GET /PDFContent/01%20TSB/03%20Class%20VIII/English/LS8B/ HTTP/1.1" 200 515 "https://brainbox.co.in/PDFContent/01%20TSB/03%20Class%20VIII/English/" "Mozilla/5.0 (Linux; Android 7.0;) AppleWebKit/537.36 (KHTML, like Gecko) Mobile Safari/537.36 (compatible; PetalBot;+https://webmaster.petalsearch.com/site/petalbot)" "brainbox.co.in"
114.119.136.99 - - [25/Nov/2022:00:38:45 -0800] "GET /PDFContent/01%20TSB/06%20Class%20XI/Chemistry/?C=D%3BO%3DA HTTP/1.1" 200 355 "https://brainbox.co.in/PDFContent/01%20TSB/06%20Class%20XI/Chemistry/" "Mozilla/5.0 (Linux; Android 7.0;) AppleWebKit/537.36 (KHTML, like Gecko) Mobile Safari/537.36 (compatible; PetalBot;+https://webmaster.petalsearch.com/site/petalbot)" "brainbox.co.in"
51.222.253.3 - - [25/Nov/2022:00:41:43 -0800] "GET /PDFContent/Beetle/CLASS%20V/MATHEMATICS/SEM%201/?C=S;O=A HTTP/1.1" 200 541 "-" "Mozilla/5.0 (compatible; AhrefsBot/7.0; +http://ahrefs.com/robot/)" "brainbox.co.in"
114.119.156.16 - - [25/Nov/2022:00:43:55 -0800] "GET /PDFContent/01%20TSB/05%20Class%20X/English/THE%20STOREYED%20HOUSE%20P1/TSB_X_ENGLISH_LS05A_THE%20STOREYED%20HOUSE_QUESTIONS%20AND%20ANSWERS.pdf HTTP/1.1" 200 421563 "https://brainbox.co.in/PDFContent/01%20TSB/05%20Class%20X/English/THE%20STOREYED%20HOUSE%20P1/?C=N%3BO%3DD" "Mozilla/5.0 (Linux; Android 7.0;) AppleWebKit/537.36 (KHTML, like Gecko) Mobile Safari/537.36 (compatible; PetalBot;+https://webmaster.petalsearch.com/site/petalbot)" "brainbox.co.in"
114.119.136.99 - - [25/Nov/2022:00:49:05 -0800] "GET /PDFContent/03%20CBSE/04%20Class%20IX/Biology/Improvement%20in%20Food%20resources/CBSE_IX_BIOLOGY_IMPROVEMENT%20IN%20FOOD%20RESOURCES_Questions%20&%20Answers HTTP/1.1" 200 252748 "https://brainboxschool.com/material/CBSE/IX/Biology/IMPROVEMENT_IN_FOOD_RESOURCES.html" "Mozilla/5.0 (Linux; Android 7.0;) AppleWebKit/537.36 (KHTML, like Gecko) Mobile Safari/537.36 (compatible; PetalBot;+https://webmaster.petalsearch.com/site/petalbot)" "brainbox.co.in"
114.119.136.99 - - [25/Nov/2022:00:54:11 -0800] "GET /PDFContent/Beetle/CLASS%20I/MATHEMATICS%20class1-sem2/ HTTP/1.1" 200 647 "https://brainbox.co.in/PDFContent/Beetle/CLASS%20I/?C=M%3BO%3DA" "Mozilla/5.0 (Linux; Android 7.0;) AppleWebKit/537.36 (KHTML, like Gecko) Mobile Safari/537.36 (compatible; PetalBot;+https://webmaster.petalsearch.com/site/petalbot)" "brainbox.co.in"
54.241.96.19 - - [25/Nov/2022:00:55:27 -0800] "GET /~richard/templates/beez/US/uk/paypal/login.htm HTTP/1.1" 404 73 "-" "Mozilla/5.0 (Macintosh; Intel Mac OS X 10_10_5) AppleWebKit/537.36 (KHTML, like Gecko) Chrome/52.0.2743.116 Safari/537.36" "brainbox.co.in"
77.88.9.139 - - [25/Nov/2022:00:57:23 -0800] "GET /robots.txt HTTP/1.1" 404 73 "-" "Mozilla/5.0 (compatible; YandexBot/3.0; +http://yandex.com/bots)" "brainbox.co.in"
77.88.9.139 - - [25/Nov/2022:00:57:26 -0800] "GET /PDFContent/Beetle/CLASS%20I/ENGLISH/Lesson%205%20%E2%80%90%20Tenali%20Raman%20And%20The%20Thieves.pdf HTTP/1.1" 404 88 "-" "Mozilla/5.0 (compatible; YandexBot/3.0; +http://yandex.com/bots)" "brainbox.co.in"
114.119.130.29 - - [25/Nov/2022:00:59:23 -0800] "GET /PDFContent/01%20TSB/02%20Class%20VII/English/01LS4A/?C=S%3BO%3DA HTTP/1.1" 200 474 "https://brainbox.co.in/PDFContent/01%20TSB/02%20Class%20VII/English/01LS4A/?C=N%3BO%3DD" "Mozilla/5.0 (Linux; Android 7.0;) AppleWebKit/537.36 (KHTML, like Gecko) Mobile Safari/537.36 (compatible; PetalBot;+https://webmaster.petalsearch.com/site/petalbot)" "brainbox.co.in"
114.119.144.29 - - [25/Nov/2022:01:04:31 -0800] "GET /PDFContent/01%20TSB/03%20Class%20VIII/English/LS7C/?C=N%3BO%3DD HTTP/1.1" 200 525 "https://brainbox.co.in/PDFContent/01%20TSB/03%20Class%20VIII/English/LS7C/?C=M%3BO%3DA" "Mozilla/5.0 (Linux; Android 7.0;) AppleWebKit/537.36 (KHTML, like Gecko) Mobile Safari/537.36 (compatible; PetalBot;+https://webmaster.petalsearch.com/site/petalbot)" "brainbox.co.in"
77.88.9.140 - - [25/Nov/2022:01:09:11 -0800] "GET /PDFContent/ebooks-Beetle-Class-1-Sem-1.pdf HTTP/1.1" 200 4194304 "-" "Mozilla/5.0 (compatible; YandexBot/3.0; +http://yandex.com/bots)" "brainbox.co.in"
114.119.156.16 - - [25/Nov/2022:01:09:41 -0800] "GET /PDFContent/01%20TSB/03%20Class%20VIII/English/LS6C/?C=S%3BO%3DA HTTP/1.1" 200 531 "https://brainbox.co.in/PDFContent/01%20TSB/03%20Class%20VIII/English/LS6C/?C=N%3BO%3DD" "Mozilla/5.0 (Linux; Android 7.0;) AppleWebKit/537.36 (KHTML, like Gecko) Mobile Safari/537.36 (compatible; PetalBot;+https://webmaster.petalsearch.com/site/petalbot)" "brainbox.co.in"
114.119.130.152 - - [25/Nov/2022:01:14:54 -0800] "GET /PDFContent/02%20APSB/06%20Class%20XI/Maths/?C=D%3BO%3DA HTTP/1.1" 200 352 "https://brainbox.co.in/PDFContent/02%20APSB/06%20Class%20XI/Maths/?C=N%3BO%3DD" "Mozilla/5.0 (Linux; Android 7.0;) AppleWebKit/537.36 (KHTML, like Gecko) Mobile Safari/537.36 (compatible; PetalBot;+https://webmaster.petalsearch.com/site/petalbot)" "brainbox.co.in"
114.119.130.29 - - [25/Nov/2022:01:20:05 -0800] "GET /PDFContent/01%20TSB/06%20Class%20XI/English/?C=N%3BO%3DD HTTP/1.1" 200 354 "https://brainbox.co.in/PDFContent/01%20TSB/06%20Class%20XI/English/?C=M%3BO%3DA" "Mozilla/5.0 (Linux; Android 7.0;) AppleWebKit/537.36 (KHTML, like Gecko) Mobile Safari/537.36 (compatible; PetalBot;+https://webmaster.petalsearch.com/site/petalbot)" "brainbox.co.in"
114.119.144.29 - - [25/Nov/2022:01:25:10 -0800] "GET /PDFContent/SPECIAL%20CROUSE/Part%201%20Grammar%20Essentials/STD_VIII/UNIT-6.pdf HTTP/1.1" 200 291159 "https://brainbox.co.in/PDFContent/SPECIAL%20CROUSE/Part%201%20Grammar%20Essentials/STD_VIII/?C=M%3BO%3DA" "Mozilla/5.0 (Linux; Android 7.0;) AppleWebKit/537.36 (KHTML, like Gecko) Mobile Safari/537.36 (compatible; PetalBot;+https://webmaster.petalsearch.com/site/petalbot)" "brainbox.co.in"
114.119.144.29 - - [25/Nov/2022:01:30:18 -0800] "GET /PDFContent/01%20TSB/04%20Class%20IX/ HTTP/1.1" 200 498 "https://brainbox.co.in/PDFContent/01%20TSB/04%20Class%20IX/English/?C=M%3BO%3DA" "Mozilla/5.0 (Linux; Android 7.0;) AppleWebKit/537.36 (KHTML, like Gecko) Mobile Safari/537.36 (compatible; PetalBot;+https://webmaster.petalsearch.com/site/petalbot)" "brainbox.co.in"
114.119.129.184 - - [25/Nov/2022:01:35:29 -0800] "GET /PDFContent/03%20CBSE/06%20Class%20XI/Biology/T10%20CBSE_XI_BIOLOGY_LS16_DIGESTIVE%20SYSTEM_DIGESTION%20OF%20FOOD.pdf HTTP/1.1" 200 661116 "https://brainbox.co.in/PDFContent/03%20CBSE/06%20Class%20XI/Biology/?C=S%3BO%3DA" "Mozilla/5.0 (Linux; Android 7.0;) AppleWebKit/537.36 (KHTML, like Gecko) Mobile Safari/537.36 (compatible; PetalBot;+https://webmaster.petalsearch.com/site/petalbot)" "brainbox.co.in"
114.119.156.16 - - [25/Nov/2022:01:40:38 -0800] "GET /PDFContent/Beetle/CLASS%20II/ENGLISH/Lesson%203%20-%20Sharing%20is%20fun.pdf HTTP/1.1" 200 119520 "https://brainbox.co.in/PDFContent/Beetle/CLASS%20II/ENGLISH/?C=S%3BO%3DA" "Mozilla/5.0 (Linux; Android 7.0;) AppleWebKit/537.36 (KHTML, like Gecko) Mobile Safari/537.36 (compatible; PetalBot;+https://webmaster.petalsearch.com/site/petalbot)" "brainbox.co.in"
114.119.144.29 - - [25/Nov/2022:01:45:45 -0800] "GET /PDFContent/SPECIAL%20CROUSE/Part%201%20Grammar%20Essentials/STD_VI/UNIT-6.pdf HTTP/1.1" 200 310816 "https://brainbox.co.in/PDFContent/SPECIAL%20CROUSE/Part%201%20Grammar%20Essentials/STD_VI/?C=N%3BO%3DD" "Mozilla/5.0 (Linux; Android 7.0;) AppleWebKit/537.36 (KHTML, like Gecko) Mobile Safari/537.36 (compatible; PetalBot;+https://webmaster.petalsearch.com/site/petalbot)" "brainbox.co.in"
51.222.253.16 - - [25/Nov/2022:01:47:25 -0800] "GET /PDFContent/01%20TSB/02%20Class%20VII/Science/ACIDS%20AND%20BASES/?C=M;O=A HTTP/1.1" 200 515 "-" "Mozilla/5.0 (compatible; AhrefsBot/7.0; +http://ahrefs.com/robot/)" "brainbox.co.in"
114.119.136.99 - - [25/Nov/2022:01:50:55 -0800] "GET /PDFContent/02%20APSB/05%20Class%20X/Telugu/?C=M%3BO%3DA HTTP/1.1" 200 353 "https://brainbox.co.in/PDFContent/02%20APSB/05%20Class%20X/Telugu/" "Mozilla/5.0 (Linux; Android 7.0;) AppleWebKit/537.36 (KHTML, like Gecko) Mobile Safari/537.36 (compatible; PetalBot;+https://webmaster.petalsearch.com/site/petalbot)" "brainbox.co.in"
114.119.144.29 - - [25/Nov/2022:01:56:02 -0800] "GET /PDFContent/01%20TSB/02%20Class%20VII/Hindi/ques%20&%20ans/?C=M%3BO%3DA HTTP/1.1" 200 729 "https://brainbox.co.in/PDFContent/01%20TSB/02%20Class%20VII/Hindi/ques%20&%20ans/?C=N%3BO%3DD" "Mozilla/5.0 (Linux; Android 7.0;) AppleWebKit/537.36 (KHTML, like Gecko) Mobile Safari/537.36 (compatible; PetalBot;+https://webmaster.petalsearch.com/site/petalbot)" "brainbox.co.in"
51.222.253.3 - - [25/Nov/2022:01:58:20 -0800] "GET /PDFContent/01%20TSB/02%20Class%20VII/Science/ANIMAL%20FIBRE/?C=M;O=A HTTP/1.1" 200 523 "-" "Mozilla/5.0 (compatible; AhrefsBot/7.0; +http://ahrefs.com/robot/)" "brainbox.co.in"
114.119.129.184 - - [25/Nov/2022:02:01:08 -0800] "GET /PDFContent/Beetle/CLASS%20I/MATHEMATICS%201-2/ HTTP/1.1" 404 88 "https://brainbox.co.in/PDFContent/Beetle/CLASS%20I/?C=N%3BO%3DD" "Mozilla/5.0 (Linux; Android 7.0;) AppleWebKit/537.36 (KHTML, like Gecko) Mobile Safari/537.36 (compatible; PetalBot;+https://webmaster.petalsearch.com/site/petalbot)" "brainbox.co.in"
114.119.130.29 - - [25/Nov/2022:02:06:17 -0800] "GET /PDFContent/02%20APSB/07%20Class%20XII/Chemistry/ HTTP/1.1" 200 356 "https://brainbox.co.in/PDFContent/02%20APSB/07%20Class%20XII/?C=M%3BO%3DA" "Mozilla/5.0 (Linux; Android 7.0;) AppleWebKit/537.36 (KHTML, like Gecko) Mobile Safari/537.36 (compatible; PetalBot;+https://webmaster.petalsearch.com/site/petalbot)" "brainbox.co.in"
51.222.253.18 - - [25/Nov/2022:02:09:11 -0800] "GET /PDFContent/Beetle/CLASS%20V/MATHEMATICS/SEM%201/?C=M;O=A HTTP/1.1" 200 542 "-" "Mozilla/5.0 (compatible; AhrefsBot/7.0; +http://ahrefs.com/robot/)" "brainbox.co.in"
114.119.130.29 - - [25/Nov/2022:02:11:26 -0800] "GET /PDFContent/03%20CBSE/05%20Class%20X/English/?C=M%3BO%3DA HTTP/1.1" 200 353 "https://brainbox.co.in/PDFContent/03%20CBSE/05%20Class%20X/English/?C=D%3BO%3DA" "Mozilla/5.0 (Linux; Android 7.0;) AppleWebKit/537.36 (KHTML, like Gecko) Mobile Safari/537.36 (compatible; PetalBot;+https://webmaster.petalsearch.com/site/petalbot)" "brainbox.co.in"
114.119.136.99 - - [25/Nov/2022:02:16:34 -0800] "GET /PDFContent/03%20CBSE/03%20Class%20VIII/Biology/Reproduction%20in%20Animals/Male%20Reproductive%20System.pdf HTTP/1.1" 200 336940 "https://brainbox.co.in/PDFContent/03%20CBSE/03%20Class%20VIII/Biology/Reproduction%20in%20Animals/?C=M%3BO%3DA" "Mozilla/5.0 (Linux; Android 7.0;) AppleWebKit/537.36 (KHTML, like Gecko) Mobile Safari/537.36 (compatible; PetalBot;+https://webmaster.petalsearch.com/site/petalbot)" "brainbox.co.in"
51.222.253.4 - - [25/Nov/2022:02:20:06 -0800] "GET /PDFContent/03%20CBSE/06%20Class%20XI/Hindi/?C=M;O=A HTTP/1.1" 200 353 "-" "Mozilla/5.0 (compatible; AhrefsBot/7.0; +http://ahrefs.com/robot/)" "brainbox.co.in"
185.181.60.189 - - [25/Nov/2022:02:20:48 -0800] "GET / HTTP/1.1" 200 428 "-" "Mozilla/5.0 (Windows NT 10.0; Win64; x64) AppleWebKit/537.36 (KHTML, like Gecko) Chrome/91.0.4472.114 Safari/537.36 Edg/91.0.864.54" "brainbox.co.in"
114.119.136.99 - - [25/Nov/2022:02:21:45 -0800] "GET /PDFContent/Beetle/CLASS%20IV/MATHEMATICS/ HTTP/1.1" 200 556 "https://brainbox.co.in/PDFContent/Beetle/CLASS%20IV/?C=D%3BO%3DA" "Mozilla/5.0 (Linux; Android 7.0;) AppleWebKit/537.36 (KHTML, like Gecko) Mobile Safari/537.36 (compatible; PetalBot;+https://webmaster.petalsearch.com/site/petalbot)" "brainbox.co.in"
114.119.130.152 - - [25/Nov/2022:02:26:49 -0800] "GET /PDFContent/01%20TSB/03%20Class%20VIII/English/LS6B/?C=S%3BO%3DA HTTP/1.1" 200 523 "https://brainbox.co.in/PDFContent/01%20TSB/03%20Class%20VIII/English/LS6B/?C=N%3BO%3DD" "Mozilla/5.0 (Linux; Android 7.0;) AppleWebKit/537.36 (KHTML, like Gecko) Mobile Safari/537.36 (compatible; PetalBot;+https://webmaster.petalsearch.com/site/petalbot)" "brainbox.co.in"
51.222.253.15 - - [25/Nov/2022:02:30:51 -0800] "GET /PDFContent/03%20CBSE/06%20Class%20XI/Hindi/?C=S;O=A HTTP/1.1" 200 353 "-" "Mozilla/5.0 (compatible; AhrefsBot/7.0; +http://ahrefs.com/robot/)" "brainbox.co.in"
114.119.144.29 - - [25/Nov/2022:02:31:57 -0800] "GET /PDFContent/02%20APSB/03%20Class%20VIII/Hindi/ HTTP/1.1" 200 353 "https://brainbox.co.in/PDFContent/02%20APSB/03%20Class%20VIII/?C=M%3BO%3DA" "Mozilla/5.0 (Linux; Android 7.0;) AppleWebKit/537.36 (KHTML, like Gecko) Mobile Safari/537.36 (compatible; PetalBot;+https://webmaster.petalsearch.com/site/petalbot)" "brainbox.co.in"
114.119.130.152 - - [25/Nov/2022:02:37:06 -0800] "GET /PDFContent/Beetle/CLASS%20IV/?C=M%3BO%3DA HTTP/1.1" 200 504 "https://brainbox.co.in/PDFContent/Beetle/CLASS%20IV/?C=D%3BO%3DA" "Mozilla/5.0 (Linux; Android 7.0;) AppleWebKit/537.36 (KHTML, like Gecko) Mobile Safari/537.36 (compatible; PetalBot;+https://webmaster.petalsearch.com/site/petalbot)" "brainbox.co.in"
51.222.253.5 - - [25/Nov/2022:02:41:24 -0800] "GET /PDFContent/03%20CBSE/02%20Class%20VII/Science/TRASPORTATION%20IN%20ANIMALS%20%20AND%20PLANTS/?C=S;O=A HTTP/1.1" 200 457 "-" "Mozilla/5.0 (compatible; AhrefsBot/7.0; +http://ahrefs.com/robot/)" "brainbox.co.in"
114.119.130.29 - - [25/Nov/2022:02:42:13 -0800] "GET /PDFContent/CUBE%20Maths/CLASS%20-%203%20WORKSHEETS/2.%20Numbers%20upto%209999%20-%20WS%201.pdf HTTP/1.1" 200 37212 "https://brainbox.co.in/PDFContent/CUBE%20Maths/CLASS%20-%203%20WORKSHEETS/?C=D%3BO%3DA" "Mozilla/5.0 (Linux; Android 7.0;) AppleWebKit/537.36 (KHTML, like Gecko) Mobile Safari/537.36 (compatible; PetalBot;+https://webmaster.petalsearch.com/site/petalbot)" "brainbox.co.in"
114.119.130.152 - - [25/Nov/2022:02:47:25 -0800] "GET /PDFContent/Beetle/CLASS%20V/SCIENCE/?C=D%3BO%3DA HTTP/1.1" 200 398 "https://brainbox.co.in/PDFContent/Beetle/CLASS%20V/SCIENCE/?C=M%3BO%3DA" "Mozilla/5.0 (Linux; Android 7.0;) AppleWebKit/537.36 (KHTML, like Gecko) Mobile Safari/537.36 (compatible; PetalBot;+https://webmaster.petalsearch.com/site/petalbot)" "brainbox.co.in"
114.119.148.161 - - [25/Nov/2022:02:52:29 -0800] "GET /PDFContent/SPECIAL%20CROUSE/Part%201%20Grammar%20Essentials/STD_VII/?C=S%3BO%3DA HTTP/1.1" 200 501 "https://brainbox.co.in/PDFContent/SPECIAL%20CROUSE/Part%201%20Grammar%20Essentials/STD_VII/" "Mozilla/5.0 (Linux; Android 7.0;) AppleWebKit/537.36 (KHTML, like Gecko) Mobile Safari/537.36 (compatible; PetalBot;+https://webmaster.petalsearch.com/site/petalbot)" "brainbox.co.in"
51.222.253.19 - - [25/Nov/2022:02:53:22 -0800] "GET /PDFContent/04%20ICSE/04%20Class%20IX/Sanskrit/ HTTP/1.1" 200 353 "-" "Mozilla/5.0 (compatible; AhrefsBot/7.0; +http://ahrefs.com/robot/)" "brainbox.co.in"
114.119.136.99 - - [25/Nov/2022:02:57:40 -0800] "GET /PDFContent/03%20CBSE/02%20Class%20VII/Hindi/Word%20Meaning/CBSC_VII_LS08_KABULIWALA_WORD%20MEANING.pdf HTTP/1.1" 200 296243 "https://brainbox.co.in/PDFContent/03%20CBSE/02%20Class%20VII/Hindi/Word%20Meaning/?C=N%3BO%3DD" "Mozilla/5.0 (Linux; Android 7.0;) AppleWebKit/537.36 (KHTML, like Gecko) Mobile Safari/537.36 (compatible; PetalBot;+https://webmaster.petalsearch.com/site/petalbot)" "brainbox.co.in"
114.119.129.184 - - [25/Nov/2022:03:02:47 -0800] "GET /PDFContent/03%20CBSE/02%20Class%20VII/Science/TEXTBOOK%20EXAMPLES/CLASS_VII_TEXT%20BOOK%20EXCERCISES_fibre%20to%20fabric.pdf HTTP/1.1" 200 563505 "https://brainbox.co.in/PDFContent/03%20CBSE/02%20Class%20VII/Science/TEXTBOOK%20EXAMPLES/?C=D%3BO%3DA" "Mozilla/5.0 (Linux; Android 7.0;) AppleWebKit/537.36 (KHTML, like Gecko) Mobile Safari/537.36 (compatible; PetalBot;+https://webmaster.petalsearch.com/site/petalbot)" "brainbox.co.in"
51.222.253.4 - - [25/Nov/2022:03:03:58 -0800] "GET /PDFContent/04%20ICSE/04%20Class%20IX/Hindi/ HTTP/1.1" 200 350 "-" "Mozilla/5.0 (compatible; AhrefsBot/7.0; +http://ahrefs.com/robot/)" "brainbox.co.in"
114.119.156.16 - - [25/Nov/2022:03:07:54 -0800] "GET /PDFContent/01%20TSB/03%20Class%20VIII/English/LS2A/?C=M%3BO%3DA HTTP/1.1" 200 606 "https://brainbox.co.in/PDFContent/01%20TSB/03%20Class%20VIII/English/LS2A/?C=S%3BO%3DA" "Mozilla/5.0 (Linux; Android 7.0;) AppleWebKit/537.36 (KHTML, like Gecko) Mobile Safari/537.36 (compatible; PetalBot;+https://webmaster.petalsearch.com/site/petalbot)" "brainbox.co.in"
51.222.253.19 - - [25/Nov/2022:03:09:27 -0800] "GET /PDFContent/01%20TSB/04%20Class%20IX/Biology/ANIMAL%20BEHAVIOUR/?C=S;O=A HTTP/1.1" 200 531 "-" "Mozilla/5.0 (compatible; AhrefsBot/7.0; +http://ahrefs.com/robot/)" "brainbox.co.in"
114.119.130.29 - - [25/Nov/2022:03:13:03 -0800] "GET /PDFContent/01%20TSB/02%20Class%20VII/?C=S%3BO%3DA HTTP/1.1" 200 505 "https://brainbox.co.in/PDFContent/01%20TSB/02%20Class%20VII/" "Mozilla/5.0 (Linux; Android 7.0;) AppleWebKit/537.36 (KHTML, like Gecko) Mobile Safari/537.36 (compatible; PetalBot;+https://webmaster.petalsearch.com/site/petalbot)" "brainbox.co.in"
51.222.253.16 - - [25/Nov/2022:03:15:19 -0800] "GET /PDFContent/03%20CBSE/04%20Class%20IX/Physics/?C=N;O=D HTTP/1.1" 200 527 "-" "Mozilla/5.0 (compatible; AhrefsBot/7.0; +http://ahrefs.com/robot/)" "brainbox.co.in"
104.249.27.190 - - [25/Nov/2022:03:17:06 -0800] "GET / HTTP/1.1" 200 428 "-" "Mozilla/5.0 (Windows NT 6.1; rv:5.0.1) Gecko/20100101 Firefox/5.0.1" "brainbox.co.in"
114.119.131.203 - - [25/Nov/2022:03:18:11 -0800] "GET /PDFContent/CUBE%20Maths/CLASS%20-%203%20WORKSHEETS/11.%20Time%20and%20Calendar.pdf HTTP/1.1" 200 142231 "https://brainbox.co.in/PDFContent/CUBE%20Maths/CLASS%20-%203%20WORKSHEETS/?C=D%3BO%3DA" "Mozilla/5.0 (Linux; Android 7.0;) AppleWebKit/537.36 (KHTML, like Gecko) Mobile Safari/537.36 (compatible; PetalBot;+https://webmaster.petalsearch.com/site/petalbot)" "brainbox.co.in"
51.222.253.9 - - [25/Nov/2022:03:20:53 -0800] "GET /PDFContent/01%20TSB/05%20Class%20X/Biology/NUTRITION/?C=D;O=A HTTP/1.1" 200 516 "-" "Mozilla/5.0 (compatible; AhrefsBot/7.0; +http://ahrefs.com/robot/)" "brainbox.co.in"
114.119.144.29 - - [25/Nov/2022:03:23:19 -0800] "GET /PDFContent/03%20CBSE/03%20Class%20VIII/Physics/ HTTP/1.1" 200 917 "https://brainbox.co.in/PDFContent/03%20CBSE/03%20Class%20VIII/Physics/SOME%20NATURAL%20PHENOMENA/?C=S%3BO%3DA" "Mozilla/5.0 (Linux; Android 7.0;) AppleWebKit/537.36 (KHTML, like Gecko) Mobile Safari/537.36 (compatible; PetalBot;+https://webmaster.petalsearch.com/site/petalbot)" "brainbox.co.in"
51.222.253.6 - - [25/Nov/2022:03:26:26 -0800] "GET /PDFContent/01%20TSB/02%20Class%20VII/Science/ACIDS%20AND%20BASES/?C=D;O=A HTTP/1.1" 200 511 "-" "Mozilla/5.0 (compatible; AhrefsBot/7.0; +http://ahrefs.com/robot/)" "brainbox.co.in"
114.119.130.152 - - [25/Nov/2022:03:28:27 -0800] "GET /PDFContent/03%20CBSE/05%20Class%20X/Hindi/Kshitij/LS08/CBSE_X_HINDI_LS08_Rituraj%20Kanyadaan_TRANSCRIP.pdf HTTP/1.1" 200 496108 "https://brainbox.co.in/PDFContent/03%20CBSE/05%20Class%20X/Hindi/Kshitij/LS08/?C=S%3BO%3DA" "Mozilla/5.0 (Linux; Android 7.0;) AppleWebKit/537.36 (KHTML, like Gecko) Mobile Safari/537.36 (compatible; PetalBot;+https://webmaster.petalsearch.com/site/petalbot)" "brainbox.co.in"
51.222.253.3 - - [25/Nov/2022:03:32:05 -0800] "GET /PDFContent/04%20ICSE/05%20Class%20X/Hindi/?C=S;O=A HTTP/1.1" 200 352 "-" "Mozilla/5.0 (compatible; AhrefsBot/7.0; +http://ahrefs.com/robot/)" "brainbox.co.in"
114.119.144.29 - - [25/Nov/2022:03:33:34 -0800] "GET /PDFContent/Beetle/CLASS%20II/?C=S%3BO%3DA HTTP/1.1" 200 463 "https://brainbox.co.in/PDFContent/Beetle/CLASS%20II/?C=D%3BO%3DA" "Mozilla/5.0 (Linux; Android 7.0;) AppleWebKit/537.36 (KHTML, like Gecko) Mobile Safari/537.36 (compatible; PetalBot;+https://webmaster.petalsearch.com/site/petalbot)" "brainbox.co.in"
20.245.191.195 - - [25/Nov/2022:03:36:38 -0800] "GET / HTTP/1.1" 200 1155 "-" "Mozilla/5.0 (Windows NT 10.0; Win64; x64) AppleWebKit/537.36 (KHTML, like Gecko) Chrome/78.0.3904.108 Safari/537.36" "brainbox.co.in"
20.245.191.195 - - [25/Nov/2022:03:36:38 -0800] "GET /wp-includes/wlwmanifest.xml HTTP/1.1" 404 73 "-" "Mozilla/5.0 (Windows NT 10.0; Win64; x64) AppleWebKit/537.36 (KHTML, like Gecko) Chrome/78.0.3904.108 Safari/537.36" "brainbox.co.in"
20.245.191.195 - - [25/Nov/2022:03:36:38 -0800] "GET /xmlrpc.php?rsd HTTP/1.1" 500 4949 "-" "Mozilla/5.0 (Windows NT 10.0; Win64; x64) AppleWebKit/537.36 (KHTML, like Gecko) Chrome/78.0.3904.108 Safari/537.36" "brainbox.co.in"
20.245.191.195 - - [25/Nov/2022:03:36:38 -0800] "GET / HTTP/1.1" 200 1155 "-" "Mozilla/5.0 (Windows NT 10.0; Win64; x64) AppleWebKit/537.36 (KHTML, like Gecko) Chrome/78.0.3904.108 Safari/537.36" "brainbox.co.in"
20.245.191.195 - - [25/Nov/2022:03:36:38 -0800] "GET /blog/wp-includes/wlwmanifest.xml HTTP/1.1" 404 73 "-" "Mozilla/5.0 (Windows NT 10.0; Win64; x64) AppleWebKit/537.36 (KHTML, like Gecko) Chrome/78.0.3904.108 Safari/537.36" "brainbox.co.in"
20.245.191.195 - - [25/Nov/2022:03:36:39 -0800] "GET /wordpress/wp-includes/wlwmanifest.xml HTTP/1.1" 404 73 "-" "Mozilla/5.0 (Windows NT 10.0; Win64; x64) AppleWebKit/537.36 (KHTML, like Gecko) Chrome/78.0.3904.108 Safari/537.36" "brainbox.co.in"
20.245.191.195 - - [25/Nov/2022:03:36:39 -0800] "GET /website/wp-includes/wlwmanifest.xml HTTP/1.1" 404 73 "-" "Mozilla/5.0 (Windows NT 10.0; Win64; x64) AppleWebKit/537.36 (KHTML, like Gecko) Chrome/78.0.3904.108 Safari/537.36" "brainbox.co.in"
