114.119.129.184 - - [24/Nov/2022:16:02:13 -0800] "GET /PDFContent/04%20ICSE/03%20Class%20VIII/Sanskrit/?C=S%3BO%3DA HTTP/1.1" 200 356 "https://brainbox.co.in/PDFContent/04%20ICSE/03%20Class%20VIII/Sanskrit/?C=D%3BO%3DA" "Mozilla/5.0 (Linux; Android 7.0;) AppleWebKit/537.36 (KHTML, like Gecko) Mobile Safari/537.36 (compatible; PetalBot;+https://webmaster.petalsearch.com/site/petalbot)" "brainbox.co.in"
114.119.148.161 - - [24/Nov/2022:16:07:20 -0800] "GET /PDFContent/02%20APSB/06%20Class%20XI/Telugu/?C=M%3BO%3DA HTTP/1.1" 200 355 "https://brainbox.co.in/PDFContent/02%20APSB/06%20Class%20XI/Telugu/?C=S%3BO%3DA" "Mozilla/5.0 (Linux; Android 7.0;) AppleWebKit/537.36 (KHTML, like Gecko) Mobile Safari/537.36 (compatible; PetalBot;+https://webmaster.petalsearch.com/site/petalbot)" "brainbox.co.in"
114.119.156.16 - - [24/Nov/2022:16:12:32 -0800] "GET /PDFContent/01%20TSB/05%20Class%20X/Physics/LS01%20Reflection%20of%20light%20at%20curved%20surfaces/V08%20TSB_Reflection%20of%20light%20at%20curved%20surfaces_PROBLEMS_P03%20&%20P04.pdf HTTP/1.1" 200 467389 "https://brainbox.co.in/PDFContent/01%20TSB/05%20Class%20X/Physics/LS01%20Reflection%20of%20light%20at%20curved%20surfaces/?C=S%3BO%3DA" "Mozilla/5.0 (Linux; Android 7.0;) AppleWebKit/537.36 (KHTML, like Gecko) Mobile Safari/537.36 (compatible; PetalBot;+https://webmaster.petalsearch.com/site/petalbot)" "brainbox.co.in"
114.119.144.29 - - [24/Nov/2022:16:17:40 -0800] "GET /PDFContent/03%20CBSE/05%20Class%20X/Hindi/SPARSH/LS15/?C=M%3BO%3DA HTTP/1.1" 200 539 "https://brainbox.co.in/PDFContent/03%20CBSE/05%20Class%20X/Hindi/SPARSH/LS15/" "Mozilla/5.0 (Linux; Android 7.0;) AppleWebKit/537.36 (KHTML, like Gecko) Mobile Safari/537.36 (compatible; PetalBot;+https://webmaster.petalsearch.com/site/petalbot)" "brainbox.co.in"
114.119.131.203 - - [24/Nov/2022:16:22:48 -0800] "GET /PDFContent/03%20CBSE/05%20Class%20X/?C=N%3BO%3DD HTTP/1.1" 200 522 "https://brainbox.co.in/PDFContent/03%20CBSE/05%20Class%20X/" "Mozilla/5.0 (Linux; Android 7.0;) AppleWebKit/537.36 (KHTML, like Gecko) Mobile Safari/537.36 (compatible; PetalBot;+https://webmaster.petalsearch.com/site/petalbot)" "brainbox.co.in"
114.119.131.203 - - [24/Nov/2022:16:27:59 -0800] "GET /PDFContent/01%20TSB/03%20Class%20VIII/English/TS%20Board_English_VIII_LS2C_Glossary.pdf HTTP/1.1" 200 101967 "https://brainboxschool.com/material/TSB/VIII/English/2C_REACHING_THE_UNREACHED.html" "Mozilla/5.0 (Linux; Android 7.0;) AppleWebKit/537.36 (KHTML, like Gecko) Mobile Safari/537.36 (compatible; PetalBot;+https://webmaster.petalsearch.com/site/petalbot)" "brainbox.co.in"
114.119.131.203 - - [24/Nov/2022:16:33:05 -0800] "GET /PDFContent/Beetle/CLASS%20IV/ENGLISH/Poem%20-%20God%20made%20them%20all.pdf HTTP/1.1" 200 82188 "https://brainbox.co.in/PDFContent/Beetle/CLASS%20IV/ENGLISH/?C=M%3BO%3DA" "Mozilla/5.0 (Linux; Android 7.0;) AppleWebKit/537.36 (KHTML, like Gecko) Mobile Safari/537.36 (compatible; PetalBot;+https://webmaster.petalsearch.com/site/petalbot)" "brainbox.co.in"
114.119.131.203 - - [24/Nov/2022:16:38:16 -0800] "GET /PDFContent/03%20CBSE/04%20Class%20IX/Maths/CBSE_IX_MATHS_LS12_HERON'S%20FORMULA_SOLVED%20PROBLEM_05.pdf HTTP/1.1" 200 383142 "https://brainbox.co.in/PDFContent/03%20CBSE/04%20Class%20IX/Maths/?C=M%3BO%3DA" "Mozilla/5.0 (Linux; Android 7.0;) AppleWebKit/537.36 (KHTML, like Gecko) Mobile Safari/537.36 (compatible; PetalBot;+https://webmaster.petalsearch.com/site/petalbot)" "brainbox.co.in"
114.119.130.29 - - [24/Nov/2022:16:43:25 -0800] "GET /PDFContent/03%20CBSE/04%20Class%20IX/Biology/CBSE_lX_BIOLOGY_LS07_DIVERSTY%20IN%20LIVING%20ORGANISMS_PTERIDOPHYTA.pdf HTTP/1.1" 200 399282 "https://brainbox.co.in/PDFContent/03%20CBSE/04%20Class%20IX/Biology/?C=M%3BO%3DA" "Mozilla/5.0 (Linux; Android 7.0;) AppleWebKit/537.36 (KHTML, like Gecko) Mobile Safari/537.36 (compatible; PetalBot;+https://webmaster.petalsearch.com/site/petalbot)" "brainbox.co.in"
114.119.130.29 - - [24/Nov/2022:16:48:35 -0800] "GET /PDFContent/Beetle/CLASS%20V/SOCIAL/SEM%202/ HTTP/1.1" 200 719 "https://brainbox.co.in/PDFContent/Beetle/CLASS%20V/SOCIAL/?C=D%3BO%3DA" "Mozilla/5.0 (Linux; Android 7.0;) AppleWebKit/537.36 (KHTML, like Gecko) Mobile Safari/537.36 (compatible; PetalBot;+https://webmaster.petalsearch.com/site/petalbot)" "brainbox.co.in"
77.88.9.137 - - [24/Nov/2022:16:50:34 -0800] "GET /robots.txt HTTP/1.1" 404 73 "-" "Mozilla/5.0 (compatible; YandexBot/3.0; +http://yandex.com/bots)" "brainbox.co.in"
77.88.9.137 - - [24/Nov/2022:16:50:37 -0800] "GET /PDFContent/Beetle/CLASS%20III/ENGLISH/SEM%202/Lesson%204%20-%20Honesty%20pays.pdf HTTP/1.1" 200 135185 "-" "Mozilla/5.0 (compatible; YandexBot/3.0; +http://yandex.com/bots)" "brainbox.co.in"
114.119.148.161 - - [24/Nov/2022:16:53:47 -0800] "GET /PDFContent/03%20CBSE/06%20Class%20XI/Physics/ HTTP/1.1" 200 452 "https://brainbox.co.in/PDFContent/03%20CBSE/06%20Class%20XI/Physics/GRAVITATION/" "Mozilla/5.0 (Linux; Android 7.0;) AppleWebKit/537.36 (KHTML, like Gecko) Mobile Safari/537.36 (compatible; PetalBot;+https://webmaster.petalsearch.com/site/petalbot)" "brainbox.co.in"
13.52.217.123 - - [24/Nov/2022:16:54:35 -0800] "GET /~richard/templates/beez/US/uk/paypal/login.htm HTTP/1.1" 404 73 "-" "Mozilla/5.0 (Macintosh; Intel Mac OS X 10_10_5) AppleWebKit/537.36 (KHTML, like Gecko) Chrome/52.0.2743.116 Safari/537.36" "brainbox.co.in"
114.119.131.203 - - [24/Nov/2022:16:58:58 -0800] "GET /PDFContent/01%20TSB/03%20Class%20VIII/English/LS1A/?C=M%3BO%3DA HTTP/1.1" 200 607 "https://brainbox.co.in/PDFContent/01%20TSB/03%20Class%20VIII/English/LS1A/?C=D%3BO%3DA" "Mozilla/5.0 (Linux; Android 7.0;) AppleWebKit/537.36 (KHTML, like Gecko) Mobile Safari/537.36 (compatible; PetalBot;+https://webmaster.petalsearch.com/site/petalbot)" "brainbox.co.in"
114.119.131.203 - - [24/Nov/2022:17:04:08 -0800] "GET /PDFContent/03%20CBSE/07%20Class%20XII/Maths/ HTTP/1.1" 200 748 "https://brainbox.co.in/PDFContent/03%20CBSE/07%20Class%20XII/Maths/PROBABILITY/" "Mozilla/5.0 (Linux; Android 7.0;) AppleWebKit/537.36 (KHTML, like Gecko) Mobile Safari/537.36 (compatible; PetalBot;+https://webmaster.petalsearch.com/site/petalbot)" "brainbox.co.in"
66.249.79.86 - - [24/Nov/2022:17:09:09 -0800] "GET /robots.txt HTTP/1.1" 404 88 "-" "Mozilla/5.0 (compatible; Googlebot/2.1; +http://www.google.com/bot.html)" "brainbox.co.in"
114.119.144.29 - - [24/Nov/2022:17:09:20 -0800] "GET /PDFContent/03%20CBSE/06%20Class%20XI/English/?C=M%3BO%3DA HTTP/1.1" 200 354 "https://brainbox.co.in/PDFContent/03%20CBSE/06%20Class%20XI/English/?C=D%3BO%3DA" "Mozilla/5.0 (Linux; Android 7.0;) AppleWebKit/537.36 (KHTML, like Gecko) Mobile Safari/537.36 (compatible; PetalBot;+https://webmaster.petalsearch.com/site/petalbot)" "brainbox.co.in"
66.249.79.84 - - [24/Nov/2022:17:10:01 -0800] "GET /ads.txt HTTP/1.1" 404 88 "-" "Mozilla/5.0 (compatible; Googlebot/2.1; +http://www.google.com/bot.html)" "brainbox.co.in"
114.119.131.203 - - [24/Nov/2022:17:14:26 -0800] "GET /PDFContent/04%20ICSE/04%20Class%20IX/Telugu/?C=N%3BO%3DD HTTP/1.1" 200 352 "https://brainbox.co.in/PDFContent/04%20ICSE/04%20Class%20IX/Telugu/" "Mozilla/5.0 (Linux; Android 7.0;) AppleWebKit/537.36 (KHTML, like Gecko) Mobile Safari/537.36 (compatible; PetalBot;+https://webmaster.petalsearch.com/site/petalbot)" "brainbox.co.in"
114.119.131.203 - - [24/Nov/2022:17:19:40 -0800] "GET /PDFContent/01%20TSB/02%20Class%20VII/Hindi/word%20meaning/TSV_VII_LS07_AASMAN%20GIRA_WORD%20MEANING.pdf HTTP/1.1" 200 282677 "https://brainbox.co.in/PDFContent/01%20TSB/02%20Class%20VII/Hindi/word%20meaning/" "Mozilla/5.0 (Linux; Android 7.0;) AppleWebKit/537.36 (KHTML, like Gecko) Mobile Safari/537.36 (compatible; PetalBot;+https://webmaster.petalsearch.com/site/petalbot)" "brainbox.co.in"
114.119.131.203 - - [24/Nov/2022:17:24:45 -0800] "GET /PDFContent/03%20CBSE/02%20Class%20VII/Science/WATER%20A%20PRECIOUS%20RESOURCE/CBSE_VII_LS16_WATER%20A%20PRECIOUS%20RESOURCE_%20Glossory.pdf HTTP/1.1" 200 262776 "https://brainbox.co.in/PDFContent/03%20CBSE/02%20Class%20VII/Science/WATER%20A%20PRECIOUS%20RESOURCE/?C=D%3BO%3DA" "Mozilla/5.0 (Linux; Android 7.0;) AppleWebKit/537.36 (KHTML, like Gecko) Mobile Safari/537.36 (compatible; PetalBot;+https://webmaster.petalsearch.com/site/petalbot)" "brainbox.co.in"
114.119.130.152 - - [24/Nov/2022:17:30:01 -0800] "GET /PDFContent/03%20CBSE/05%20Class%20X/Biology/Our%20Environment/?C=M%3BO%3DA HTTP/1.1" 200 552 "https://brainbox.co.in/PDFContent/03%20CBSE/05%20Class%20X/Biology/Our%20Environment/?C=S%3BO%3DA" "Mozilla/5.0 (Linux; Android 7.0;) AppleWebKit/537.36 (KHTML, like Gecko) Mobile Safari/537.36 (compatible; PetalBot;+https://webmaster.petalsearch.com/site/petalbot)" "brainbox.co.in"
114.119.136.99 - - [24/Nov/2022:17:35:14 -0800] "GET /PDFContent/02%20APSB/06%20Class%20XI/Physics/?C=S%3BO%3DA HTTP/1.1" 200 354 "https://brainbox.co.in/PDFContent/02%20APSB/06%20Class%20XI/Physics/?C=S%3BO%3DA" "Mozilla/5.0 (Linux; Android 7.0;) AppleWebKit/537.36 (KHTML, like Gecko) Mobile Safari/537.36 (compatible; PetalBot;+https://webmaster.petalsearch.com/site/petalbot)" "brainbox.co.in"
114.119.136.99 - - [24/Nov/2022:17:40:21 -0800] "GET /PDFContent/01%20TSB/02%20Class%20VII/Science/MOTION%20AND%20TIME/TSB_VII_SCIENCE_LS04_MOTION%20AND%20TIME_P1.pdf HTTP/1.1" 200 655541 "https://brainbox.co.in/PDFContent/01%20TSB/02%20Class%20VII/Science/MOTION%20AND%20TIME/?C=D%3BO%3DA" "Mozilla/5.0 (Linux; Android 7.0;) AppleWebKit/537.36 (KHTML, like Gecko) Mobile Safari/537.36 (compatible; PetalBot;+https://webmaster.petalsearch.com/site/petalbot)" "brainbox.co.in"
114.119.136.99 - - [24/Nov/2022:17:45:32 -0800] "GET /PDFContent/03%20CBSE/01%20Class%20VI/English/ HTTP/1.1" 200 353 "https://brainbox.co.in/PDFContent/03%20CBSE/01%20Class%20VI/?C=M%3BO%3DA" "Mozilla/5.0 (Linux; Android 7.0;) AppleWebKit/537.36 (KHTML, like Gecko) Mobile Safari/537.36 (compatible; PetalBot;+https://webmaster.petalsearch.com/site/petalbot)" "brainbox.co.in"
114.119.148.161 - - [24/Nov/2022:17:50:32 -0800] "GET /PDFContent/04%20ICSE/01%20Class%20VI/Maths/?C=D%3BO%3DA HTTP/1.1" 200 352 "https://brainbox.co.in/PDFContent/04%20ICSE/01%20Class%20VI/Maths/?C=S%3BO%3DA" "Mozilla/5.0 (Linux; Android 7.0;) AppleWebKit/537.36 (KHTML, like Gecko) Mobile Safari/537.36 (compatible; PetalBot;+https://webmaster.petalsearch.com/site/petalbot)" "brainbox.co.in"
114.119.130.152 - - [24/Nov/2022:17:55:42 -0800] "GET /PDFContent/Beetle/CLASS%20IV/SOCAIL%20SEM%202/?C=N%3BO%3DD HTTP/1.1" 200 704 "https://brainbox.co.in/PDFContent/Beetle/CLASS%20IV/SOCAIL%20SEM%202/" "Mozilla/5.0 (Linux; Android 7.0;) AppleWebKit/537.36 (KHTML, like Gecko) Mobile Safari/537.36 (compatible; PetalBot;+https://webmaster.petalsearch.com/site/petalbot)" "brainbox.co.in"
114.119.129.184 - - [24/Nov/2022:18:00:54 -0800] "GET /PDFContent/01%20TSB/03%20Class%20VIII/English/LS1A/New/TSB_VIII_ENGLISH_LS01_TATTERD%20BLANKET_Explanation.pdf HTTP/1.1" 200 348223 "https://brainbox.co.in/PDFContent/01%20TSB/03%20Class%20VIII/English/LS1A/New/?C=N%3BO%3DD" "Mozilla/5.0 (Linux; Android 7.0;) AppleWebKit/537.36 (KHTML, like Gecko) Mobile Safari/537.36 (compatible; PetalBot;+https://webmaster.petalsearch.com/site/petalbot)" "brainbox.co.in"
114.119.148.161 - - [24/Nov/2022:18:06:02 -0800] "GET /PDFContent/01%20TSB/01%20Class%20VI/Telugu/?C=D%3BO%3DA HTTP/1.1" 200 423 "https://brainbox.co.in/PDFContent/01%20TSB/01%20Class%20VI/Telugu/" "Mozilla/5.0 (Linux; Android 7.0;) AppleWebKit/537.36 (KHTML, like Gecko) Mobile Safari/537.36 (compatible; PetalBot;+https://webmaster.petalsearch.com/site/petalbot)" "brainbox.co.in"
114.119.131.203 - - [24/Nov/2022:18:11:13 -0800] "GET /PDFContent/01%20TSB/03%20Class%20VIII/Hindi/?C=M%3BO%3DA HTTP/1.1" 200 353 "https://brainbox.co.in/PDFContent/01%20TSB/03%20Class%20VIII/Hindi/?C=S%3BO%3DA" "Mozilla/5.0 (Linux; Android 7.0;) AppleWebKit/537.36 (KHTML, like Gecko) Mobile Safari/537.36 (compatible; PetalBot;+https://webmaster.petalsearch.com/site/petalbot)" "brainbox.co.in"
114.119.148.161 - - [24/Nov/2022:18:16:25 -0800] "GET /PDFContent/04%20ICSE/06%20Class%20XI/Hindi/?C=N%3BO%3DD HTTP/1.1" 200 352 "https://brainbox.co.in/PDFContent/04%20ICSE/06%20Class%20XI/Hindi/?C=S%3BO%3DA" "Mozilla/5.0 (Linux; Android 7.0;) AppleWebKit/537.36 (KHTML, like Gecko) Mobile Safari/537.36 (compatible; PetalBot;+https://webmaster.petalsearch.com/site/petalbot)" "brainbox.co.in"
114.119.136.99 - - [24/Nov/2022:18:21:38 -0800] "GET /PDFContent/03%20CBSE/03%20Class%20VIII/Maths/PRACTICAL%20GEOMETRY/Practical%20Geometry_T11_To%20construct%20a%20parallelogram%20when%20its%20adjacent%20sides%20and%20a%20diagonal%20are%20given.pdf HTTP/1.1" 200 290800 "https://brainbox.co.in/PDFContent/03%20CBSE/03%20Class%20VIII/Maths/PRACTICAL%20GEOMETRY/?C=S%3BO%3DA" "Mozilla/5.0 (Linux; Android 7.0;) AppleWebKit/537.36 (KHTML, like Gecko) Mobile Safari/537.36 (compatible; PetalBot;+https://webmaster.petalsearch.com/site/petalbot)" "brainbox.co.in"
114.119.129.184 - - [24/Nov/2022:18:26:51 -0800] "GET /PDFContent/03%20CBSE/05%20Class%20X/Hindi/SPARSH/LS15/CBSE_X_HINDI_10B_LS15_AB%20KAHAN%20DOOSRON%20KE%20DUKH%20SE%20DUKHI%20HONEVALE_SUMMARY.pdf HTTP/1.1" 200 926227 "https://brainbox.co.in/PDFContent/03%20CBSE/05%20Class%20X/Hindi/SPARSH/LS15/" "Mozilla/5.0 (Linux; Android 7.0;) AppleWebKit/537.36 (KHTML, like Gecko) Mobile Safari/537.36 (compatible; PetalBot;+https://webmaster.petalsearch.com/site/petalbot)" "brainbox.co.in"
114.119.148.161 - - [24/Nov/2022:18:32:01 -0800] "GET /PDFContent/03%20CBSE/02%20Class%20VII/Science/ACIDS%20BASES%20AND%20SALTS/?C=N%3BO%3DD HTTP/1.1" 200 530 "https://brainbox.co.in/PDFContent/03%20CBSE/02%20Class%20VII/Science/ACIDS%20BASES%20AND%20SALTS/" "Mozilla/5.0 (Linux; Android 7.0;) AppleWebKit/537.36 (KHTML, like Gecko) Mobile Safari/537.36 (compatible; PetalBot;+https://webmaster.petalsearch.com/site/petalbot)" "brainbox.co.in"
114.119.129.184 - - [24/Nov/2022:18:37:08 -0800] "GET /PDFContent/03%20CBSE/03%20Class%20VIII/Chemistry/Combustion%20and%20Flames/CBSE_VIII_CHEMISTRY_COMBUSTION%20&%20FLAMES_Flame HTTP/1.1" 200 361560 "https://brainboxschool.com/material/CBSE/VIII/Chemistry/COMBUSTION_AND_FLAME.html" "Mozilla/5.0 (Linux; Android 7.0;) AppleWebKit/537.36 (KHTML, like Gecko) Mobile Safari/537.36 (compatible; PetalBot;+https://webmaster.petalsearch.com/site/petalbot)" "brainbox.co.in"
114.119.144.29 - - [24/Nov/2022:18:42:20 -0800] "GET /PDFContent/01%20TSB/03%20Class%20VIII/English/LS5B/TSB_VIII_ENGLISH_LS05B_THE%20TREASURE%20WITHIN_P2_Questions%20And%20Answers.1.pdf HTTP/1.1" 200 425310 "https://brainbox.co.in/PDFContent/01%20TSB/03%20Class%20VIII/English/LS5B/" "Mozilla/5.0 (Linux; Android 7.0;) AppleWebKit/537.36 (KHTML, like Gecko) Mobile Safari/537.36 (compatible; PetalBot;+https://webmaster.petalsearch.com/site/petalbot)" "brainbox.co.in"
114.119.130.152 - - [24/Nov/2022:18:47:30 -0800] "GET /PDFContent/04%20ICSE/01%20Class%20VI/English/?C=M%3BO%3DA HTTP/1.1" 200 353 "https://brainbox.co.in/PDFContent/04%20ICSE/01%20Class%20VI/English/?C=D%3BO%3DA" "Mozilla/5.0 (Linux; Android 7.0;) AppleWebKit/537.36 (KHTML, like Gecko) Mobile Safari/537.36 (compatible; PetalBot;+https://webmaster.petalsearch.com/site/petalbot)" "brainbox.co.in"
114.119.148.161 - - [24/Nov/2022:18:52:40 -0800] "GET /PDFContent/01%20TSB/03%20Class%20VIII/English/LS6C/TSB_VIII_ENGLISH_LS06C_MAESTRO%20WITH%20A%20MISSION_Questions%20and%20answers.pdf HTTP/1.1" 200 232021 "https://brainbox.co.in/PDFContent/01%20TSB/03%20Class%20VIII/English/LS6C/?C=N%3BO%3DD" "Mozilla/5.0 (Linux; Android 7.0;) AppleWebKit/537.36 (KHTML, like Gecko) Mobile Safari/537.36 (compatible; PetalBot;+https://webmaster.petalsearch.com/site/petalbot)" "brainbox.co.in"
114.119.156.16 - - [24/Nov/2022:18:57:50 -0800] "GET /PDFContent/04%20ICSE/07%20Class%20XII/Sanskrit/?C=N%3BO%3DD HTTP/1.1" 200 355 "https://brainbox.co.in/PDFContent/04%20ICSE/07%20Class%20XII/Sanskrit/?C=S%3BO%3DA" "Mozilla/5.0 (Linux; Android 7.0;) AppleWebKit/537.36 (KHTML, like Gecko) Mobile Safari/537.36 (compatible; PetalBot;+https://webmaster.petalsearch.com/site/petalbot)" "brainbox.co.in"
45.166.156.225 - - [24/Nov/2022:18:57:53 -0800] "GET /wp-login.php HTTP/1.1" 404 88 "https://brainbox.co.in/wp-login.php" "Mozilla/5.0 (Windows NT 10.0; Win64; x64) AppleWebKit/537.36 (KHTML, like Gecko) Chrome/86.0.4240.198 Safari/537.36" "brainbox.co.in"
45.166.156.225 - - [24/Nov/2022:18:58:08 -0800] "GET /admin/ HTTP/1.1" 404 88 "https://brainbox.co.in/admin/" "Mozilla/5.0 (Windows NT 10.0; Win64; x64) AppleWebKit/537.36 (KHTML, like Gecko) Chrome/86.0.4240.198 Safari/537.36" "brainbox.co.in"
45.166.156.225 - - [24/Nov/2022:18:58:30 -0800] "GET /downloader/ HTTP/1.1" 404 88 "https://brainbox.co.in/downloader/" "Mozilla/5.0 (Windows NT 10.0; Win64; x64) AppleWebKit/537.36 (KHTML, like Gecko) Chrome/86.0.4240.198 Safari/537.36" "brainbox.co.in"
45.166.156.225 - - [24/Nov/2022:18:58:43 -0800] "GET /admin.php HTTP/1.1" 404 88 "https://brainbox.co.in/admin.php" "Mozilla/5.0 (Windows NT 10.0; Win64; x64) AppleWebKit/537.36 (KHTML, like Gecko) Chrome/86.0.4240.198 Safari/537.36" "brainbox.co.in"
45.166.156.225 - - [24/Nov/2022:18:58:58 -0800] "GET /Backoffice/ HTTP/1.1" 404 88 "https://brainbox.co.in/Backoffice/" "Mozilla/5.0 (Windows NT 10.0; Win64; x64) AppleWebKit/537.36 (KHTML, like Gecko) Chrome/86.0.4240.198 Safari/537.36" "brainbox.co.in"
45.166.156.225 - - [24/Nov/2022:18:59:16 -0800] "GET /administrator/ HTTP/1.1" 404 88 "https://brainbox.co.in/administrator/" "Mozilla/5.0 (Windows NT 10.0; Win64; x64) AppleWebKit/537.36 (KHTML, like Gecko) Chrome/86.0.4240.198 Safari/537.36" "brainbox.co.in"
216.172.168.82 - - [24/Nov/2022:19:02:10 -0800] "GET /wp-22.php?sfilename=on.php&sfilecontent=<%3F%3D409723%2A20%3B&supfiles=on.php HTTP/1.1" 404 73 "-" "Mozilla/5.0 (Linux; Android 7.1.2; Redmi 4X) AppleWebKit/537.36 (KHTML, like Gecko) Chrome/83.0.4103.106 Mobile Safari/537.36" "brainbox.co.in"
114.119.130.152 - - [24/Nov/2022:19:03:00 -0800] "GET /PDFContent/01%20TSB/03%20Class%20VIII/English/LS4A/TSB_VIII_ENGLISH_LS4A_THE%20FUN%20THEY%20HAD.pdf HTTP/1.1" 200 348396 "https://brainbox.co.in/PDFContent/01%20TSB/03%20Class%20VIII/English/LS4A/?C=S%3BO%3DA" "Mozilla/5.0 (Linux; Android 7.0;) AppleWebKit/537.36 (KHTML, like Gecko) Mobile Safari/537.36 (compatible; PetalBot;+https://webmaster.petalsearch.com/site/petalbot)" "brainbox.co.in"
114.119.156.16 - - [24/Nov/2022:19:08:11 -0800] "GET /PDFContent/03%20CBSE/02%20Class%20VII/Hindi/GLOSSARY/CBSC_VII_LS07_PUSTAKEIN%20JO%20AMAR%20HAI_GLOSSARY.pdf HTTP/1.1" 200 1158537 "https://brainbox.co.in/PDFContent/03%20CBSE/02%20Class%20VII/Hindi/GLOSSARY/?C=M%3BO%3DA" "Mozilla/5.0 (Linux; Android 7.0;) AppleWebKit/537.36 (KHTML, like Gecko) Mobile Safari/537.36 (compatible; PetalBot;+https://webmaster.petalsearch.com/site/petalbot)" "brainbox.co.in"
114.119.131.203 - - [24/Nov/2022:19:13:23 -0800] "GET /PDFContent/04%20ICSE/04%20Class%20IX/Hindi/?C=N%3BO%3DD HTTP/1.1" 200 350 "https://brainbox.co.in/PDFContent/04%20ICSE/04%20Class%20IX/Hindi/?C=M%3BO%3DA" "Mozilla/5.0 (Linux; Android 7.0;) AppleWebKit/537.36 (KHTML, like Gecko) Mobile Safari/537.36 (compatible; PetalBot;+https://webmaster.petalsearch.com/site/petalbot)" "brainbox.co.in"
138.246.253.24 - - [24/Nov/2022:19:16:54 -0800] "GET /robots.txt HTTP/1.1" 404 73 "-" "Mozilla/5.0 (Windows NT 10.0; Win64; x64) AppleWebKit/537.36 (KHTML, like Gecko) Chrome/103.0.5060.134 Safari/537.36" "brainbox.co.in"
114.119.144.29 - - [24/Nov/2022:19:18:30 -0800] "GET /PDFContent/03%20CBSE/03%20Class%20VIII/Physics/?C=D%3BO%3DA HTTP/1.1" 200 917 "https://brainbox.co.in/PDFContent/03%20CBSE/03%20Class%20VIII/Physics/" "Mozilla/5.0 (Linux; Android 7.0;) AppleWebKit/537.36 (KHTML, like Gecko) Mobile Safari/537.36 (compatible; PetalBot;+https://webmaster.petalsearch.com/site/petalbot)" "brainbox.co.in"
114.119.130.152 - - [24/Nov/2022:19:23:37 -0800] "GET /PDFContent/03%20CBSE/05%20Class%20X/Hindi/SPARSH/LS15/?C=D%3BO%3DA HTTP/1.1" 200 539 "https://brainbox.co.in/PDFContent/03%20CBSE/05%20Class%20X/Hindi/SPARSH/LS15/" "Mozilla/5.0 (Linux; Android 7.0;) AppleWebKit/537.36 (KHTML, like Gecko) Mobile Safari/537.36 (compatible; PetalBot;+https://webmaster.petalsearch.com/site/petalbot)" "brainbox.co.in"
114.119.129.184 - - [24/Nov/2022:19:28:48 -0800] "GET /PDFContent/03%20CBSE/03%20Class%20VIII/Physics/Pressure.pdf HTTP/1.1" 200 345838 "https://brainbox.co.in/PDFContent/03%20CBSE/03%20Class%20VIII/Physics/" "Mozilla/5.0 (Linux; Android 7.0;) AppleWebKit/537.36 (KHTML, like Gecko) Mobile Safari/537.36 (compatible; PetalBot;+https://webmaster.petalsearch.com/site/petalbot)" "brainbox.co.in"
157.55.39.169 - - [24/Nov/2022:19:30:12 -0800] "GET /robots.txt HTTP/1.1" 404 88 "-" "Mozilla/5.0 (compatible; bingbot/2.0; +http://www.bing.com/bingbot.htm)" "www.brainbox.co.in"
207.46.13.52 - - [24/Nov/2022:19:30:17 -0800] "GET /PDFContent/01%20TSB/03%20Class%20VIII/Physics/ HTTP/1.1" 200 354 "-" "Mozilla/5.0 (compatible; bingbot/2.0; +http://www.bing.com/bingbot.htm)" "www.brainbox.co.in"
114.119.136.99 - - [24/Nov/2022:19:33:56 -0800] "GET /PDFContent/03%20CBSE/06%20Class%20XI/Chemistry/L02_STRUCTURE%20OF%20ATOM/ HTTP/1.1" 200 765 "https://brainbox.co.in/PDFContent/03%20CBSE/06%20Class%20XI/Chemistry/" "Mozilla/5.0 (Linux; Android 7.0;) AppleWebKit/537.36 (KHTML, like Gecko) Mobile Safari/537.36 (compatible; PetalBot;+https://webmaster.petalsearch.com/site/petalbot)" "brainbox.co.in"
114.119.129.184 - - [24/Nov/2022:19:39:06 -0800] "GET /PDFContent/01%20TSB/ HTTP/1.1" 200 504 "https://brainbox.co.in/PDFContent/01%20TSB/07%20Class%20XII/" "Mozilla/5.0 (Linux; Android 7.0;) AppleWebKit/537.36 (KHTML, like Gecko) Mobile Safari/537.36 (compatible; PetalBot;+https://webmaster.petalsearch.com/site/petalbot)" "brainbox.co.in"
51.222.253.14 - - [24/Nov/2022:19:42:13 -0800] "GET /PDFContent/03%20CBSE/04%20Class%20IX/Physics/Gravitation/ HTTP/1.1" 200 612 "-" "Mozilla/5.0 (compatible; AhrefsBot/7.0; +http://ahrefs.com/robot/)" "brainbox.co.in"
114.119.136.99 - - [24/Nov/2022:19:44:18 -0800] "GET /PDFContent/03%20CBSE/03%20Class%20VIII/Maths/ALGEBRAIC%20EXPRESSIONS%20AND%20IDENTITIES/ HTTP/1.1" 200 1122 "https://brainbox.co.in/PDFContent/03%20CBSE/03%20Class%20VIII/Maths/?C=N%3BO%3DD" "Mozilla/5.0 (Linux; Android 7.0;) AppleWebKit/537.36 (KHTML, like Gecko) Mobile Safari/537.36 (compatible; PetalBot;+https://webmaster.petalsearch.com/site/petalbot)" "brainbox.co.in"
51.222.253.15 - - [24/Nov/2022:19:49:08 -0800] "GET /PDFContent/Beetle/CLASS%20V/SCIENCE/SEM2/ HTTP/1.1" 200 614 "-" "Mozilla/5.0 (compatible; AhrefsBot/7.0; +http://ahrefs.com/robot/)" "brainbox.co.in"
114.119.129.184 - - [24/Nov/2022:19:49:27 -0800] "GET /PDFContent/03%20CBSE/04%20Class%20IX/Biology/Improvement%20in%20Food%20resources/CBSE_IX_BIOLOGY_IMPROVEMENT%20IN%20FOOD%20RESOURCES_Pissiculture HTTP/1.1" 200 488789 "https://brainboxschool.com/material/CBSE/IX/Biology/IMPROVEMENT_IN_FOOD_RESOURCES.html" "Mozilla/5.0 (Linux; Android 7.0;) AppleWebKit/537.36 (KHTML, like Gecko) Mobile Safari/537.36 (compatible; PetalBot;+https://webmaster.petalsearch.com/site/petalbot)" "brainbox.co.in"
77.88.9.139 - - [24/Nov/2022:19:51:04 -0800] "GET /PDFContent/01%20TSB/05%20Class%20X/Physics/ HTTP/1.1" 200 488 "-" "Mozilla/5.0 (compatible; YandexBot/3.0; +http://yandex.com/bots)" "brainbox.co.in"
194.38.20.161 - - [24/Nov/2022:19:52:10 -0800] "GET /wp-content/themes/seotheme/db.php?u HTTP/1.1" 404 73 "-" "ALittle Client" "brainbox.co.in"
114.119.130.152 - - [24/Nov/2022:19:54:45 -0800] "GET /PDFContent/04%20ICSE/03%20Class%20VIII/English/?C=D%3BO%3DA HTTP/1.1" 200 355 "https://brainbox.co.in/PDFContent/04%20ICSE/03%20Class%20VIII/English/?C=M%3BO%3DA" "Mozilla/5.0 (Linux; Android 7.0;) AppleWebKit/537.36 (KHTML, like Gecko) Mobile Safari/537.36 (compatible; PetalBot;+https://webmaster.petalsearch.com/site/petalbot)" "brainbox.co.in"
54.36.148.166 - - [24/Nov/2022:19:56:08 -0800] "GET /robots.txt HTTP/1.1" 404 88 "-" "Mozilla/5.0 (compatible; AhrefsBot/7.0; +http://ahrefs.com/robot/)" "brainbox.co.in"
51.222.253.8 - - [24/Nov/2022:19:56:09 -0800] "GET /PDFContent/01%20TSB/02%20Class%20VII/Science/FOOD%20COMPONENTS/?C=D;O=A HTTP/1.1" 200 561 "-" "Mozilla/5.0 (compatible; AhrefsBot/7.0; +http://ahrefs.com/robot/)" "brainbox.co.in"
114.119.131.203 - - [24/Nov/2022:19:59:46 -0800] "GET /PDFContent/03%20CBSE/05%20Class%20X/Biology/LIFE%20PROCESSES/Life%20Processes_T03_Chlorophyll%20&%20Stomata.pdf HTTP/1.1" 200 319456 "https://brainbox.co.in/PDFContent/03%20CBSE/05%20Class%20X/Biology/LIFE%20PROCESSES/?C=N%3BO%3DD" "Mozilla/5.0 (Linux; Android 7.0;) AppleWebKit/537.36 (KHTML, like Gecko) Mobile Safari/537.36 (compatible; PetalBot;+https://webmaster.petalsearch.com/site/petalbot)" "brainbox.co.in"
51.222.253.18 - - [24/Nov/2022:20:02:35 -0800] "GET /PDFContent/01%20TSB/02%20Class%20VII/Science/FOOD%20COMPONENTS/?C=S;O=A HTTP/1.1" 200 561 "-" "Mozilla/5.0 (compatible; AhrefsBot/7.0; +http://ahrefs.com/robot/)" "brainbox.co.in"
114.119.136.99 - - [24/Nov/2022:20:05:00 -0800] "GET /PDFContent/01%20TSB/06%20Class%20XI/Maths/LOCUS/Locus_T06_Solved%20Problem_1_Distance%20between%20two%20points.pdf HTTP/1.1" 200 225462 "https://brainbox.co.in/PDFContent/01%20TSB/06%20Class%20XI/Maths/LOCUS/?C=N%3BO%3DD" "Mozilla/5.0 (Linux; Android 7.0;) AppleWebKit/537.36 (KHTML, like Gecko) Mobile Safari/537.36 (compatible; PetalBot;+https://webmaster.petalsearch.com/site/petalbot)" "brainbox.co.in"
51.222.253.14 - - [24/Nov/2022:20:09:27 -0800] "GET /PDFContent/04%20ICSE/06%20Class%20XI/Hindi/?C=S;O=A HTTP/1.1" 200 352 "-" "Mozilla/5.0 (compatible; AhrefsBot/7.0; +http://ahrefs.com/robot/)" "brainbox.co.in"
114.119.144.29 - - [24/Nov/2022:20:10:13 -0800] "GET /PDFContent/03%20CBSE/06%20Class%20XI/Maths/COMPLEX%20NUMBERS%20AND%20QUADRATIC%20EQUATIONS/Complex%20Numbers%20&%20Quadratic%20Equations_T10_Analysis%20of.pdf HTTP/1.1" 200 457704 "https://brainbox.co.in/PDFContent/03%20CBSE/06%20Class%20XI/Maths/COMPLEX%20NUMBERS%20AND%20QUADRATIC%20EQUATIONS/?C=D%3BO%3DA" "Mozilla/5.0 (Linux; Android 7.0;) AppleWebKit/537.36 (KHTML, like Gecko) Mobile Safari/537.36 (compatible; PetalBot;+https://webmaster.petalsearch.com/site/petalbot)" "brainbox.co.in"
114.119.131.203 - - [24/Nov/2022:20:15:22 -0800] "GET /PDFContent/03%20CBSE/05%20Class%20X/Hindi/SPARSH/LS11/ HTTP/1.1" 200 543 "https://brainbox.co.in/PDFContent/03%20CBSE/05%20Class%20X/Hindi/SPARSH/?C=N%3BO%3DD" "Mozilla/5.0 (Linux; Android 7.0;) AppleWebKit/537.36 (KHTML, like Gecko) Mobile Safari/537.36 (compatible; PetalBot;+https://webmaster.petalsearch.com/site/petalbot)" "brainbox.co.in"
51.222.253.7 - - [24/Nov/2022:20:15:57 -0800] "GET /PDFContent/01%20TSB/02%20Class%20VII/Science/MOTION%20AND%20TIME/?C=D;O=A HTTP/1.1" 200 498 "-" "Mozilla/5.0 (compatible; AhrefsBot/7.0; +http://ahrefs.com/robot/)" "brainbox.co.in"
114.119.136.99 - - [24/Nov/2022:20:20:29 -0800] "GET /PDFContent/01%20TSB/03%20Class%20VIII/English/LS8C/ HTTP/1.1" 200 549 "https://brainbox.co.in/PDFContent/01%20TSB/03%20Class%20VIII/English/" "Mozilla/5.0 (Linux; Android 7.0;) AppleWebKit/537.36 (KHTML, like Gecko) Mobile Safari/537.36 (compatible; PetalBot;+https://webmaster.petalsearch.com/site/petalbot)" "brainbox.co.in"
51.222.253.19 - - [24/Nov/2022:20:23:11 -0800] "GET /PDFContent/04%20ICSE/04%20Class%20IX/Hindi/?C=D;O=D HTTP/1.1" 200 349 "-" "Mozilla/5.0 (compatible; AhrefsBot/7.0; +http://ahrefs.com/robot/)" "brainbox.co.in"
114.119.144.29 - - [24/Nov/2022:20:25:38 -0800] "GET /PDFContent/03%20CBSE/03%20Class%20VIII/Maths/ALGEBRAIC%20EXPRESSIONS%20AND%20IDENTITIES/CBSE_VIII_MATHS_LS09_ALGEBRAIC%20EXPRESSION%20OF%20IDENTITIES_VOLUME%20OF%20RECTANGLE%20BOXES_03.pdf HTTP/1.1" 200 275819 "https://brainbox.co.in/PDFContent/03%20CBSE/03%20Class%20VIII/Maths/ALGEBRAIC%20EXPRESSIONS%20AND%20IDENTITIES/?C=D%3BO%3DA" "Mozilla/5.0 (Linux; Android 7.0;) AppleWebKit/537.36 (KHTML, like Gecko) Mobile Safari/537.36 (compatible; PetalBot;+https://webmaster.petalsearch.com/site/petalbot)" "brainbox.co.in"
51.222.253.3 - - [24/Nov/2022:20:29:50 -0800] "GET /PDFContent/04%20ICSE/04%20Class%20IX/Hindi/?C=M;O=D HTTP/1.1" 200 349 "-" "Mozilla/5.0 (compatible; AhrefsBot/7.0; +http://ahrefs.com/robot/)" "brainbox.co.in"
114.119.130.29 - - [24/Nov/2022:20:30:50 -0800] "GET /PDFContent/01%20TSB/05%20Class%20X/Biology/RESPIRATION/?C=M%3BO%3DA HTTP/1.1" 200 497 "https://brainbox.co.in/PDFContent/01%20TSB/05%20Class%20X/Biology/RESPIRATION/?C=S%3BO%3DA" "Mozilla/5.0 (Linux; Android 7.0;) AppleWebKit/537.36 (KHTML, like Gecko) Mobile Safari/537.36 (compatible; PetalBot;+https://webmaster.petalsearch.com/site/petalbot)" "brainbox.co.in"
114.119.129.184 - - [24/Nov/2022:20:35:59 -0800] "GET /PDFContent/04%20ICSE/03%20Class%20VIII/English/?C=N%3BO%3DD HTTP/1.1" 200 355 "https://brainbox.co.in/PDFContent/04%20ICSE/03%20Class%20VIII/English/?C=M%3BO%3DA" "Mozilla/5.0 (Linux; Android 7.0;) AppleWebKit/537.36 (KHTML, like Gecko) Mobile Safari/537.36 (compatible; PetalBot;+https://webmaster.petalsearch.com/site/petalbot)" "brainbox.co.in"
114.119.144.29 - - [24/Nov/2022:20:41:12 -0800] "GET /PDFContent/03%20CBSE/03%20Class%20VIII/Maths/ALGEBRAIC%20EXPRESSIONS%20AND%20IDENTITIES/CBSE_VIII_MATHS_LS09_ALGEBRAIC%20EXPRESSION%20OF%20IDENTITIES_STANDARD_IDENTITY_03.pdf HTTP/1.1" 200 266135 "https://brainbox.co.in/PDFContent/03%20CBSE/03%20Class%20VIII/Maths/ALGEBRAIC%20EXPRESSIONS%20AND%20IDENTITIES/?C=D%3BO%3DA" "Mozilla/5.0 (Linux; Android 7.0;) AppleWebKit/537.36 (KHTML, like Gecko) Mobile Safari/537.36 (compatible; PetalBot;+https://webmaster.petalsearch.com/site/petalbot)" "brainbox.co.in"
51.222.253.11 - - [24/Nov/2022:20:44:11 -0800] "GET /PDFContent/01%20TSB/05%20Class%20X/Physics/LS10_Electromagnetism/ HTTP/1.1" 200 649 "-" "Mozilla/5.0 (compatible; AhrefsBot/7.0; +http://ahrefs.com/robot/)" "brainbox.co.in"
114.119.148.161 - - [24/Nov/2022:20:46:18 -0800] "GET /PDFContent/01%20TSB/03%20Class%20VIII/Biology/THE%20WORLD%20OF%20MICRO%20ORGANISMS/The%20World%20of%20Microorganisms_T02_Harmful%20Microorganisms.pdf HTTP/1.1" 200 583972 "https://brainbox.co.in/PDFContent/01%20TSB/03%20Class%20VIII/Biology/THE%20WORLD%20OF%20MICRO%20ORGANISMS/" "Mozilla/5.0 (Linux; Android 7.0;) AppleWebKit/537.36 (KHTML, like Gecko) Mobile Safari/537.36 (compatible; PetalBot;+https://webmaster.petalsearch.com/site/petalbot)" "brainbox.co.in"
114.119.136.99 - - [24/Nov/2022:20:51:28 -0800] "GET /PDFContent/03%20CBSE/01%20Class%20VI/Chemistry/?C=S%3BO%3DA HTTP/1.1" 200 407 "https://brainbox.co.in/PDFContent/03%20CBSE/01%20Class%20VI/Chemistry/" "Mozilla/5.0 (Linux; Android 7.0;) AppleWebKit/537.36 (KHTML, like Gecko) Mobile Safari/537.36 (compatible; PetalBot;+https://webmaster.petalsearch.com/site/petalbot)" "brainbox.co.in"
77.88.9.139 - - [24/Nov/2022:20:54:45 -0800] "GET /robots.txt HTTP/1.1" 404 73 "-" "Mozilla/5.0 (compatible; YandexBot/3.0; +http://yandex.com/bots)" "brainbox.co.in"
77.88.9.139 - - [24/Nov/2022:20:54:48 -0800] "GET /PDFContent/Beetle/CLASS%20IV/ HTTP/1.1" 200 504 "-" "Mozilla/5.0 (compatible; YandexBot/3.0; +http://yandex.com/bots)" "brainbox.co.in"
54.183.129.28 - - [24/Nov/2022:20:56:33 -0800] "GET /~richard/templates/beez/US/uk/paypal/login.htm HTTP/1.1" 404 73 "-" "Mozilla/5.0 (Macintosh; Intel Mac OS X 10_10_5) AppleWebKit/537.36 (KHTML, like Gecko) Chrome/52.0.2743.116 Safari/537.36" "brainbox.co.in"
114.119.130.152 - - [24/Nov/2022:20:56:44 -0800] "GET /PDFContent/Beetle/CLASS%20I/ENGLISH/Lesson%205%20%E2%80%90%20Tenali%20Raman%20And%20The%20Thieves.pdf HTTP/1.1" 404 88 "https://brainbox.co.in/PDFContent/Beetle/CLASS%20I/ENGLISH/?C=M%3BO%3DA" "Mozilla/5.0 (Linux; Android 7.0;) AppleWebKit/537.36 (KHTML, like Gecko) Mobile Safari/537.36 (compatible; PetalBot;+https://webmaster.petalsearch.com/site/petalbot)" "brainbox.co.in"
77.88.9.139 - - [24/Nov/2022:20:58:47 -0800] "GET /PDFContent/Beetle/CLASS%20II/ENGLISH/Lesson%202%20-%20Where%20are%20my%20glasses.pdf HTTP/1.1" 200 119443 "-" "Mozilla/5.0 (compatible; YandexBot/3.0; +http://yandex.com/bots)" "brainbox.co.in"
114.119.129.184 - - [24/Nov/2022:21:01:55 -0800] "GET /PDFContent/03%20CBSE/04%20Class%20IX/Biology/Fundamental%20Unit%20of%20Life/Cytoplasm HTTP/1.1" 200 224100 "https://brainboxschool.com/material/CBSE/IX/Biology/THE_FUNDAMENTAL_UNIT_OF_LIFE.html" "Mozilla/5.0 (Linux; Android 7.0;) AppleWebKit/537.36 (KHTML, like Gecko) Mobile Safari/537.36 (compatible; PetalBot;+https://webmaster.petalsearch.com/site/petalbot)" "brainbox.co.in"
114.119.136.99 - - [24/Nov/2022:21:07:00 -0800] "GET /PDFContent/03%20CBSE/05%20Class%20X/Physics/REFLECTION%20AND%20REFRACTION/CBSE_X_PHYSCIS_LS10_REFLECTION%20&%20REFRACTION_SNELLS%20LAW%20&%20REFRACTION_B.pdf HTTP/1.1" 200 549788 "https://brainboxschool.com/material/CBSE/X/Physics/REFLECTION_&_REFRACTION.html" "Mozilla/5.0 (Linux; Android 7.0;) AppleWebKit/537.36 (KHTML, like Gecko) Mobile Safari/537.36 (compatible; PetalBot;+https://webmaster.petalsearch.com/site/petalbot)" "brainbox.co.in"
114.119.129.184 - - [24/Nov/2022:21:12:13 -0800] "GET /PDFContent/01%20TSB/04%20Class%20IX/Maths/?C=M%3BO%3DA HTTP/1.1" 200 389 "https://brainbox.co.in/PDFContent/01%20TSB/04%20Class%20IX/Maths/" "Mozilla/5.0 (Linux; Android 7.0;) AppleWebKit/537.36 (KHTML, like Gecko) Mobile Safari/537.36 (compatible; PetalBot;+https://webmaster.petalsearch.com/site/petalbot)" "brainbox.co.in"
51.222.253.20 - - [24/Nov/2022:21:13:45 -0800] "GET /PDFContent/Beetle/CLASS%20I/EVS/ HTTP/1.1" 404 88 "-" "Mozilla/5.0 (compatible; AhrefsBot/7.0; +http://ahrefs.com/robot/)" "brainbox.co.in"
114.119.148.161 - - [24/Nov/2022:21:17:24 -0800] "GET /PDFContent/03%20CBSE/03%20Class%20VIII/Physics/KeyWords.pdf HTTP/1.1" 200 526856 "https://brainbox.co.in/PDFContent/03%20CBSE/03%20Class%20VIII/Physics/" "Mozilla/5.0 (Linux; Android 7.0;) AppleWebKit/537.36 (KHTML, like Gecko) Mobile Safari/537.36 (compatible; PetalBot;+https://webmaster.petalsearch.com/site/petalbot)" "brainbox.co.in"
114.119.148.161 - - [24/Nov/2022:21:22:34 -0800] "GET /PDFContent/04%20ICSE/05%20Class%20X/?C=M%3BO%3DA HTTP/1.1" 200 463 "https://brainbox.co.in/PDFContent/04%20ICSE/05%20Class%20X/?C=N%3BO%3DD" "Mozilla/5.0 (Linux; Android 7.0;) AppleWebKit/537.36 (KHTML, like Gecko) Mobile Safari/537.36 (compatible; PetalBot;+https://webmaster.petalsearch.com/site/petalbot)" "brainbox.co.in"
114.119.130.152 - - [24/Nov/2022:21:27:46 -0800] "GET /PDFContent/03%20CBSE/05%20Class%20X/Hindi/SPARSH/LS02/?C=D%3BO%3DA HTTP/1.1" 200 542 "https://brainbox.co.in/PDFContent/03%20CBSE/05%20Class%20X/Hindi/SPARSH/LS02/?C=M%3BO%3DA" "Mozilla/5.0 (Linux; Android 7.0;) AppleWebKit/537.36 (KHTML, like Gecko) Mobile Safari/537.36 (compatible; PetalBot;+https://webmaster.petalsearch.com/site/petalbot)" "brainbox.co.in"
114.119.129.184 - - [24/Nov/2022:21:32:57 -0800] "GET /PDFContent/01%20TSB/02%20Class%20VII/English/01LS4C/?C=M%3BO%3DA HTTP/1.1" 200 480 "https://brainbox.co.in/PDFContent/01%20TSB/02%20Class%20VII/English/01LS4C/?C=S%3BO%3DA" "Mozilla/5.0 (Linux; Android 7.0;) AppleWebKit/537.36 (KHTML, like Gecko) Mobile Safari/537.36 (compatible; PetalBot;+https://webmaster.petalsearch.com/site/petalbot)" "brainbox.co.in"
114.119.130.29 - - [24/Nov/2022:21:38:03 -0800] "GET /PDFContent/03%20CBSE/07%20Class%20XII/Physics/ELECTRIC%20CHARGES%20AND%20FIELDS/CBSE_XII_PHYSCIS_LS01_ELECTRIC%20CHARGES%20AND%20FIELDS_PROB_05.pdf HTTP/1.1" 200 271053 "https://brainbox.co.in/PDFContent/03%20CBSE/07%20Class%20XII/Physics/ELECTRIC%20CHARGES%20AND%20FIELDS/?C=S%3BO%3DA" "Mozilla/5.0 (Linux; Android 7.0;) AppleWebKit/537.36 (KHTML, like Gecko) Mobile Safari/537.36 (compatible; PetalBot;+https://webmaster.petalsearch.com/site/petalbot)" "brainbox.co.in"
114.119.130.152 - - [24/Nov/2022:21:43:11 -0800] "GET /PDFContent/03%20CBSE/05%20Class%20X/English/?C=D%3BO%3DA HTTP/1.1" 200 353 "https://brainbox.co.in/PDFContent/03%20CBSE/05%20Class%20X/English/?C=S%3BO%3DA" "Mozilla/5.0 (Linux; Android 7.0;) AppleWebKit/537.36 (KHTML, like Gecko) Mobile Safari/537.36 (compatible; PetalBot;+https://webmaster.petalsearch.com/site/petalbot)" "brainbox.co.in"
51.222.253.1 - - [24/Nov/2022:21:43:40 -0800] "GET /PDFContent/Beetle/CLASS%20V/SOCIAL/SEM%202/?C=S;O=A HTTP/1.1" 200 720 "-" "Mozilla/5.0 (compatible; AhrefsBot/7.0; +http://ahrefs.com/robot/)" "brainbox.co.in"
114.119.130.152 - - [24/Nov/2022:21:48:22 -0800] "GET /PDFContent/01%20TSB/03%20Class%20VIII/English/LS1B/New/?C=S%3BO%3DA HTTP/1.1" 200 527 "https://brainbox.co.in/PDFContent/01%20TSB/03%20Class%20VIII/English/LS1B/New/?C=N%3BO%3DD" "Mozilla/5.0 (Linux; Android 7.0;) AppleWebKit/537.36 (KHTML, like Gecko) Mobile Safari/537.36 (compatible; PetalBot;+https://webmaster.petalsearch.com/site/petalbot)" "brainbox.co.in"
114.119.131.203 - - [24/Nov/2022:21:53:34 -0800] "GET /PDFContent/03%20CBSE/06%20Class%20XI/Chemistry/GENERAL%20ORGANIC%20CHEMISTRY/GENERAL%20ORGANIC%20CHEMISTRY_T15_Estimation%20of%20carbon%20&%20hydrogen.pdf HTTP/1.1" 200 257845 "https://brainbox.co.in/PDFContent/03%20CBSE/06%20Class%20XI/Chemistry/GENERAL%20ORGANIC%20CHEMISTRY/?C=M%3BO%3DA" "Mozilla/5.0 (Linux; Android 7.0;) AppleWebKit/537.36 (KHTML, like Gecko) Mobile Safari/537.36 (compatible; PetalBot;+https://webmaster.petalsearch.com/site/petalbot)" "brainbox.co.in"
114.119.136.99 - - [24/Nov/2022:21:59:01 -0800] "GET /PDFContent/02%20APSB/07%20Class%20XII/Telugu/?C=D%3BO%3DA HTTP/1.1" 200 356 "https://brainbox.co.in/PDFContent/02%20APSB/07%20Class%20XII/Telugu/?C=N%3BO%3DD" "Mozilla/5.0 (Linux; Android 7.0;) AppleWebKit/537.36 (KHTML, like Gecko) Mobile Safari/537.36 (compatible; PetalBot;+https://webmaster.petalsearch.com/site/petalbot)" "brainbox.co.in"
114.119.130.29 - - [24/Nov/2022:22:03:50 -0800] "GET /PDFContent/03%20CBSE/06%20Class%20XI/Maths/COMPLEX%20NUMBERS%20AND%20QUADRATIC%20EQUATIONS/?C=S%3BO%3DA HTTP/1.1" 200 720 "https://brainbox.co.in/PDFContent/03%20CBSE/06%20Class%20XI/Maths/COMPLEX%20NUMBERS%20AND%20QUADRATIC%20EQUATIONS/?C=D%3BO%3DA" "Mozilla/5.0 (Linux; Android 7.0;) AppleWebKit/537.36 (KHTML, like Gecko) Mobile Safari/537.36 (compatible; PetalBot;+https://webmaster.petalsearch.com/site/petalbot)" "brainbox.co.in"
114.119.129.184 - - [24/Nov/2022:22:09:02 -0800] "GET /PDFContent/Beetle/CLASS%20II/ENGLISH%20SEM%202/ HTTP/1.1" 200 615 "https://brainbox.co.in/PDFContent/Beetle/CLASS%20II/?C=D%3BO%3DA" "Mozilla/5.0 (Linux; Android 7.0;) AppleWebKit/537.36 (KHTML, like Gecko) Mobile Safari/537.36 (compatible; PetalBot;+https://webmaster.petalsearch.com/site/petalbot)" "brainbox.co.in"
114.119.148.161 - - [24/Nov/2022:22:14:13 -0800] "GET /PDFContent/02%20APSB/06%20Class%20XI/English/?C=D%3BO%3DA HTTP/1.1" 200 354 "https://brainbox.co.in/PDFContent/02%20APSB/06%20Class%20XI/English/?C=N%3BO%3DD" "Mozilla/5.0 (Linux; Android 7.0;) AppleWebKit/537.36 (KHTML, like Gecko) Mobile Safari/537.36 (compatible; PetalBot;+https://webmaster.petalsearch.com/site/petalbot)" "brainbox.co.in"
51.222.253.17 - - [24/Nov/2022:22:14:15 -0800] "GET /PDFContent/01%20TSB/?C=D;O=A HTTP/1.1" 200 504 "-" "Mozilla/5.0 (compatible; AhrefsBot/7.0; +http://ahrefs.com/robot/)" "brainbox.co.in"
114.119.130.29 - - [24/Nov/2022:22:19:22 -0800] "GET /PDFContent/01%20TSB/02%20Class%20VII/Hindi/Glossary/TSB_VII_LS04_HINDI%20DIWAS_GLOSSARY.pdf HTTP/1.1" 200 533394 "https://brainbox.co.in/PDFContent/01%20TSB/02%20Class%20VII/Hindi/Glossary/?C=M%3BO%3DA" "Mozilla/5.0 (Linux; Android 7.0;) AppleWebKit/537.36 (KHTML, like Gecko) Mobile Safari/537.36 (compatible; PetalBot;+https://webmaster.petalsearch.com/site/petalbot)" "brainbox.co.in"
114.119.129.184 - - [24/Nov/2022:22:24:31 -0800] "GET /PDFContent/01%20TSB/03%20Class%20VIII/English/LS8C/?C=D%3BO%3DA HTTP/1.1" 200 549 "https://brainbox.co.in/PDFContent/01%20TSB/03%20Class%20VIII/English/LS8C/?C=N%3BO%3DD" "Mozilla/5.0 (Linux; Android 7.0;) AppleWebKit/537.36 (KHTML, like Gecko) Mobile Safari/537.36 (compatible; PetalBot;+https://webmaster.petalsearch.com/site/petalbot)" "brainbox.co.in"
114.119.131.203 - - [24/Nov/2022:22:29:45 -0800] "GET /PDFContent/Beetle/CLASS%20V/SOCIAL/SEM%201/LESSON%205.%20DESERT%20CLIMATE%20-%20SAUDI%20ARABIA.pdf HTTP/1.1" 200 121049 "https://brainbox.co.in/PDFContent/Beetle/CLASS%20V/SOCIAL/SEM%201/?C=D%3BO%3DA" "Mozilla/5.0 (Linux; Android 7.0;) AppleWebKit/537.36 (KHTML, like Gecko) Mobile Safari/537.36 (compatible; PetalBot;+https://webmaster.petalsearch.com/site/petalbot)" "brainbox.co.in"
35.235.69.188 - - [24/Nov/2022:22:34:09 -0800] "GET /wp-2018.php HTTP/1.1" 404 88 "http://brainbox.co.in//wp-2018.php" "Go-http-client/2.0" "brainbox.co.in"
35.235.69.188 - - [24/Nov/2022:22:34:09 -0800] "GET /wp-2020.php HTTP/1.1" 404 88 "http://brainbox.co.in//wp-2020.php" "Go-http-client/2.0" "brainbox.co.in"
35.235.69.188 - - [24/Nov/2022:22:34:09 -0800] "GET /wp-2021.php HTTP/1.1" 404 88 "http://brainbox.co.in//wp-2021.php" "Go-http-client/2.0" "brainbox.co.in"
35.235.69.188 - - [24/Nov/2022:22:34:10 -0800] "GET /wp-2022.php HTTP/1.1" 404 88 "http://brainbox.co.in//wp-2022.php" "Go-http-client/2.0" "brainbox.co.in"
35.235.69.188 - - [24/Nov/2022:22:34:10 -0800] "GET /0z.php HTTP/1.1" 404 88 "http://brainbox.co.in//0z.php" "Go-http-client/2.0" "brainbox.co.in"
35.235.69.188 - - [24/Nov/2022:22:34:10 -0800] "GET /lock360.php HTTP/1.1" 404 88 "http://brainbox.co.in//lock360.php" "Go-http-client/2.0" "brainbox.co.in"
35.235.69.188 - - [24/Nov/2022:22:34:10 -0800] "GET /wp-22.php HTTP/1.1" 404 88 "http://brainbox.co.in//wp-22.php" "Go-http-client/2.0" "brainbox.co.in"
35.235.69.188 - - [24/Nov/2022:22:34:10 -0800] "GET /wp-2019.php HTTP/1.1" 404 88 "http://brainbox.co.in//wp-2019.php" "Go-http-client/2.0" "brainbox.co.in"
35.235.69.188 - - [24/Nov/2022:22:34:10 -0800] "GET /fw.php HTTP/1.1" 404 88 "http://brainbox.co.in//fw.php" "Go-http-client/2.0" "brainbox.co.in"
35.235.69.188 - - [24/Nov/2022:22:34:10 -0800] "GET /2index.php HTTP/1.1" 404 88 "http://brainbox.co.in//2index.php" "Go-http-client/2.0" "brainbox.co.in"
35.235.69.188 - - [24/Nov/2022:22:34:10 -0800] "GET /C.php HTTP/1.1" 404 88 "http://brainbox.co.in//C.php" "Go-http-client/2.0" "brainbox.co.in"
35.235.69.188 - - [24/Nov/2022:22:34:10 -0800] "GET /c.php HTTP/1.1" 404 88 "http://brainbox.co.in//c.php" "Go-http-client/2.0" "brainbox.co.in"
35.235.69.188 - - [24/Nov/2022:22:34:10 -0800] "GET /01.php HTTP/1.1" 404 88 "http://brainbox.co.in//01.php" "Go-http-client/2.0" "brainbox.co.in"
35.235.69.188 - - [24/Nov/2022:22:34:10 -0800] "GET /1.php HTTP/1.1" 404 88 "http://brainbox.co.in//1.php" "Go-http-client/2.0" "brainbox.co.in"
35.235.69.188 - - [24/Nov/2022:22:34:10 -0800] "GET /02.php HTTP/1.1" 404 88 "http://brainbox.co.in//02.php" "Go-http-client/2.0" "brainbox.co.in"
35.235.69.188 - - [24/Nov/2022:22:34:10 -0800] "GET /wp.php HTTP/1.1" 404 88 "http://brainbox.co.in//wp.php" "Go-http-client/2.0" "brainbox.co.in"
35.235.69.188 - - [24/Nov/2022:22:34:10 -0800] "GET /404.php HTTP/1.1" 404 88 "http://brainbox.co.in//404.php" "Go-http-client/2.0" "brainbox.co.in"
35.235.69.188 - - [24/Nov/2022:22:34:11 -0800] "GET /403.php HTTP/1.1" 404 88 "http://brainbox.co.in//403.php" "Go-http-client/2.0" "brainbox.co.in"
35.235.69.188 - - [24/Nov/2022:22:34:11 -0800] "GET /admin.php HTTP/1.1" 404 88 "http://brainbox.co.in//admin.php" "Go-http-client/2.0" "brainbox.co.in"
35.235.69.188 - - [24/Nov/2022:22:34:11 -0800] "GET /good.php HTTP/1.1" 404 88 "http://brainbox.co.in//good.php" "Go-http-client/2.0" "brainbox.co.in"
35.235.69.188 - - [24/Nov/2022:22:34:11 -0800] "GET /wp-content/themes/wp-pridmag/init.php HTTP/1.1" 404 88 "http://brainbox.co.in//wp-content/themes/wp-pridmag/init.php" "Go-http-client/2.0" "brainbox.co.in"
35.235.69.188 - - [24/Nov/2022:22:34:11 -0800] "GET /radio.php HTTP/1.1" 404 88 "http://brainbox.co.in//radio.php" "Go-http-client/2.0" "brainbox.co.in"
35.235.69.188 - - [24/Nov/2022:22:34:11 -0800] "GET /wp-includes/1index.php?pass=am*guAW8.ryDgz-TYF HTTP/1.1" 404 88 "http://brainbox.co.in//wp-includes/1index.php?pass=am*guAW8.ryDgz-TYF" "Go-http-client/2.0" "brainbox.co.in"
35.235.69.188 - - [24/Nov/2022:22:34:11 -0800] "GET /1index.php?pass=am*guAW8.ryDgz-TYF HTTP/1.1" 404 88 "http://brainbox.co.in//1index.php?pass=am*guAW8.ryDgz-TYF" "Go-http-client/2.0" "brainbox.co.in"
35.235.69.188 - - [24/Nov/2022:22:34:11 -0800] "GET /wp_wrong_datlib.php?pass=stusa HTTP/1.1" 404 88 "http://brainbox.co.in//wp_wrong_datlib.php?pass=stusa" "Go-http-client/2.0" "brainbox.co.in"
35.235.69.188 - - [24/Nov/2022:22:34:11 -0800] "GET /2index.php?pass=am*guAW8.ryDgz-TYF HTTP/1.1" 404 88 "http://brainbox.co.in//2index.php?pass=am*guAW8.ryDgz-TYF" "Go-http-client/2.0" "brainbox.co.in"
35.235.69.188 - - [24/Nov/2022:22:34:11 -0800] "GET /autoload_classmap.php HTTP/1.1" 404 88 "http://brainbox.co.in//autoload_classmap.php" "Go-http-client/2.0" "brainbox.co.in"
35.235.69.188 - - [24/Nov/2022:22:34:11 -0800] "GET /wikindex.php HTTP/1.1" 404 88 "http://brainbox.co.in//wikindex.php" "Go-http-client/2.0" "brainbox.co.in"
35.235.69.188 - - [24/Nov/2022:22:34:11 -0800] "GET /Deadcode1975xxxxxxxxxxxxxxxxxxxxxxxxxxxx.php HTTP/1.1" 404 88 "http://brainbox.co.in//Deadcode1975xxxxxxxxxxxxxxxxxxxxxxxxxxxx.php" "Go-http-client/2.0" "brainbox.co.in"
35.235.69.188 - - [24/Nov/2022:22:34:12 -0800] "GET /1h6j5.php HTTP/1.1" 404 88 "http://brainbox.co.in//1h6j5.php" "Go-http-client/2.0" "brainbox.co.in"
35.235.69.188 - - [24/Nov/2022:22:34:12 -0800] "GET /wp-admin/setup-config.php HTTP/1.1" 404 88 "http://brainbox.co.in//wp-admin/setup-config.php" "Go-http-client/2.0" "brainbox.co.in"
35.235.69.188 - - [24/Nov/2022:22:34:12 -0800] "GET /wp-admin/xleet.php HTTP/1.1" 404 88 "http://brainbox.co.in//wp-admin/xleet.php" "Go-http-client/2.0" "brainbox.co.in"
35.235.69.188 - - [24/Nov/2022:22:34:12 -0800] "GET /wp-content/fw.php HTTP/1.1" 404 88 "http://brainbox.co.in//wp-content/fw.php" "Go-http-client/2.0" "brainbox.co.in"
35.235.69.188 - - [24/Nov/2022:22:34:12 -0800] "GET /wp-admin/fx.php HTTP/1.1" 404 88 "http://brainbox.co.in//wp-admin/fx.php" "Go-http-client/2.0" "brainbox.co.in"
35.235.69.188 - - [24/Nov/2022:22:34:12 -0800] "GET /4price.php HTTP/1.1" 404 88 "http://brainbox.co.in//4price.php" "Go-http-client/2.0" "brainbox.co.in"
35.235.69.188 - - [24/Nov/2022:22:34:12 -0800] "GET /utchiha.php HTTP/1.1" 404 88 "http://brainbox.co.in//utchiha.php" "Go-http-client/2.0" "brainbox.co.in"
35.235.69.188 - - [24/Nov/2022:22:34:12 -0800] "GET /wp-admin/priv8.php HTTP/1.1" 404 88 "http://brainbox.co.in//wp-admin/priv8.php" "Go-http-client/2.0" "brainbox.co.in"
35.235.69.188 - - [24/Nov/2022:22:34:12 -0800] "GET /wp-admin/rss.php HTTP/1.1" 404 88 "http://brainbox.co.in//wp-admin/rss.php" "Go-http-client/2.0" "brainbox.co.in"
35.235.69.188 - - [24/Nov/2022:22:34:12 -0800] "GET /uploads/xleet.php HTTP/1.1" 404 88 "http://brainbox.co.in//uploads/xleet.php" "Go-http-client/2.0" "brainbox.co.in"
35.235.69.188 - - [24/Nov/2022:22:34:12 -0800] "GET /upload.php?mr=exe3 HTTP/1.1" 404 88 "http://brainbox.co.in//upload.php?mr=exe3" "Go-http-client/2.0" "brainbox.co.in"
35.235.69.188 - - [24/Nov/2022:22:34:12 -0800] "GET /about.php HTTP/1.1" 404 88 "http://brainbox.co.in//about.php" "Go-http-client/2.0" "brainbox.co.in"
35.235.69.188 - - [24/Nov/2022:22:34:12 -0800] "GET /wp-includes/customize/class-wp-customize-nav-menu.php?new HTTP/1.1" 404 88 "http://brainbox.co.in//wp-includes/customize/class-wp-customize-nav-menu.php?new" "Go-http-client/2.0" "brainbox.co.in"
35.235.69.188 - - [24/Nov/2022:22:34:13 -0800] "GET /ALFA_DATA/alfacgiapi/ups.php HTTP/1.1" 404 88 "http://brainbox.co.in//ALFA_DATA/alfacgiapi/ups.php" "Go-http-client/2.0" "brainbox.co.in"
35.235.69.188 - - [24/Nov/2022:22:34:13 -0800] "GET /3index.php HTTP/1.1" 404 88 "http://brainbox.co.in//3index.php" "Go-http-client/2.0" "brainbox.co.in"
35.235.69.188 - - [24/Nov/2022:22:34:13 -0800] "GET /alfa.php HTTP/1.1" 404 88 "http://brainbox.co.in//alfa.php" "Go-http-client/2.0" "brainbox.co.in"
35.235.69.188 - - [24/Nov/2022:22:34:13 -0800] "GET /old-index.php HTTP/1.1" 404 88 "http://brainbox.co.in//old-index.php" "Go-http-client/2.0" "brainbox.co.in"
35.235.69.188 - - [24/Nov/2022:22:34:13 -0800] "GET /baindex.php HTTP/1.1" 404 88 "http://brainbox.co.in//baindex.php" "Go-http-client/2.0" "brainbox.co.in"
35.235.69.188 - - [24/Nov/2022:22:34:13 -0800] "GET /wikindex.php HTTP/1.1" 404 88 "http://brainbox.co.in//wikindex.php" "Go-http-client/2.0" "brainbox.co.in"
35.235.69.188 - - [24/Nov/2022:22:34:13 -0800] "GET /doc.php HTTP/1.1" 404 88 "http://brainbox.co.in//doc.php" "Go-http-client/2.0" "brainbox.co.in"
35.235.69.188 - - [24/Nov/2022:22:34:13 -0800] "GET /haxor.php HTTP/1.1" 404 88 "http://brainbox.co.in//haxor.php" "Go-http-client/2.0" "brainbox.co.in"
35.235.69.188 - - [24/Nov/2022:22:34:13 -0800] "GET /marijuana.php HTTP/1.1" 404 88 "http://brainbox.co.in//marijuana.php" "Go-http-client/2.0" "brainbox.co.in"
35.235.69.188 - - [24/Nov/2022:22:34:13 -0800] "GET /mass.php HTTP/1.1" 404 88 "http://brainbox.co.in//mass.php" "Go-http-client/2.0" "brainbox.co.in"
35.235.69.188 - - [24/Nov/2022:22:34:13 -0800] "GET /mini.php HTTP/1.1" 404 88 "http://brainbox.co.in//mini.php" "Go-http-client/2.0" "brainbox.co.in"
35.235.69.188 - - [24/Nov/2022:22:34:13 -0800] "GET /priv8.php HTTP/1.1" 404 88 "http://brainbox.co.in//priv8.php" "Go-http-client/2.0" "brainbox.co.in"
35.235.69.188 - - [24/Nov/2022:22:34:14 -0800] "GET /shell.php HTTP/1.1" 404 88 "http://brainbox.co.in//shell.php" "Go-http-client/2.0" "brainbox.co.in"
35.235.69.188 - - [24/Nov/2022:22:34:14 -0800] "GET /small.php HTTP/1.1" 404 88 "http://brainbox.co.in//small.php" "Go-http-client/2.0" "brainbox.co.in"
35.235.69.188 - - [24/Nov/2022:22:34:14 -0800] "GET /wso.php HTTP/1.1" 404 88 "http://brainbox.co.in//wso.php" "Go-http-client/2.0" "brainbox.co.in"
35.235.69.188 - - [24/Nov/2022:22:34:14 -0800] "GET /mininew.php HTTP/1.1" 404 88 "http://brainbox.co.in//mininew.php" "Go-http-client/2.0" "brainbox.co.in"
