51.222.253.1 - - [25/Nov/2022:09:15:01 -0800] "GET /PDFContent/Beetle/CLASS%20V/SCIENCE/SEM2/?C=D;O=A HTTP/1.1" 200 614 "-" "Mozilla/5.0 (compatible; AhrefsBot/7.0; +http://ahrefs.com/robot/)" "brainbox.co.in"
114.119.144.29 - - [25/Nov/2022:09:15:59 -0800] "GET /PDFContent/SPECIAL%20CROUSE/Part%204%20MECHANICS%20OF%20WRITING/?C=M%3BO%3DA HTTP/1.1" 200 570 "https://brainbox.co.in/PDFContent/SPECIAL%20CROUSE/Part%204%20MECHANICS%20OF%20WRITING/?C=N%3BO%3DD" "Mozilla/5.0 (Linux; Android 7.0;) AppleWebKit/537.36 (KHTML, like Gecko) Mobile Safari/537.36 (compatible; PetalBot;+https://webmaster.petalsearch.com/site/petalbot)" "brainbox.co.in"
51.222.253.4 - - [25/Nov/2022:09:18:48 -0800] "GET /PDFContent/Beetle/CLASS%20V/SCIENCE/SEM2/?C=M;O=A HTTP/1.1" 200 614 "-" "Mozilla/5.0 (compatible; AhrefsBot/7.0; +http://ahrefs.com/robot/)" "brainbox.co.in"
114.119.136.99 - - [25/Nov/2022:09:21:10 -0800] "GET /PDFContent/03%20CBSE/06%20Class%20XI/Sanskrit/?C=M%3BO%3DA HTTP/1.1" 200 355 "https://brainbox.co.in/PDFContent/03%20CBSE/06%20Class%20XI/Sanskrit/?C=D%3BO%3DA" "Mozilla/5.0 (Linux; Android 7.0;) AppleWebKit/537.36 (KHTML, like Gecko) Mobile Safari/537.36 (compatible; PetalBot;+https://webmaster.petalsearch.com/site/petalbot)" "brainbox.co.in"
51.222.253.14 - - [25/Nov/2022:09:22:35 -0800] "GET /PDFContent/03%20CBSE/07%20Class%20XII/English/?C=D;O=A HTTP/1.1" 200 355 "-" "Mozilla/5.0 (compatible; AhrefsBot/7.0; +http://ahrefs.com/robot/)" "brainbox.co.in"
114.119.144.29 - - [25/Nov/2022:09:26:21 -0800] "GET /PDFContent/Beetle/CLASS%20II/ENGLISH/Lesson%206%20-%20A%20Game.pdf HTTP/1.1" 200 117100 "https://brainbox.co.in/PDFContent/Beetle/CLASS%20II/ENGLISH/?C=S%3BO%3DA" "Mozilla/5.0 (Linux; Android 7.0;) AppleWebKit/537.36 (KHTML, like Gecko) Mobile Safari/537.36 (compatible; PetalBot;+https://webmaster.petalsearch.com/site/petalbot)" "brainbox.co.in"
51.222.253.1 - - [25/Nov/2022:09:26:31 -0800] "GET /PDFContent/Beetle/CLASS%20V/SCIENCE/SEM2/?C=S;O=A HTTP/1.1" 200 615 "-" "Mozilla/5.0 (compatible; AhrefsBot/7.0; +http://ahrefs.com/robot/)" "brainbox.co.in"
51.222.253.5 - - [25/Nov/2022:09:30:52 -0800] "GET /PDFContent/04%20ICSE/02%20Class%20VII/Chemistry/?C=S;O=A HTTP/1.1" 200 355 "-" "Mozilla/5.0 (compatible; AhrefsBot/7.0; +http://ahrefs.com/robot/)" "brainbox.co.in"
114.119.129.184 - - [25/Nov/2022:09:31:32 -0800] "GET / HTTP/1.1" 200 428 "https://brainbox.co.in/MyERP/" "Mozilla/5.0 (compatible;PetalBot;+https://webmaster.petalsearch.com/site/petalbot)" "brainbox.co.in"
51.222.253.14 - - [25/Nov/2022:09:34:45 -0800] "GET /PDFContent/Beetle/CLASS%20V/MATHEMATICS/?C=N;O=D HTTP/1.1" 200 402 "-" "Mozilla/5.0 (compatible; AhrefsBot/7.0; +http://ahrefs.com/robot/)" "brainbox.co.in"
114.119.144.29 - - [25/Nov/2022:09:36:42 -0800] "GET /PDFContent/03%20CBSE/05%20Class%20X/Telugu/?C=S%3BO%3DA HTTP/1.1" 200 353 "https://brainbox.co.in/PDFContent/03%20CBSE/05%20Class%20X/Telugu/?C=N%3BO%3DD" "Mozilla/5.0 (Linux; Android 7.0;) AppleWebKit/537.36 (KHTML, like Gecko) Mobile Safari/537.36 (compatible; PetalBot;+https://webmaster.petalsearch.com/site/petalbot)" "brainbox.co.in"
51.222.253.15 - - [25/Nov/2022:09:38:29 -0800] "GET /PDFContent/01%20TSB/05%20Class%20X/?C=D;O=A HTTP/1.1" 200 517 "-" "Mozilla/5.0 (compatible; AhrefsBot/7.0; +http://ahrefs.com/robot/)" "brainbox.co.in"
114.119.148.161 - - [25/Nov/2022:09:41:55 -0800] "GET /PDFContent/03%20CBSE/03%20Class%20VIII/Biology/Cell%20Structures/Definitions.pdf HTTP/1.1" 200 255142 "https://brainbox.co.in/PDFContent/03%20CBSE/03%20Class%20VIII/Biology/Cell%20Structures/?C=M%3BO%3DA" "Mozilla/5.0 (Linux; Android 7.0;) AppleWebKit/537.36 (KHTML, like Gecko) Mobile Safari/537.36 (compatible; PetalBot;+https://webmaster.petalsearch.com/site/petalbot)" "brainbox.co.in"
51.222.253.15 - - [25/Nov/2022:09:42:09 -0800] "GET /PDFContent/01%20TSB/05%20Class%20X/?C=S;O=A HTTP/1.1" 200 517 "-" "Mozilla/5.0 (compatible; AhrefsBot/7.0; +http://ahrefs.com/robot/)" "brainbox.co.in"
51.222.253.18 - - [25/Nov/2022:09:46:11 -0800] "GET /PDFContent/02%20APSB/01%20Class%20VI/Chemistry/?C=M;O=A HTTP/1.1" 200 355 "-" "Mozilla/5.0 (compatible; AhrefsBot/7.0; +http://ahrefs.com/robot/)" "brainbox.co.in"
114.119.129.184 - - [25/Nov/2022:09:47:04 -0800] "GET /PDFContent/03%20CBSE/06%20Class%20XI/Maths/SETS/ HTTP/1.1" 200 600 "https://brainbox.co.in/PDFContent/03%20CBSE/06%20Class%20XI/Maths/?C=S%3BO%3DA" "Mozilla/5.0 (Linux; Android 7.0;) AppleWebKit/537.36 (KHTML, like Gecko) Mobile Safari/537.36 (compatible; PetalBot;+https://webmaster.petalsearch.com/site/petalbot)" "brainbox.co.in"
51.222.253.1 - - [25/Nov/2022:09:50:11 -0800] "GET /PDFContent/03%20CBSE/02%20Class%20VII/Science/WINDS%20STORMS%20AND%20CYCLONES/?C=D;O=A HTTP/1.1" 200 516 "-" "Mozilla/5.0 (compatible; AhrefsBot/7.0; +http://ahrefs.com/robot/)" "brainbox.co.in"
114.119.131.203 - - [25/Nov/2022:09:52:14 -0800] "GET /PDFContent/01%20TSB/06%20Class%20XI/?C=D%3BO%3DA HTTP/1.1" 200 473 "https://brainbox.co.in/PDFContent/01%20TSB/06%20Class%20XI/?C=S%3BO%3DA" "Mozilla/5.0 (Linux; Android 7.0;) AppleWebKit/537.36 (KHTML, like Gecko) Mobile Safari/537.36 (compatible; PetalBot;+https://webmaster.petalsearch.com/site/petalbot)" "brainbox.co.in"
51.222.253.12 - - [25/Nov/2022:09:54:56 -0800] "GET /PDFContent/Beetle/CLASS%20IV/MATHEMATICS/ HTTP/1.1" 200 556 "-" "Mozilla/5.0 (compatible; AhrefsBot/7.0; +http://ahrefs.com/robot/)" "brainbox.co.in"
114.119.148.161 - - [25/Nov/2022:09:57:30 -0800] "GET /PDFContent/03%20CBSE/03%20Class%20VIII/Chemistry/CHEMICAL%20EFFECTS%20OF%20ELECTRIC%20CURRENT/Chemical%20Effects%20of%20Electric%20current_Electric%20conductors_T02.pdf HTTP/1.1" 200 222928 "https://brainbox.co.in/PDFContent/03%20CBSE/03%20Class%20VIII/Chemistry/CHEMICAL%20EFFECTS%20OF%20ELECTRIC%20CURRENT/" "Mozilla/5.0 (Linux; Android 7.0;) AppleWebKit/537.36 (KHTML, like Gecko) Mobile Safari/537.36 (compatible; PetalBot;+https://webmaster.petalsearch.com/site/petalbot)" "brainbox.co.in"
51.222.253.5 - - [25/Nov/2022:09:58:58 -0800] "GET /PDFContent/03%20CBSE/02%20Class%20VII/Science/WINDS%20STORMS%20AND%20CYCLONES/?C=M;O=A HTTP/1.1" 200 516 "-" "Mozilla/5.0 (compatible; AhrefsBot/7.0; +http://ahrefs.com/robot/)" "brainbox.co.in"
114.119.148.161 - - [25/Nov/2022:10:02:37 -0800] "GET /PDFContent/03%20CBSE/03%20Class%20VIII/Biology/Reproduction%20in%20Animals/Female%20Reproductive%20system HTTP/1.1" 200 450125 "https://brainboxschool.com/material/CBSE/VIII/Biology/REPRODUCTION_IN_ANIMALS.html" "Mozilla/5.0 (Linux; Android 7.0;) AppleWebKit/537.36 (KHTML, like Gecko) Mobile Safari/537.36 (compatible; PetalBot;+https://webmaster.petalsearch.com/site/petalbot)" "brainbox.co.in"
51.222.253.14 - - [25/Nov/2022:10:03:04 -0800] "GET /PDFContent/03%20CBSE/03%20Class%20VIII/Maths/?C=N;O=D HTTP/1.1" 200 905 "-" "Mozilla/5.0 (compatible; AhrefsBot/7.0; +http://ahrefs.com/robot/)" "brainbox.co.in"
51.222.253.7 - - [25/Nov/2022:10:06:37 -0800] "GET /PDFContent/03%20CBSE/02%20Class%20VII/Hindi/GLOSSARY/?C=D;O=A HTTP/1.1" 200 661 "-" "Mozilla/5.0 (compatible; AhrefsBot/7.0; +http://ahrefs.com/robot/)" "brainbox.co.in"
114.119.131.203 - - [25/Nov/2022:10:07:50 -0800] "GET /PDFContent/01%20TSB/07%20Class%20XII/Telugu/?C=D%3BO%3DA HTTP/1.1" 200 355 "https://brainbox.co.in/PDFContent/01%20TSB/07%20Class%20XII/Telugu/" "Mozilla/5.0 (Linux; Android 7.0;) AppleWebKit/537.36 (KHTML, like Gecko) Mobile Safari/537.36 (compatible; PetalBot;+https://webmaster.petalsearch.com/site/petalbot)" "brainbox.co.in"
51.222.253.11 - - [25/Nov/2022:10:10:23 -0800] "GET /PDFContent/03%20CBSE/04%20Class%20IX/Maths/HERON'S%20FORMULA/?C=N;O=D HTTP/1.1" 200 460 "-" "Mozilla/5.0 (compatible; AhrefsBot/7.0; +http://ahrefs.com/robot/)" "brainbox.co.in"
114.119.136.99 - - [25/Nov/2022:10:12:54 -0800] "GET /PDFContent/01%20TSB/06%20Class%20XI/Maths/LOCUS/?C=S%3BO%3DA HTTP/1.1" 200 785 "https://brainbox.co.in/PDFContent/01%20TSB/06%20Class%20XI/Maths/LOCUS/?C=N%3BO%3DD" "Mozilla/5.0 (Linux; Android 7.0;) AppleWebKit/537.36 (KHTML, like Gecko) Mobile Safari/537.36 (compatible; PetalBot;+https://webmaster.petalsearch.com/site/petalbot)" "brainbox.co.in"
51.222.253.18 - - [25/Nov/2022:10:14:03 -0800] "GET /PDFContent/03%20CBSE/02%20Class%20VII/Hindi/GLOSSARY/?C=M;O=A HTTP/1.1" 200 661 "-" "Mozilla/5.0 (compatible; AhrefsBot/7.0; +http://ahrefs.com/robot/)" "brainbox.co.in"
51.222.253.18 - - [25/Nov/2022:10:17:57 -0800] "GET /PDFContent/03%20CBSE/02%20Class%20VII/Science/WINDS%20STORMS%20AND%20CYCLONES/?C=S;O=A HTTP/1.1" 200 517 "-" "Mozilla/5.0 (compatible; AhrefsBot/7.0; +http://ahrefs.com/robot/)" "brainbox.co.in"
114.119.130.152 - - [25/Nov/2022:10:18:13 -0800] "GET /PDFContent/01%20TSB/03%20Class%20VIII/Hindi/?C=N%3BO%3DD HTTP/1.1" 200 353 "https://brainbox.co.in/PDFContent/01%20TSB/03%20Class%20VIII/Hindi/?C=S%3BO%3DA" "Mozilla/5.0 (Linux; Android 7.0;) AppleWebKit/537.36 (KHTML, like Gecko) Mobile Safari/537.36 (compatible; PetalBot;+https://webmaster.petalsearch.com/site/petalbot)" "brainbox.co.in"
51.222.253.14 - - [25/Nov/2022:10:21:49 -0800] "GET /PDFContent/Beetle/CLASS%20V/ENGLISH/SEM%202/?C=D;O=A HTTP/1.1" 200 673 "-" "Mozilla/5.0 (compatible; AhrefsBot/7.0; +http://ahrefs.com/robot/)" "brainbox.co.in"
114.119.148.161 - - [25/Nov/2022:10:23:14 -0800] "GET /PDFContent/02%20APSB/07%20Class%20XII/Hindi/?C=M%3BO%3DA HTTP/1.1" 200 354 "https://brainbox.co.in/PDFContent/02%20APSB/07%20Class%20XII/Hindi/" "Mozilla/5.0 (Linux; Android 7.0;) AppleWebKit/537.36 (KHTML, like Gecko) Mobile Safari/537.36 (compatible; PetalBot;+https://webmaster.petalsearch.com/site/petalbot)" "brainbox.co.in"
51.222.253.8 - - [25/Nov/2022:10:25:40 -0800] "GET /PDFContent/Beetle/CLASS%20V/ENGLISH/SEM%202/?C=M;O=A HTTP/1.1" 200 673 "-" "Mozilla/5.0 (compatible; AhrefsBot/7.0; +http://ahrefs.com/robot/)" "brainbox.co.in"
114.119.136.99 - - [25/Nov/2022:10:28:24 -0800] "GET /PDFContent/01%20TSB/02%20Class%20VII/Science/HEAT%20-%20MEASUREMENT/HEAT%20-%20MEASUREMENT_P03.pdf HTTP/1.1" 200 115124 "https://brainbox.co.in/PDFContent/01%20TSB/02%20Class%20VII/Science/HEAT%20-%20MEASUREMENT/" "Mozilla/5.0 (Linux; Android 7.0;) AppleWebKit/537.36 (KHTML, like Gecko) Mobile Safari/537.36 (compatible; PetalBot;+https://webmaster.petalsearch.com/site/petalbot)" "brainbox.co.in"
51.222.253.10 - - [25/Nov/2022:10:29:14 -0800] "GET /PDFContent/Beetle/CLASS%20V/ENGLISH/SEM%202/?C=S;O=A HTTP/1.1" 200 673 "-" "Mozilla/5.0 (compatible; AhrefsBot/7.0; +http://ahrefs.com/robot/)" "brainbox.co.in"
51.222.253.17 - - [25/Nov/2022:10:32:56 -0800] "GET /PDFContent/Beetle/CLASS%20V/SCIENCE/SEM%201/?C=D;O=A HTTP/1.1" 200 646 "-" "Mozilla/5.0 (compatible; AhrefsBot/7.0; +http://ahrefs.com/robot/)" "brainbox.co.in"
114.119.136.99 - - [25/Nov/2022:10:33:36 -0800] "GET /PDFContent/01%20TSB/05%20Class%20X/?C=S%3BO%3DA HTTP/1.1" 200 517 "https://brainbox.co.in/PDFContent/01%20TSB/05%20Class%20X/" "Mozilla/5.0 (Linux; Android 7.0;) AppleWebKit/537.36 (KHTML, like Gecko) Mobile Safari/537.36 (compatible; PetalBot;+https://webmaster.petalsearch.com/site/petalbot)" "brainbox.co.in"
51.222.253.14 - - [25/Nov/2022:10:37:09 -0800] "GET /PDFContent/Beetle/CLASS%20V/SCIENCE/SEM%201/?C=M;O=A HTTP/1.1" 200 646 "-" "Mozilla/5.0 (compatible; AhrefsBot/7.0; +http://ahrefs.com/robot/)" "brainbox.co.in"
114.119.130.152 - - [25/Nov/2022:10:38:51 -0800] "GET /PDFContent/01%20TSB/02%20Class%20VII/Science/ELECTRICITY/1.%20ELECTRICITY%20AND%20BASIC%20ELECTRIC%20COMPONENTS.pdf HTTP/1.1" 200 434212 "https://brainbox.co.in/PDFContent/01%20TSB/02%20Class%20VII/Science/ELECTRICITY/?C=D%3BO%3DA" "Mozilla/5.0 (Linux; Android 7.0;) AppleWebKit/537.36 (KHTML, like Gecko) Mobile Safari/537.36 (compatible; PetalBot;+https://webmaster.petalsearch.com/site/petalbot)" "brainbox.co.in"
51.222.253.20 - - [25/Nov/2022:10:40:49 -0800] "GET /PDFContent/Beetle/CLASS%20V/SCIENCE/SEM%201/?C=S;O=A HTTP/1.1" 200 647 "-" "Mozilla/5.0 (compatible; AhrefsBot/7.0; +http://ahrefs.com/robot/)" "brainbox.co.in"
114.119.131.203 - - [25/Nov/2022:10:43:56 -0800] "GET /PDFContent/02%20APSB/06%20Class%20XI/Telugu/?C=N%3BO%3DD HTTP/1.1" 200 355 "https://brainbox.co.in/PDFContent/02%20APSB/06%20Class%20XI/Telugu/?C=S%3BO%3DA" "Mozilla/5.0 (Linux; Android 7.0;) AppleWebKit/537.36 (KHTML, like Gecko) Mobile Safari/537.36 (compatible; PetalBot;+https://webmaster.petalsearch.com/site/petalbot)" "brainbox.co.in"
51.222.253.5 - - [25/Nov/2022:10:44:59 -0800] "GET /?C=D;O=D HTTP/1.1" 200 428 "-" "Mozilla/5.0 (compatible; AhrefsBot/7.0; +http://ahrefs.com/robot/)" "brainbox.co.in"
51.222.253.7 - - [25/Nov/2022:10:48:33 -0800] "GET /PDFContent/03%20CBSE/02%20Class%20VII/Hindi/GLOSSARY/?C=S;O=A HTTP/1.1" 200 664 "-" "Mozilla/5.0 (compatible; AhrefsBot/7.0; +http://ahrefs.com/robot/)" "brainbox.co.in"
114.119.130.29 - - [25/Nov/2022:10:49:09 -0800] "GET /PDFContent/02%20APSB/07%20Class%20XII/Physics/ HTTP/1.1" 200 355 "https://brainbox.co.in/PDFContent/02%20APSB/07%20Class%20XII/?C=M%3BO%3DA" "Mozilla/5.0 (Linux; Android 7.0;) AppleWebKit/537.36 (KHTML, like Gecko) Mobile Safari/537.36 (compatible; PetalBot;+https://webmaster.petalsearch.com/site/petalbot)" "brainbox.co.in"
77.88.9.140 - - [25/Nov/2022:10:51:37 -0800] "GET / HTTP/1.1" 200 428 "-" "Mozilla/5.0 (compatible; YandexBot/3.0; +http://yandex.com/bots)" "brainbox.co.in"
51.222.253.8 - - [25/Nov/2022:10:52:09 -0800] "GET /PDFContent/Beetle/CLASS%20III/MATHEMATICS/SEM%202/?C=D;O=A HTTP/1.1" 200 623 "-" "Mozilla/5.0 (compatible; AhrefsBot/7.0; +http://ahrefs.com/robot/)" "brainbox.co.in"
114.119.148.161 - - [25/Nov/2022:10:54:16 -0800] "GET /PDFContent/SPECIAL%20CROUSE/Part%201%20Grammar%20Essentials/STD_VI/?C=N%3BO%3DD HTTP/1.1" 200 508 "https://brainbox.co.in/PDFContent/SPECIAL%20CROUSE/Part%201%20Grammar%20Essentials/STD_VI/?C=S%3BO%3DA" "Mozilla/5.0 (Linux; Android 7.0;) AppleWebKit/537.36 (KHTML, like Gecko) Mobile Safari/537.36 (compatible; PetalBot;+https://webmaster.petalsearch.com/site/petalbot)" "brainbox.co.in"
51.222.253.3 - - [25/Nov/2022:10:55:24 -0800] "GET /PDFContent/Beetle/CLASS%20III/MATHEMATICS/SEM%202/?C=M;O=A HTTP/1.1" 200 623 "-" "Mozilla/5.0 (compatible; AhrefsBot/7.0; +http://ahrefs.com/robot/)" "brainbox.co.in"
51.222.253.14 - - [25/Nov/2022:10:59:12 -0800] "GET /PDFContent/01%20TSB/05%20Class%20X/?C=M;O=A HTTP/1.1" 200 514 "-" "Mozilla/5.0 (compatible; AhrefsBot/7.0; +http://ahrefs.com/robot/)" "brainbox.co.in"
114.119.129.184 - - [25/Nov/2022:10:59:27 -0800] "GET /PDFContent/01%20TSB/02%20Class%20VII/Hindi/ques%20&%20ans/TSB_VII_LS12_HAMARA%20TEWHAR%20_QUES%20&%20ANS.pdf HTTP/1.1" 200 228214 "https://brainbox.co.in/PDFContent/01%20TSB/02%20Class%20VII/Hindi/ques%20&%20ans/?C=N%3BO%3DD" "Mozilla/5.0 (Linux; Android 7.0;) AppleWebKit/537.36 (KHTML, like Gecko) Mobile Safari/537.36 (compatible; PetalBot;+https://webmaster.petalsearch.com/site/petalbot)" "brainbox.co.in"
51.222.253.12 - - [25/Nov/2022:11:02:59 -0800] "GET /PDFContent/Beetle/CLASS%20III/MATHEMATICS/SEM%202/?C=S;O=A HTTP/1.1" 200 622 "-" "Mozilla/5.0 (compatible; AhrefsBot/7.0; +http://ahrefs.com/robot/)" "brainbox.co.in"
114.119.129.184 - - [25/Nov/2022:11:04:38 -0800] "GET /PDFContent/03%20CBSE/06%20Class%20XI/Chemistry/CHEMICAL%20BONDING/CHEMICAL%20BONDING_VBT.pdf HTTP/1.1" 200 210579 "https://brainbox.co.in/PDFContent/03%20CBSE/06%20Class%20XI/Chemistry/CHEMICAL%20BONDING/" "Mozilla/5.0 (Linux; Android 7.0;) AppleWebKit/537.36 (KHTML, like Gecko) Mobile Safari/537.36 (compatible; PetalBot;+https://webmaster.petalsearch.com/site/petalbot)" "brainbox.co.in"
51.222.253.2 - - [25/Nov/2022:11:07:09 -0800] "GET /PDFContent/01%20TSB/07%20Class%20XII/?C=M;O=A HTTP/1.1" 200 479 "-" "Mozilla/5.0 (compatible; AhrefsBot/7.0; +http://ahrefs.com/robot/)" "brainbox.co.in"
114.119.136.99 - - [25/Nov/2022:11:09:50 -0800] "GET /PDFContent/03%20CBSE/05%20Class%20X/Hindi/Kshitij/LS01/CBSE_X_HINDI_LS01_SURDAS_INTRODUCTION.pdf HTTP/1.1" 200 564525 "https://brainbox.co.in/PDFContent/03%20CBSE/05%20Class%20X/Hindi/Kshitij/LS01/" "Mozilla/5.0 (Linux; Android 7.0;) AppleWebKit/537.36 (KHTML, like Gecko) Mobile Safari/537.36 (compatible; PetalBot;+https://webmaster.petalsearch.com/site/petalbot)" "brainbox.co.in"
51.222.253.18 - - [25/Nov/2022:11:11:59 -0800] "GET /PDFContent/03%20CBSE/05%20Class%20X/Sanskrit/?C=M;O=A HTTP/1.1" 200 354 "-" "Mozilla/5.0 (compatible; AhrefsBot/7.0; +http://ahrefs.com/robot/)" "brainbox.co.in"
114.119.131.203 - - [25/Nov/2022:11:15:02 -0800] "GET /PDFContent/01%20TSB/02%20Class%20VII/Hindi/word%20meaning/TSV_VII_LS09_CHUTTI%20PATRA_WORD%20MEANING.pdf HTTP/1.1" 200 171172 "https://brainbox.co.in/PDFContent/01%20TSB/02%20Class%20VII/Hindi/word%20meaning/" "Mozilla/5.0 (Linux; Android 7.0;) AppleWebKit/537.36 (KHTML, like Gecko) Mobile Safari/537.36 (compatible; PetalBot;+https://webmaster.petalsearch.com/site/petalbot)" "brainbox.co.in"
51.222.253.18 - - [25/Nov/2022:11:17:35 -0800] "GET /PDFContent/03%20CBSE/03%20Class%20VIII/Physics/Light/?C=M;O=A HTTP/1.1" 200 519 "-" "Mozilla/5.0 (compatible; AhrefsBot/7.0; +http://ahrefs.com/robot/)" "brainbox.co.in"
114.119.156.16 - - [25/Nov/2022:11:20:11 -0800] "GET /PDFContent/01%20TSB/06%20Class%20XI/Physics/?C=N%3BO%3DD HTTP/1.1" 200 354 "https://brainbox.co.in/PDFContent/01%20TSB/06%20Class%20XI/Physics/?C=D%3BO%3DA" "Mozilla/5.0 (Linux; Android 7.0;) AppleWebKit/537.36 (KHTML, like Gecko) Mobile Safari/537.36 (compatible; PetalBot;+https://webmaster.petalsearch.com/site/petalbot)" "brainbox.co.in"
51.222.253.8 - - [25/Nov/2022:11:21:44 -0800] "GET /PDFContent/03%20CBSE/03%20Class%20VIII/Physics/Light/?C=D;O=A HTTP/1.1" 200 519 "-" "Mozilla/5.0 (compatible; AhrefsBot/7.0; +http://ahrefs.com/robot/)" "brainbox.co.in"
114.119.144.29 - - [25/Nov/2022:11:25:24 -0800] "GET /PDFContent/03%20CBSE/05%20Class%20X/Hindi/Kshitij/?C=S%3BO%3DA HTTP/1.1" 200 437 "https://brainbox.co.in/PDFContent/03%20CBSE/05%20Class%20X/Hindi/Kshitij/" "Mozilla/5.0 (Linux; Android 7.0;) AppleWebKit/537.36 (KHTML, like Gecko) Mobile Safari/537.36 (compatible; PetalBot;+https://webmaster.petalsearch.com/site/petalbot)" "brainbox.co.in"
51.222.253.18 - - [25/Nov/2022:11:26:19 -0800] "GET /PDFContent/04%20ICSE/01%20Class%20VI/?C=S;O=A HTTP/1.1" 200 463 "-" "Mozilla/5.0 (compatible; AhrefsBot/7.0; +http://ahrefs.com/robot/)" "brainbox.co.in"
77.88.9.138 - - [25/Nov/2022:11:26:57 -0800] "GET /PDFContent/SPECIAL%20CROUSE/Part%201%20Grammar%20Essentials/STD_V/UNIT-7.pdf HTTP/1.1" 200 322854 "-" "Mozilla/5.0 (compatible; YandexBot/3.0; +http://yandex.com/bots)" "brainbox.co.in"
114.119.129.184 - - [25/Nov/2022:11:30:31 -0800] "GET /PDFContent/02%20APSB/04%20Class%20IX/Physics/?C=N%3BO%3DD HTTP/1.1" 200 354 "https://brainbox.co.in/PDFContent/02%20APSB/04%20Class%20IX/Physics/?C=D%3BO%3DA" "Mozilla/5.0 (Linux; Android 7.0;) AppleWebKit/537.36 (KHTML, like Gecko) Mobile Safari/537.36 (compatible; PetalBot;+https://webmaster.petalsearch.com/site/petalbot)" "brainbox.co.in"
51.222.253.5 - - [25/Nov/2022:11:31:06 -0800] "GET /PDFContent/04%20ICSE/01%20Class%20VI/?C=D;O=A HTTP/1.1" 200 463 "-" "Mozilla/5.0 (compatible; AhrefsBot/7.0; +http://ahrefs.com/robot/)" "brainbox.co.in"
51.222.253.13 - - [25/Nov/2022:11:35:27 -0800] "GET /PDFContent/03%20CBSE/03%20Class%20VIII/Physics/Light/?C=S;O=A HTTP/1.1" 200 518 "-" "Mozilla/5.0 (compatible; AhrefsBot/7.0; +http://ahrefs.com/robot/)" "brainbox.co.in"
114.119.130.152 - - [25/Nov/2022:11:35:44 -0800] "GET /PDFContent/04%20ICSE/02%20Class%20VII/Hindi/?C=M%3BO%3DA HTTP/1.1" 200 353 "https://brainbox.co.in/PDFContent/04%20ICSE/02%20Class%20VII/Hindi/?C=S%3BO%3DA" "Mozilla/5.0 (Linux; Android 7.0;) AppleWebKit/537.36 (KHTML, like Gecko) Mobile Safari/537.36 (compatible; PetalBot;+https://webmaster.petalsearch.com/site/petalbot)" "brainbox.co.in"
51.222.253.15 - - [25/Nov/2022:11:39:34 -0800] "GET /PDFContent/01%20TSB/02%20Class%20VII/Science/ELECTRICITY/?C=M;O=A HTTP/1.1" 200 571 "-" "Mozilla/5.0 (compatible; AhrefsBot/7.0; +http://ahrefs.com/robot/)" "brainbox.co.in"
114.119.156.16 - - [25/Nov/2022:11:40:55 -0800] "GET /PDFContent/03%20CBSE/05%20Class%20X/Biology/How%20to%20do%20organsims%20reproduce/CBSE_X_BIOLOGY_HOW%20TO%20DO%20ORGANISMS%20REPRODUCE_Female%20Reproductive%20system.pdf HTTP/1.1" 200 316823 "https://brainbox.co.in/PDFContent/03%20CBSE/05%20Class%20X/Biology/How%20to%20do%20organsims%20reproduce/?C=M%3BO%3DA" "Mozilla/5.0 (Linux; Android 7.0;) AppleWebKit/537.36 (KHTML, like Gecko) Mobile Safari/537.36 (compatible; PetalBot;+https://webmaster.petalsearch.com/site/petalbot)" "brainbox.co.in"
51.222.253.3 - - [25/Nov/2022:11:43:31 -0800] "GET /PDFContent/03%20CBSE/02%20Class%20VII/Science/ELECTRIC%20CURRENT%20AND%20ITS%20EFFECTS/ HTTP/1.1" 200 630 "-" "Mozilla/5.0 (compatible; AhrefsBot/7.0; +http://ahrefs.com/robot/)" "brainbox.co.in"
114.119.148.161 - - [25/Nov/2022:11:46:06 -0800] "GET /PDFContent/03%20CBSE/02%20Class%20VII/Hindi/Ques%20&%20Ans/?C=S%3BO%3DA HTTP/1.1" 200 604 "https://brainbox.co.in/PDFContent/03%20CBSE/02%20Class%20VII/Hindi/Ques%20&%20Ans/?C=D%3BO%3DA" "Mozilla/5.0 (Linux; Android 7.0;) AppleWebKit/537.36 (KHTML, like Gecko) Mobile Safari/537.36 (compatible; PetalBot;+https://webmaster.petalsearch.com/site/petalbot)" "brainbox.co.in"
51.222.253.15 - - [25/Nov/2022:11:47:31 -0800] "GET /PDFContent/03%20CBSE/07%20Class%20XII/Telugu/?C=M;O=A HTTP/1.1" 200 356 "-" "Mozilla/5.0 (compatible; AhrefsBot/7.0; +http://ahrefs.com/robot/)" "brainbox.co.in"
207.46.13.52 - - [25/Nov/2022:11:48:52 -0800] "GET /PDFContent/03%20CBSE/03%20Class%20VIII/Chemistry/COAL%20AND%20PETROLEUM/CBSE_VIII_Che_Coal%20&%20Petroleum_T04_Petroleum.pdf HTTP/1.1" 200 124025 "-" "Mozilla/5.0 AppleWebKit/537.36 (KHTML, like Gecko; compatible; bingbot/2.0; +http://www.bing.com/bingbot.htm) Chrome/103.0.5060.134 Safari/537.36" "brainbox.co.in"
114.119.130.152 - - [25/Nov/2022:11:51:18 -0800] "GET /PDFContent/Beetle/CLASS%20V/ENGLISH/ HTTP/1.1" 200 403 "https://brainbox.co.in/PDFContent/Beetle/CLASS%20V/ENGLISH/SEM%202/?C=N%3BO%3DD" "Mozilla/5.0 (Linux; Android 7.0;) AppleWebKit/537.36 (KHTML, like Gecko) Mobile Safari/537.36 (compatible; PetalBot;+https://webmaster.petalsearch.com/site/petalbot)" "brainbox.co.in"
51.222.253.12 - - [25/Nov/2022:11:51:33 -0800] "GET /PDFContent/04%20ICSE/07%20Class%20XII/Sanskrit/ HTTP/1.1" 200 355 "-" "Mozilla/5.0 (compatible; AhrefsBot/7.0; +http://ahrefs.com/robot/)" "brainbox.co.in"
51.222.253.6 - - [25/Nov/2022:11:55:15 -0800] "GET /PDFContent/04%20ICSE/06%20Class%20XI/Physics/?C=M;O=A HTTP/1.1" 200 354 "-" "Mozilla/5.0 (compatible; AhrefsBot/7.0; +http://ahrefs.com/robot/)" "brainbox.co.in"
114.119.129.184 - - [25/Nov/2022:11:56:26 -0800] "GET /PDFContent/03%20CBSE/03%20Class%20VIII/Maths/INTRODUCTION%20TO%20GRAPHS/Introduction%20to%20Graphs_Potting%20linear%20graphs_A%20&%20B.pdf HTTP/1.1" 200 212562 "https://brainbox.co.in/PDFContent/03%20CBSE/03%20Class%20VIII/Maths/INTRODUCTION%20TO%20GRAPHS/?C=S%3BO%3DA" "Mozilla/5.0 (Linux; Android 7.0;) AppleWebKit/537.36 (KHTML, like Gecko) Mobile Safari/537.36 (compatible; PetalBot;+https://webmaster.petalsearch.com/site/petalbot)" "brainbox.co.in"
51.222.253.5 - - [25/Nov/2022:11:59:16 -0800] "GET /PDFContent/04%20ICSE/06%20Class%20XI/Physics/?C=D;O=A HTTP/1.1" 200 354 "-" "Mozilla/5.0 (compatible; AhrefsBot/7.0; +http://ahrefs.com/robot/)" "brainbox.co.in"
114.119.156.16 - - [25/Nov/2022:12:01:37 -0800] "GET /PDFContent/03%20CBSE/01%20Class%20VI/Sanskrit/?C=S%3BO%3DA HTTP/1.1" 200 354 "https://brainbox.co.in/PDFContent/03%20CBSE/01%20Class%20VI/Sanskrit/" "Mozilla/5.0 (Linux; Android 7.0;) AppleWebKit/537.36 (KHTML, like Gecko) Mobile Safari/537.36 (compatible; PetalBot;+https://webmaster.petalsearch.com/site/petalbot)" "brainbox.co.in"
51.222.253.6 - - [25/Nov/2022:12:03:31 -0800] "GET /PDFContent/04%20ICSE/07%20Class%20XII/Hindi/ HTTP/1.1" 200 354 "-" "Mozilla/5.0 (compatible; AhrefsBot/7.0; +http://ahrefs.com/robot/)" "brainbox.co.in"
114.119.148.161 - - [25/Nov/2022:12:06:48 -0800] "GET /PDFContent/04%20ICSE/05%20Class%20X/?C=S%3BO%3DA HTTP/1.1" 200 463 "https://brainbox.co.in/PDFContent/04%20ICSE/05%20Class%20X/?C=N%3BO%3DD" "Mozilla/5.0 (Linux; Android 7.0;) AppleWebKit/537.36 (KHTML, like Gecko) Mobile Safari/537.36 (compatible; PetalBot;+https://webmaster.petalsearch.com/site/petalbot)" "brainbox.co.in"
51.222.253.8 - - [25/Nov/2022:12:07:44 -0800] "GET /PDFContent/04%20ICSE/07%20Class%20XII/Maths/ HTTP/1.1" 200 354 "-" "Mozilla/5.0 (compatible; AhrefsBot/7.0; +http://ahrefs.com/robot/)" "brainbox.co.in"
51.222.253.15 - - [25/Nov/2022:12:11:49 -0800] "GET /PDFContent/04%20ICSE/07%20Class%20XII/Physics/ HTTP/1.1" 200 355 "-" "Mozilla/5.0 (compatible; AhrefsBot/7.0; +http://ahrefs.com/robot/)" "brainbox.co.in"
114.119.148.161 - - [25/Nov/2022:12:12:00 -0800] "GET /PDFContent/04%20ICSE/01%20Class%20VI/?C=D%3BO%3DA HTTP/1.1" 200 463 "https://brainbox.co.in/PDFContent/04%20ICSE/01%20Class%20VI/?C=S%3BO%3DA" "Mozilla/5.0 (Linux; Android 7.0;) AppleWebKit/537.36 (KHTML, like Gecko) Mobile Safari/537.36 (compatible; PetalBot;+https://webmaster.petalsearch.com/site/petalbot)" "brainbox.co.in"
51.222.253.16 - - [25/Nov/2022:12:16:00 -0800] "GET /PDFContent/03%20CBSE/05%20Class%20X/Sanskrit/ HTTP/1.1" 200 354 "-" "Mozilla/5.0 (compatible; AhrefsBot/7.0; +http://ahrefs.com/robot/)" "brainbox.co.in"
114.119.148.161 - - [25/Nov/2022:12:17:06 -0800] "GET /PDFContent/03%20CBSE/04%20Class%20IX/Maths/POLYNOMIALS/CBSE_IX_MATHS_LS02_POLYNOMIALS_DIVISION%20OF%20POLYNOMIAL%20BY%20ANOTHER%20POLYNOMIAL.pdf HTTP/1.1" 200 277244 "https://brainbox.co.in/PDFContent/03%20CBSE/04%20Class%20IX/Maths/POLYNOMIALS/?C=M%3BO%3DA" "Mozilla/5.0 (Linux; Android 7.0;) AppleWebKit/537.36 (KHTML, like Gecko) Mobile Safari/537.36 (compatible; PetalBot;+https://webmaster.petalsearch.com/site/petalbot)" "brainbox.co.in"
51.222.253.12 - - [25/Nov/2022:12:20:19 -0800] "GET /PDFContent/04%20ICSE/07%20Class%20XII/Chemistry/ HTTP/1.1" 200 356 "-" "Mozilla/5.0 (compatible; AhrefsBot/7.0; +http://ahrefs.com/robot/)" "brainbox.co.in"
114.119.129.184 - - [25/Nov/2022:12:22:18 -0800] "GET /PDFContent/03%20CBSE/05%20Class%20X/Telugu/?C=N%3BO%3DD HTTP/1.1" 200 353 "https://brainbox.co.in/PDFContent/03%20CBSE/05%20Class%20X/Telugu/?C=S%3BO%3DA" "Mozilla/5.0 (Linux; Android 7.0;) AppleWebKit/537.36 (KHTML, like Gecko) Mobile Safari/537.36 (compatible; PetalBot;+https://webmaster.petalsearch.com/site/petalbot)" "brainbox.co.in"
51.222.253.11 - - [25/Nov/2022:12:24:09 -0800] "GET /PDFContent/01%20TSB/04%20Class%20IX/Chemistry/?C=M;O=A HTTP/1.1" 200 355 "-" "Mozilla/5.0 (compatible; AhrefsBot/7.0; +http://ahrefs.com/robot/)" "brainbox.co.in"
114.119.156.16 - - [25/Nov/2022:12:27:28 -0800] "GET /PDFContent/03%20CBSE/03%20Class%20VIII/Biology/Reproduction%20in%20Animals/Male%20Reproductive%20System.pdf HTTP/1.1" 200 336940 "https://brainbox.co.in/PDFContent/03%20CBSE/03%20Class%20VIII/Biology/Reproduction%20in%20Animals/?C=M%3BO%3DA" "Mozilla/5.0 (Linux; Android 7.0;) AppleWebKit/537.36 (KHTML, like Gecko) Mobile Safari/537.36 (compatible; PetalBot;+https://webmaster.petalsearch.com/site/petalbot)" "brainbox.co.in"
51.222.253.16 - - [25/Nov/2022:12:27:57 -0800] "GET /PDFContent/01%20TSB/04%20Class%20IX/Chemistry/?C=D;O=A HTTP/1.1" 200 354 "-" "Mozilla/5.0 (compatible; AhrefsBot/7.0; +http://ahrefs.com/robot/)" "brainbox.co.in"
51.222.253.17 - - [25/Nov/2022:12:32:18 -0800] "GET /PDFContent/03%20CBSE/07%20Class%20XII/Chemistry/SOLID%20STATE/?C=D;O=A HTTP/1.1" 200 781 "-" "Mozilla/5.0 (compatible; AhrefsBot/7.0; +http://ahrefs.com/robot/)" "brainbox.co.in"
114.119.136.99 - - [25/Nov/2022:12:32:36 -0800] "GET /PDFContent/03%20CBSE/05%20Class%20X/Hindi/SPARSH/LS12/ HTTP/1.1" 200 534 "https://brainbox.co.in/PDFContent/03%20CBSE/05%20Class%20X/Hindi/SPARSH/?C=N%3BO%3DD" "Mozilla/5.0 (Linux; Android 7.0;) AppleWebKit/537.36 (KHTML, like Gecko) Mobile Safari/537.36 (compatible; PetalBot;+https://webmaster.petalsearch.com/site/petalbot)" "brainbox.co.in"
51.222.253.7 - - [25/Nov/2022:12:37:18 -0800] "GET /PDFContent/03%20CBSE/07%20Class%20XII/Chemistry/SOLID%20STATE/?C=M;O=A HTTP/1.1" 200 785 "-" "Mozilla/5.0 (compatible; AhrefsBot/7.0; +http://ahrefs.com/robot/)" "brainbox.co.in"
114.119.131.203 - - [25/Nov/2022:12:37:47 -0800] "GET /PDFContent/03%20CBSE/04%20Class%20IX/Biology/CBSE_lX_BIOLOGY_LS07_DIVERSTY%20IN%20LIVING%20ORGANISMS_SUMMARY.pdf HTTP/1.1" 200 463061 "https://brainbox.co.in/PDFContent/03%20CBSE/04%20Class%20IX/Biology/?C=D%3BO%3DA" "Mozilla/5.0 (Linux; Android 7.0;) AppleWebKit/537.36 (KHTML, like Gecko) Mobile Safari/537.36 (compatible; PetalBot;+https://webmaster.petalsearch.com/site/petalbot)" "brainbox.co.in"
51.222.253.17 - - [25/Nov/2022:12:41:41 -0800] "GET /PDFContent/03%20CBSE/07%20Class%20XII/Chemistry/SOLID%20STATE/?C=S;O=A HTTP/1.1" 200 789 "-" "Mozilla/5.0 (compatible; AhrefsBot/7.0; +http://ahrefs.com/robot/)" "brainbox.co.in"
114.119.131.203 - - [25/Nov/2022:12:42:54 -0800] "GET /PDFContent/02%20APSB/06%20Class%20XI/Sanskrit/?C=N%3BO%3DD HTTP/1.1" 200 355 "https://brainbox.co.in/PDFContent/02%20APSB/06%20Class%20XI/Sanskrit/?C=D%3BO%3DA" "Mozilla/5.0 (Linux; Android 7.0;) AppleWebKit/537.36 (KHTML, like Gecko) Mobile Safari/537.36 (compatible; PetalBot;+https://webmaster.petalsearch.com/site/petalbot)" "brainbox.co.in"
51.222.253.3 - - [25/Nov/2022:12:46:10 -0800] "GET /PDFContent/04%20ICSE/07%20Class%20XII/Telugu/ HTTP/1.1" 200 355 "-" "Mozilla/5.0 (compatible; AhrefsBot/7.0; +http://ahrefs.com/robot/)" "brainbox.co.in"
77.88.9.140 - - [25/Nov/2022:12:47:37 -0800] "GET /robots.txt HTTP/1.1" 404 73 "-" "Mozilla/5.0 (compatible; YandexBot/3.0; +http://yandex.com/bots)" "brainbox.co.in"
77.88.9.131 - - [25/Nov/2022:12:47:45 -0800] "GET /robots.txt HTTP/1.1" 404 73 "-" "Mozilla/5.0 (compatible; YandexBot/3.0; +http://yandex.com/bots)" "brainbox.co.in"
77.88.9.131 - - [25/Nov/2022:12:47:48 -0800] "GET / HTTP/1.1" 200 428 "-" "Mozilla/5.0 (compatible; YandexBot/3.0; +http://yandex.com/bots)" "brainbox.co.in"
114.119.144.29 - - [25/Nov/2022:12:48:03 -0800] "GET /PDFContent/SPECIAL%20CROUSE/Part%201%20Grammar%20Essentials/STD_IX/?C=D%3BO%3DA HTTP/1.1" 200 501 "https://brainbox.co.in/PDFContent/SPECIAL%20CROUSE/Part%201%20Grammar%20Essentials/STD_IX/?C=N%3BO%3DD" "Mozilla/5.0 (Linux; Android 7.0;) AppleWebKit/537.36 (KHTML, like Gecko) Mobile Safari/537.36 (compatible; PetalBot;+https://webmaster.petalsearch.com/site/petalbot)" "brainbox.co.in"
51.222.253.6 - - [25/Nov/2022:12:50:33 -0800] "GET /PDFContent/01%20TSB/04%20Class%20IX/Sanskrit/?C=S;O=A HTTP/1.1" 200 354 "-" "Mozilla/5.0 (compatible; AhrefsBot/7.0; +http://ahrefs.com/robot/)" "brainbox.co.in"
114.119.130.29 - - [25/Nov/2022:12:53:12 -0800] "GET /PDFContent/03%20CBSE/07%20Class%20XII/Biology/?C=D%3BO%3DA HTTP/1.1" 200 1044 "https://brainbox.co.in/PDFContent/03%20CBSE/07%20Class%20XII/Biology/?C=S%3BO%3DA" "Mozilla/5.0 (Linux; Android 7.0;) AppleWebKit/537.36 (KHTML, like Gecko) Mobile Safari/537.36 (compatible; PetalBot;+https://webmaster.petalsearch.com/site/petalbot)" "brainbox.co.in"
51.222.253.7 - - [25/Nov/2022:12:54:53 -0800] "GET /PDFContent/01%20TSB/02%20Class%20VII/Telugu/ HTTP/1.1" 200 353 "-" "Mozilla/5.0 (compatible; AhrefsBot/7.0; +http://ahrefs.com/robot/)" "brainbox.co.in"
54.153.71.93 - - [25/Nov/2022:12:55:22 -0800] "GET /~richard/templates/beez/US/uk/paypal/login.htm HTTP/1.1" 404 73 "-" "Mozilla/5.0 (Macintosh; Intel Mac OS X 10_10_5) AppleWebKit/537.36 (KHTML, like Gecko) Chrome/52.0.2743.116 Safari/537.36" "brainbox.co.in"
114.119.129.184 - - [25/Nov/2022:12:58:21 -0800] "GET /PDFContent/03%20CBSE/04%20Class%20IX/English/?C=N%3BO%3DD HTTP/1.1" 200 354 "https://brainbox.co.in/PDFContent/03%20CBSE/04%20Class%20IX/English/?C=D%3BO%3DA" "Mozilla/5.0 (Linux; Android 7.0;) AppleWebKit/537.36 (KHTML, like Gecko) Mobile Safari/537.36 (compatible; PetalBot;+https://webmaster.petalsearch.com/site/petalbot)" "brainbox.co.in"
51.222.253.12 - - [25/Nov/2022:12:59:15 -0800] "GET /PDFContent/Beetle/CLASS%20III/SOCIAL/?C=N;O=D HTTP/1.1" 200 399 "-" "Mozilla/5.0 (compatible; AhrefsBot/7.0; +http://ahrefs.com/robot/)" "brainbox.co.in"
114.119.156.16 - - [25/Nov/2022:13:03:31 -0800] "GET /PDFContent/03%20CBSE/07%20Class%20XII/Maths/CBSE_XII_MATHS_LS07_INDEFINITE%20INTEGRALS_NOTES_4.pdf HTTP/1.1" 200 358040 "https://brainbox.co.in/PDFContent/03%20CBSE/07%20Class%20XII/Maths/?C=M%3BO%3DA" "Mozilla/5.0 (Linux; Android 7.0;) AppleWebKit/537.36 (KHTML, like Gecko) Mobile Safari/537.36 (compatible; PetalBot;+https://webmaster.petalsearch.com/site/petalbot)" "brainbox.co.in"
51.222.253.9 - - [25/Nov/2022:13:03:45 -0800] "GET /PDFContent/03%20CBSE/05%20Class%20X/Telugu/?C=M;O=A HTTP/1.1" 200 353 "-" "Mozilla/5.0 (compatible; AhrefsBot/7.0; +http://ahrefs.com/robot/)" "brainbox.co.in"
51.222.253.3 - - [25/Nov/2022:13:08:11 -0800] "GET /PDFContent/03%20CBSE/05%20Class%20X/Telugu/?C=S;O=A HTTP/1.1" 200 353 "-" "Mozilla/5.0 (compatible; AhrefsBot/7.0; +http://ahrefs.com/robot/)" "brainbox.co.in"
114.119.144.29 - - [25/Nov/2022:13:08:40 -0800] "GET /PDFContent/04%20ICSE/02%20Class%20VII/Sanskrit/?C=M%3BO%3DA HTTP/1.1" 200 355 "https://brainbox.co.in/PDFContent/04%20ICSE/02%20Class%20VII/Sanskrit/?C=S%3BO%3DA" "Mozilla/5.0 (Linux; Android 7.0;) AppleWebKit/537.36 (KHTML, like Gecko) Mobile Safari/537.36 (compatible; PetalBot;+https://webmaster.petalsearch.com/site/petalbot)" "brainbox.co.in"
51.222.253.7 - - [25/Nov/2022:13:12:26 -0800] "GET /PDFContent/03%20CBSE/05%20Class%20X/Telugu/?C=D;O=A HTTP/1.1" 200 353 "-" "Mozilla/5.0 (compatible; AhrefsBot/7.0; +http://ahrefs.com/robot/)" "brainbox.co.in"
18.222.125.169 - - [25/Nov/2022:13:13:41 -0800] "GET /~richard/templates/beez/US/uk/paypal/login.htm HTTP/1.1" 404 73 "-" "Mozilla/5.0 (Macintosh; Intel Mac OS X 10_10_5) AppleWebKit/537.36 (KHTML, like Gecko) Chrome/52.0.2743.116 Safari/537.36" "brainbox.co.in"
114.119.130.29 - - [25/Nov/2022:13:13:49 -0800] "GET /PDFContent/01%20TSB/03%20Class%20VIII/ HTTP/1.1" 200 515 "https://brainbox.co.in/PDFContent/01%20TSB/03%20Class%20VIII/English/" "Mozilla/5.0 (Linux; Android 7.0;) AppleWebKit/537.36 (KHTML, like Gecko) Mobile Safari/537.36 (compatible; PetalBot;+https://webmaster.petalsearch.com/site/petalbot)" "brainbox.co.in"
51.222.253.20 - - [25/Nov/2022:13:16:44 -0800] "GET /PDFContent/01%20TSB/07%20Class%20XII/?C=S;O=A HTTP/1.1" 200 478 "-" "Mozilla/5.0 (compatible; AhrefsBot/7.0; +http://ahrefs.com/robot/)" "brainbox.co.in"
114.119.130.29 - - [25/Nov/2022:13:18:57 -0800] "GET /PDFContent/02%20APSB/02%20Class%20VII/Hindi/?C=S%3BO%3DA HTTP/1.1" 200 352 "https://brainbox.co.in/PDFContent/02%20APSB/02%20Class%20VII/Hindi/?C=D%3BO%3DA" "Mozilla/5.0 (Linux; Android 7.0;) AppleWebKit/537.36 (KHTML, like Gecko) Mobile Safari/537.36 (compatible; PetalBot;+https://webmaster.petalsearch.com/site/petalbot)" "brainbox.co.in"
51.222.253.14 - - [25/Nov/2022:13:20:48 -0800] "GET /PDFContent/04%20ICSE/07%20Class%20XII/Sanskrit/?C=D;O=A HTTP/1.1" 200 355 "-" "Mozilla/5.0 (compatible; AhrefsBot/7.0; +http://ahrefs.com/robot/)" "brainbox.co.in"
114.119.130.152 - - [25/Nov/2022:13:24:06 -0800] "GET /PDFContent/03%20CBSE/02%20Class%20VII/Science/REPRODUCTION%20IN%20PLANTS/?C=N%3BO%3DD HTTP/1.1" 200 450 "https://brainbox.co.in/PDFContent/03%20CBSE/02%20Class%20VII/Science/REPRODUCTION%20IN%20PLANTS/?C=D%3BO%3DA" "Mozilla/5.0 (Linux; Android 7.0;) AppleWebKit/537.36 (KHTML, like Gecko) Mobile Safari/537.36 (compatible; PetalBot;+https://webmaster.petalsearch.com/site/petalbot)" "brainbox.co.in"
51.222.253.19 - - [25/Nov/2022:13:24:49 -0800] "GET /PDFContent/04%20ICSE/07%20Class%20XII/Sanskrit/?C=M;O=A HTTP/1.1" 200 355 "-" "Mozilla/5.0 (compatible; AhrefsBot/7.0; +http://ahrefs.com/robot/)" "brainbox.co.in"
114.119.144.29 - - [25/Nov/2022:13:29:15 -0800] "GET /PDFContent/02%20APSB/02%20Class%20VII/Chemistry/ HTTP/1.1" 200 354 "https://brainbox.co.in/PDFContent/02%20APSB/02%20Class%20VII/?C=S%3BO%3DA" "Mozilla/5.0 (Linux; Android 7.0;) AppleWebKit/537.36 (KHTML, like Gecko) Mobile Safari/537.36 (compatible; PetalBot;+https://webmaster.petalsearch.com/site/petalbot)" "brainbox.co.in"
51.222.253.6 - - [25/Nov/2022:13:29:17 -0800] "GET /PDFContent/04%20ICSE/07%20Class%20XII/Sanskrit/?C=S;O=A HTTP/1.1" 200 355 "-" "Mozilla/5.0 (compatible; AhrefsBot/7.0; +http://ahrefs.com/robot/)" "brainbox.co.in"
51.222.253.9 - - [25/Nov/2022:13:33:26 -0800] "GET /PDFContent/04%20ICSE/07%20Class%20XII/Maths/?C=D;O=A HTTP/1.1" 200 354 "-" "Mozilla/5.0 (compatible; AhrefsBot/7.0; +http://ahrefs.com/robot/)" "brainbox.co.in"
114.119.144.29 - - [25/Nov/2022:13:34:27 -0800] "GET /PDFContent/03%20CBSE/05%20Class%20X/Maths/CBSE_X_MATHS_LS02_POLYNOMIALS_BETWEEN%20ROOTS%20AND%20COEFFICIENTS_I.pdf HTTP/1.1" 200 266951 "https://brainbox.co.in/PDFContent/03%20CBSE/05%20Class%20X/Maths/?C=D%3BO%3DA" "Mozilla/5.0 (Linux; Android 7.0;) AppleWebKit/537.36 (KHTML, like Gecko) Mobile Safari/537.36 (compatible; PetalBot;+https://webmaster.petalsearch.com/site/petalbot)" "brainbox.co.in"
51.222.253.19 - - [25/Nov/2022:13:37:50 -0800] "GET /PDFContent/04%20ICSE/07%20Class%20XII/Maths/?C=M;O=A HTTP/1.1" 200 354 "-" "Mozilla/5.0 (compatible; AhrefsBot/7.0; +http://ahrefs.com/robot/)" "brainbox.co.in"
114.119.129.184 - - [25/Nov/2022:13:39:34 -0800] "GET /PDFContent/03%20CBSE/05%20Class%20X/Biology/Our%20Environment/Ecology.pdf HTTP/1.1" 200 507125 "https://brainbox.co.in/PDFContent/03%20CBSE/05%20Class%20X/Biology/Our%20Environment/?C=S%3BO%3DA" "Mozilla/5.0 (Linux; Android 7.0;) AppleWebKit/537.36 (KHTML, like Gecko) Mobile Safari/537.36 (compatible; PetalBot;+https://webmaster.petalsearch.com/site/petalbot)" "brainbox.co.in"
51.222.253.15 - - [25/Nov/2022:13:42:27 -0800] "GET /PDFContent/04%20ICSE/04%20Class%20IX/Telugu/ HTTP/1.1" 200 352 "-" "Mozilla/5.0 (compatible; AhrefsBot/7.0; +http://ahrefs.com/robot/)" "brainbox.co.in"
114.119.130.152 - - [25/Nov/2022:13:44:43 -0800] "GET /PDFContent/03%20CBSE/04%20Class%20IX/Biology/Tissues/CBSE_IX_Biology_Tissues_Plant%20Tissue HTTP/1.1" 200 294637 "https://brainboxschool.com/material/CBSE/IX/Biology/TISSUES.html" "Mozilla/5.0 (Linux; Android 7.0;) AppleWebKit/537.36 (KHTML, like Gecko) Mobile Safari/537.36 (compatible; PetalBot;+https://webmaster.petalsearch.com/site/petalbot)" "brainbox.co.in"
51.222.253.14 - - [25/Nov/2022:13:46:44 -0800] "GET /PDFContent/04%20ICSE/07%20Class%20XII/Maths/?C=S;O=A HTTP/1.1" 200 354 "-" "Mozilla/5.0 (compatible; AhrefsBot/7.0; +http://ahrefs.com/robot/)" "brainbox.co.in"
114.119.156.16 - - [25/Nov/2022:13:49:52 -0800] "GET /PDFContent/Beetle/CLASS%20I/MATHEMATICS%201-2/?C=N%3BO%3DD HTTP/1.1" 404 88 "https://brainbox.co.in/PDFContent/Beetle/CLASS%20I/MATHEMATICS%201-2/?C=M%3BO%3DA" "Mozilla/5.0 (Linux; Android 7.0;) AppleWebKit/537.36 (KHTML, like Gecko) Mobile Safari/537.36 (compatible; PetalBot;+https://webmaster.petalsearch.com/site/petalbot)" "brainbox.co.in"
51.222.253.6 - - [25/Nov/2022:13:51:55 -0800] "GET /PDFContent/01%20TSB/04%20Class%20IX/Chemistry/?C=S;O=A HTTP/1.1" 200 355 "-" "Mozilla/5.0 (compatible; AhrefsBot/7.0; +http://ahrefs.com/robot/)" "brainbox.co.in"
114.119.131.203 - - [25/Nov/2022:13:55:04 -0800] "GET /PDFContent/02%20APSB/03%20Class%20VIII/Sanskrit/?C=S%3BO%3DA HTTP/1.1" 200 356 "https://brainbox.co.in/PDFContent/02%20APSB/03%20Class%20VIII/Sanskrit/?C=M%3BO%3DA" "Mozilla/5.0 (Linux; Android 7.0;) AppleWebKit/537.36 (KHTML, like Gecko) Mobile Safari/537.36 (compatible; PetalBot;+https://webmaster.petalsearch.com/site/petalbot)" "brainbox.co.in"
51.222.253.20 - - [25/Nov/2022:13:56:42 -0800] "GET /PDFContent/03%20CBSE/02%20Class%20VII/Science/WEATHER%20CLIMATE%20AND%20ADAPTATIONS/?C=M;O=A HTTP/1.1" 200 517 "-" "Mozilla/5.0 (compatible; AhrefsBot/7.0; +http://ahrefs.com/robot/)" "brainbox.co.in"
114.119.136.99 - - [25/Nov/2022:14:00:13 -0800] "GET /PDFContent/03%20CBSE/06%20Class%20XI/Maths/COMPLEX%20NUMBERS%20AND%20QUADRATIC%20EQUATIONS/?C=D%3BO%3DA HTTP/1.1" 200 720 "https://brainbox.co.in/PDFContent/03%20CBSE/06%20Class%20XI/Maths/COMPLEX%20NUMBERS%20AND%20QUADRATIC%20EQUATIONS/" "Mozilla/5.0 (Linux; Android 7.0;) AppleWebKit/537.36 (KHTML, like Gecko) Mobile Safari/537.36 (compatible; PetalBot;+https://webmaster.petalsearch.com/site/petalbot)" "brainbox.co.in"
51.222.253.5 - - [25/Nov/2022:14:01:28 -0800] "GET /PDFContent/03%20CBSE/02%20Class%20VII/Science/WEATHER%20CLIMATE%20AND%20ADAPTATIONS/?C=S;O=A HTTP/1.1" 200 517 "-" "Mozilla/5.0 (compatible; AhrefsBot/7.0; +http://ahrefs.com/robot/)" "brainbox.co.in"
114.119.131.203 - - [25/Nov/2022:14:05:22 -0800] "GET /PDFContent/03%20CBSE/06%20Class%20XI/Maths/CBSE_XI_MATHS_LS07_PERMUTATION%20&COMBINATION_PERMUTATION.pdf HTTP/1.1" 200 208037 "https://brainbox.co.in/PDFContent/03%20CBSE/06%20Class%20XI/Maths/?C=S%3BO%3DA" "Mozilla/5.0 (Linux; Android 7.0;) AppleWebKit/537.36 (KHTML, like Gecko) Mobile Safari/537.36 (compatible; PetalBot;+https://webmaster.petalsearch.com/site/petalbot)" "brainbox.co.in"
51.222.253.2 - - [25/Nov/2022:14:05:51 -0800] "GET /PDFContent/03%20CBSE/06%20Class%20XI/ HTTP/1.1" 200 520 "-" "Mozilla/5.0 (compatible; AhrefsBot/7.0; +http://ahrefs.com/robot/)" "brainbox.co.in"
114.119.129.184 - - [25/Nov/2022:14:10:33 -0800] "GET /PDFContent/Beetle/CLASS%20V/?C=N%3BO%3DD HTTP/1.1" 200 433 "https://brainbox.co.in/PDFContent/Beetle/CLASS%20V/?C=M%3BO%3DA" "Mozilla/5.0 (Linux; Android 7.0;) AppleWebKit/537.36 (KHTML, like Gecko) Mobile Safari/537.36 (compatible; PetalBot;+https://webmaster.petalsearch.com/site/petalbot)" "brainbox.co.in"
51.222.253.9 - - [25/Nov/2022:14:10:41 -0800] "GET /PDFContent/04%20ICSE/06%20Class%20XI/Chemistry/ HTTP/1.1" 200 356 "-" "Mozilla/5.0 (compatible; AhrefsBot/7.0; +http://ahrefs.com/robot/)" "brainbox.co.in"
114.119.130.152 - - [25/Nov/2022:14:15:44 -0800] "GET /PDFContent/01%20TSB/05%20Class%20X/Physics/ HTTP/1.1" 200 488 "https://brainbox.co.in/PDFContent/01%20TSB/05%20Class%20X/Physics/LS01%20Reflection%20of%20light%20at%20curved%20surfaces/?C=M%3BO%3DA" "Mozilla/5.0 (Linux; Android 7.0;) AppleWebKit/537.36 (KHTML, like Gecko) Mobile Safari/537.36 (compatible; PetalBot;+https://webmaster.petalsearch.com/site/petalbot)" "brainbox.co.in"
51.222.253.19 - - [25/Nov/2022:14:15:48 -0800] "GET /PDFContent/04%20ICSE/06%20Class%20XI/English/ HTTP/1.1" 200 354 "-" "Mozilla/5.0 (compatible; AhrefsBot/7.0; +http://ahrefs.com/robot/)" "brainbox.co.in"
51.222.253.3 - - [25/Nov/2022:14:20:13 -0800] "GET /PDFContent/Beetle/CLASS%20III/ENGLISH/SEM%202/?C=D;O=A HTTP/1.1" 200 620 "-" "Mozilla/5.0 (compatible; AhrefsBot/7.0; +http://ahrefs.com/robot/)" "brainbox.co.in"
114.119.131.203 - - [25/Nov/2022:14:20:53 -0800] "GET /PDFContent/03%20CBSE/07%20Class%20XII/Maths/PROBABILITY/CBSE_XII_MATHS_LS13_PROBABILITY_PARTITION%20OF%20A%20SAMPLE%20SPACE.pdf HTTP/1.1" 200 270722 "https://brainbox.co.in/PDFContent/03%20CBSE/07%20Class%20XII/Maths/PROBABILITY/" "Mozilla/5.0 (Linux; Android 7.0;) AppleWebKit/537.36 (KHTML, like Gecko) Mobile Safari/537.36 (compatible; PetalBot;+https://webmaster.petalsearch.com/site/petalbot)" "brainbox.co.in"
51.222.253.18 - - [25/Nov/2022:14:24:38 -0800] "GET /PDFContent/04%20ICSE/06%20Class%20XI/Physics/ HTTP/1.1" 200 354 "-" "Mozilla/5.0 (compatible; AhrefsBot/7.0; +http://ahrefs.com/robot/)" "brainbox.co.in"
114.119.144.29 - - [25/Nov/2022:14:26:01 -0800] "GET /PDFContent/03%20CBSE/02%20Class%20VII/English/?C=S%3BO%3DA HTTP/1.1" 200 873 "https://brainbox.co.in/PDFContent/03%20CBSE/02%20Class%20VII/English/?C=M%3BO%3DA" "Mozilla/5.0 (Linux; Android 7.0;) AppleWebKit/537.36 (KHTML, like Gecko) Mobile Safari/537.36 (compatible; PetalBot;+https://webmaster.petalsearch.com/site/petalbot)" "brainbox.co.in"
51.222.253.8 - - [25/Nov/2022:14:29:30 -0800] "GET /PDFContent/01%20TSB/06%20Class%20XI/Chemistry/ HTTP/1.1" 200 355 "-" "Mozilla/5.0 (compatible; AhrefsBot/7.0; +http://ahrefs.com/robot/)" "brainbox.co.in"
114.119.130.29 - - [25/Nov/2022:14:31:10 -0800] "GET /PDFContent/03%20CBSE/05%20Class%20X/Hindi/CBSE_X_HINDI_LS02_BALGOBIN%20BHAGAT_IMPORTANT%20CHARACTERS.pdf HTTP/1.1" 200 410111 "https://brainbox.co.in/PDFContent/03%20CBSE/05%20Class%20X/Hindi/?C=S%3BO%3DA" "Mozilla/5.0 (Linux; Android 7.0;) AppleWebKit/537.36 (KHTML, like Gecko) Mobile Safari/537.36 (compatible; PetalBot;+https://webmaster.petalsearch.com/site/petalbot)" "brainbox.co.in"
51.222.253.19 - - [25/Nov/2022:14:34:00 -0800] "GET /PDFContent/01%20TSB/03%20Class%20VIII/Telugu/SAMUDRAPRAYANAM/?C=D;O=A HTTP/1.1" 200 449 "-" "Mozilla/5.0 (compatible; AhrefsBot/7.0; +http://ahrefs.com/robot/)" "brainbox.co.in"
114.119.136.99 - - [25/Nov/2022:14:36:19 -0800] "GET /PDFContent/Beetle/CLASS%20I/?C=N%3BO%3DD HTTP/1.1" 200 485 "https://brainbox.co.in/PDFContent/Beetle/CLASS%20I/?C=M%3BO%3DA" "Mozilla/5.0 (Linux; Android 7.0;) AppleWebKit/537.36 (KHTML, like Gecko) Mobile Safari/537.36 (compatible; PetalBot;+https://webmaster.petalsearch.com/site/petalbot)" "brainbox.co.in"
46.101.14.40 - - [25/Nov/2022:14:38:09 -0800] "GET /1.php HTTP/1.1" 404 73 "-" "Mozilla/5.0 (Windows NT 10.0; Win64; x64) AppleWebKit/537.36 (KHTML, like Gecko) Chrome/86.0.4240.75 Safari/537.36" "brainbox.co.in"
46.101.14.40 - - [25/Nov/2022:14:38:09 -0800] "GET /by.php HTTP/1.1" 404 73 "-" "Mozilla/5.0 (Windows NT 10.0; Win64; x64) AppleWebKit/537.36 (KHTML, like Gecko) Chrome/83.0.4103.61 Safari/537.36" "brainbox.co.in"
46.101.14.40 - - [25/Nov/2022:14:38:09 -0800] "GET /hehehe.php HTTP/1.1" 404 73 "-" "Mozilla/5.0 (iPhone; CPU iPhone OS 12_4_8 like Mac OS X) AppleWebKit/605.1.15 (KHTML, like Gecko) Version/12.1.2 Mobile/15E148 Safari/604.1" "brainbox.co.in"
46.101.14.40 - - [25/Nov/2022:14:38:09 -0800] "GET /t4s.php HTTP/1.1" 404 73 "-" "Mozilla/5.0 (iPad; CPU OS 13_7 like Mac OS X) AppleWebKit/605.1.15 (KHTML, like Gecko) Version/13.1.2 Mobile/15E148 Safari/604.1" "brainbox.co.in"
51.222.253.1 - - [25/Nov/2022:14:38:25 -0800] "GET /PDFContent/Beetle/CLASS%20III/SOCIAL/SEM%201/?C=D;O=A HTTP/1.1" 200 725 "-" "Mozilla/5.0 (compatible; AhrefsBot/7.0; +http://ahrefs.com/robot/)" "brainbox.co.in"
114.119.156.16 - - [25/Nov/2022:14:41:28 -0800] "GET /PDFContent/03%20CBSE/05%20Class%20X/Hindi/Kshitij/LS08/?C=D%3BO%3DA HTTP/1.1" 200 493 "https://brainbox.co.in/PDFContent/03%20CBSE/05%20Class%20X/Hindi/Kshitij/LS08/?C=S%3BO%3DA" "Mozilla/5.0 (Linux; Android 7.0;) AppleWebKit/537.36 (KHTML, like Gecko) Mobile Safari/537.36 (compatible; PetalBot;+https://webmaster.petalsearch.com/site/petalbot)" "brainbox.co.in"
51.222.253.12 - - [25/Nov/2022:14:43:00 -0800] "GET /PDFContent/02%20APSB/04%20Class%20IX/?C=S;O=A HTTP/1.1" 200 464 "-" "Mozilla/5.0 (compatible; AhrefsBot/7.0; +http://ahrefs.com/robot/)" "brainbox.co.in"
77.88.9.140 - - [25/Nov/2022:14:44:03 -0800] "GET /PDFContent/01%20TSB/02%20Class%20VII/Physics/ HTTP/1.1" 200 353 "-" "Mozilla/5.0 (compatible; YandexBot/3.0; +http://yandex.com/bots)" "brainbox.co.in"
114.119.148.161 - - [25/Nov/2022:14:46:37 -0800] "GET /PDFContent/01%20TSB/06%20Class%20XI/Hindi/?C=D%3BO%3DA HTTP/1.1" 200 352 "https://brainbox.co.in/PDFContent/01%20TSB/06%20Class%20XI/Hindi/" "Mozilla/5.0 (Linux; Android 7.0;) AppleWebKit/537.36 (KHTML, like Gecko) Mobile Safari/537.36 (compatible; PetalBot;+https://webmaster.petalsearch.com/site/petalbot)" "brainbox.co.in"
51.222.253.19 - - [25/Nov/2022:14:47:35 -0800] "GET /PDFContent/02%20APSB/04%20Class%20IX/?C=D;O=A HTTP/1.1" 200 463 "-" "Mozilla/5.0 (compatible; AhrefsBot/7.0; +http://ahrefs.com/robot/)" "brainbox.co.in"
114.119.136.99 - - [25/Nov/2022:14:51:49 -0800] "GET /PDFContent/03%20CBSE/07%20Class%20XII/Chemistry/?C=N%3BO%3DD HTTP/1.1" 200 432 "https://brainbox.co.in/PDFContent/03%20CBSE/07%20Class%20XII/Chemistry/?C=D%3BO%3DA" "Mozilla/5.0 (Linux; Android 7.0;) AppleWebKit/537.36 (KHTML, like Gecko) Mobile Safari/537.36 (compatible; PetalBot;+https://webmaster.petalsearch.com/site/petalbot)" "brainbox.co.in"
51.222.253.14 - - [25/Nov/2022:14:52:36 -0800] "GET /PDFContent/03%20CBSE/02%20Class%20VII/?C=S;O=A HTTP/1.1" 200 495 "-" "Mozilla/5.0 (compatible; AhrefsBot/7.0; +http://ahrefs.com/robot/)" "brainbox.co.in"
114.119.148.161 - - [25/Nov/2022:14:57:00 -0800] "GET /PDFContent/03%20CBSE/01%20Class%20VI/?C=D%3BO%3DA HTTP/1.1" 200 471 "https://brainbox.co.in/PDFContent/03%20CBSE/01%20Class%20VI/?C=M%3BO%3DA" "Mozilla/5.0 (Linux; Android 7.0;) AppleWebKit/537.36 (KHTML, like Gecko) Mobile Safari/537.36 (compatible; PetalBot;+https://webmaster.petalsearch.com/site/petalbot)" "brainbox.co.in"
51.222.253.15 - - [25/Nov/2022:14:57:23 -0800] "GET /PDFContent/02%20APSB/04%20Class%20IX/?C=M;O=A HTTP/1.1" 200 464 "-" "Mozilla/5.0 (compatible; AhrefsBot/7.0; +http://ahrefs.com/robot/)" "brainbox.co.in"
51.222.253.1 - - [25/Nov/2022:15:02:03 -0800] "GET /PDFContent/01%20TSB/04%20Class%20IX/English/?C=S;O=A HTTP/1.1" 200 353 "-" "Mozilla/5.0 (compatible; AhrefsBot/7.0; +http://ahrefs.com/robot/)" "brainbox.co.in"
114.119.148.161 - - [25/Nov/2022:15:02:06 -0800] "GET /PDFContent/03%20CBSE/07%20Class%20XII/Maths/?C=N%3BO%3DD HTTP/1.1" 200 748 "https://brainbox.co.in/PDFContent/03%20CBSE/07%20Class%20XII/Maths/?C=M%3BO%3DA" "Mozilla/5.0 (Linux; Android 7.0;) AppleWebKit/537.36 (KHTML, like Gecko) Mobile Safari/537.36 (compatible; PetalBot;+https://webmaster.petalsearch.com/site/petalbot)" "brainbox.co.in"
51.222.253.10 - - [25/Nov/2022:15:07:10 -0800] "GET /PDFContent/01%20TSB/04%20Class%20IX/English/?C=M;O=A HTTP/1.1" 200 353 "-" "Mozilla/5.0 (compatible; AhrefsBot/7.0; +http://ahrefs.com/robot/)" "brainbox.co.in"
114.119.130.152 - - [25/Nov/2022:15:07:19 -0800] "GET /PDFContent/01%20TSB/02%20Class%20VII/Hindi/Glossary/TSB_VII_LS08_BADAL_GLOSSARY.pdf HTTP/1.1" 200 910334 "https://brainbox.co.in/PDFContent/01%20TSB/02%20Class%20VII/Hindi/Glossary/?C=M%3BO%3DA" "Mozilla/5.0 (Linux; Android 7.0;) AppleWebKit/537.36 (KHTML, like Gecko) Mobile Safari/537.36 (compatible; PetalBot;+https://webmaster.petalsearch.com/site/petalbot)" "brainbox.co.in"
