20.245.191.195 - - [25/Nov/2022:03:36:39 -0800] "GET /wp/wp-includes/wlwmanifest.xml HTTP/1.1" 404 73 "-" "Mozilla/5.0 (Windows NT 10.0; Win64; x64) AppleWebKit/537.36 (KHTML, like Gecko) Chrome/78.0.3904.108 Safari/537.36" "brainbox.co.in"
20.245.191.195 - - [25/Nov/2022:03:36:39 -0800] "GET /news/wp-includes/wlwmanifest.xml HTTP/1.1" 404 73 "-" "Mozilla/5.0 (Windows NT 10.0; Win64; x64) AppleWebKit/537.36 (KHTML, like Gecko) Chrome/78.0.3904.108 Safari/537.36" "brainbox.co.in"
20.245.191.195 - - [25/Nov/2022:03:36:39 -0800] "GET /2018/wp-includes/wlwmanifest.xml HTTP/1.1" 404 73 "-" "Mozilla/5.0 (Windows NT 10.0; Win64; x64) AppleWebKit/537.36 (KHTML, like Gecko) Chrome/78.0.3904.108 Safari/537.36" "brainbox.co.in"
20.245.191.195 - - [25/Nov/2022:03:36:39 -0800] "GET /2019/wp-includes/wlwmanifest.xml HTTP/1.1" 404 73 "-" "Mozilla/5.0 (Windows NT 10.0; Win64; x64) AppleWebKit/537.36 (KHTML, like Gecko) Chrome/78.0.3904.108 Safari/537.36" "brainbox.co.in"
20.245.191.195 - - [25/Nov/2022:03:36:39 -0800] "GET /shop/wp-includes/wlwmanifest.xml HTTP/1.1" 404 73 "-" "Mozilla/5.0 (Windows NT 10.0; Win64; x64) AppleWebKit/537.36 (KHTML, like Gecko) Chrome/78.0.3904.108 Safari/537.36" "brainbox.co.in"
20.245.191.195 - - [25/Nov/2022:03:36:40 -0800] "GET /wp1/wp-includes/wlwmanifest.xml HTTP/1.1" 404 73 "-" "Mozilla/5.0 (Windows NT 10.0; Win64; x64) AppleWebKit/537.36 (KHTML, like Gecko) Chrome/78.0.3904.108 Safari/537.36" "brainbox.co.in"
20.245.191.195 - - [25/Nov/2022:03:36:40 -0800] "GET /test/wp-includes/wlwmanifest.xml HTTP/1.1" 404 73 "-" "Mozilla/5.0 (Windows NT 10.0; Win64; x64) AppleWebKit/537.36 (KHTML, like Gecko) Chrome/78.0.3904.108 Safari/537.36" "brainbox.co.in"
20.245.191.195 - - [25/Nov/2022:03:36:40 -0800] "GET /media/wp-includes/wlwmanifest.xml HTTP/1.1" 404 73 "-" "Mozilla/5.0 (Windows NT 10.0; Win64; x64) AppleWebKit/537.36 (KHTML, like Gecko) Chrome/78.0.3904.108 Safari/537.36" "brainbox.co.in"
20.245.191.195 - - [25/Nov/2022:03:36:40 -0800] "GET /wp2/wp-includes/wlwmanifest.xml HTTP/1.1" 404 73 "-" "Mozilla/5.0 (Windows NT 10.0; Win64; x64) AppleWebKit/537.36 (KHTML, like Gecko) Chrome/78.0.3904.108 Safari/537.36" "brainbox.co.in"
20.245.191.195 - - [25/Nov/2022:03:36:40 -0800] "GET /site/wp-includes/wlwmanifest.xml HTTP/1.1" 404 73 "-" "Mozilla/5.0 (Windows NT 10.0; Win64; x64) AppleWebKit/537.36 (KHTML, like Gecko) Chrome/78.0.3904.108 Safari/537.36" "brainbox.co.in"
20.245.191.195 - - [25/Nov/2022:03:36:40 -0800] "GET /cms/wp-includes/wlwmanifest.xml HTTP/1.1" 404 73 "-" "Mozilla/5.0 (Windows NT 10.0; Win64; x64) AppleWebKit/537.36 (KHTML, like Gecko) Chrome/78.0.3904.108 Safari/537.36" "brainbox.co.in"
20.245.191.195 - - [25/Nov/2022:03:36:41 -0800] "GET /sito/wp-includes/wlwmanifest.xml HTTP/1.1" 404 73 "-" "Mozilla/5.0 (Windows NT 10.0; Win64; x64) AppleWebKit/537.36 (KHTML, like Gecko) Chrome/78.0.3904.108 Safari/537.36" "brainbox.co.in"
51.222.253.15 - - [25/Nov/2022:03:37:32 -0800] "GET /PDFContent/03%20CBSE/06%20Class%20XI/Hindi/?C=D;O=A HTTP/1.1" 200 352 "-" "Mozilla/5.0 (compatible; AhrefsBot/7.0; +http://ahrefs.com/robot/)" "brainbox.co.in"
114.119.144.29 - - [25/Nov/2022:03:38:44 -0800] "GET /PDFContent/01%20TSB/03%20Class%20VIII/ HTTP/1.1" 200 515 "https://brainbox.co.in/PDFContent/01%20TSB/03%20Class%20VIII/English/" "Mozilla/5.0 (Linux; Android 7.0;) AppleWebKit/537.36 (KHTML, like Gecko) Mobile Safari/537.36 (compatible; PetalBot;+https://webmaster.petalsearch.com/site/petalbot)" "brainbox.co.in"
51.222.253.11 - - [25/Nov/2022:03:42:59 -0800] "GET /PDFContent/01%20TSB/02%20Class%20VII/Science/ANIMAL%20FIBRE/?C=S;O=A HTTP/1.1" 200 524 "-" "Mozilla/5.0 (compatible; AhrefsBot/7.0; +http://ahrefs.com/robot/)" "brainbox.co.in"
114.119.148.161 - - [25/Nov/2022:03:43:54 -0800] "GET /PDFContent/CUBE%20Maths/CLASS%20-%202%20WORKSHEETS/ HTTP/1.1" 200 775 "https://brainbox.co.in/PDFContent/CUBE%20Maths/?C=S%3BO%3DA" "Mozilla/5.0 (Linux; Android 7.0;) AppleWebKit/537.36 (KHTML, like Gecko) Mobile Safari/537.36 (compatible; PetalBot;+https://webmaster.petalsearch.com/site/petalbot)" "brainbox.co.in"
51.222.253.4 - - [25/Nov/2022:03:48:19 -0800] "GET /PDFContent/Beetle/CLASS%20III/SCIENCE/SEM%201/?C=M;O=A HTTP/1.1" 200 625 "-" "Mozilla/5.0 (compatible; AhrefsBot/7.0; +http://ahrefs.com/robot/)" "brainbox.co.in"
114.119.131.203 - - [25/Nov/2022:03:49:03 -0800] "GET /PDFContent/03%20CBSE/07%20Class%20XII/Chemistry/SOLUTIONS/Solutions_T11_Abnormal%20molar%20masses.pdf HTTP/1.1" 200 209170 "https://brainbox.co.in/PDFContent/03%20CBSE/07%20Class%20XII/Chemistry/SOLUTIONS/?C=D%3BO%3DA" "Mozilla/5.0 (Linux; Android 7.0;) AppleWebKit/537.36 (KHTML, like Gecko) Mobile Safari/537.36 (compatible; PetalBot;+https://webmaster.petalsearch.com/site/petalbot)" "brainbox.co.in"
18.220.225.186 - - [25/Nov/2022:03:50:58 -0800] "GET /~richard/templates/beez/US/uk/paypal/login.htm HTTP/1.1" 404 73 "-" "Mozilla/5.0 (Macintosh; Intel Mac OS X 10_10_5) AppleWebKit/537.36 (KHTML, like Gecko) Chrome/52.0.2743.116 Safari/537.36" "brainbox.co.in"
51.222.253.5 - - [25/Nov/2022:03:53:33 -0800] "GET /PDFContent/Beetle/CLASS%20III/SCIENCE/SEM%201/?C=S;O=A HTTP/1.1" 200 622 "-" "Mozilla/5.0 (compatible; AhrefsBot/7.0; +http://ahrefs.com/robot/)" "brainbox.co.in"
114.119.156.16 - - [25/Nov/2022:03:54:12 -0800] "GET /PDFContent/04%20ICSE/02%20Class%20VII/Hindi/?C=S%3BO%3DA HTTP/1.1" 200 353 "https://brainbox.co.in/PDFContent/04%20ICSE/02%20Class%20VII/Hindi/" "Mozilla/5.0 (Linux; Android 7.0;) AppleWebKit/537.36 (KHTML, like Gecko) Mobile Safari/537.36 (compatible; PetalBot;+https://webmaster.petalsearch.com/site/petalbot)" "brainbox.co.in"
51.222.253.1 - - [25/Nov/2022:03:58:46 -0800] "GET /PDFContent/03%20CBSE/02%20Class%20VII/Science/TRASPORTATION%20IN%20ANIMALS%20%20AND%20PLANTS/?C=D;O=A HTTP/1.1" 200 456 "-" "Mozilla/5.0 (compatible; AhrefsBot/7.0; +http://ahrefs.com/robot/)" "brainbox.co.in"
114.119.136.99 - - [25/Nov/2022:03:59:22 -0800] "GET /PDFContent/04%20ICSE/05%20Class%20X/Hindi/?C=D%3BO%3DA HTTP/1.1" 200 351 "https://brainbox.co.in/PDFContent/04%20ICSE/05%20Class%20X/Hindi/?C=S%3BO%3DA" "Mozilla/5.0 (Linux; Android 7.0;) AppleWebKit/537.36 (KHTML, like Gecko) Mobile Safari/537.36 (compatible; PetalBot;+https://webmaster.petalsearch.com/site/petalbot)" "brainbox.co.in"
51.222.253.3 - - [25/Nov/2022:04:03:52 -0800] "GET /PDFContent/03%20CBSE/06%20Class%20XI/Telugu/?C=M;O=A HTTP/1.1" 200 355 "-" "Mozilla/5.0 (compatible; AhrefsBot/7.0; +http://ahrefs.com/robot/)" "brainbox.co.in"
114.119.130.152 - - [25/Nov/2022:04:04:30 -0800] "GET /PDFContent/03%20CBSE/05%20Class%20X/Biology/How%20to%20do%20organsims%20reproduce/CBSE_X_BIOLOGY_HOW%20TO%20DO%20ORGANISMS%20REPRODUCE_Female%20Reproductive%20system HTTP/1.1" 200 316823 "https://brainboxschool.com/material/CBSE/X/Biology/HOW_DO_ORGANISMS_REPRODUCE.html" "Mozilla/5.0 (Linux; Android 7.0;) AppleWebKit/537.36 (KHTML, like Gecko) Mobile Safari/537.36 (compatible; PetalBot;+https://webmaster.petalsearch.com/site/petalbot)" "brainbox.co.in"
51.222.253.3 - - [25/Nov/2022:04:09:08 -0800] "GET /PDFContent/03%20CBSE/06%20Class%20XI/Telugu/?C=S;O=A HTTP/1.1" 200 355 "-" "Mozilla/5.0 (compatible; AhrefsBot/7.0; +http://ahrefs.com/robot/)" "brainbox.co.in"
114.119.129.184 - - [25/Nov/2022:04:09:39 -0800] "GET /PDFContent/01%20TSB/03%20Class%20VIII/English/LS2C/TSB_VIII_ENGLISH_LS02C_REACHING%20THE%20UNREACHED_INTRODUCTION.pdf HTTP/1.1" 200 344419 "https://brainbox.co.in/PDFContent/01%20TSB/03%20Class%20VIII/English/LS2C/?C=D%3BO%3DA" "Mozilla/5.0 (Linux; Android 7.0;) AppleWebKit/537.36 (KHTML, like Gecko) Mobile Safari/537.36 (compatible; PetalBot;+https://webmaster.petalsearch.com/site/petalbot)" "brainbox.co.in"
51.222.253.19 - - [25/Nov/2022:04:14:16 -0800] "GET /PDFContent/03%20CBSE/06%20Class%20XI/English/?C=D;O=A HTTP/1.1" 200 354 "-" "Mozilla/5.0 (compatible; AhrefsBot/7.0; +http://ahrefs.com/robot/)" "brainbox.co.in"
114.119.131.203 - - [25/Nov/2022:04:14:54 -0800] "GET /PDFContent/03%20CBSE/03%20Class%20VIII/Maths/INTRODUCTION%20TO%20GRAPHS/?C=D%3BO%3DA HTTP/1.1" 200 660 "https://brainbox.co.in/PDFContent/03%20CBSE/03%20Class%20VIII/Maths/INTRODUCTION%20TO%20GRAPHS/?C=S%3BO%3DA" "Mozilla/5.0 (Linux; Android 7.0;) AppleWebKit/537.36 (KHTML, like Gecko) Mobile Safari/537.36 (compatible; PetalBot;+https://webmaster.petalsearch.com/site/petalbot)" "brainbox.co.in"
51.222.253.14 - - [25/Nov/2022:04:19:17 -0800] "GET /PDFContent/03%20CBSE/06%20Class%20XI/English/?C=M;O=A HTTP/1.1" 200 354 "-" "Mozilla/5.0 (compatible; AhrefsBot/7.0; +http://ahrefs.com/robot/)" "brainbox.co.in"
114.119.156.16 - - [25/Nov/2022:04:19:57 -0800] "GET /PDFContent/03%20CBSE/04%20Class%20IX/Biology/CBSE_lX_BIOLOGY_LS07_DIVERSTY%20IN%20LIVING%20ORGANISMS_ANIMALIA_P1.pdf HTTP/1.1" 200 653862 "https://brainbox.co.in/PDFContent/03%20CBSE/04%20Class%20IX/Biology/?C=D%3BO%3DA" "Mozilla/5.0 (Linux; Android 7.0;) AppleWebKit/537.36 (KHTML, like Gecko) Mobile Safari/537.36 (compatible; PetalBot;+https://webmaster.petalsearch.com/site/petalbot)" "brainbox.co.in"
51.222.253.12 - - [25/Nov/2022:04:23:06 -0800] "GET /PDFContent/01%20TSB/04%20Class%20IX/Biology/Challenging%20in%20Improving%20Agricultural/?C=N;O=D HTTP/1.1" 200 733 "-" "Mozilla/5.0 (compatible; AhrefsBot/7.0; +http://ahrefs.com/robot/)" "brainbox.co.in"
114.119.136.99 - - [25/Nov/2022:04:25:05 -0800] "GET /PDFContent/01%20TSB/04%20Class%20IX/Biology/Challenging%20in%20Improving%20Agricultural/?C=D%3BO%3DA HTTP/1.1" 200 731 "https://brainbox.co.in/PDFContent/01%20TSB/04%20Class%20IX/Biology/Challenging%20in%20Improving%20Agricultural/?C=S%3BO%3DA" "Mozilla/5.0 (Linux; Android 7.0;) AppleWebKit/537.36 (KHTML, like Gecko) Mobile Safari/537.36 (compatible; PetalBot;+https://webmaster.petalsearch.com/site/petalbot)" "brainbox.co.in"
51.222.253.1 - - [25/Nov/2022:04:26:45 -0800] "GET /PDFContent/03%20CBSE/03%20Class%20VIII/Physics/SOME%20NATURAL%20PHENOMENA/?C=S;O=A HTTP/1.1" 200 545 "-" "Mozilla/5.0 (compatible; AhrefsBot/7.0; +http://ahrefs.com/robot/)" "brainbox.co.in"
114.119.136.99 - - [25/Nov/2022:04:30:14 -0800] "GET /PDFContent/04%20ICSE/04%20Class%20IX/?C=N%3BO%3DD HTTP/1.1" 200 462 "https://brainbox.co.in/PDFContent/04%20ICSE/04%20Class%20IX/?C=D%3BO%3DA" "Mozilla/5.0 (Linux; Android 7.0;) AppleWebKit/537.36 (KHTML, like Gecko) Mobile Safari/537.36 (compatible; PetalBot;+https://webmaster.petalsearch.com/site/petalbot)" "brainbox.co.in"
51.222.253.4 - - [25/Nov/2022:04:30:43 -0800] "GET /PDFContent/03%20CBSE/03%20Class%20VIII/Physics/?C=M;O=A HTTP/1.1" 200 905 "-" "Mozilla/5.0 (compatible; AhrefsBot/7.0; +http://ahrefs.com/robot/)" "brainbox.co.in"
51.222.253.1 - - [25/Nov/2022:04:34:44 -0800] "GET /PDFContent/04%20ICSE/05%20Class%20X/Maths/?C=D;O=A HTTP/1.1" 200 351 "-" "Mozilla/5.0 (compatible; AhrefsBot/7.0; +http://ahrefs.com/robot/)" "brainbox.co.in"
114.119.130.152 - - [25/Nov/2022:04:35:23 -0800] "GET /PDFContent/03%20CBSE/03%20Class%20VIII/Chemistry/Combustion%20and%20Flames/?C=M%3BO%3DA HTTP/1.1" 200 612 "https://brainbox.co.in/PDFContent/03%20CBSE/03%20Class%20VIII/Chemistry/Combustion%20and%20Flames/?C=N%3BO%3DD" "Mozilla/5.0 (Linux; Android 7.0;) AppleWebKit/537.36 (KHTML, like Gecko) Mobile Safari/537.36 (compatible; PetalBot;+https://webmaster.petalsearch.com/site/petalbot)" "brainbox.co.in"
51.222.253.11 - - [25/Nov/2022:04:38:34 -0800] "GET /PDFContent/04%20ICSE/05%20Class%20X/Maths/?C=M;O=A HTTP/1.1" 200 351 "-" "Mozilla/5.0 (compatible; AhrefsBot/7.0; +http://ahrefs.com/robot/)" "brainbox.co.in"
114.119.156.16 - - [25/Nov/2022:04:40:33 -0800] "GET /PDFContent/01%20TSB/03%20Class%20VIII/English/LS3B/ HTTP/1.1" 200 542 "https://brainbox.co.in/PDFContent/01%20TSB/03%20Class%20VIII/English/" "Mozilla/5.0 (Linux; Android 7.0;) AppleWebKit/537.36 (KHTML, like Gecko) Mobile Safari/537.36 (compatible; PetalBot;+https://webmaster.petalsearch.com/site/petalbot)" "brainbox.co.in"
51.222.253.15 - - [25/Nov/2022:04:42:54 -0800] "GET /PDFContent/04%20ICSE/05%20Class%20X/Hindi/?C=D;O=A HTTP/1.1" 200 351 "-" "Mozilla/5.0 (compatible; AhrefsBot/7.0; +http://ahrefs.com/robot/)" "brainbox.co.in"
77.88.9.131 - - [25/Nov/2022:04:43:16 -0800] "GET /robots.txt HTTP/1.1" 404 73 "-" "Mozilla/5.0 (compatible; YandexBot/3.0; +http://yandex.com/bots)" "brainbox.co.in"
77.88.9.130 - - [25/Nov/2022:04:43:20 -0800] "GET /PDFContent/02%20APSB/06%20Class%20XI/ HTTP/1.1" 200 463 "-" "Mozilla/5.0 (compatible; YandexBot/3.0; +http://yandex.com/bots)" "brainbox.co.in"
114.119.130.29 - - [25/Nov/2022:04:45:43 -0800] "GET /PDFContent/English/CLASS%20-%201%20WORKSHEETS/Lesson-3%20The%20Enormous%20Turnip.pdf HTTP/1.1" 200 35318 "https://brainbox.co.in/PDFContent/English/CLASS%20-%201%20WORKSHEETS/" "Mozilla/5.0 (Linux; Android 7.0;) AppleWebKit/537.36 (KHTML, like Gecko) Mobile Safari/537.36 (compatible; PetalBot;+https://webmaster.petalsearch.com/site/petalbot)" "brainbox.co.in"
51.222.253.14 - - [25/Nov/2022:04:46:39 -0800] "GET /PDFContent/03%20CBSE/06%20Class%20XI/Sanskrit/?C=M;O=A HTTP/1.1" 200 355 "-" "Mozilla/5.0 (compatible; AhrefsBot/7.0; +http://ahrefs.com/robot/)" "brainbox.co.in"
51.222.253.10 - - [25/Nov/2022:04:50:07 -0800] "GET /PDFContent/03%20CBSE/06%20Class%20XI/Sanskrit/?C=S;O=A HTTP/1.1" 200 355 "-" "Mozilla/5.0 (compatible; AhrefsBot/7.0; +http://ahrefs.com/robot/)" "brainbox.co.in"
114.119.136.99 - - [25/Nov/2022:04:50:55 -0800] "GET /PDFContent/02%20APSB/06%20Class%20XI/Telugu/?C=D%3BO%3DA HTTP/1.1" 200 355 "https://brainbox.co.in/PDFContent/02%20APSB/06%20Class%20XI/Telugu/?C=S%3BO%3DA" "Mozilla/5.0 (Linux; Android 7.0;) AppleWebKit/537.36 (KHTML, like Gecko) Mobile Safari/537.36 (compatible; PetalBot;+https://webmaster.petalsearch.com/site/petalbot)" "brainbox.co.in"
51.222.253.11 - - [25/Nov/2022:04:52:52 -0800] "GET /PDFContent/03%20CBSE/06%20Class%20XI/English/?C=S;O=A HTTP/1.1" 200 354 "-" "Mozilla/5.0 (compatible; AhrefsBot/7.0; +http://ahrefs.com/robot/)" "brainbox.co.in"
51.222.253.3 - - [25/Nov/2022:04:55:37 -0800] "GET /PDFContent/03%20CBSE/06%20Class%20XI/Telugu/?C=D;O=A HTTP/1.1" 200 355 "-" "Mozilla/5.0 (compatible; AhrefsBot/7.0; +http://ahrefs.com/robot/)" "brainbox.co.in"
54.177.160.230 - - [25/Nov/2022:04:55:55 -0800] "GET /~richard/templates/beez/US/uk/paypal/login.htm HTTP/1.1" 404 73 "-" "Mozilla/5.0 (Macintosh; Intel Mac OS X 10_10_5) AppleWebKit/537.36 (KHTML, like Gecko) Chrome/52.0.2743.116 Safari/537.36" "brainbox.co.in"
114.119.156.16 - - [25/Nov/2022:04:56:04 -0800] "GET /PDFContent/01%20TSB/02%20Class%20VII/Science/HEAT%20-%20MEASUREMENT/HEAT%20-%20MEASUREMENT_Glossary.pdf HTTP/1.1" 200 228962 "https://brainbox.co.in/PDFContent/01%20TSB/02%20Class%20VII/Science/HEAT%20-%20MEASUREMENT/?C=M%3BO%3DA" "Mozilla/5.0 (Linux; Android 7.0;) AppleWebKit/537.36 (KHTML, like Gecko) Mobile Safari/537.36 (compatible; PetalBot;+https://webmaster.petalsearch.com/site/petalbot)" "brainbox.co.in"
114.119.139.251 - - [25/Nov/2022:04:56:04 -0800] "GET /robots.txt HTTP/1.1" 404 88 "-" "Mozilla/5.0 (compatible;PetalBot;+https://webmaster.petalsearch.com/site/petalbot)" "brainbox.co.in"
51.222.253.8 - - [25/Nov/2022:04:58:27 -0800] "GET /PDFContent/01%20TSB/05%20Class%20X/English/THE%20STOREYED%20HOUSE%20P1/?C=D;O=A HTTP/1.1" 200 548 "-" "Mozilla/5.0 (compatible; AhrefsBot/7.0; +http://ahrefs.com/robot/)" "brainbox.co.in"
51.222.253.9 - - [25/Nov/2022:05:01:00 -0800] "GET /PDFContent/04%20ICSE/05%20Class%20X/Hindi/?C=M;O=A HTTP/1.1" 200 352 "-" "Mozilla/5.0 (compatible; AhrefsBot/7.0; +http://ahrefs.com/robot/)" "brainbox.co.in"
114.119.131.203 - - [25/Nov/2022:05:01:14 -0800] "GET /PDFContent/03%20CBSE/06%20Class%20XI/Chemistry/GENERAL%20ORGANIC%20CHEMISTRY/?C=S%3BO%3DA HTTP/1.1" 200 772 "https://brainbox.co.in/PDFContent/03%20CBSE/06%20Class%20XI/Chemistry/GENERAL%20ORGANIC%20CHEMISTRY/" "Mozilla/5.0 (Linux; Android 7.0;) AppleWebKit/537.36 (KHTML, like Gecko) Mobile Safari/537.36 (compatible; PetalBot;+https://webmaster.petalsearch.com/site/petalbot)" "brainbox.co.in"
51.222.253.15 - - [25/Nov/2022:05:03:36 -0800] "GET /PDFContent/01%20TSB/05%20Class%20X/English/THE%20STOREYED%20HOUSE%20P1/?C=M;O=A HTTP/1.1" 200 548 "-" "Mozilla/5.0 (compatible; AhrefsBot/7.0; +http://ahrefs.com/robot/)" "brainbox.co.in"
51.222.253.2 - - [25/Nov/2022:05:06:13 -0800] "GET /PDFContent/01%20TSB/05%20Class%20X/English/THE%20STOREYED%20HOUSE%20P1/?C=S;O=A HTTP/1.1" 200 550 "-" "Mozilla/5.0 (compatible; AhrefsBot/7.0; +http://ahrefs.com/robot/)" "brainbox.co.in"
51.222.253.1 - - [25/Nov/2022:05:08:38 -0800] "GET /PDFContent/04%20ICSE/05%20Class%20X/Maths/?C=S;O=A HTTP/1.1" 200 351 "-" "Mozilla/5.0 (compatible; AhrefsBot/7.0; +http://ahrefs.com/robot/)" "brainbox.co.in"
51.222.253.4 - - [25/Nov/2022:05:11:17 -0800] "GET /PDFContent/04%20ICSE/06%20Class%20XI/Hindi/?C=D;O=A HTTP/1.1" 200 352 "-" "Mozilla/5.0 (compatible; AhrefsBot/7.0; +http://ahrefs.com/robot/)" "brainbox.co.in"
51.222.253.7 - - [25/Nov/2022:05:13:49 -0800] "GET /PDFContent/04%20ICSE/06%20Class%20XI/Maths/?C=D;O=A HTTP/1.1" 200 353 "-" "Mozilla/5.0 (compatible; AhrefsBot/7.0; +http://ahrefs.com/robot/)" "brainbox.co.in"
51.222.253.3 - - [25/Nov/2022:05:16:24 -0800] "GET /PDFContent/03%20CBSE/03%20Class%20VIII/Physics/SOME%20NATURAL%20PHENOMENA/?C=D;O=A HTTP/1.1" 200 547 "-" "Mozilla/5.0 (compatible; AhrefsBot/7.0; +http://ahrefs.com/robot/)" "brainbox.co.in"
114.119.156.16 - - [25/Nov/2022:05:17:09 -0800] "GET /PDFContent/03%20CBSE/05%20Class%20X/Hindi/CBSE_X_HINDI_LS02_BALGOBIN%20BHAGAT_CUE%20WORDS%202.pdf HTTP/1.1" 200 451787 "https://brainbox.co.in/PDFContent/03%20CBSE/05%20Class%20X/Hindi/?C=S%3BO%3DA" "Mozilla/5.0 (Linux; Android 7.0;) AppleWebKit/537.36 (KHTML, like Gecko) Mobile Safari/537.36 (compatible; PetalBot;+https://webmaster.petalsearch.com/site/petalbot)" "brainbox.co.in"
51.222.253.6 - - [25/Nov/2022:05:18:48 -0800] "GET /PDFContent/Beetle/CLASS%20V/?C=M;O=D HTTP/1.1" 200 431 "-" "Mozilla/5.0 (compatible; AhrefsBot/7.0; +http://ahrefs.com/robot/)" "brainbox.co.in"
51.222.253.6 - - [25/Nov/2022:05:21:18 -0800] "GET /PDFContent/03%20CBSE/06%20Class%20XI/Sanskrit/?C=D;O=A HTTP/1.1" 200 355 "-" "Mozilla/5.0 (compatible; AhrefsBot/7.0; +http://ahrefs.com/robot/)" "brainbox.co.in"
114.119.130.29 - - [25/Nov/2022:05:22:31 -0800] "GET /PDFContent/03%20CBSE/07%20Class%20XII/Maths/CBSE_XII_MATHS_LS12_LINEAR%20PROGRAMMING_LPPA.pdf HTTP/1.1" 200 583410 "https://brainbox.co.in/PDFContent/03%20CBSE/07%20Class%20XII/Maths/?C=M%3BO%3DA" "Mozilla/5.0 (Linux; Android 7.0;) AppleWebKit/537.36 (KHTML, like Gecko) Mobile Safari/537.36 (compatible; PetalBot;+https://webmaster.petalsearch.com/site/petalbot)" "brainbox.co.in"
51.222.253.6 - - [25/Nov/2022:05:23:41 -0800] "GET /PDFContent/04%20ICSE/05%20Class%20X/Chemistry/?C=S;O=A HTTP/1.1" 200 354 "-" "Mozilla/5.0 (compatible; AhrefsBot/7.0; +http://ahrefs.com/robot/)" "brainbox.co.in"
51.222.253.9 - - [25/Nov/2022:05:25:47 -0800] "GET /PDFContent/01%20TSB/07%20Class%20XII/Physics/?C=M;O=D HTTP/1.1" 200 353 "-" "Mozilla/5.0 (compatible; AhrefsBot/7.0; +http://ahrefs.com/robot/)" "brainbox.co.in"
114.119.131.203 - - [25/Nov/2022:05:27:45 -0800] "GET /PDFContent/01%20TSB/01%20Class%20VI/Telugu/VARSHAM/?C=M%3BO%3DA HTTP/1.1" 200 464 "https://brainbox.co.in/PDFContent/01%20TSB/01%20Class%20VI/Telugu/VARSHAM/?C=D%3BO%3DA" "Mozilla/5.0 (Linux; Android 7.0;) AppleWebKit/537.36 (KHTML, like Gecko) Mobile Safari/537.36 (compatible; PetalBot;+https://webmaster.petalsearch.com/site/petalbot)" "brainbox.co.in"
51.222.253.6 - - [25/Nov/2022:05:28:13 -0800] "GET /PDFContent/04%20ICSE/05%20Class%20X/Chemistry/?C=D;O=A HTTP/1.1" 200 354 "-" "Mozilla/5.0 (compatible; AhrefsBot/7.0; +http://ahrefs.com/robot/)" "brainbox.co.in"
51.222.253.9 - - [25/Nov/2022:05:32:53 -0800] "GET /PDFContent/02%20APSB/07%20Class%20XII/English/?C=S;O=D HTTP/1.1" 200 353 "-" "Mozilla/5.0 (compatible; AhrefsBot/7.0; +http://ahrefs.com/robot/)" "brainbox.co.in"
114.119.144.29 - - [25/Nov/2022:05:32:59 -0800] "GET /PDFContent/01%20TSB/01%20Class%20VI/Physics/?C=N%3BO%3DD HTTP/1.1" 200 351 "https://brainbox.co.in/PDFContent/01%20TSB/01%20Class%20VI/Physics/?C=M%3BO%3DA" "Mozilla/5.0 (Linux; Android 7.0;) AppleWebKit/537.36 (KHTML, like Gecko) Mobile Safari/537.36 (compatible; PetalBot;+https://webmaster.petalsearch.com/site/petalbot)" "brainbox.co.in"
51.222.253.14 - - [25/Nov/2022:05:36:38 -0800] "GET /PDFContent/03%20CBSE/03%20Class%20VIII/Physics/SOME%20NATURAL%20PHENOMENA/?C=M;O=A HTTP/1.1" 200 546 "-" "Mozilla/5.0 (compatible; AhrefsBot/7.0; +http://ahrefs.com/robot/)" "brainbox.co.in"
114.119.156.16 - - [25/Nov/2022:05:38:13 -0800] "GET /PDFContent/03%20CBSE/04%20Class%20IX/Biology/CBSE_lX_BIOLOGY_LS07_DIVERSTY%20IN%20LIVING%20ORGANISMS_KINGDOM%20MONERA.pdf HTTP/1.1" 200 382506 "https://brainbox.co.in/PDFContent/03%20CBSE/04%20Class%20IX/Biology/?C=D%3BO%3DA" "Mozilla/5.0 (Linux; Android 7.0;) AppleWebKit/537.36 (KHTML, like Gecko) Mobile Safari/537.36 (compatible; PetalBot;+https://webmaster.petalsearch.com/site/petalbot)" "brainbox.co.in"
51.222.253.1 - - [25/Nov/2022:05:40:01 -0800] "GET /PDFContent/04%20ICSE/05%20Class%20X/Chemistry/?C=M;O=A HTTP/1.1" 200 354 "-" "Mozilla/5.0 (compatible; AhrefsBot/7.0; +http://ahrefs.com/robot/)" "brainbox.co.in"
51.222.253.3 - - [25/Nov/2022:05:41:12 -0800] "GET /PDFContent/SPECIAL%20CROUSE/Part%201%20Grammar%20Essentials/STD_III/ HTTP/1.1" 200 671 "-" "Mozilla/5.0 (compatible; AhrefsBot/7.0; +http://ahrefs.com/robot/)" "brainbox.co.in"
51.222.253.18 - - [25/Nov/2022:05:42:28 -0800] "GET /PDFContent/SPECIAL%20CROUSE/Part%204%20MECHANICS%20OF%20WRITING/ HTTP/1.1" 200 570 "-" "Mozilla/5.0 (compatible; AhrefsBot/7.0; +http://ahrefs.com/robot/)" "brainbox.co.in"
51.222.253.12 - - [25/Nov/2022:05:42:49 -0800] "GET /PDFContent/Beetle/CLASS%20III/MATHEMATICS/SEM%201/ HTTP/1.1" 200 620 "-" "Mozilla/5.0 (compatible; AhrefsBot/7.0; +http://ahrefs.com/robot/)" "brainbox.co.in"
51.222.253.14 - - [25/Nov/2022:05:43:19 -0800] "GET /PDFContent/01%20TSB/07%20Class%20XII/English/?C=D;O=D HTTP/1.1" 200 353 "-" "Mozilla/5.0 (compatible; AhrefsBot/7.0; +http://ahrefs.com/robot/)" "brainbox.co.in"
114.119.129.184 - - [25/Nov/2022:05:43:26 -0800] "GET /PDFContent/01%20TSB/03%20Class%20VIII/English/LS2B/New/TSB_VIII_ENGLISH_LS02B_THE%20CRY%20OF%20CHILDREN_GLOSSARY.pdf HTTP/1.1" 200 453615 "https://brainbox.co.in/PDFContent/01%20TSB/03%20Class%20VIII/English/LS2B/New/?C=D%3BO%3DA" "Mozilla/5.0 (Linux; Android 7.0;) AppleWebKit/537.36 (KHTML, like Gecko) Mobile Safari/537.36 (compatible; PetalBot;+https://webmaster.petalsearch.com/site/petalbot)" "brainbox.co.in"
51.222.253.14 - - [25/Nov/2022:05:43:38 -0800] "GET /PDFContent/01%20TSB/01%20Class%20VI/Maths/01%20KNOWING%20OUR%20NUMBERS/?C=M;O=A HTTP/1.1" 200 598 "-" "Mozilla/5.0 (compatible; AhrefsBot/7.0; +http://ahrefs.com/robot/)" "brainbox.co.in"
51.222.253.6 - - [25/Nov/2022:05:44:39 -0800] "GET /PDFContent/01%20TSB/01%20Class%20VI/Maths/01%20KNOWING%20OUR%20NUMBERS/?C=S;O=A HTTP/1.1" 200 599 "-" "Mozilla/5.0 (compatible; AhrefsBot/7.0; +http://ahrefs.com/robot/)" "brainbox.co.in"
51.222.253.12 - - [25/Nov/2022:05:45:33 -0800] "GET /PDFContent/01%20TSB/07%20Class%20XII/?C=D;O=D HTTP/1.1" 200 477 "-" "Mozilla/5.0 (compatible; AhrefsBot/7.0; +http://ahrefs.com/robot/)" "brainbox.co.in"
51.222.253.14 - - [25/Nov/2022:05:46:10 -0800] "GET /PDFContent/Beetle/CLASS%20V/SOCIAL/SEM%201/ HTTP/1.1" 200 776 "-" "Mozilla/5.0 (compatible; AhrefsBot/7.0; +http://ahrefs.com/robot/)" "brainbox.co.in"
51.222.253.19 - - [25/Nov/2022:05:47:06 -0800] "GET /PDFContent/Beetle/CLASS%20V/MATHEMATICS/SEM%201/?C=D;O=A HTTP/1.1" 200 542 "-" "Mozilla/5.0 (compatible; AhrefsBot/7.0; +http://ahrefs.com/robot/)" "brainbox.co.in"
114.119.130.29 - - [25/Nov/2022:05:48:40 -0800] "GET /PDFContent/01%20TSB/03%20Class%20VIII/English/LS7B/TSB_VIII_ENGLISH_LS07B_BONSAI%20LIFE_P2_Glossary.pdf HTTP/1.1" 200 398144 "https://brainbox.co.in/PDFContent/01%20TSB/03%20Class%20VIII/English/LS7B/?C=M%3BO%3DA" "Mozilla/5.0 (Linux; Android 7.0;) AppleWebKit/537.36 (KHTML, like Gecko) Mobile Safari/537.36 (compatible; PetalBot;+https://webmaster.petalsearch.com/site/petalbot)" "brainbox.co.in"
114.119.136.99 - - [25/Nov/2022:05:53:50 -0800] "GET /PDFContent/03%20CBSE/06%20Class%20XI/Biology/MINERAL%20NUTRITION/?C=M%3BO%3DA HTTP/1.1" 200 728 "https://brainbox.co.in/PDFContent/03%20CBSE/06%20Class%20XI/Biology/MINERAL%20NUTRITION/?C=D%3BO%3DA" "Mozilla/5.0 (Linux; Android 7.0;) AppleWebKit/537.36 (KHTML, like Gecko) Mobile Safari/537.36 (compatible; PetalBot;+https://webmaster.petalsearch.com/site/petalbot)" "brainbox.co.in"
51.222.253.3 - - [25/Nov/2022:05:56:39 -0800] "GET /PDFContent/03%20CBSE/02%20Class%20VII/Science/TRASPORTATION%20IN%20ANIMALS%20%20AND%20PLANTS/?C=M;O=A HTTP/1.1" 200 457 "-" "Mozilla/5.0 (compatible; AhrefsBot/7.0; +http://ahrefs.com/robot/)" "brainbox.co.in"
77.88.9.139 - - [25/Nov/2022:05:59:02 -0800] "GET /PDFContent/01%20TSB/05%20Class%20X/English/OR%20WILL%20THE%20DREAMER%20WAKE/TSB_X_ENGLISH_LS06B_OR%20WILL%20THE%20DREAMER%20WAKE_INTRODUCTION.pdf HTTP/1.1" 200 233260 "-" "Mozilla/5.0 (compatible; YandexBot/3.0; +http://yandex.com/bots)" "brainbox.co.in"
114.119.156.16 - - [25/Nov/2022:05:59:04 -0800] "GET /PDFContent/01%20TSB/03%20Class%20VIII/English/LS2A/?C=D%3BO%3DA HTTP/1.1" 200 606 "https://brainbox.co.in/PDFContent/01%20TSB/03%20Class%20VIII/English/LS2A/?C=S%3BO%3DA" "Mozilla/5.0 (Linux; Android 7.0;) AppleWebKit/537.36 (KHTML, like Gecko) Mobile Safari/537.36 (compatible; PetalBot;+https://webmaster.petalsearch.com/site/petalbot)" "brainbox.co.in"
114.119.130.29 - - [25/Nov/2022:06:04:18 -0800] "GET /PDFContent/Beetle/CLASS%20IV/ENGLISH/Lesson%204%20-%20The%20story%20of%20Chocolate.pdf HTTP/1.1" 200 67903 "https://brainbox.co.in/PDFContent/Beetle/CLASS%20IV/ENGLISH/?C=M%3BO%3DA" "Mozilla/5.0 (Linux; Android 7.0;) AppleWebKit/537.36 (KHTML, like Gecko) Mobile Safari/537.36 (compatible; PetalBot;+https://webmaster.petalsearch.com/site/petalbot)" "brainbox.co.in"
114.119.144.29 - - [25/Nov/2022:06:09:32 -0800] "GET /PDFContent/03%20CBSE/04%20Class%20IX/Biology/WHY%20DO%20WE%20FALL%20ILL/ HTTP/1.1" 200 524 "https://brainbox.co.in/PDFContent/03%20CBSE/04%20Class%20IX/Biology/?C=M%3BO%3DA" "Mozilla/5.0 (Linux; Android 7.0;) AppleWebKit/537.36 (KHTML, like Gecko) Mobile Safari/537.36 (compatible; PetalBot;+https://webmaster.petalsearch.com/site/petalbot)" "brainbox.co.in"
114.119.130.29 - - [25/Nov/2022:06:14:41 -0800] "GET /PDFContent/01%20TSB/03%20Class%20VIII/English/LS5A/TSB_VIII_ENGLISH_LS05A_THE%20TREASURE%20WITHIN%20_P1_Glossary.pdf HTTP/1.1" 200 342826 "https://brainbox.co.in/PDFContent/01%20TSB/03%20Class%20VIII/English/LS5A/" "Mozilla/5.0 (Linux; Android 7.0;) AppleWebKit/537.36 (KHTML, like Gecko) Mobile Safari/537.36 (compatible; PetalBot;+https://webmaster.petalsearch.com/site/petalbot)" "brainbox.co.in"
114.119.129.184 - - [25/Nov/2022:06:19:54 -0800] "GET /PDFContent/01%20TSB/02%20Class%20VII/English/01LS4C/ HTTP/1.1" 200 480 "https://brainbox.co.in/PDFContent/01%20TSB/02%20Class%20VII/English/?C=D%3BO%3DA" "Mozilla/5.0 (Linux; Android 7.0;) AppleWebKit/537.36 (KHTML, like Gecko) Mobile Safari/537.36 (compatible; PetalBot;+https://webmaster.petalsearch.com/site/petalbot)" "brainbox.co.in"
51.222.253.19 - - [25/Nov/2022:06:20:49 -0800] "GET /PDFContent/01%20TSB/02%20Class%20VII/Science/ANIMAL%20FIBRE/?C=D;O=A HTTP/1.1" 200 522 "-" "Mozilla/5.0 (compatible; AhrefsBot/7.0; +http://ahrefs.com/robot/)" "brainbox.co.in"
114.119.136.99 - - [25/Nov/2022:06:25:08 -0800] "GET /PDFContent/Beetle/CLASS%20IV/SOCAIL%20SEM%202/LESSON%2011.%20OUR%20HEROES.pdf HTTP/1.1" 200 135549 "https://brainbox.co.in/PDFContent/Beetle/CLASS%20IV/SOCAIL%20SEM%202/" "Mozilla/5.0 (Linux; Android 7.0;) AppleWebKit/537.36 (KHTML, like Gecko) Mobile Safari/537.36 (compatible; PetalBot;+https://webmaster.petalsearch.com/site/petalbot)" "brainbox.co.in"
114.119.156.16 - - [25/Nov/2022:06:30:18 -0800] "GET /PDFContent/01%20TSB/06%20Class%20XI/Physics/ HTTP/1.1" 200 354 "https://brainbox.co.in/PDFContent/01%20TSB/06%20Class%20XI/?C=S%3BO%3DA" "Mozilla/5.0 (Linux; Android 7.0;) AppleWebKit/537.36 (KHTML, like Gecko) Mobile Safari/537.36 (compatible; PetalBot;+https://webmaster.petalsearch.com/site/petalbot)" "brainbox.co.in"
95.216.161.91 - - [25/Nov/2022:06:30:53 -0800] "GET / HTTP/1.1" 200 428 "-" "python-requests/2.25.1" "brainbox.co.in"
114.119.130.29 - - [25/Nov/2022:06:35:29 -0800] "GET /PDFContent/03%20CBSE/03%20Class%20VIII/Maths/PRACTICAL%20GEOMETRY/Practical%20Geometry_T04_To%20construct%20a%20quadrilateral%20when%20two%20adjacent%20sides%20(SSAAA).pdf HTTP/1.1" 200 327954 "https://brainbox.co.in/PDFContent/03%20CBSE/03%20Class%20VIII/Maths/PRACTICAL%20GEOMETRY/?C=S%3BO%3DA" "Mozilla/5.0 (Linux; Android 7.0;) AppleWebKit/537.36 (KHTML, like Gecko) Mobile Safari/537.36 (compatible; PetalBot;+https://webmaster.petalsearch.com/site/petalbot)" "brainbox.co.in"
114.119.129.184 - - [25/Nov/2022:06:40:40 -0800] "GET /PDFContent/CUBE%20Maths/CLASS%20-%204%20WORKSHEETS/ HTTP/1.1" 200 806 "https://brainbox.co.in/PDFContent/CUBE%20Maths/?C=D%3BO%3DA" "Mozilla/5.0 (Linux; Android 7.0;) AppleWebKit/537.36 (KHTML, like Gecko) Mobile Safari/537.36 (compatible; PetalBot;+https://webmaster.petalsearch.com/site/petalbot)" "brainbox.co.in"
51.222.253.17 - - [25/Nov/2022:06:43:37 -0800] "GET /PDFContent/01%20TSB/02%20Class%20VII/Science/ACIDS%20AND%20BASES/?C=S;O=A HTTP/1.1" 200 517 "-" "Mozilla/5.0 (compatible; AhrefsBot/7.0; +http://ahrefs.com/robot/)" "brainbox.co.in"
77.88.9.139 - - [25/Nov/2022:06:45:35 -0800] "GET /PDFContent/Beetle/CLASS%20V/ENGLISH/ HTTP/1.1" 200 403 "-" "Mozilla/5.0 (compatible; YandexBot/3.0; +http://yandex.com/bots)" "brainbox.co.in"
114.119.131.203 - - [25/Nov/2022:06:45:54 -0800] "GET /PDFContent/03%20CBSE/06%20Class%20XI/Maths/RELATIONS/Relations_T04_Example%20&%20Types%20of%20relations%20P-2%20.pdf HTTP/1.1" 200 211568 "https://brainbox.co.in/PDFContent/03%20CBSE/06%20Class%20XI/Maths/RELATIONS/?C=S%3BO%3DA" "Mozilla/5.0 (Linux; Android 7.0;) AppleWebKit/537.36 (KHTML, like Gecko) Mobile Safari/537.36 (compatible; PetalBot;+https://webmaster.petalsearch.com/site/petalbot)" "brainbox.co.in"
3.129.58.224 - - [25/Nov/2022:06:46:15 -0800] "GET /~richard/templates/beez/US/uk/paypal/login.htm HTTP/1.1" 404 73 "-" "Mozilla/5.0 (Macintosh; Intel Mac OS X 10_10_5) AppleWebKit/537.36 (KHTML, like Gecko) Chrome/52.0.2743.116 Safari/537.36" "brainbox.co.in"
114.119.130.152 - - [25/Nov/2022:06:51:06 -0800] "GET /PDFContent/04%20ICSE/04%20Class%20IX/Sanskrit/ HTTP/1.1" 200 353 "https://brainbox.co.in/PDFContent/04%20ICSE/04%20Class%20IX/?C=D%3BO%3DA" "Mozilla/5.0 (Linux; Android 7.0;) AppleWebKit/537.36 (KHTML, like Gecko) Mobile Safari/537.36 (compatible; PetalBot;+https://webmaster.petalsearch.com/site/petalbot)" "brainbox.co.in"
114.119.136.99 - - [25/Nov/2022:06:56:16 -0800] "GET /PDFContent/01%20TSB/03%20Class%20VIII/Biology/THE%20WORLD%20OF%20MICRO%20ORGANISMS/?C=D%3BO%3DA HTTP/1.1" 200 527 "https://brainbox.co.in/PDFContent/01%20TSB/03%20Class%20VIII/Biology/THE%20WORLD%20OF%20MICRO%20ORGANISMS/" "Mozilla/5.0 (Linux; Android 7.0;) AppleWebKit/537.36 (KHTML, like Gecko) Mobile Safari/537.36 (compatible; PetalBot;+https://webmaster.petalsearch.com/site/petalbot)" "brainbox.co.in"
114.119.130.152 - - [25/Nov/2022:07:01:26 -0800] "GET /PDFContent/02%20APSB/06%20Class%20XI/Chemistry/ HTTP/1.1" 200 356 "https://brainbox.co.in/PDFContent/02%20APSB/06%20Class%20XI/?C=D%3BO%3DA" "Mozilla/5.0 (Linux; Android 7.0;) AppleWebKit/537.36 (KHTML, like Gecko) Mobile Safari/537.36 (compatible; PetalBot;+https://webmaster.petalsearch.com/site/petalbot)" "brainbox.co.in"
51.222.253.16 - - [25/Nov/2022:07:05:38 -0800] "GET /PDFContent/01%20TSB/05%20Class%20X/Biology/NUTRITION/?C=S;O=A HTTP/1.1" 200 517 "-" "Mozilla/5.0 (compatible; AhrefsBot/7.0; +http://ahrefs.com/robot/)" "brainbox.co.in"
114.119.136.99 - - [25/Nov/2022:07:06:37 -0800] "GET /PDFContent/02%20APSB/01%20Class%20VI/Maths/?C=N%3BO%3DD HTTP/1.1" 200 352 "https://brainbox.co.in/PDFContent/02%20APSB/01%20Class%20VI/Maths/?C=D%3BO%3DA" "Mozilla/5.0 (Linux; Android 7.0;) AppleWebKit/537.36 (KHTML, like Gecko) Mobile Safari/537.36 (compatible; PetalBot;+https://webmaster.petalsearch.com/site/petalbot)" "brainbox.co.in"
114.119.148.161 - - [25/Nov/2022:07:11:48 -0800] "GET /PDFContent/03%20CBSE/02%20Class%20VII/Science/HEAT/ HTTP/1.1" 200 535 "https://brainbox.co.in/PDFContent/03%20CBSE/02%20Class%20VII/Science/?C=M%3BO%3DA" "Mozilla/5.0 (Linux; Android 7.0;) AppleWebKit/537.36 (KHTML, like Gecko) Mobile Safari/537.36 (compatible; PetalBot;+https://webmaster.petalsearch.com/site/petalbot)" "brainbox.co.in"
114.119.136.99 - - [25/Nov/2022:07:17:01 -0800] "GET /PDFContent/04%20ICSE/01%20Class%20VI/Hindi/?C=M%3BO%3DA HTTP/1.1" 200 352 "https://brainbox.co.in/PDFContent/04%20ICSE/01%20Class%20VI/Hindi/?C=D%3BO%3DA" "Mozilla/5.0 (Linux; Android 7.0;) AppleWebKit/537.36 (KHTML, like Gecko) Mobile Safari/537.36 (compatible; PetalBot;+https://webmaster.petalsearch.com/site/petalbot)" "brainbox.co.in"
114.119.130.152 - - [25/Nov/2022:07:22:13 -0800] "GET /PDFContent/01%20TSB/05%20Class%20X/Biology/?C=N%3BO%3DD HTTP/1.1" 200 463 "https://brainbox.co.in/PDFContent/01%20TSB/05%20Class%20X/Biology/?C=M%3BO%3DA" "Mozilla/5.0 (Linux; Android 7.0;) AppleWebKit/537.36 (KHTML, like Gecko) Mobile Safari/537.36 (compatible; PetalBot;+https://webmaster.petalsearch.com/site/petalbot)" "brainbox.co.in"
51.222.253.4 - - [25/Nov/2022:07:27:14 -0800] "GET /PDFContent/01%20TSB/05%20Class%20X/Biology/NUTRITION/?C=M;O=A HTTP/1.1" 200 516 "-" "Mozilla/5.0 (compatible; AhrefsBot/7.0; +http://ahrefs.com/robot/)" "brainbox.co.in"
114.119.144.29 - - [25/Nov/2022:07:27:23 -0800] "GET /PDFContent/02%20APSB/01%20Class%20VI/Chemistry/ HTTP/1.1" 200 355 "https://brainbox.co.in/PDFContent/02%20APSB/01%20Class%20VI/" "Mozilla/5.0 (Linux; Android 7.0;) AppleWebKit/537.36 (KHTML, like Gecko) Mobile Safari/537.36 (compatible; PetalBot;+https://webmaster.petalsearch.com/site/petalbot)" "brainbox.co.in"
114.119.144.29 - - [25/Nov/2022:07:32:33 -0800] "GET /PDFContent/04%20ICSE/06%20Class%20XI/English/?C=D%3BO%3DA HTTP/1.1" 200 354 "https://brainbox.co.in/PDFContent/04%20ICSE/06%20Class%20XI/English/?C=N%3BO%3DD" "Mozilla/5.0 (Linux; Android 7.0;) AppleWebKit/537.36 (KHTML, like Gecko) Mobile Safari/537.36 (compatible; PetalBot;+https://webmaster.petalsearch.com/site/petalbot)" "brainbox.co.in"
114.119.130.29 - - [25/Nov/2022:07:37:43 -0800] "GET /PDFContent/Beetle/CLASS%20I/EVS/Lesson%203.%20Food%20we%20eat.pdf HTTP/1.1" 404 88 "https://brainbox.co.in/PDFContent/Beetle/CLASS%20I/EVS/?C=N%3BO%3DD" "Mozilla/5.0 (Linux; Android 7.0;) AppleWebKit/537.36 (KHTML, like Gecko) Mobile Safari/537.36 (compatible; PetalBot;+https://webmaster.petalsearch.com/site/petalbot)" "brainbox.co.in"
51.222.253.18 - - [25/Nov/2022:07:42:51 -0800] "GET /PDFContent/03%20CBSE/03%20Class%20VIII/Physics/?C=S;O=A HTTP/1.1" 200 918 "-" "Mozilla/5.0 (compatible; AhrefsBot/7.0; +http://ahrefs.com/robot/)" "brainbox.co.in"
114.119.131.203 - - [25/Nov/2022:07:42:55 -0800] "GET /PDFContent/Beetle/CLASS%20I/MATHEMATICS/Lesson%203%20-%20Ordinal%20Numbers.pdf HTTP/1.1" 404 88 "https://brainbox.co.in/PDFContent/Beetle/CLASS%20I/MATHEMATICS/" "Mozilla/5.0 (Linux; Android 7.0;) AppleWebKit/537.36 (KHTML, like Gecko) Mobile Safari/537.36 (compatible; PetalBot;+https://webmaster.petalsearch.com/site/petalbot)" "brainbox.co.in"
51.222.253.6 - - [25/Nov/2022:07:45:33 -0800] "GET /PDFContent/01%20TSB/04%20Class%20IX/Biology/ANIMAL%20BEHAVIOUR/?C=M;O=A HTTP/1.1" 200 534 "-" "Mozilla/5.0 (compatible; AhrefsBot/7.0; +http://ahrefs.com/robot/)" "brainbox.co.in"
51.222.253.4 - - [25/Nov/2022:07:47:16 -0800] "GET /PDFContent/Beetle/CLASS%20V/SOCIAL/SEM%201/?C=D;O=A HTTP/1.1" 200 776 "-" "Mozilla/5.0 (compatible; AhrefsBot/7.0; +http://ahrefs.com/robot/)" "brainbox.co.in"
114.119.136.99 - - [25/Nov/2022:07:48:04 -0800] "GET /PDFContent/02%20APSB/03%20Class%20VIII/Physics/?C=M%3BO%3DA HTTP/1.1" 200 355 "https://brainbox.co.in/PDFContent/02%20APSB/03%20Class%20VIII/Physics/?C=S%3BO%3DA" "Mozilla/5.0 (Linux; Android 7.0;) AppleWebKit/537.36 (KHTML, like Gecko) Mobile Safari/537.36 (compatible; PetalBot;+https://webmaster.petalsearch.com/site/petalbot)" "brainbox.co.in"
51.222.253.10 - - [25/Nov/2022:07:48:16 -0800] "GET /PDFContent/Beetle/CLASS%20V/SOCIAL/SEM%201/?C=M;O=A HTTP/1.1" 200 774 "-" "Mozilla/5.0 (compatible; AhrefsBot/7.0; +http://ahrefs.com/robot/)" "brainbox.co.in"
51.222.253.11 - - [25/Nov/2022:07:48:36 -0800] "GET /PDFContent/Beetle/CLASS%20V/SOCIAL/SEM%201/?C=S;O=A HTTP/1.1" 200 775 "-" "Mozilla/5.0 (compatible; AhrefsBot/7.0; +http://ahrefs.com/robot/)" "brainbox.co.in"
51.222.253.13 - - [25/Nov/2022:07:49:06 -0800] "GET /PDFContent/04%20ICSE/06%20Class%20XI/Maths/?C=M;O=A HTTP/1.1" 200 353 "-" "Mozilla/5.0 (compatible; AhrefsBot/7.0; +http://ahrefs.com/robot/)" "brainbox.co.in"
51.222.253.10 - - [25/Nov/2022:07:49:37 -0800] "GET /PDFContent/04%20ICSE/06%20Class%20XI/Maths/?C=S;O=A HTTP/1.1" 200 353 "-" "Mozilla/5.0 (compatible; AhrefsBot/7.0; +http://ahrefs.com/robot/)" "brainbox.co.in"
51.222.253.20 - - [25/Nov/2022:07:50:01 -0800] "GET /PDFContent/01%20TSB/03%20Class%20VIII/?C=M;O=D HTTP/1.1" 200 513 "-" "Mozilla/5.0 (compatible; AhrefsBot/7.0; +http://ahrefs.com/robot/)" "brainbox.co.in"
51.222.253.11 - - [25/Nov/2022:07:50:20 -0800] "GET /PDFContent/02%20APSB/07%20Class%20XII/English/?C=M;O=A HTTP/1.1" 200 355 "-" "Mozilla/5.0 (compatible; AhrefsBot/7.0; +http://ahrefs.com/robot/)" "brainbox.co.in"
51.222.253.1 - - [25/Nov/2022:07:50:36 -0800] "GET /PDFContent/Beetle/CLASS%20V/MATHEMATICS/SEM%202/?C=D;O=A HTTP/1.1" 200 608 "-" "Mozilla/5.0 (compatible; AhrefsBot/7.0; +http://ahrefs.com/robot/)" "brainbox.co.in"
51.222.253.3 - - [25/Nov/2022:07:50:51 -0800] "GET /PDFContent/Beetle/CLASS%20V/MATHEMATICS/SEM%202/?C=M;O=A HTTP/1.1" 200 609 "-" "Mozilla/5.0 (compatible; AhrefsBot/7.0; +http://ahrefs.com/robot/)" "brainbox.co.in"
51.222.253.7 - - [25/Nov/2022:07:51:11 -0800] "GET /PDFContent/Beetle/CLASS%20V/MATHEMATICS/SEM%202/?C=S;O=A HTTP/1.1" 200 612 "-" "Mozilla/5.0 (compatible; AhrefsBot/7.0; +http://ahrefs.com/robot/)" "brainbox.co.in"
51.222.253.4 - - [25/Nov/2022:07:51:26 -0800] "GET /PDFContent/01%20TSB/05%20Class%20X/?C=N;O=D HTTP/1.1" 200 516 "-" "Mozilla/5.0 (compatible; AhrefsBot/7.0; +http://ahrefs.com/robot/)" "brainbox.co.in"
51.222.253.17 - - [25/Nov/2022:07:51:42 -0800] "GET /PDFContent/02%20APSB/07%20Class%20XII/English/?C=D;O=A HTTP/1.1" 200 355 "-" "Mozilla/5.0 (compatible; AhrefsBot/7.0; +http://ahrefs.com/robot/)" "brainbox.co.in"
114.119.129.184 - - [25/Nov/2022:07:53:19 -0800] "GET /PDFContent/01%20TSB/03%20Class%20VIII/English/LS3B/?C=N%3BO%3DD HTTP/1.1" 200 542 "https://brainbox.co.in/PDFContent/01%20TSB/03%20Class%20VIII/English/LS3B/?C=S%3BO%3DA" "Mozilla/5.0 (Linux; Android 7.0;) AppleWebKit/537.36 (KHTML, like Gecko) Mobile Safari/537.36 (compatible; PetalBot;+https://webmaster.petalsearch.com/site/petalbot)" "brainbox.co.in"
77.88.9.140 - - [25/Nov/2022:07:53:32 -0800] "GET /PDFContent/Beetle/CLASS%20IV/SCIENCE%202/Lesson%207.%20A%20Clean%20And%20Green.pdf HTTP/1.1" 200 172401 "-" "Mozilla/5.0 (compatible; YandexBot/3.0; +http://yandex.com/bots)" "brainbox.co.in"
114.119.131.203 - - [25/Nov/2022:07:58:25 -0800] "GET /PDFContent/03%20CBSE/04%20Class%20IX/Biology/CBSE_lX_BIOLOGY_LS07_DIVERSTY%20IN%20LIVING%20ORGANISMS_QUESTION%20&%20ANSWERS.pdf HTTP/1.1" 200 454646 "https://brainbox.co.in/PDFContent/03%20CBSE/04%20Class%20IX/Biology/?C=D%3BO%3DA" "Mozilla/5.0 (Linux; Android 7.0;) AppleWebKit/537.36 (KHTML, like Gecko) Mobile Safari/537.36 (compatible; PetalBot;+https://webmaster.petalsearch.com/site/petalbot)" "brainbox.co.in"
114.119.131.203 - - [25/Nov/2022:08:03:37 -0800] "GET /PDFContent/01%20TSB/03%20Class%20VIII/Hindi/?C=D%3BO%3DA HTTP/1.1" 200 353 "https://brainbox.co.in/PDFContent/01%20TSB/03%20Class%20VIII/Hindi/?C=S%3BO%3DA" "Mozilla/5.0 (Linux; Android 7.0;) AppleWebKit/537.36 (KHTML, like Gecko) Mobile Safari/537.36 (compatible; PetalBot;+https://webmaster.petalsearch.com/site/petalbot)" "brainbox.co.in"
114.119.129.184 - - [25/Nov/2022:08:08:46 -0800] "GET /PDFContent/03%20CBSE/06%20Class%20XI/Maths/RELATIONS/?C=D%3BO%3DA HTTP/1.1" 200 586 "https://brainbox.co.in/PDFContent/03%20CBSE/06%20Class%20XI/Maths/RELATIONS/?C=S%3BO%3DA" "Mozilla/5.0 (Linux; Android 7.0;) AppleWebKit/537.36 (KHTML, like Gecko) Mobile Safari/537.36 (compatible; PetalBot;+https://webmaster.petalsearch.com/site/petalbot)" "brainbox.co.in"
114.119.131.203 - - [25/Nov/2022:08:13:58 -0800] "GET /PDFContent/03%20CBSE/06%20Class%20XI/Physics/MOTION%20IN%20STRAIGHT%20LINE/?C=S%3BO%3DA HTTP/1.1" 200 829 "https://brainbox.co.in/PDFContent/03%20CBSE/06%20Class%20XI/Physics/MOTION%20IN%20STRAIGHT%20LINE/?C=D%3BO%3DA" "Mozilla/5.0 (Linux; Android 7.0;) AppleWebKit/537.36 (KHTML, like Gecko) Mobile Safari/537.36 (compatible; PetalBot;+https://webmaster.petalsearch.com/site/petalbot)" "brainbox.co.in"
51.222.253.4 - - [25/Nov/2022:08:15:09 -0800] "GET /robots.txt HTTP/1.1" 404 88 "-" "Mozilla/5.0 (compatible; AhrefsBot/7.0; +http://ahrefs.com/robot/)" "brainbox.co.in"
51.222.253.12 - - [25/Nov/2022:08:15:10 -0800] "GET / HTTP/1.1" 200 428 "-" "Mozilla/5.0 (compatible; AhrefsBot/7.0; +http://ahrefs.com/robot/)" "brainbox.co.in"
114.119.129.184 - - [25/Nov/2022:08:19:09 -0800] "GET /PDFContent/03%20CBSE/03%20Class%20VIII/Biology/Reproduction%20in%20Animals/A%20sexual%20Production%20-%20P1.pdf HTTP/1.1" 200 353403 "https://brainbox.co.in/PDFContent/03%20CBSE/03%20Class%20VIII/Biology/Reproduction%20in%20Animals/?C=M%3BO%3DA" "Mozilla/5.0 (Linux; Android 7.0;) AppleWebKit/537.36 (KHTML, like Gecko) Mobile Safari/537.36 (compatible; PetalBot;+https://webmaster.petalsearch.com/site/petalbot)" "brainbox.co.in"
51.222.253.16 - - [25/Nov/2022:08:19:10 -0800] "GET /PDFContent/03%20CBSE/03%20Class%20VIII/Physics/Light/ HTTP/1.1" 200 519 "-" "Mozilla/5.0 (compatible; AhrefsBot/7.0; +http://ahrefs.com/robot/)" "brainbox.co.in"
51.222.253.12 - - [25/Nov/2022:08:22:47 -0800] "GET /PDFContent/01%20TSB/01%20Class%20VI/Maths/ HTTP/1.1" 200 414 "-" "Mozilla/5.0 (compatible; AhrefsBot/7.0; +http://ahrefs.com/robot/)" "brainbox.co.in"
114.119.148.161 - - [25/Nov/2022:08:24:20 -0800] "GET /PDFContent/04%20ICSE/03%20Class%20VIII/Hindi/?C=S%3BO%3DA HTTP/1.1" 200 354 "https://brainbox.co.in/PDFContent/04%20ICSE/03%20Class%20VIII/Hindi/?C=M%3BO%3DA" "Mozilla/5.0 (Linux; Android 7.0;) AppleWebKit/537.36 (KHTML, like Gecko) Mobile Safari/537.36 (compatible; PetalBot;+https://webmaster.petalsearch.com/site/petalbot)" "brainbox.co.in"
77.88.9.131 - - [25/Nov/2022:08:24:29 -0800] "GET /robots.txt HTTP/1.1" 404 73 "-" "Mozilla/5.0 (compatible; YandexBot/3.0; +http://yandex.com/bots)" "brainbox.co.in"
77.88.9.138 - - [25/Nov/2022:08:24:33 -0800] "GET /PDFContent/Beetle/CLASS%20IV/ENGLISH/Poem%20-%20God%20made%20them%20all.pdf HTTP/1.1" 200 82188 "-" "Mozilla/5.0 (compatible; YandexBot/3.0; +http://yandex.com/bots)" "brainbox.co.in"
51.222.253.9 - - [25/Nov/2022:08:26:50 -0800] "GET /PDFContent/01%20TSB/04%20Class%20IX/Biology/ANIMAL%20BEHAVIOUR/?C=D;O=A HTTP/1.1" 200 530 "-" "Mozilla/5.0 (compatible; AhrefsBot/7.0; +http://ahrefs.com/robot/)" "brainbox.co.in"
114.119.148.161 - - [25/Nov/2022:08:29:29 -0800] "GET /PDFContent/SPECIAL%20CROUSE/Part%201%20Grammar%20Essentials/STD_IX/UNIT-8.pdf HTTP/1.1" 200 273140 "https://brainbox.co.in/PDFContent/SPECIAL%20CROUSE/Part%201%20Grammar%20Essentials/STD_IX/?C=N%3BO%3DD" "Mozilla/5.0 (Linux; Android 7.0;) AppleWebKit/537.36 (KHTML, like Gecko) Mobile Safari/537.36 (compatible; PetalBot;+https://webmaster.petalsearch.com/site/petalbot)" "brainbox.co.in"
51.222.253.11 - - [25/Nov/2022:08:31:11 -0800] "GET /PDFContent/01%20TSB/01%20Class%20VI/English/?C=M;O=A HTTP/1.1" 200 430 "-" "Mozilla/5.0 (compatible; AhrefsBot/7.0; +http://ahrefs.com/robot/)" "brainbox.co.in"
114.119.131.203 - - [25/Nov/2022:08:34:39 -0800] "GET /PDFContent/Beetle/CLASS%20I/EVS%20class1-sem2/ HTTP/1.1" 200 597 "https://brainbox.co.in/PDFContent/Beetle/CLASS%20I/?C=M%3BO%3DA" "Mozilla/5.0 (Linux; Android 7.0;) AppleWebKit/537.36 (KHTML, like Gecko) Mobile Safari/537.36 (compatible; PetalBot;+https://webmaster.petalsearch.com/site/petalbot)" "brainbox.co.in"
51.222.253.3 - - [25/Nov/2022:08:35:16 -0800] "GET /PDFContent/03%20CBSE/01%20Class%20VI/Chemistry/ HTTP/1.1" 200 407 "-" "Mozilla/5.0 (compatible; AhrefsBot/7.0; +http://ahrefs.com/robot/)" "brainbox.co.in"
51.222.253.4 - - [25/Nov/2022:08:38:58 -0800] "GET /PDFContent/Beetle/CLASS%20III/SCIENCE/SEM%202/?C=D;O=A HTTP/1.1" 200 606 "-" "Mozilla/5.0 (compatible; AhrefsBot/7.0; +http://ahrefs.com/robot/)" "brainbox.co.in"
114.119.129.184 - - [25/Nov/2022:08:39:49 -0800] "GET /PDFContent/02%20APSB/05%20Class%20X/Chemistry/?C=N%3BO%3DD HTTP/1.1" 200 355 "https://brainbox.co.in/PDFContent/02%20APSB/05%20Class%20X/Chemistry/?C=D%3BO%3DA" "Mozilla/5.0 (Linux; Android 7.0;) AppleWebKit/537.36 (KHTML, like Gecko) Mobile Safari/537.36 (compatible; PetalBot;+https://webmaster.petalsearch.com/site/petalbot)" "brainbox.co.in"
51.222.253.3 - - [25/Nov/2022:08:43:08 -0800] "GET /PDFContent/Beetle/CLASS%20III/SCIENCE/SEM%202/?C=M;O=A HTTP/1.1" 200 607 "-" "Mozilla/5.0 (compatible; AhrefsBot/7.0; +http://ahrefs.com/robot/)" "brainbox.co.in"
114.119.130.29 - - [25/Nov/2022:08:45:04 -0800] "GET /PDFContent/01%20TSB/03%20Class%20VIII/Maths/?C=N%3BO%3DD HTTP/1.1" 200 353 "https://brainbox.co.in/PDFContent/01%20TSB/03%20Class%20VIII/Maths/?C=M%3BO%3DA" "Mozilla/5.0 (Linux; Android 7.0;) AppleWebKit/537.36 (KHTML, like Gecko) Mobile Safari/537.36 (compatible; PetalBot;+https://webmaster.petalsearch.com/site/petalbot)" "brainbox.co.in"
51.222.253.13 - - [25/Nov/2022:08:47:16 -0800] "GET /PDFContent/Beetle/CLASS%20III/SCIENCE/SEM%202/?C=S;O=A HTTP/1.1" 200 605 "-" "Mozilla/5.0 (compatible; AhrefsBot/7.0; +http://ahrefs.com/robot/)" "brainbox.co.in"
114.119.136.99 - - [25/Nov/2022:08:50:10 -0800] "GET /PDFContent/03%20CBSE/02%20Class%20VII/Science/TEXTBOOK%20EXAMPLES/CBSE_Science_VII_Physical%20and%20Chemical%20Changes%20_Examples_D06.pdf HTTP/1.1" 200 312180 "https://brainbox.co.in/PDFContent/03%20CBSE/02%20Class%20VII/Science/TEXTBOOK%20EXAMPLES/" "Mozilla/5.0 (Linux; Android 7.0;) AppleWebKit/537.36 (KHTML, like Gecko) Mobile Safari/537.36 (compatible; PetalBot;+https://webmaster.petalsearch.com/site/petalbot)" "brainbox.co.in"
51.222.253.9 - - [25/Nov/2022:08:51:13 -0800] "GET /PDFContent/Beetle/CLASS%20IV/ENGLISH/?C=N;O=D HTTP/1.1" 200 681 "-" "Mozilla/5.0 (compatible; AhrefsBot/7.0; +http://ahrefs.com/robot/)" "brainbox.co.in"
51.222.253.15 - - [25/Nov/2022:08:55:14 -0800] "GET /PDFContent/03%20CBSE/03%20Class%20VIII/Biology/?C=N;O=D HTTP/1.1" 200 826 "-" "Mozilla/5.0 (compatible; AhrefsBot/7.0; +http://ahrefs.com/robot/)" "brainbox.co.in"
114.119.130.152 - - [25/Nov/2022:08:55:21 -0800] "GET /PDFContent/03%20CBSE/03%20Class%20VIII/Biology/Reproduction%20in%20Animals/?C=S%3BO%3DA HTTP/1.1" 200 674 "https://brainbox.co.in/PDFContent/03%20CBSE/03%20Class%20VIII/Biology/Reproduction%20in%20Animals/?C=M%3BO%3DA" "Mozilla/5.0 (Linux; Android 7.0;) AppleWebKit/537.36 (KHTML, like Gecko) Mobile Safari/537.36 (compatible; PetalBot;+https://webmaster.petalsearch.com/site/petalbot)" "brainbox.co.in"
54.193.13.6 - - [25/Nov/2022:08:55:32 -0800] "GET /~richard/templates/beez/US/uk/paypal/login.htm HTTP/1.1" 404 73 "-" "Mozilla/5.0 (Macintosh; Intel Mac OS X 10_10_5) AppleWebKit/537.36 (KHTML, like Gecko) Chrome/52.0.2743.116 Safari/537.36" "brainbox.co.in"
51.222.253.10 - - [25/Nov/2022:08:59:08 -0800] "GET /PDFContent/03%20CBSE/05%20Class%20X/Sanskrit/?C=D;O=A HTTP/1.1" 200 354 "-" "Mozilla/5.0 (compatible; AhrefsBot/7.0; +http://ahrefs.com/robot/)" "brainbox.co.in"
114.119.129.184 - - [25/Nov/2022:09:00:31 -0800] "GET /PDFContent/03%20CBSE/05%20Class%20X/Physics/REFLECTION%20AND%20REFRACTION/CBSE_X_PHYSCIS_LS10_REFLECTION%20&%20REFRACTION_FORMATION%20OF%20IMAGE.pdf HTTP/1.1" 200 361788 "https://brainboxschool.com/material/CBSE/X/Physics/REFLECTION_&_REFRACTION.html" "Mozilla/5.0 (Linux; Android 7.0;) AppleWebKit/537.36 (KHTML, like Gecko) Mobile Safari/537.36 (compatible; PetalBot;+https://webmaster.petalsearch.com/site/petalbot)" "brainbox.co.in"
51.222.253.9 - - [25/Nov/2022:09:02:57 -0800] "GET /PDFContent/03%20CBSE/05%20Class%20X/Sanskrit/?C=S;O=A HTTP/1.1" 200 354 "-" "Mozilla/5.0 (compatible; AhrefsBot/7.0; +http://ahrefs.com/robot/)" "brainbox.co.in"
114.119.148.161 - - [25/Nov/2022:09:05:41 -0800] "GET /PDFContent/01%20TSB/02%20Class%20VII/English/TSBoard_English_VII_LS1B_Introduction_poems.pdf HTTP/1.1" 200 5052 "https://brainbox.co.in/PDFContent/01%20TSB/02%20Class%20VII/English/?C=D%3BO%3DA" "Mozilla/5.0 (Linux; Android 7.0;) AppleWebKit/537.36 (KHTML, like Gecko) Mobile Safari/537.36 (compatible; PetalBot;+https://webmaster.petalsearch.com/site/petalbot)" "brainbox.co.in"
51.222.253.16 - - [25/Nov/2022:09:07:00 -0800] "GET /PDFContent/Beetle/CLASS%20IV/SOCIAL/?C=N;O=D HTTP/1.1" 200 687 "-" "Mozilla/5.0 (compatible; AhrefsBot/7.0; +http://ahrefs.com/robot/)" "brainbox.co.in"
114.119.131.203 - - [25/Nov/2022:09:10:50 -0800] "GET /PDFContent/03%20CBSE/03%20Class%20VIII/Maths/PRACTICAL%20GEOMETRY/?C=M%3BO%3DA HTTP/1.1" 200 748 "https://brainbox.co.in/PDFContent/03%20CBSE/03%20Class%20VIII/Maths/PRACTICAL%20GEOMETRY/?C=D%3BO%3DA" "Mozilla/5.0 (Linux; Android 7.0;) AppleWebKit/537.36 (KHTML, like Gecko) Mobile Safari/537.36 (compatible; PetalBot;+https://webmaster.petalsearch.com/site/petalbot)" "brainbox.co.in"
51.222.253.10 - - [25/Nov/2022:09:11:19 -0800] "GET /PDFContent/04%20ICSE/01%20Class%20VI/?C=M;O=A HTTP/1.1" 200 463 "-" "Mozilla/5.0 (compatible; AhrefsBot/7.0; +http://ahrefs.com/robot/)" "brainbox.co.in"
