114.119.145.160 - - [16/Nov/2022:04:29:53 -0800] "GET /PDFContent/03%20CBSE/04%20Class%20IX/Maths/LINEAR%20EQUATIONS%20IN%20TWO%20VARIABLES/CBSE_IX_MATHS_LS04_LINEAR%20EQUATIONS%20IN%20%20TWO%20VARIABLES_SOLVED%20PROBLEM_01.pdf HTTP/1.1" 200 273613 "https://brainbox.co.in/PDFContent/03%20CBSE/04%20Class%20IX/Maths/LINEAR%20EQUATIONS%20IN%20TWO%20VARIABLES/?C=D%3BO%3DA" "Mozilla/5.0 (Linux; Android 7.0;) AppleWebKit/537.36 (KHTML, like Gecko) Mobile Safari/537.36 (compatible; PetalBot;+https://webmaster.petalsearch.com/site/petalbot)" "brainbox.co.in"
114.119.145.175 - - [16/Nov/2022:04:35:33 -0800] "GET /PDFContent/03%20CBSE/05%20Class%20X/Chemistry/Metals%20&%20Non%20Metals/CBSE_X_CHEMISTRY_METAL%20&%20NON%20METALS_Corrosion.pdf HTTP/1.1" 200 300137 "https://brainbox.co.in/PDFContent/03%20CBSE/05%20Class%20X/Chemistry/Metals%20&%20Non%20Metals/?C=M%3BO%3DA" "Mozilla/5.0 (Linux; Android 7.0;) AppleWebKit/537.36 (KHTML, like Gecko) Mobile Safari/537.36 (compatible; PetalBot;+https://webmaster.petalsearch.com/site/petalbot)" "brainbox.co.in"
114.119.145.187 - - [16/Nov/2022:04:41:24 -0800] "GET /PDFContent/03%20CBSE/06%20Class%20XI/Chemistry/HYDROCARBONS/Hydrocarbons_T03_Physical%20&%20Chemical%20properties.pdf HTTP/1.1" 200 245886 "https://brainbox.co.in/PDFContent/03%20CBSE/06%20Class%20XI/Chemistry/HYDROCARBONS/?C=N%3BO%3DD" "Mozilla/5.0 (Linux; Android 7.0;) AppleWebKit/537.36 (KHTML, like Gecko) Mobile Safari/537.36 (compatible; PetalBot;+https://webmaster.petalsearch.com/site/petalbot)" "brainbox.co.in"
114.119.145.175 - - [16/Nov/2022:04:47:02 -0800] "GET /PDFContent/03%20CBSE/05%20Class%20X/Physics/REFLECTION%20AND%20REFRACTION/CBSE_X_PHYSCIS_LS10_REFLECTION%20&%20REFRACTION_LENSES_A.pdf HTTP/1.1" 200 446147 "https://brainboxschool.com/material/CBSE/X/Physics/REFLECTION_&_REFRACTION.html" "Mozilla/5.0 (Linux; Android 7.0;) AppleWebKit/537.36 (KHTML, like Gecko) Mobile Safari/537.36 (compatible; PetalBot;+https://webmaster.petalsearch.com/site/petalbot)" "brainbox.co.in"
5.45.207.103 - - [16/Nov/2022:04:52:26 -0800] "GET /robots.txt HTTP/1.1" 404 73 "-" "Mozilla/5.0 (compatible; YandexBot/3.0; +http://yandex.com/bots)" "brainbox.co.in"
5.45.207.103 - - [16/Nov/2022:04:52:30 -0800] "GET /PDFContent/SPECIAL%20CROUSE/Part%201%20Grammar%20Essentials/STD_VIII/UNIT-8.pdf HTTP/1.1" 200 299133 "-" "Mozilla/5.0 (compatible; YandexBot/3.0; +http://yandex.com/bots)" "brainbox.co.in"
114.119.135.132 - - [16/Nov/2022:04:52:46 -0800] "GET /PDFContent/03%20CBSE/05%20Class%20X/Physics/REFLECTION%20AND%20REFRACTION/CBSE_X_PHYSCIS_LS10_REFLECTION%20&%20REFRACTION_TYPES%20OF%20REFLECTION.pdf HTTP/1.1" 200 271447 "https://brainboxschool.com/material/CBSE/X/Physics/REFLECTION_&_REFRACTION.html" "Mozilla/5.0 (Linux; Android 7.0;) AppleWebKit/537.36 (KHTML, like Gecko) Mobile Safari/537.36 (compatible; PetalBot;+https://webmaster.petalsearch.com/site/petalbot)" "brainbox.co.in"
13.57.244.159 - - [16/Nov/2022:04:54:57 -0800] "GET /~richard/templates/beez/US/uk/paypal/login.htm HTTP/1.1" 404 73 "-" "Mozilla/5.0 (Macintosh; Intel Mac OS X 10_10_5) AppleWebKit/537.36 (KHTML, like Gecko) Chrome/52.0.2743.116 Safari/537.36" "brainbox.co.in"
114.119.135.132 - - [16/Nov/2022:04:58:25 -0800] "GET /PDFContent/03%20CBSE/07%20Class%20XII/Biology/?C=S%3BO%3DA HTTP/1.1" 200 1044 "https://brainbox.co.in/PDFContent/03%20CBSE/07%20Class%20XII/Biology/?C=S%3BO%3DA" "Mozilla/5.0 (Linux; Android 7.0;) AppleWebKit/537.36 (KHTML, like Gecko) Mobile Safari/537.36 (compatible; PetalBot;+https://webmaster.petalsearch.com/site/petalbot)" "brainbox.co.in"
114.119.135.132 - - [16/Nov/2022:05:04:08 -0800] "GET /PDFContent/03%20CBSE/03%20Class%20VIII/Biology/Microbes%20friend%20and%20foes%20-%201.pdf HTTP/1.1" 200 583426 "https://brainbox.co.in/PDFContent/03%20CBSE/03%20Class%20VIII/Biology/?C=M%3BO%3DA" "Mozilla/5.0 (Linux; Android 7.0;) AppleWebKit/537.36 (KHTML, like Gecko) Mobile Safari/537.36 (compatible; PetalBot;+https://webmaster.petalsearch.com/site/petalbot)" "brainbox.co.in"
114.119.145.175 - - [16/Nov/2022:05:09:50 -0800] "GET /PDFContent/03%20CBSE/01%20Class%20VI/Chemistry/ HTTP/1.1" 200 407 "https://brainbox.co.in/PDFContent/03%20CBSE/01%20Class%20VI/?C=D%3BO%3DA" "Mozilla/5.0 (Linux; Android 7.0;) AppleWebKit/537.36 (KHTML, like Gecko) Mobile Safari/537.36 (compatible; PetalBot;+https://webmaster.petalsearch.com/site/petalbot)" "brainbox.co.in"
87.250.224.19 - - [16/Nov/2022:05:13:53 -0800] "GET /PDFContent/Beetle/CLASS%20III/ENGLISH/SEM%201/Lesson%206%20-%20Tinku%E2%80%99s%20kite.pdf HTTP/1.1" 200 105553 "-" "Mozilla/5.0 (compatible; YandexBot/3.0; +http://yandex.com/bots)" "brainbox.co.in"
114.119.135.132 - - [16/Nov/2022:05:15:35 -0800] "GET /PDFContent/03%20CBSE/04%20Class%20IX/Maths/POLYNOMIALS/CBSE_IX_MATHS_LS02_POLYNOMIALS_DIVIDE%20USING%20REMAINDER%20THEOREM.pdf HTTP/1.1" 200 199575 "https://brainbox.co.in/PDFContent/03%20CBSE/04%20Class%20IX/Maths/POLYNOMIALS/?C=D%3BO%3DA" "Mozilla/5.0 (Linux; Android 7.0;) AppleWebKit/537.36 (KHTML, like Gecko) Mobile Safari/537.36 (compatible; PetalBot;+https://webmaster.petalsearch.com/site/petalbot)" "brainbox.co.in"
114.119.145.160 - - [16/Nov/2022:05:21:13 -0800] "GET /PDFContent/02%20APSB/06%20Class%20XI/Sanskrit/?C=D%3BO%3DA HTTP/1.1" 200 355 "https://brainbox.co.in/PDFContent/02%20APSB/06%20Class%20XI/Sanskrit/?C=M%3BO%3DA" "Mozilla/5.0 (Linux; Android 7.0;) AppleWebKit/537.36 (KHTML, like Gecko) Mobile Safari/537.36 (compatible; PetalBot;+https://webmaster.petalsearch.com/site/petalbot)" "brainbox.co.in"
114.119.135.132 - - [16/Nov/2022:05:26:54 -0800] "GET /PDFContent/Beetle/CLASS%20IV/SOCIAL/?C=D%3BO%3DA HTTP/1.1" 200 688 "https://brainbox.co.in/PDFContent/Beetle/CLASS%20IV/SOCIAL/?C=N%3BO%3DD" "Mozilla/5.0 (Linux; Android 7.0;) AppleWebKit/537.36 (KHTML, like Gecko) Mobile Safari/537.36 (compatible; PetalBot;+https://webmaster.petalsearch.com/site/petalbot)" "brainbox.co.in"
114.119.145.175 - - [16/Nov/2022:05:32:36 -0800] "GET /PDFContent/03%20CBSE/04%20Class%20IX/Biology/?C=D%3BO%3DA HTTP/1.1" 200 917 "https://brainbox.co.in/PDFContent/03%20CBSE/04%20Class%20IX/Biology/" "Mozilla/5.0 (Linux; Android 7.0;) AppleWebKit/537.36 (KHTML, like Gecko) Mobile Safari/537.36 (compatible; PetalBot;+https://webmaster.petalsearch.com/site/petalbot)" "brainbox.co.in"
87.250.224.12 - - [16/Nov/2022:05:35:29 -0800] "GET /PDFContent/SPECIAL%20CROUSE/Part%201%20Grammar%20Essentials/STD_VI/UNIT-3.pdf HTTP/1.1" 200 354403 "-" "Mozilla/5.0 (compatible; YandexBot/3.0; +http://yandex.com/bots)" "brainbox.co.in"
114.119.145.175 - - [16/Nov/2022:05:38:13 -0800] "GET /PDFContent/03%20CBSE/05%20Class%20X/ HTTP/1.1" 200 522 "https://brainbox.co.in/PDFContent/03%20CBSE/05%20Class%20X/Chemistry/?C=M%3BO%3DA" "Mozilla/5.0 (Linux; Android 7.0;) AppleWebKit/537.36 (KHTML, like Gecko) Mobile Safari/537.36 (compatible; PetalBot;+https://webmaster.petalsearch.com/site/petalbot)" "brainbox.co.in"
185.191.171.1 - - [16/Nov/2022:05:42:04 -0800] "GET /robots.txt HTTP/1.1" 404 88 "-" "Mozilla/5.0 (compatible; SemrushBot/7~bl; +http://www.semrush.com/bot.html)" "brainbox.co.in"
185.191.171.10 - - [16/Nov/2022:05:42:05 -0800] "GET /PDFContent/03%20CBSE/06%20Class%20XI/Chemistry/L02_STRUCTURE%20OF%20ATOM/?C=D%3BO%3DA HTTP/1.1" 200 765 "-" "Mozilla/5.0 (compatible; SemrushBot/7~bl; +http://www.semrush.com/bot.html)" "brainbox.co.in"
114.119.145.160 - - [16/Nov/2022:05:43:55 -0800] "GET /PDFContent/01%20TSB/04%20Class%20IX/Biology/Challenging%20in%20Improving%20Agricultural/TS_IX_BIOLOGY_CHALLENGES%20%20IN%20IMPROVING%20AGRICULTURAL_Bee%20Keeping HTTP/1.1" 200 195207 "https://brainboxschool.com/material/TSB/IX/Biology/CHALLENGES_IN_IMPROVING_AGRICULTURAL_PRODUCTION.html" "Mozilla/5.0 (Linux; Android 7.0;) AppleWebKit/537.36 (KHTML, like Gecko) Mobile Safari/537.36 (compatible; PetalBot;+https://webmaster.petalsearch.com/site/petalbot)" "brainbox.co.in"
114.119.145.175 - - [16/Nov/2022:05:49:37 -0800] "GET /PDFContent/03%20CBSE/04%20Class%20IX/Chemistry/ATOMS%20AND%20MOLECULES/Atoms%20&%20Molecules_T08_Mole%20Concept.pdf HTTP/1.1" 200 165148 "https://brainbox.co.in/PDFContent/03%20CBSE/04%20Class%20IX/Chemistry/ATOMS%20AND%20MOLECULES/" "Mozilla/5.0 (Linux; Android 7.0;) AppleWebKit/537.36 (KHTML, like Gecko) Mobile Safari/537.36 (compatible; PetalBot;+https://webmaster.petalsearch.com/site/petalbot)" "brainbox.co.in"
114.119.145.134 - - [16/Nov/2022:05:53:33 -0800] "GET /robots.txt HTTP/1.1" 404 88 "-" "Mozilla/5.0 (compatible;PetalBot;+https://webmaster.petalsearch.com/site/petalbot)" "brainbox.co.in"
114.119.145.175 - - [16/Nov/2022:05:55:18 -0800] "GET /PDFContent/03%20CBSE/03%20Class%20VIII/Biology/ HTTP/1.1" 200 838 "https://brainbox.co.in/PDFContent/03%20CBSE/03%20Class%20VIII/" "Mozilla/5.0 (Linux; Android 7.0;) AppleWebKit/537.36 (KHTML, like Gecko) Mobile Safari/537.36 (compatible; PetalBot;+https://webmaster.petalsearch.com/site/petalbot)" "brainbox.co.in"
114.119.145.187 - - [16/Nov/2022:06:00:59 -0800] "GET /PDFContent/02%20APSB/07%20Class%20XII/Chemistry/?C=D%3BO%3DA HTTP/1.1" 200 356 "https://brainbox.co.in/PDFContent/02%20APSB/07%20Class%20XII/Chemistry/" "Mozilla/5.0 (Linux; Android 7.0;) AppleWebKit/537.36 (KHTML, like Gecko) Mobile Safari/537.36 (compatible; PetalBot;+https://webmaster.petalsearch.com/site/petalbot)" "brainbox.co.in"
114.119.145.187 - - [16/Nov/2022:06:06:42 -0800] "GET /PDFContent/03%20CBSE/04%20Class%20IX/Chemistry/STRUCTURE%20OF%20ATOM/Structure%20of%20atom_V10_Isotopes.pdf HTTP/1.1" 200 107009 "https://brainbox.co.in/PDFContent/03%20CBSE/04%20Class%20IX/Chemistry/STRUCTURE%20OF%20ATOM/?C=S%3BO%3DA" "Mozilla/5.0 (Linux; Android 7.0;) AppleWebKit/537.36 (KHTML, like Gecko) Mobile Safari/537.36 (compatible; PetalBot;+https://webmaster.petalsearch.com/site/petalbot)" "brainbox.co.in"
114.119.145.175 - - [16/Nov/2022:06:12:22 -0800] "GET /PDFContent/03%20CBSE/03%20Class%20VIII/Sup%20English/HOW%20THE%20CAMEL%20GOT%20HIS%20HUMP/?C=S%3BO%3DA HTTP/1.1" 200 387 "https://brainbox.co.in/PDFContent/03%20CBSE/03%20Class%20VIII/Sup%20English/HOW%20THE%20CAMEL%20GOT%20HIS%20HUMP/?C=N%3BO%3DD" "Mozilla/5.0 (Linux; Android 7.0;) AppleWebKit/537.36 (KHTML, like Gecko) Mobile Safari/537.36 (compatible; PetalBot;+https://webmaster.petalsearch.com/site/petalbot)" "brainbox.co.in"
18.219.212.159 - - [16/Nov/2022:06:13:21 -0800] "GET /~richard/templates/beez/US/uk/paypal/login.htm HTTP/1.1" 404 73 "-" "Mozilla/5.0 (Macintosh; Intel Mac OS X 10_10_5) AppleWebKit/537.36 (KHTML, like Gecko) Chrome/52.0.2743.116 Safari/537.36" "brainbox.co.in"
114.119.145.187 - - [16/Nov/2022:06:17:51 -0800] "GET /PDFContent/03%20CBSE/02%20Class%20VII/Science/NUTRITION%20IN%20PLANTS/?C=S%3BO%3DA HTTP/1.1" 200 461 "https://brainbox.co.in/PDFContent/03%20CBSE/02%20Class%20VII/Science/NUTRITION%20IN%20PLANTS/?C=N%3BO%3DD" "Mozilla/5.0 (Linux; Android 7.0;) AppleWebKit/537.36 (KHTML, like Gecko) Mobile Safari/537.36 (compatible; PetalBot;+https://webmaster.petalsearch.com/site/petalbot)" "brainbox.co.in"
114.119.145.187 - - [16/Nov/2022:06:23:34 -0800] "GET /PDFContent/03%20CBSE/05%20Class%20X/Chemistry/?C=M%3BO%3DA HTTP/1.1" 200 465 "https://brainbox.co.in/PDFContent/03%20CBSE/05%20Class%20X/Chemistry/?C=S%3BO%3DA" "Mozilla/5.0 (Linux; Android 7.0;) AppleWebKit/537.36 (KHTML, like Gecko) Mobile Safari/537.36 (compatible; PetalBot;+https://webmaster.petalsearch.com/site/petalbot)" "brainbox.co.in"
114.119.135.132 - - [16/Nov/2022:06:29:14 -0800] "GET /PDFContent/03%20CBSE/05%20Class%20X/Hindi/Kshitij/?C=M%3BO%3DA HTTP/1.1" 200 437 "https://brainbox.co.in/PDFContent/03%20CBSE/05%20Class%20X/Hindi/Kshitij/?C=N%3BO%3DD" "Mozilla/5.0 (Linux; Android 7.0;) AppleWebKit/537.36 (KHTML, like Gecko) Mobile Safari/537.36 (compatible; PetalBot;+https://webmaster.petalsearch.com/site/petalbot)" "brainbox.co.in"
114.119.145.160 - - [16/Nov/2022:06:34:54 -0800] "GET /PDFContent/Beetle/CLASS%20II/ENGLISH/Lesson%206%20-%20A%20Game.pdf HTTP/1.1" 200 117100 "https://brainbox.co.in/PDFContent/Beetle/CLASS%20II/ENGLISH/?C=S%3BO%3DA" "Mozilla/5.0 (Linux; Android 7.0;) AppleWebKit/537.36 (KHTML, like Gecko) Mobile Safari/537.36 (compatible; PetalBot;+https://webmaster.petalsearch.com/site/petalbot)" "brainbox.co.in"
114.119.135.132 - - [16/Nov/2022:06:40:38 -0800] "GET /PDFContent/03%20CBSE/06%20Class%20XI/Physics/GRAVITATION/Gravitation_Variation%20of%20'g'.pdf HTTP/1.1" 200 302778 "https://brainbox.co.in/PDFContent/03%20CBSE/06%20Class%20XI/Physics/GRAVITATION/?C=N%3BO%3DD" "Mozilla/5.0 (Linux; Android 7.0;) AppleWebKit/537.36 (KHTML, like Gecko) Mobile Safari/537.36 (compatible; PetalBot;+https://webmaster.petalsearch.com/site/petalbot)" "brainbox.co.in"
114.119.145.175 - - [16/Nov/2022:06:46:21 -0800] "GET /PDFContent/Beetle/CLASS%20II/MATHEMATICS%20SEM%202/Lesson%209.%20Measurement%20of%20capacity.pdf HTTP/1.1" 200 86363 "https://brainbox.co.in/PDFContent/Beetle/CLASS%20II/MATHEMATICS%20SEM%202/?C=S%3BO%3DA" "Mozilla/5.0 (Linux; Android 7.0;) AppleWebKit/537.36 (KHTML, like Gecko) Mobile Safari/537.36 (compatible; PetalBot;+https://webmaster.petalsearch.com/site/petalbot)" "brainbox.co.in"
114.119.145.175 - - [16/Nov/2022:06:52:04 -0800] "GET /PDFContent/04%20ICSE/01%20Class%20VI/Chemistry/?C=S%3BO%3DA HTTP/1.1" 200 355 "https://brainbox.co.in/PDFContent/04%20ICSE/01%20Class%20VI/Chemistry/?C=N%3BO%3DD" "Mozilla/5.0 (Linux; Android 7.0;) AppleWebKit/537.36 (KHTML, like Gecko) Mobile Safari/537.36 (compatible; PetalBot;+https://webmaster.petalsearch.com/site/petalbot)" "brainbox.co.in"
114.119.145.187 - - [16/Nov/2022:06:57:46 -0800] "GET /PDFContent/Beetle/CLASS%20V/MATHEMATICS/SEM%201/Lesson%201.%20Large%20Numbers.pdf HTTP/1.1" 200 83567 "https://brainbox.co.in/PDFContent/Beetle/CLASS%20V/MATHEMATICS/SEM%201/?C=D%3BO%3DA" "Mozilla/5.0 (Linux; Android 7.0;) AppleWebKit/537.36 (KHTML, like Gecko) Mobile Safari/537.36 (compatible; PetalBot;+https://webmaster.petalsearch.com/site/petalbot)" "brainbox.co.in"
114.119.145.175 - - [16/Nov/2022:07:03:32 -0800] "GET /PDFContent/03%20CBSE/02%20Class%20VII/Science/WATER%20A%20PRECIOUS%20RESOURCE/?C=M%3BO%3DA HTTP/1.1" 200 507 "https://brainbox.co.in/PDFContent/03%20CBSE/02%20Class%20VII/Science/WATER%20A%20PRECIOUS%20RESOURCE/?C=D%3BO%3DA" "Mozilla/5.0 (Linux; Android 7.0;) AppleWebKit/537.36 (KHTML, like Gecko) Mobile Safari/537.36 (compatible; PetalBot;+https://webmaster.petalsearch.com/site/petalbot)" "brainbox.co.in"
114.119.145.187 - - [16/Nov/2022:07:09:09 -0800] "GET /PDFContent/02%20APSB/06%20Class%20XI/ HTTP/1.1" 200 463 "https://brainbox.co.in/PDFContent/02%20APSB/06%20Class%20XI/Sanskrit/?C=M%3BO%3DA" "Mozilla/5.0 (Linux; Android 7.0;) AppleWebKit/537.36 (KHTML, like Gecko) Mobile Safari/537.36 (compatible; PetalBot;+https://webmaster.petalsearch.com/site/petalbot)" "brainbox.co.in"
114.119.145.160 - - [16/Nov/2022:07:14:52 -0800] "GET /PDFContent/03%20CBSE/02%20Class%20VII/Science/?C=S%3BO%3DA HTTP/1.1" 200 833 "https://brainbox.co.in/PDFContent/03%20CBSE/02%20Class%20VII/Science/?C=M%3BO%3DA" "Mozilla/5.0 (Linux; Android 7.0;) AppleWebKit/537.36 (KHTML, like Gecko) Mobile Safari/537.36 (compatible; PetalBot;+https://webmaster.petalsearch.com/site/petalbot)" "brainbox.co.in"
114.119.145.187 - - [16/Nov/2022:07:20:38 -0800] "GET /PDFContent/03%20CBSE/01%20Class%20VI/Sanskrit/?C=S%3BO%3DA HTTP/1.1" 200 354 "https://brainbox.co.in/PDFContent/03%20CBSE/01%20Class%20VI/Sanskrit/" "Mozilla/5.0 (Linux; Android 7.0;) AppleWebKit/537.36 (KHTML, like Gecko) Mobile Safari/537.36 (compatible; PetalBot;+https://webmaster.petalsearch.com/site/petalbot)" "brainbox.co.in"
114.119.135.132 - - [16/Nov/2022:07:26:28 -0800] "GET /PDFContent/SPECIAL%20CROUSE/Part%201%20Grammar%20Essentials/STD_VII/UNIT-6.pdf HTTP/1.1" 200 243814 "https://brainbox.co.in/PDFContent/SPECIAL%20CROUSE/Part%201%20Grammar%20Essentials/STD_VII/" "Mozilla/5.0 (Linux; Android 7.0;) AppleWebKit/537.36 (KHTML, like Gecko) Mobile Safari/537.36 (compatible; PetalBot;+https://webmaster.petalsearch.com/site/petalbot)" "brainbox.co.in"
114.119.145.160 - - [16/Nov/2022:07:32:18 -0800] "GET /PDFContent/01%20TSB/03%20Class%20VIII/English/LS1C/New/TSB_VIII_ENGLISH_LS01C%20LETTER%20TO%20A%20FRIEND_INTRODUCTION.pdf HTTP/1.1" 200 345922 "https://brainbox.co.in/PDFContent/01%20TSB/03%20Class%20VIII/English/LS1C/New/?C=S%3BO%3DA" "Mozilla/5.0 (Linux; Android 7.0;) AppleWebKit/537.36 (KHTML, like Gecko) Mobile Safari/537.36 (compatible; PetalBot;+https://webmaster.petalsearch.com/site/petalbot)" "brainbox.co.in"
114.119.145.187 - - [16/Nov/2022:07:37:54 -0800] "GET /PDFContent/Beetle/CLASS%20V/MATHEMATICS/?C=N%3BO%3DD HTTP/1.1" 200 407 "https://brainbox.co.in/PDFContent/Beetle/CLASS%20V/MATHEMATICS/?C=M%3BO%3DA" "Mozilla/5.0 (Linux; Android 7.0;) AppleWebKit/537.36 (KHTML, like Gecko) Mobile Safari/537.36 (compatible; PetalBot;+https://webmaster.petalsearch.com/site/petalbot)" "brainbox.co.in"
114.119.145.187 - - [16/Nov/2022:07:43:31 -0800] "GET /PDFContent/01%20TSB/06%20Class%20XI/English/?C=D%3BO%3DA HTTP/1.1" 200 354 "https://brainbox.co.in/PDFContent/01%20TSB/06%20Class%20XI/English/" "Mozilla/5.0 (Linux; Android 7.0;) AppleWebKit/537.36 (KHTML, like Gecko) Mobile Safari/537.36 (compatible; PetalBot;+https://webmaster.petalsearch.com/site/petalbot)" "brainbox.co.in"
114.119.145.175 - - [16/Nov/2022:07:49:19 -0800] "GET /PDFContent/trial/?C=D%3BO%3DA HTTP/1.1" 200 578 "https://brainbox.co.in/PDFContent/trial/?C=M%3BO%3DA" "Mozilla/5.0 (Linux; Android 7.0;) AppleWebKit/537.36 (KHTML, like Gecko) Mobile Safari/537.36 (compatible; PetalBot;+https://webmaster.petalsearch.com/site/petalbot)" "brainbox.co.in"
40.77.167.78 - - [16/Nov/2022:07:53:35 -0800] "GET /PDFContent/03%20CBSE/03%20Class%20VIII/Physics/ HTTP/1.1" 200 917 "-" "Mozilla/5.0 AppleWebKit/537.36 (KHTML, like Gecko; compatible; bingbot/2.0; +http://www.bing.com/bingbot.htm) Chrome/103.0.5060.134 Safari/537.36" "brainbox.co.in"
114.119.145.160 - - [16/Nov/2022:07:55:01 -0800] "GET /PDFContent/03%20CBSE/03%20Class%20VIII/Maths/CBSE_VIII_MATHS_LS02_LINEAR%20EQUATIONS%20IN%20ONE%20VARIABLE_TERM.pdf HTTP/1.1" 200 338235 "https://brainbox.co.in/PDFContent/03%20CBSE/03%20Class%20VIII/Maths/?C=D%3BO%3DA" "Mozilla/5.0 (Linux; Android 7.0;) AppleWebKit/537.36 (KHTML, like Gecko) Mobile Safari/537.36 (compatible; PetalBot;+https://webmaster.petalsearch.com/site/petalbot)" "brainbox.co.in"
114.119.145.175 - - [16/Nov/2022:08:00:51 -0800] "GET /PDFContent/01%20TSB/03%20Class%20VIII/English/LS1B/New/ HTTP/1.1" 200 527 "https://brainbox.co.in/PDFContent/01%20TSB/03%20Class%20VIII/English/LS1B/" "Mozilla/5.0 (Linux; Android 7.0;) AppleWebKit/537.36 (KHTML, like Gecko) Mobile Safari/537.36 (compatible; PetalBot;+https://webmaster.petalsearch.com/site/petalbot)" "brainbox.co.in"
114.119.145.175 - - [16/Nov/2022:08:06:31 -0800] "GET /PDFContent/03%20CBSE/03%20Class%20VIII/Maths/PRACTICAL%20GEOMETRY/?C=N%3BO%3DD HTTP/1.1" 200 748 "https://brainbox.co.in/PDFContent/03%20CBSE/03%20Class%20VIII/Maths/PRACTICAL%20GEOMETRY/?C=S%3BO%3DA" "Mozilla/5.0 (Linux; Android 7.0;) AppleWebKit/537.36 (KHTML, like Gecko) Mobile Safari/537.36 (compatible; PetalBot;+https://webmaster.petalsearch.com/site/petalbot)" "brainbox.co.in"
114.119.135.132 - - [16/Nov/2022:08:12:11 -0800] "GET /PDFContent/03%20CBSE/05%20Class%20X/Hindi/Kshitij/LS01/ HTTP/1.1" 200 505 "https://brainbox.co.in/PDFContent/03%20CBSE/05%20Class%20X/Hindi/Kshitij/?C=N%3BO%3DD" "Mozilla/5.0 (Linux; Android 7.0;) AppleWebKit/537.36 (KHTML, like Gecko) Mobile Safari/537.36 (compatible; PetalBot;+https://webmaster.petalsearch.com/site/petalbot)" "brainbox.co.in"
114.119.145.160 - - [16/Nov/2022:08:17:54 -0800] "GET /PDFContent/03%20CBSE/06%20Class%20XI/Maths/CBSE_XI_MATHS_LS07_PERMUTATION%20&COMBINATION_FACTORIAL%20NOTATION.pdf HTTP/1.1" 200 390680 "https://brainbox.co.in/PDFContent/03%20CBSE/06%20Class%20XI/Maths/?C=S%3BO%3DA" "Mozilla/5.0 (Linux; Android 7.0;) AppleWebKit/537.36 (KHTML, like Gecko) Mobile Safari/537.36 (compatible; PetalBot;+https://webmaster.petalsearch.com/site/petalbot)" "brainbox.co.in"
114.119.145.187 - - [16/Nov/2022:08:23:34 -0800] "GET /PDFContent/03%20CBSE/04%20Class%20IX/Biology/WHY%20DO%20WE%20FALL%20ILL/Why%20Do%20We%20Fall%20Ill_T02_Disease%20and%20It's%20causes.pdf HTTP/1.1" 200 737349 "https://brainbox.co.in/PDFContent/03%20CBSE/04%20Class%20IX/Biology/WHY%20DO%20WE%20FALL%20ILL/?C=N%3BO%3DD" "Mozilla/5.0 (Linux; Android 7.0;) AppleWebKit/537.36 (KHTML, like Gecko) Mobile Safari/537.36 (compatible; PetalBot;+https://webmaster.petalsearch.com/site/petalbot)" "brainbox.co.in"
114.119.145.187 - - [16/Nov/2022:08:29:22 -0800] "GET /PDFContent/03%20CBSE/04%20Class%20IX/Biology/CBSE_lX_BIOLOGY_LS07_DIVERSTY%20IN%20LIVING%20ORGANISMS_ANGIOSPERMS.pdf HTTP/1.1" 200 466875 "https://brainbox.co.in/PDFContent/03%20CBSE/04%20Class%20IX/Biology/" "Mozilla/5.0 (Linux; Android 7.0;) AppleWebKit/537.36 (KHTML, like Gecko) Mobile Safari/537.36 (compatible; PetalBot;+https://webmaster.petalsearch.com/site/petalbot)" "brainbox.co.in"
114.119.135.132 - - [16/Nov/2022:08:35:00 -0800] "GET /PDFContent/01%20TSB/03%20Class%20VIII/English/LS2C/?C=D%3BO%3DA HTTP/1.1" 200 542 "https://brainbox.co.in/PDFContent/01%20TSB/03%20Class%20VIII/English/LS2C/?C=M%3BO%3DA" "Mozilla/5.0 (Linux; Android 7.0;) AppleWebKit/537.36 (KHTML, like Gecko) Mobile Safari/537.36 (compatible; PetalBot;+https://webmaster.petalsearch.com/site/petalbot)" "brainbox.co.in"
198.244.154.200 - - [16/Nov/2022:08:36:15 -0800] "GET / HTTP/1.1" 200 429 "http://www.brainbox.co.in" "Mozilla/5.0 (Windows NT 10.0; Win64; x64; rv:106.0) Gecko/20100101 Firefox/106.0" "www.brainbox.co.in"
198.244.154.200 - - [16/Nov/2022:08:36:16 -0800] "GET /ads.txt HTTP/1.1" 404 88 "http://brainbox.co.in/ads.txt" "Mozilla/5.0 (Windows NT 10.0; Win64; x64; rv:106.0) Gecko/20100101 Firefox/106.0" "brainbox.co.in"
114.119.145.175 - - [16/Nov/2022:08:40:40 -0800] "GET /PDFContent/Beetle/CLASS%20II/MATHEMATICS/ HTTP/1.1" 200 491 "https://brainbox.co.in/PDFContent/Beetle/CLASS%20II/?C=S%3BO%3DA" "Mozilla/5.0 (Linux; Android 7.0;) AppleWebKit/537.36 (KHTML, like Gecko) Mobile Safari/537.36 (compatible; PetalBot;+https://webmaster.petalsearch.com/site/petalbot)" "brainbox.co.in"
114.119.145.175 - - [16/Nov/2022:08:46:19 -0800] "GET /PDFContent/01%20TSB/05%20Class%20X/English/A%20TALE%20OF%20THREE%20VILLAGES/TSB_X_ENGLISH_LS06C_A%20TALE%20OF%20THREE%20VILLAGES_QUESTIONS%20AND%20ANSWERS(KOKO%20VILLAGE,%20NIGERIA).pdf HTTP/1.1" 200 415669 "https://brainbox.co.in/PDFContent/01%20TSB/05%20Class%20X/English/A%20TALE%20OF%20THREE%20VILLAGES/?C=N%3BO%3DD" "Mozilla/5.0 (Linux; Android 7.0;) AppleWebKit/537.36 (KHTML, like Gecko) Mobile Safari/537.36 (compatible; PetalBot;+https://webmaster.petalsearch.com/site/petalbot)" "brainbox.co.in"
114.119.145.160 - - [16/Nov/2022:08:52:05 -0800] "GET /PDFContent/03%20CBSE/07%20Class%20XII/Biology/BIOTECHNOLOGY-PRINCIPLES%20AND%20PROCESES/?C=S%3BO%3DA HTTP/1.1" 200 716 "https://brainbox.co.in/PDFContent/03%20CBSE/07%20Class%20XII/Biology/BIOTECHNOLOGY-PRINCIPLES%20AND%20PROCESES/?C=D%3BO%3DA" "Mozilla/5.0 (Linux; Android 7.0;) AppleWebKit/537.36 (KHTML, like Gecko) Mobile Safari/537.36 (compatible; PetalBot;+https://webmaster.petalsearch.com/site/petalbot)" "brainbox.co.in"
54.193.62.165 - - [16/Nov/2022:08:56:02 -0800] "GET /~richard/templates/beez/US/uk/paypal/login.htm HTTP/1.1" 404 73 "-" "Mozilla/5.0 (Macintosh; Intel Mac OS X 10_10_5) AppleWebKit/537.36 (KHTML, like Gecko) Chrome/52.0.2743.116 Safari/537.36" "brainbox.co.in"
114.119.145.187 - - [16/Nov/2022:08:57:54 -0800] "GET /PDFContent/03%20CBSE/02%20Class%20VII/English/ HTTP/1.1" 200 873 "https://brainbox.co.in/PDFContent/03%20CBSE/02%20Class%20VII/?C=D%3BO%3DA" "Mozilla/5.0 (Linux; Android 7.0;) AppleWebKit/537.36 (KHTML, like Gecko) Mobile Safari/537.36 (compatible; PetalBot;+https://webmaster.petalsearch.com/site/petalbot)" "brainbox.co.in"
114.119.145.160 - - [16/Nov/2022:09:03:50 -0800] "GET /PDFContent/03%20CBSE/03%20Class%20VIII/Chemistry/Combustion%20and%20Flames/CBSE_VIII_CHEMISTRY_COMBUSTION%20&%20FLAMES_Types%20of%20Combustion HTTP/1.1" 200 253079 "https://brainboxschool.com/material/CBSE/VIII/Chemistry/COMBUSTION_AND_FLAME.html" "Mozilla/5.0 (Linux; Android 7.0;) AppleWebKit/537.36 (KHTML, like Gecko) Mobile Safari/537.36 (compatible; PetalBot;+https://webmaster.petalsearch.com/site/petalbot)" "brainbox.co.in"
18.117.122.225 - - [16/Nov/2022:09:06:29 -0800] "GET /~richard/templates/beez/US/uk/paypal/login.htm HTTP/1.1" 404 73 "-" "Mozilla/5.0 (Macintosh; Intel Mac OS X 10_10_5) AppleWebKit/537.36 (KHTML, like Gecko) Chrome/52.0.2743.116 Safari/537.36" "brainbox.co.in"
114.119.135.132 - - [16/Nov/2022:09:09:37 -0800] "GET /PDFContent/03%20CBSE/07%20Class%20XII/Maths/CBSE_XII_MATHS_LS07_INDEFINITE%20INTEGRALS_NOTES_4.pdf HTTP/1.1" 200 358040 "https://brainbox.co.in/PDFContent/03%20CBSE/07%20Class%20XII/Maths/?C=N%3BO%3DD" "Mozilla/5.0 (Linux; Android 7.0;) AppleWebKit/537.36 (KHTML, like Gecko) Mobile Safari/537.36 (compatible; PetalBot;+https://webmaster.petalsearch.com/site/petalbot)" "brainbox.co.in"
114.119.145.160 - - [16/Nov/2022:09:15:32 -0800] "GET /PDFContent/03%20CBSE/05%20Class%20X/Maths/CBSE_X_MATHS_LS02_POLYNOMIALS_BETWEEN%20ROOTS%20AND%20COEFFICIENTS_I.pdf HTTP/1.1" 200 266951 "https://brainbox.co.in/PDFContent/03%20CBSE/05%20Class%20X/Maths/?C=D%3BO%3DA" "Mozilla/5.0 (Linux; Android 7.0;) AppleWebKit/537.36 (KHTML, like Gecko) Mobile Safari/537.36 (compatible; PetalBot;+https://webmaster.petalsearch.com/site/petalbot)" "brainbox.co.in"
114.119.145.175 - - [16/Nov/2022:09:21:18 -0800] "GET /PDFContent/01%20TSB/03%20Class%20VIII/English/LS8B/TSB_VIII_ENGLISH_LS08B_BE%20THANKFUL_Summary.pdf HTTP/1.1" 200 403570 "https://brainbox.co.in/PDFContent/01%20TSB/03%20Class%20VIII/English/LS8B/" "Mozilla/5.0 (Linux; Android 7.0;) AppleWebKit/537.36 (KHTML, like Gecko) Mobile Safari/537.36 (compatible; PetalBot;+https://webmaster.petalsearch.com/site/petalbot)" "brainbox.co.in"
114.119.145.187 - - [16/Nov/2022:09:27:08 -0800] "GET /PDFContent/03%20CBSE/06%20Class%20XI/Chemistry/CHEMICAL%20BONDING/ HTTP/1.1" 200 667 "https://brainbox.co.in/PDFContent/03%20CBSE/06%20Class%20XI/Chemistry/?C=S%3BO%3DA" "Mozilla/5.0 (Linux; Android 7.0;) AppleWebKit/537.36 (KHTML, like Gecko) Mobile Safari/537.36 (compatible; PetalBot;+https://webmaster.petalsearch.com/site/petalbot)" "brainbox.co.in"
114.119.135.132 - - [16/Nov/2022:09:32:53 -0800] "GET /PDFContent/01%20TSB/03%20Class%20VIII/English/LS4A/?C=S%3BO%3DA HTTP/1.1" 200 564 "https://brainbox.co.in/PDFContent/01%20TSB/03%20Class%20VIII/English/LS4A/?C=N%3BO%3DD" "Mozilla/5.0 (Linux; Android 7.0;) AppleWebKit/537.36 (KHTML, like Gecko) Mobile Safari/537.36 (compatible; PetalBot;+https://webmaster.petalsearch.com/site/petalbot)" "brainbox.co.in"
114.119.145.175 - - [16/Nov/2022:09:38:38 -0800] "GET /PDFContent/03%20CBSE/05%20Class%20X/Maths/CBSE_X_MATHS_LS02_POLYNOMIALS_FORMATION%20OF%20A%20CUBIC%20POLYNOMIAL_EXAMPLE.pdf HTTP/1.1" 200 272417 "https://brainbox.co.in/PDFContent/03%20CBSE/05%20Class%20X/Maths/?C=D%3BO%3DA" "Mozilla/5.0 (Linux; Android 7.0;) AppleWebKit/537.36 (KHTML, like Gecko) Mobile Safari/537.36 (compatible; PetalBot;+https://webmaster.petalsearch.com/site/petalbot)" "brainbox.co.in"
185.191.171.7 - - [16/Nov/2022:09:39:50 -0800] "GET /robots.txt HTTP/1.1" 404 88 "-" "Mozilla/5.0 (compatible; SemrushBot/7~bl; +http://www.semrush.com/bot.html)" "brainbox.co.in"
185.191.171.11 - - [16/Nov/2022:09:39:51 -0800] "GET /PDFContent/01%20TSB/05%20Class%20X/Physics/LS01%20Reflection%20of%20light%20at%20curved%20surfaces/?C=S%3BO%3DA HTTP/1.1" 200 769 "-" "Mozilla/5.0 (compatible; SemrushBot/7~bl; +http://www.semrush.com/bot.html)" "brainbox.co.in"
5.255.253.121 - - [16/Nov/2022:09:41:08 -0800] "GET /robots.txt HTTP/1.1" 404 73 "-" "Mozilla/5.0 (compatible; YandexBot/3.0; +http://yandex.com/bots)" "brainbox.co.in"
87.250.224.128 - - [16/Nov/2022:09:41:12 -0800] "GET /PDFContent/Beetle/CLASS%20I/MATHEMATICS%201-2/Lesson%209%20-%20Multiplication.pdf HTTP/1.1" 200 114646 "-" "Mozilla/5.0 (compatible; YandexBot/3.0; +http://yandex.com/bots)" "brainbox.co.in"
114.119.145.175 - - [16/Nov/2022:09:44:17 -0800] "GET /PDFContent/04%20ICSE/01%20Class%20VI/Telugu/?C=N%3BO%3DD HTTP/1.1" 200 354 "https://brainbox.co.in/PDFContent/04%20ICSE/01%20Class%20VI/Telugu/" "Mozilla/5.0 (Linux; Android 7.0;) AppleWebKit/537.36 (KHTML, like Gecko) Mobile Safari/537.36 (compatible; PetalBot;+https://webmaster.petalsearch.com/site/petalbot)" "brainbox.co.in"
114.119.145.187 - - [16/Nov/2022:09:50:08 -0800] "GET /PDFContent/03%20CBSE/05%20Class%20X/Hindi/Kshitij/ HTTP/1.1" 200 437 "https://brainbox.co.in/PDFContent/03%20CBSE/05%20Class%20X/Hindi/Kshitij/LS08/?C=S%3BO%3DA" "Mozilla/5.0 (Linux; Android 7.0;) AppleWebKit/537.36 (KHTML, like Gecko) Mobile Safari/537.36 (compatible; PetalBot;+https://webmaster.petalsearch.com/site/petalbot)" "brainbox.co.in"
114.119.145.175 - - [16/Nov/2022:09:55:59 -0800] "GET /PDFContent/03%20CBSE/02%20Class%20VII/English/?C=S%3BO%3DA HTTP/1.1" 200 873 "https://brainbox.co.in/PDFContent/03%20CBSE/02%20Class%20VII/English/?C=M%3BO%3DA" "Mozilla/5.0 (Linux; Android 7.0;) AppleWebKit/537.36 (KHTML, like Gecko) Mobile Safari/537.36 (compatible; PetalBot;+https://webmaster.petalsearch.com/site/petalbot)" "brainbox.co.in"
114.119.135.132 - - [16/Nov/2022:10:01:47 -0800] "GET /PDFContent/01%20TSB/02%20Class%20VII/Hindi/Glossary/TSB_VII_LS04_HINDI%20DIWAS_GLOSSARY.pdf HTTP/1.1" 200 533394 "https://brainbox.co.in/PDFContent/01%20TSB/02%20Class%20VII/Hindi/Glossary/?C=M%3BO%3DA" "Mozilla/5.0 (Linux; Android 7.0;) AppleWebKit/537.36 (KHTML, like Gecko) Mobile Safari/537.36 (compatible; PetalBot;+https://webmaster.petalsearch.com/site/petalbot)" "brainbox.co.in"
114.119.145.187 - - [16/Nov/2022:10:07:41 -0800] "GET /PDFContent/01%20TSB/03%20Class%20VIII/Telugu/SAMUDRAPRAYANAM/?C=S%3BO%3DA HTTP/1.1" 200 449 "https://brainbox.co.in/PDFContent/01%20TSB/03%20Class%20VIII/Telugu/SAMUDRAPRAYANAM/?C=N%3BO%3DD" "Mozilla/5.0 (Linux; Android 7.0;) AppleWebKit/537.36 (KHTML, like Gecko) Mobile Safari/537.36 (compatible; PetalBot;+https://webmaster.petalsearch.com/site/petalbot)" "brainbox.co.in"
114.119.135.132 - - [16/Nov/2022:10:13:17 -0800] "GET /PDFContent/SPECIAL%20CROUSE/Part%201%20Grammar%20Essentials/STD_IV/UNIT%202%20%E2%80%93%20THE%20PANCAKE.pdf HTTP/1.1" 200 485215 "https://brainbox.co.in/PDFContent/SPECIAL%20CROUSE/Part%201%20Grammar%20Essentials/STD_IV/?C=S%3BO%3DA" "Mozilla/5.0 (Linux; Android 7.0;) AppleWebKit/537.36 (KHTML, like Gecko) Mobile Safari/537.36 (compatible; PetalBot;+https://webmaster.petalsearch.com/site/petalbot)" "brainbox.co.in"
114.119.145.187 - - [16/Nov/2022:10:19:02 -0800] "GET /PDFContent/01%20TSB/02%20Class%20VII/Hindi/ques%20&%20ans/TSB_VII_LS14_GUSADI%20_QUES%20&%20ANS.pdf HTTP/1.1" 200 362056 "https://brainbox.co.in/PDFContent/01%20TSB/02%20Class%20VII/Hindi/ques%20&%20ans/?C=N%3BO%3DD" "Mozilla/5.0 (Linux; Android 7.0;) AppleWebKit/537.36 (KHTML, like Gecko) Mobile Safari/537.36 (compatible; PetalBot;+https://webmaster.petalsearch.com/site/petalbot)" "brainbox.co.in"
114.119.135.132 - - [16/Nov/2022:10:24:46 -0800] "GET /PDFContent/04%20ICSE/03%20Class%20VIII/Chemistry/?C=S%3BO%3DA HTTP/1.1" 200 356 "https://brainbox.co.in/PDFContent/04%20ICSE/03%20Class%20VIII/Chemistry/" "Mozilla/5.0 (Linux; Android 7.0;) AppleWebKit/537.36 (KHTML, like Gecko) Mobile Safari/537.36 (compatible; PetalBot;+https://webmaster.petalsearch.com/site/petalbot)" "brainbox.co.in"
185.191.171.33 - - [16/Nov/2022:10:27:27 -0800] "GET /PDFContent/01%20TSB/05%20Class%20X/Physics/LS10_Electromagnetism/?C=S%3BO%3DA HTTP/1.1" 200 649 "-" "Mozilla/5.0 (compatible; SemrushBot/7~bl; +http://www.semrush.com/bot.html)" "brainbox.co.in"
114.119.135.132 - - [16/Nov/2022:10:30:33 -0800] "GET /PDFContent/03%20CBSE/02%20Class%20VII/Hindi/GLOSSARY/CBSC_VII_LS03_MAIN%20HOON%20ROBOT_GLOSSARY.pdf HTTP/1.1" 200 846869 "https://brainbox.co.in/PDFContent/03%20CBSE/02%20Class%20VII/Hindi/GLOSSARY/" "Mozilla/5.0 (Linux; Android 7.0;) AppleWebKit/537.36 (KHTML, like Gecko) Mobile Safari/537.36 (compatible; PetalBot;+https://webmaster.petalsearch.com/site/petalbot)" "brainbox.co.in"
114.119.145.175 - - [16/Nov/2022:10:36:17 -0800] "GET /PDFContent/03%20CBSE/04%20Class%20IX/Maths/LINEAR%20EQUATIONS%20IN%20TWO%20VARIABLES/?C=D%3BO%3DA HTTP/1.1" 200 846 "https://brainbox.co.in/PDFContent/03%20CBSE/04%20Class%20IX/Maths/LINEAR%20EQUATIONS%20IN%20TWO%20VARIABLES/?C=N%3BO%3DD" "Mozilla/5.0 (Linux; Android 7.0;) AppleWebKit/537.36 (KHTML, like Gecko) Mobile Safari/537.36 (compatible; PetalBot;+https://webmaster.petalsearch.com/site/petalbot)" "brainbox.co.in"
114.119.145.160 - - [16/Nov/2022:10:42:07 -0800] "GET /PDFContent/04%20ICSE/07%20Class%20XII/Sanskrit/?C=M%3BO%3DA HTTP/1.1" 200 355 "https://brainbox.co.in/PDFContent/04%20ICSE/07%20Class%20XII/Sanskrit/" "Mozilla/5.0 (Linux; Android 7.0;) AppleWebKit/537.36 (KHTML, like Gecko) Mobile Safari/537.36 (compatible; PetalBot;+https://webmaster.petalsearch.com/site/petalbot)" "brainbox.co.in"
114.119.145.160 - - [16/Nov/2022:10:47:49 -0800] "GET /PDFContent/03%20CBSE/05%20Class%20X/Hindi/CBSE_X_HINDI_LS02_BALGOBIN%20BHAGAT_CUE%20WORDS.pdf HTTP/1.1" 200 436029 "https://brainbox.co.in/PDFContent/03%20CBSE/05%20Class%20X/Hindi/?C=S%3BO%3DA" "Mozilla/5.0 (Linux; Android 7.0;) AppleWebKit/537.36 (KHTML, like Gecko) Mobile Safari/537.36 (compatible; PetalBot;+https://webmaster.petalsearch.com/site/petalbot)" "brainbox.co.in"
114.119.135.132 - - [16/Nov/2022:10:53:38 -0800] "GET /PDFContent/03%20CBSE/02%20Class%20VII/Hindi/Word%20Meaning/CBSC_VII_LS01_CHIDIYA%20AUR%20CHURUNGUN_WORD%20MEANING.pdf HTTP/1.1" 200 610818 "https://brainbox.co.in/PDFContent/03%20CBSE/02%20Class%20VII/Hindi/Word%20Meaning/?C=N%3BO%3DD" "Mozilla/5.0 (Linux; Android 7.0;) AppleWebKit/537.36 (KHTML, like Gecko) Mobile Safari/537.36 (compatible; PetalBot;+https://webmaster.petalsearch.com/site/petalbot)" "brainbox.co.in"
185.191.171.45 - - [16/Nov/2022:10:54:45 -0800] "GET /robots.txt HTTP/1.1" 404 88 "-" "Mozilla/5.0 (compatible; SemrushBot/7~bl; +http://www.semrush.com/bot.html)" "brainbox.co.in"
185.191.171.22 - - [16/Nov/2022:10:54:46 -0800] "GET /PDFContent/01%20TSB/07%20Class%20XII/Maths/LS02A_De%20Moivre%E2%80%99s%20theorem/?C=M%3BO%3DA HTTP/1.1" 200 512 "-" "Mozilla/5.0 (compatible; SemrushBot/7~bl; +http://www.semrush.com/bot.html)" "brainbox.co.in"
114.119.145.187 - - [16/Nov/2022:10:59:34 -0800] "GET /PDFContent/Beetle/CLASS%20II/MATHEMATICS%20SEM%202/Lesson%207.%20Measurement%20of%20length.pdf HTTP/1.1" 200 - "https://brainbox.co.in/PDFContent/Beetle/CLASS%20II/MATHEMATICS%20SEM%202/?C=S%3BO%3DA" "Mozilla/5.0 (Linux; Android 7.0;) AppleWebKit/537.36 (KHTML, like Gecko) Mobile Safari/537.36 (compatible; PetalBot;+https://webmaster.petalsearch.com/site/petalbot)" "brainbox.co.in"
114.119.135.132 - - [16/Nov/2022:11:05:22 -0800] "GET /PDFContent/04%20ICSE/07%20Class%20XII/Hindi/?C=M%3BO%3DA HTTP/1.1" 200 354 "https://brainbox.co.in/PDFContent/04%20ICSE/07%20Class%20XII/Hindi/" "Mozilla/5.0 (Linux; Android 7.0;) AppleWebKit/537.36 (KHTML, like Gecko) Mobile Safari/537.36 (compatible; PetalBot;+https://webmaster.petalsearch.com/site/petalbot)" "brainbox.co.in"
114.119.135.132 - - [16/Nov/2022:11:10:56 -0800] "GET /PDFContent/02%20APSB/02%20Class%20VII/Physics/?C=N%3BO%3DD HTTP/1.1" 200 353 "https://brainbox.co.in/PDFContent/02%20APSB/02%20Class%20VII/Physics/" "Mozilla/5.0 (Linux; Android 7.0;) AppleWebKit/537.36 (KHTML, like Gecko) Mobile Safari/537.36 (compatible; PetalBot;+https://webmaster.petalsearch.com/site/petalbot)" "brainbox.co.in"
114.119.145.175 - - [16/Nov/2022:11:16:31 -0800] "GET /PDFContent/03%20CBSE/04%20Class%20IX/Maths/POLYNOMIALS/?C=M%3BO%3DA HTTP/1.1" 200 1152 "https://brainbox.co.in/PDFContent/03%20CBSE/04%20Class%20IX/Maths/POLYNOMIALS/?C=D%3BO%3DA" "Mozilla/5.0 (Linux; Android 7.0;) AppleWebKit/537.36 (KHTML, like Gecko) Mobile Safari/537.36 (compatible; PetalBot;+https://webmaster.petalsearch.com/site/petalbot)" "brainbox.co.in"
114.119.135.132 - - [16/Nov/2022:11:22:02 -0800] "GET /PDFContent/03%20CBSE/03%20Class%20VIII/Physics/Summary HTTP/1.1" 200 355928 "https://brainboxschool.com/material/CBSE/VIII/Physics/FORCE_AND_PRESSURE.html" "Mozilla/5.0 (Linux; Android 7.0;) AppleWebKit/537.36 (KHTML, like Gecko) Mobile Safari/537.36 (compatible; PetalBot;+https://webmaster.petalsearch.com/site/petalbot)" "brainbox.co.in"
114.119.145.175 - - [16/Nov/2022:11:27:29 -0800] "GET /PDFContent/CBSE_X_HINDI_LS03_SAANA%20HATH%20JODI_CUE%20WORDS.pdf HTTP/1.1" 200 446959 "https://brainbox.co.in/PDFContent/?C=N%3BO%3DD" "Mozilla/5.0 (Linux; Android 7.0;) AppleWebKit/537.36 (KHTML, like Gecko) Mobile Safari/537.36 (compatible; PetalBot;+https://webmaster.petalsearch.com/site/petalbot)" "brainbox.co.in"
114.119.135.132 - - [16/Nov/2022:11:33:02 -0800] "GET /PDFContent/03%20CBSE/06%20Class%20XI/Maths/QUADRATIC%20EQUATIONS/?C=M%3BO%3DA HTTP/1.1" 200 781 "https://brainbox.co.in/PDFContent/03%20CBSE/06%20Class%20XI/Maths/QUADRATIC%20EQUATIONS/?C=N%3BO%3DD" "Mozilla/5.0 (Linux; Android 7.0;) AppleWebKit/537.36 (KHTML, like Gecko) Mobile Safari/537.36 (compatible; PetalBot;+https://webmaster.petalsearch.com/site/petalbot)" "brainbox.co.in"
114.119.145.175 - - [16/Nov/2022:11:38:16 -0800] "GET /PDFContent/01%20TSB/02%20Class%20VII/Science/ELECTRICITY/?C=N%3BO%3DD HTTP/1.1" 200 571 "https://brainbox.co.in/PDFContent/01%20TSB/02%20Class%20VII/Science/ELECTRICITY/" "Mozilla/5.0 (Linux; Android 7.0;) AppleWebKit/537.36 (KHTML, like Gecko) Mobile Safari/537.36 (compatible; PetalBot;+https://webmaster.petalsearch.com/site/petalbot)" "brainbox.co.in"
114.119.135.132 - - [16/Nov/2022:11:43:36 -0800] "GET /PDFContent/01%20TSB/06%20Class%20XI/English/?C=M%3BO%3DA HTTP/1.1" 200 354 "https://brainbox.co.in/PDFContent/01%20TSB/06%20Class%20XI/English/" "Mozilla/5.0 (Linux; Android 7.0;) AppleWebKit/537.36 (KHTML, like Gecko) Mobile Safari/537.36 (compatible; PetalBot;+https://webmaster.petalsearch.com/site/petalbot)" "brainbox.co.in"
114.119.145.187 - - [16/Nov/2022:11:48:55 -0800] "GET /PDFContent/Beetle/CLASS%20I/?C=S%3BO%3DA HTTP/1.1" 200 469 "https://brainbox.co.in/PDFContent/Beetle/CLASS%20I/?C=M%3BO%3DA" "Mozilla/5.0 (Linux; Android 7.0;) AppleWebKit/537.36 (KHTML, like Gecko) Mobile Safari/537.36 (compatible; PetalBot;+https://webmaster.petalsearch.com/site/petalbot)" "brainbox.co.in"
185.191.171.3 - - [16/Nov/2022:11:51:46 -0800] "GET /PDFContent/01%20TSB/07%20Class%20XII/Maths/LS02A_De%20Moivre%E2%80%99s%20theorem/?C=N%3BO%3DD HTTP/1.1" 200 512 "-" "Mozilla/5.0 (compatible; SemrushBot/7~bl; +http://www.semrush.com/bot.html)" "brainbox.co.in"
114.119.145.175 - - [16/Nov/2022:11:54:12 -0800] "GET /PDFContent/01%20TSB/05%20Class%20X/Telugu/?C=D%3BO%3DA HTTP/1.1" 200 352 "https://brainbox.co.in/PDFContent/01%20TSB/05%20Class%20X/Telugu/?C=D%3BO%3DA" "Mozilla/5.0 (Linux; Android 7.0;) AppleWebKit/537.36 (KHTML, like Gecko) Mobile Safari/537.36 (compatible; PetalBot;+https://webmaster.petalsearch.com/site/petalbot)" "brainbox.co.in"
114.119.145.160 - - [16/Nov/2022:11:59:25 -0800] "GET /PDFContent/03%20CBSE/03%20Class%20VIII/English/SUPPLEMENTARY/?C=M%3BO%3DA HTTP/1.1" 200 441 "https://brainbox.co.in/PDFContent/03%20CBSE/03%20Class%20VIII/English/SUPPLEMENTARY/?C=D%3BO%3DA" "Mozilla/5.0 (Linux; Android 7.0;) AppleWebKit/537.36 (KHTML, like Gecko) Mobile Safari/537.36 (compatible; PetalBot;+https://webmaster.petalsearch.com/site/petalbot)" "brainbox.co.in"
3.145.214.142 - - [16/Nov/2022:12:00:03 -0800] "GET /~richard/templates/beez/US/uk/paypal/login.htm HTTP/1.1" 404 73 "-" "Mozilla/5.0 (Macintosh; Intel Mac OS X 10_10_5) AppleWebKit/537.36 (KHTML, like Gecko) Chrome/52.0.2743.116 Safari/537.36" "brainbox.co.in"
114.119.145.175 - - [16/Nov/2022:12:04:40 -0800] "GET /PDFContent/03%20CBSE/04%20Class%20IX/Maths/CBSE_IX_MATHS_LS03_COORDINATE%20GEOMETRY/Coordinate%20Geometry_T08_Solved%20Problem%202.pdf HTTP/1.1" 200 210360 "https://brainbox.co.in/PDFContent/03%20CBSE/04%20Class%20IX/Maths/CBSE_IX_MATHS_LS03_COORDINATE%20GEOMETRY/?C=N%3BO%3DD" "Mozilla/5.0 (Linux; Android 7.0;) AppleWebKit/537.36 (KHTML, like Gecko) Mobile Safari/537.36 (compatible; PetalBot;+https://webmaster.petalsearch.com/site/petalbot)" "brainbox.co.in"
114.119.135.132 - - [16/Nov/2022:12:09:50 -0800] "GET /PDFContent/03%20CBSE/02%20Class%20VII/Hindi/Word%20Meaning/?C=M%3BO%3DA HTTP/1.1" 200 694 "https://brainbox.co.in/PDFContent/03%20CBSE/02%20Class%20VII/Hindi/Word%20Meaning/?C=N%3BO%3DD" "Mozilla/5.0 (Linux; Android 7.0;) AppleWebKit/537.36 (KHTML, like Gecko) Mobile Safari/537.36 (compatible; PetalBot;+https://webmaster.petalsearch.com/site/petalbot)" "brainbox.co.in"
114.119.145.175 - - [16/Nov/2022:12:15:05 -0800] "GET /PDFContent/03%20CBSE/07%20Class%20XII/Maths/CBSE_XII_MATHS_LS07_INDEFINITE%20INTEGRALS_SUMMARY.pdf HTTP/1.1" 200 555876 "https://brainbox.co.in/PDFContent/03%20CBSE/07%20Class%20XII/Maths/?C=N%3BO%3DD" "Mozilla/5.0 (Linux; Android 7.0;) AppleWebKit/537.36 (KHTML, like Gecko) Mobile Safari/537.36 (compatible; PetalBot;+https://webmaster.petalsearch.com/site/petalbot)" "brainbox.co.in"
114.119.135.132 - - [16/Nov/2022:12:20:16 -0800] "GET /PDFContent/01%20TSB/06%20Class%20XI/Telugu/?C=N%3BO%3DD HTTP/1.1" 200 353 "https://brainbox.co.in/PDFContent/01%20TSB/06%20Class%20XI/Telugu/?C=M%3BO%3DA" "Mozilla/5.0 (Linux; Android 7.0;) AppleWebKit/537.36 (KHTML, like Gecko) Mobile Safari/537.36 (compatible; PetalBot;+https://webmaster.petalsearch.com/site/petalbot)" "brainbox.co.in"
114.119.145.160 - - [16/Nov/2022:12:25:32 -0800] "GET /PDFContent/03%20CBSE/03%20Class%20VIII/Biology/Reproduction%20in%20Animals/?C=M%3BO%3DA HTTP/1.1" 200 674 "https://brainbox.co.in/PDFContent/03%20CBSE/03%20Class%20VIII/Biology/Reproduction%20in%20Animals/?C=D%3BO%3DA" "Mozilla/5.0 (Linux; Android 7.0;) AppleWebKit/537.36 (KHTML, like Gecko) Mobile Safari/537.36 (compatible; PetalBot;+https://webmaster.petalsearch.com/site/petalbot)" "brainbox.co.in"
114.119.135.132 - - [16/Nov/2022:12:30:48 -0800] "GET /PDFContent/03%20CBSE/02%20Class%20VII/English/CBSEBoard_English_VII_LS3_Introduction_Desert.pdf HTTP/1.1" 200 185908 "https://brainbox.co.in/PDFContent/03%20CBSE/02%20Class%20VII/English/?C=M%3BO%3DA" "Mozilla/5.0 (Linux; Android 7.0;) AppleWebKit/537.36 (KHTML, like Gecko) Mobile Safari/537.36 (compatible; PetalBot;+https://webmaster.petalsearch.com/site/petalbot)" "brainbox.co.in"
114.119.145.160 - - [16/Nov/2022:12:36:08 -0800] "GET /PDFContent/03%20CBSE/06%20Class%20XI/Chemistry/GENERAL%20ORGANIC%20CHEMISTRY/GENERAL%20ORGANIC%20CHEMISTRY_T16_Estimation%20of%20halogen.pdf HTTP/1.1" 200 175442 "https://brainbox.co.in/PDFContent/03%20CBSE/06%20Class%20XI/Chemistry/GENERAL%20ORGANIC%20CHEMISTRY/?C=S%3BO%3DA" "Mozilla/5.0 (Linux; Android 7.0;) AppleWebKit/537.36 (KHTML, like Gecko) Mobile Safari/537.36 (compatible; PetalBot;+https://webmaster.petalsearch.com/site/petalbot)" "brainbox.co.in"
114.119.145.160 - - [16/Nov/2022:12:41:23 -0800] "GET /PDFContent/01%20TSB/03%20Class%20VIII/English/LS7A/TSB_VIII_ENGLISH_LS07A_BONSAILIFE_P1_assignmnet.pdf HTTP/1.1" 200 231511 "https://brainbox.co.in/PDFContent/01%20TSB/03%20Class%20VIII/English/LS7A/" "Mozilla/5.0 (Linux; Android 7.0;) AppleWebKit/537.36 (KHTML, like Gecko) Mobile Safari/537.36 (compatible; PetalBot;+https://webmaster.petalsearch.com/site/petalbot)" "brainbox.co.in"
114.119.145.160 - - [16/Nov/2022:12:46:51 -0800] "GET /PDFContent/01%20TSB/02%20Class%20VII/English/01LS4B/?C=D%3BO%3DA HTTP/1.1" 200 475 "https://brainbox.co.in/PDFContent/01%20TSB/02%20Class%20VII/English/01LS4B/" "Mozilla/5.0 (Linux; Android 7.0;) AppleWebKit/537.36 (KHTML, like Gecko) Mobile Safari/537.36 (compatible; PetalBot;+https://webmaster.petalsearch.com/site/petalbot)" "brainbox.co.in"
114.119.145.187 - - [16/Nov/2022:12:52:32 -0800] "GET /PDFContent/03%20CBSE/06%20Class%20XI/Physics/GRAVITATION/Gravitation_Introduction.pdf HTTP/1.1" 200 302286 "https://brainbox.co.in/PDFContent/03%20CBSE/06%20Class%20XI/Physics/GRAVITATION/?C=N%3BO%3DD" "Mozilla/5.0 (Linux; Android 7.0;) AppleWebKit/537.36 (KHTML, like Gecko) Mobile Safari/537.36 (compatible; PetalBot;+https://webmaster.petalsearch.com/site/petalbot)" "brainbox.co.in"
54.176.32.101 - - [16/Nov/2022:12:54:40 -0800] "GET /~richard/templates/beez/US/uk/paypal/login.htm HTTP/1.1" 404 73 "-" "Mozilla/5.0 (Macintosh; Intel Mac OS X 10_10_5) AppleWebKit/537.36 (KHTML, like Gecko) Chrome/52.0.2743.116 Safari/537.36" "brainbox.co.in"
114.119.145.175 - - [16/Nov/2022:12:58:03 -0800] "GET /PDFContent/03%20CBSE/02%20Class%20VII/English/CBSEBoard_English_VII_LS2_KEYPOINTS.pdf HTTP/1.1" 200 198858 "https://brainbox.co.in/PDFContent/03%20CBSE/02%20Class%20VII/English/?C=M%3BO%3DA" "Mozilla/5.0 (Linux; Android 7.0;) AppleWebKit/537.36 (KHTML, like Gecko) Mobile Safari/537.36 (compatible; PetalBot;+https://webmaster.petalsearch.com/site/petalbot)" "brainbox.co.in"
114.119.145.160 - - [16/Nov/2022:13:03:42 -0800] "GET /PDFContent/01%20TSB/03%20Class%20VIII/Chemistry/?C=M%3BO%3DA HTTP/1.1" 200 458 "https://brainbox.co.in/PDFContent/01%20TSB/03%20Class%20VIII/Chemistry/?C=N%3BO%3DD" "Mozilla/5.0 (Linux; Android 7.0;) AppleWebKit/537.36 (KHTML, like Gecko) Mobile Safari/537.36 (compatible; PetalBot;+https://webmaster.petalsearch.com/site/petalbot)" "brainbox.co.in"
114.119.135.132 - - [16/Nov/2022:13:09:33 -0800] "GET /?C=S%3BO%3DA HTTP/1.1" 200 429 "https://brainbox.co.in?C=D%3BO%3DA" "Mozilla/5.0 (Linux; Android 7.0;) AppleWebKit/537.36 (KHTML, like Gecko) Mobile Safari/537.36 (compatible; PetalBot;+https://webmaster.petalsearch.com/site/petalbot)" "brainbox.co.in"
114.119.145.160 - - [16/Nov/2022:13:15:23 -0800] "GET /PDFContent/03%20CBSE/04%20Class%20IX/Maths/?C=M%3BO%3DA HTTP/1.1" 200 941 "https://brainbox.co.in/PDFContent/03%20CBSE/04%20Class%20IX/Maths/?C=S%3BO%3DA" "Mozilla/5.0 (Linux; Android 7.0;) AppleWebKit/537.36 (KHTML, like Gecko) Mobile Safari/537.36 (compatible; PetalBot;+https://webmaster.petalsearch.com/site/petalbot)" "brainbox.co.in"
114.119.145.175 - - [16/Nov/2022:13:21:13 -0800] "GET /PDFContent/03%20CBSE/01%20Class%20VI/Telugu/?C=S%3BO%3DA HTTP/1.1" 200 353 "https://brainbox.co.in/PDFContent/03%20CBSE/01%20Class%20VI/Telugu/" "Mozilla/5.0 (Linux; Android 7.0;) AppleWebKit/537.36 (KHTML, like Gecko) Mobile Safari/537.36 (compatible; PetalBot;+https://webmaster.petalsearch.com/site/petalbot)" "brainbox.co.in"
114.119.145.175 - - [16/Nov/2022:13:27:07 -0800] "GET /PDFContent/03%20CBSE/05%20Class%20X/Hindi/CBSE_X_HINDI_LS02_RAM%20VRAKSH%20BENEPURI-BALGOBINDH%20BHAGAT_INTRODUCTION.pdf HTTP/1.1" 200 494901 "https://brainbox.co.in/PDFContent/03%20CBSE/05%20Class%20X/Hindi/?C=S%3BO%3DA" "Mozilla/5.0 (Linux; Android 7.0;) AppleWebKit/537.36 (KHTML, like Gecko) Mobile Safari/537.36 (compatible; PetalBot;+https://webmaster.petalsearch.com/site/petalbot)" "brainbox.co.in"
114.119.145.187 - - [16/Nov/2022:13:32:56 -0800] "GET /PDFContent/Beetle/CLASS%20II/MATHEMATICS/?C=S%3BO%3DA HTTP/1.1" 200 491 "https://brainbox.co.in/PDFContent/Beetle/CLASS%20II/MATHEMATICS/?C=S%3BO%3DA" "Mozilla/5.0 (Linux; Android 7.0;) AppleWebKit/537.36 (KHTML, like Gecko) Mobile Safari/537.36 (compatible; PetalBot;+https://webmaster.petalsearch.com/site/petalbot)" "brainbox.co.in"
114.119.135.132 - - [16/Nov/2022:13:38:46 -0800] "GET /PDFContent/01%20TSB/03%20Class%20VIII/English/LS1B/New/?C=N%3BO%3DD HTTP/1.1" 200 527 "https://brainbox.co.in/PDFContent/01%20TSB/03%20Class%20VIII/English/LS1B/New/?C=S%3BO%3DA" "Mozilla/5.0 (Linux; Android 7.0;) AppleWebKit/537.36 (KHTML, like Gecko) Mobile Safari/537.36 (compatible; PetalBot;+https://webmaster.petalsearch.com/site/petalbot)" "brainbox.co.in"
87.250.224.128 - - [16/Nov/2022:13:43:50 -0800] "GET /robots.txt HTTP/1.1" 404 73 "-" "Mozilla/5.0 (compatible; YandexBot/3.0; +http://yandex.com/bots)" "brainbox.co.in"
5.45.207.71 - - [16/Nov/2022:13:43:54 -0800] "GET /PDFContent/Beetle/CLASS%20IV/SCIENCE%202/ HTTP/1.1" 200 612 "-" "Mozilla/5.0 (compatible; YandexBot/3.0; +http://yandex.com/bots)" "brainbox.co.in"
114.119.145.160 - - [16/Nov/2022:13:44:37 -0800] "GET /PDFContent/04%20ICSE/05%20Class%20X/Sanskrit/?C=N%3BO%3DD HTTP/1.1" 200 354 "https://brainbox.co.in/PDFContent/04%20ICSE/05%20Class%20X/Sanskrit/?C=S%3BO%3DA" "Mozilla/5.0 (Linux; Android 7.0;) AppleWebKit/537.36 (KHTML, like Gecko) Mobile Safari/537.36 (compatible; PetalBot;+https://webmaster.petalsearch.com/site/petalbot)" "brainbox.co.in"
114.119.135.132 - - [16/Nov/2022:13:56:15 -0800] "GET /PDFContent/03%20CBSE/05%20Class%20X/Hindi/AUDIO%20FILES/?C=S%3BO%3DA HTTP/1.1" 200 436 "https://brainbox.co.in/PDFContent/03%20CBSE/05%20Class%20X/Hindi/AUDIO%20FILES/?C=D%3BO%3DA" "Mozilla/5.0 (Linux; Android 7.0;) AppleWebKit/537.36 (KHTML, like Gecko) Mobile Safari/537.36 (compatible; PetalBot;+https://webmaster.petalsearch.com/site/petalbot)" "brainbox.co.in"
114.119.145.187 - - [16/Nov/2022:14:02:06 -0800] "GET /PDFContent/Beetle/CLASS%20I/ENGLISH%201-2/Lesson%205%20%E2%80%90%20A%20birthday%20party.pdf HTTP/1.1" 200 144254 "https://brainbox.co.in/PDFContent/Beetle/CLASS%20I/ENGLISH%201-2/?C=N%3BO%3DD" "Mozilla/5.0 (Linux; Android 7.0;) AppleWebKit/537.36 (KHTML, like Gecko) Mobile Safari/537.36 (compatible; PetalBot;+https://webmaster.petalsearch.com/site/petalbot)" "brainbox.co.in"
114.119.145.160 - - [16/Nov/2022:14:07:55 -0800] "GET /PDFContent/04%20ICSE/06%20Class%20XI/Maths/?C=N%3BO%3DD HTTP/1.1" 200 353 "https://brainbox.co.in/PDFContent/04%20ICSE/06%20Class%20XI/Maths/?C=S%3BO%3DA" "Mozilla/5.0 (Linux; Android 7.0;) AppleWebKit/537.36 (KHTML, like Gecko) Mobile Safari/537.36 (compatible; PetalBot;+https://webmaster.petalsearch.com/site/petalbot)" "brainbox.co.in"
