51.222.253.3 - - [13/Nov/2022:16:02:43 -0800] "GET /PDFContent/Beetle/CLASS%20I/ENGLISH%201-2/?C=N;O=D HTTP/1.1" 200 622 "-" "Mozilla/5.0 (compatible; AhrefsBot/7.0; +http://ahrefs.com/robot/)" "brainbox.co.in"
114.119.145.175 - - [13/Nov/2022:16:05:17 -0800] "GET /PDFContent/04%20ICSE/05%20Class%20X/?C=S%3BO%3DA HTTP/1.1" 200 463 "https://brainbox.co.in/PDFContent/04%20ICSE/05%20Class%20X/?C=M%3BO%3DA" "Mozilla/5.0 (Linux; Android 7.0;) AppleWebKit/537.36 (KHTML, like Gecko) Mobile Safari/537.36 (compatible; PetalBot;+https://webmaster.petalsearch.com/site/petalbot)" "brainbox.co.in"
114.119.145.187 - - [13/Nov/2022:16:11:07 -0800] "GET /PDFContent/03%20CBSE/03%20Class%20VIII/Chemistry/Metals%20&%20Non-Metals/Use%20of%20Metals%20&%20Non-Metals.pdf HTTP/1.1" 200 234898 "https://brainbox.co.in/PDFContent/03%20CBSE/03%20Class%20VIII/Chemistry/Metals%20&%20Non-Metals/?C=S%3BO%3DA" "Mozilla/5.0 (Linux; Android 7.0;) AppleWebKit/537.36 (KHTML, like Gecko) Mobile Safari/537.36 (compatible; PetalBot;+https://webmaster.petalsearch.com/site/petalbot)" "brainbox.co.in"
51.222.253.3 - - [13/Nov/2022:16:15:53 -0800] "GET /PDFContent/02%20APSB/05%20Class%20X/Chemistry/ HTTP/1.1" 200 355 "-" "Mozilla/5.0 (compatible; AhrefsBot/7.0; +http://ahrefs.com/robot/)" "brainbox.co.in"
114.119.145.175 - - [13/Nov/2022:16:16:54 -0800] "GET /PDFContent/03%20CBSE/02%20Class%20VII/Science/NUTRITION%20IN%20PLANTS/?C=N%3BO%3DD HTTP/1.1" 200 461 "https://brainbox.co.in/PDFContent/03%20CBSE/02%20Class%20VII/Science/NUTRITION%20IN%20PLANTS/?C=D%3BO%3DA" "Mozilla/5.0 (Linux; Android 7.0;) AppleWebKit/537.36 (KHTML, like Gecko) Mobile Safari/537.36 (compatible; PetalBot;+https://webmaster.petalsearch.com/site/petalbot)" "brainbox.co.in"
114.119.145.160 - - [13/Nov/2022:16:22:42 -0800] "GET /PDFContent/04%20ICSE/01%20Class%20VI/English/?C=N%3BO%3DD HTTP/1.1" 200 353 "https://brainbox.co.in/PDFContent/04%20ICSE/01%20Class%20VI/English/" "Mozilla/5.0 (Linux; Android 7.0;) AppleWebKit/537.36 (KHTML, like Gecko) Mobile Safari/537.36 (compatible; PetalBot;+https://webmaster.petalsearch.com/site/petalbot)" "brainbox.co.in"
51.222.253.7 - - [13/Nov/2022:16:27:18 -0800] "GET /PDFContent/02%20APSB/05%20Class%20X/English/ HTTP/1.1" 200 354 "-" "Mozilla/5.0 (compatible; AhrefsBot/7.0; +http://ahrefs.com/robot/)" "brainbox.co.in"
114.119.145.187 - - [13/Nov/2022:16:28:33 -0800] "GET /PDFContent/Beetle/CLASS%20II/MATHEMATICS%20SEM%202/Lesson%201.%20Multiplication.pdf HTTP/1.1" 200 217047 "https://brainbox.co.in/PDFContent/Beetle/CLASS%20II/MATHEMATICS%20SEM%202/?C=S%3BO%3DA" "Mozilla/5.0 (Linux; Android 7.0;) AppleWebKit/537.36 (KHTML, like Gecko) Mobile Safari/537.36 (compatible; PetalBot;+https://webmaster.petalsearch.com/site/petalbot)" "brainbox.co.in"
114.119.145.160 - - [13/Nov/2022:16:34:21 -0800] "GET /PDFContent/04%20ICSE/04%20Class%20IX/Chemistry/?C=D%3BO%3DA HTTP/1.1" 200 354 "https://brainbox.co.in/PDFContent/04%20ICSE/04%20Class%20IX/Chemistry/?C=M%3BO%3DA" "Mozilla/5.0 (Linux; Android 7.0;) AppleWebKit/537.36 (KHTML, like Gecko) Mobile Safari/537.36 (compatible; PetalBot;+https://webmaster.petalsearch.com/site/petalbot)" "brainbox.co.in"
51.222.253.2 - - [13/Nov/2022:16:37:56 -0800] "GET /robots.txt HTTP/1.1" 404 88 "-" "Mozilla/5.0 (compatible; AhrefsBot/7.0; +http://ahrefs.com/robot/)" "brainbox.co.in"
51.222.253.14 - - [13/Nov/2022:16:37:57 -0800] "GET /PDFContent/02%20APSB/05%20Class%20X/Physics/ HTTP/1.1" 200 354 "-" "Mozilla/5.0 (compatible; AhrefsBot/7.0; +http://ahrefs.com/robot/)" "brainbox.co.in"
114.119.145.175 - - [13/Nov/2022:16:40:12 -0800] "GET /PDFContent/Beetle/CLASS%20IV/SCIENCE/Lesson%201.%20Plants%20make%20their%20own%20food.pdf HTTP/1.1" 200 92720 "https://brainbox.co.in/PDFContent/Beetle/CLASS%20IV/SCIENCE/" "Mozilla/5.0 (Linux; Android 7.0;) AppleWebKit/537.36 (KHTML, like Gecko) Mobile Safari/537.36 (compatible; PetalBot;+https://webmaster.petalsearch.com/site/petalbot)" "brainbox.co.in"
114.119.145.175 - - [13/Nov/2022:16:45:55 -0800] "GET /PDFContent/01%20TSB/03%20Class%20VIII/English/LS2C/ HTTP/1.1" 200 542 "https://brainbox.co.in/PDFContent/01%20TSB/03%20Class%20VIII/English/" "Mozilla/5.0 (Linux; Android 7.0;) AppleWebKit/537.36 (KHTML, like Gecko) Mobile Safari/537.36 (compatible; PetalBot;+https://webmaster.petalsearch.com/site/petalbot)" "brainbox.co.in"
51.222.253.5 - - [13/Nov/2022:16:48:09 -0800] "GET /PDFContent/02%20APSB/05%20Class%20X/Sanskrit/ HTTP/1.1" 200 353 "-" "Mozilla/5.0 (compatible; AhrefsBot/7.0; +http://ahrefs.com/robot/)" "brainbox.co.in"
114.119.145.187 - - [13/Nov/2022:16:51:41 -0800] "GET /PDFContent/Beetle/CLASS%20II/MATHEMATICS%20SEM%202/?C=M%3BO%3DA HTTP/1.1" 200 676 "https://brainbox.co.in/PDFContent/Beetle/CLASS%20II/MATHEMATICS%20SEM%202/?C=S%3BO%3DA" "Mozilla/5.0 (Linux; Android 7.0;) AppleWebKit/537.36 (KHTML, like Gecko) Mobile Safari/537.36 (compatible; PetalBot;+https://webmaster.petalsearch.com/site/petalbot)" "brainbox.co.in"
184.169.194.58 - - [13/Nov/2022:16:54:25 -0800] "GET /~richard/templates/beez/US/uk/paypal/login.htm HTTP/1.1" 404 73 "-" "Mozilla/5.0 (Macintosh; Intel Mac OS X 10_10_5) AppleWebKit/537.36 (KHTML, like Gecko) Chrome/52.0.2743.116 Safari/537.36" "brainbox.co.in"
114.119.145.187 - - [13/Nov/2022:16:57:27 -0800] "GET /PDFContent/03%20CBSE/05%20Class%20X/Chemistry/CHEMICAL%20REACTIONS%20&%20EQUATIONS/?C=D%3BO%3DA HTTP/1.1" 200 627 "https://brainbox.co.in/PDFContent/03%20CBSE/05%20Class%20X/Chemistry/CHEMICAL%20REACTIONS%20&%20EQUATIONS/" "Mozilla/5.0 (Linux; Android 7.0;) AppleWebKit/537.36 (KHTML, like Gecko) Mobile Safari/537.36 (compatible; PetalBot;+https://webmaster.petalsearch.com/site/petalbot)" "brainbox.co.in"
51.222.253.5 - - [13/Nov/2022:16:59:53 -0800] "GET /PDFContent/01%20TSB/06%20Class%20XI/?C=M;O=D HTTP/1.1" 200 471 "-" "Mozilla/5.0 (compatible; AhrefsBot/7.0; +http://ahrefs.com/robot/)" "brainbox.co.in"
114.119.135.132 - - [13/Nov/2022:17:03:17 -0800] "GET /PDFContent/03%20CBSE/05%20Class%20X/Hindi/Kshitij/LS01/CBSE_X_HINDI_LS01_SURDAS_Q_A1.pdf HTTP/1.1" 200 437756 "https://brainbox.co.in/PDFContent/03%20CBSE/05%20Class%20X/Hindi/Kshitij/LS01/" "Mozilla/5.0 (Linux; Android 7.0;) AppleWebKit/537.36 (KHTML, like Gecko) Mobile Safari/537.36 (compatible; PetalBot;+https://webmaster.petalsearch.com/site/petalbot)" "brainbox.co.in"
114.119.145.160 - - [13/Nov/2022:17:09:12 -0800] "GET /PDFContent/Beetle/CLASS%20IV/SOCIAL/LESSON%206.%20THE%20COASTAL%20PLAINS%20AND%20THE%20ISLANDS.pdf HTTP/1.1" 200 86309 "https://brainbox.co.in/PDFContent/Beetle/CLASS%20IV/SOCIAL/?C=M%3BO%3DA" "Mozilla/5.0 (Linux; Android 7.0;) AppleWebKit/537.36 (KHTML, like Gecko) Mobile Safari/537.36 (compatible; PetalBot;+https://webmaster.petalsearch.com/site/petalbot)" "brainbox.co.in"
51.222.253.1 - - [13/Nov/2022:17:10:04 -0800] "GET /PDFContent/03%20CBSE/06%20Class%20XI/Sanskrit/?C=N;O=D HTTP/1.1" 200 353 "-" "Mozilla/5.0 (compatible; AhrefsBot/7.0; +http://ahrefs.com/robot/)" "brainbox.co.in"
114.119.145.187 - - [13/Nov/2022:17:15:17 -0800] "GET /PDFContent/03%20CBSE/03%20Class%20VIII/Chemistry/Combustion%20and%20Flames/CBSE_VIII_CHEMISTRY_COMBUSTION%20&%20FLAMES_Conditions%20required%20for%20Combustion HTTP/1.1" 200 314834 "https://brainboxschool.com/material/CBSE/VIII/Chemistry/COMBUSTION_AND_FLAME.html" "Mozilla/5.0 (Linux; Android 7.0;) AppleWebKit/537.36 (KHTML, like Gecko) Mobile Safari/537.36 (compatible; PetalBot;+https://webmaster.petalsearch.com/site/petalbot)" "brainbox.co.in"
51.222.253.18 - - [13/Nov/2022:17:17:18 -0800] "GET /PDFContent/03%20CBSE/06%20Class%20XI/Telugu/?C=N;O=D HTTP/1.1" 200 353 "-" "Mozilla/5.0 (compatible; AhrefsBot/7.0; +http://ahrefs.com/robot/)" "brainbox.co.in"
51.222.253.13 - - [13/Nov/2022:17:20:27 -0800] "GET /PDFContent/03%20CBSE/05%20Class%20X/Chemistry/?C=N;O=D HTTP/1.1" 200 462 "-" "Mozilla/5.0 (compatible; AhrefsBot/7.0; +http://ahrefs.com/robot/)" "brainbox.co.in"
114.119.145.175 - - [13/Nov/2022:17:21:00 -0800] "GET /PDFContent/01%20TSB/03%20Class%20VIII/English/LS4B/ HTTP/1.1" 200 501 "https://brainbox.co.in/PDFContent/01%20TSB/03%20Class%20VIII/English/" "Mozilla/5.0 (Linux; Android 7.0;) AppleWebKit/537.36 (KHTML, like Gecko) Mobile Safari/537.36 (compatible; PetalBot;+https://webmaster.petalsearch.com/site/petalbot)" "brainbox.co.in"
51.222.253.11 - - [13/Nov/2022:17:21:55 -0800] "GET /PDFContent/03%20CBSE/06%20Class%20XI/Hindi/?C=N;O=D HTTP/1.1" 200 351 "-" "Mozilla/5.0 (compatible; AhrefsBot/7.0; +http://ahrefs.com/robot/)" "brainbox.co.in"
51.222.253.14 - - [13/Nov/2022:17:23:00 -0800] "GET /PDFContent/03%20CBSE/06%20Class%20XI/English/?C=N;O=D HTTP/1.1" 200 353 "-" "Mozilla/5.0 (compatible; AhrefsBot/7.0; +http://ahrefs.com/robot/)" "brainbox.co.in"
51.222.253.6 - - [13/Nov/2022:17:24:08 -0800] "GET /PDFContent/03%20CBSE/03%20Class%20VIII/English/SUPPLEMENTARY/?C=D;O=A HTTP/1.1" 200 441 "-" "Mozilla/5.0 (compatible; AhrefsBot/7.0; +http://ahrefs.com/robot/)" "brainbox.co.in"
51.222.253.9 - - [13/Nov/2022:17:25:29 -0800] "GET /PDFContent/03%20CBSE/03%20Class%20VIII/English/SUPPLEMENTARY/?C=M;O=A HTTP/1.1" 200 440 "-" "Mozilla/5.0 (compatible; AhrefsBot/7.0; +http://ahrefs.com/robot/)" "brainbox.co.in"
51.222.253.20 - - [13/Nov/2022:17:26:25 -0800] "GET /PDFContent/03%20CBSE/03%20Class%20VIII/English/SUPPLEMENTARY/?C=S;O=A HTTP/1.1" 200 441 "-" "Mozilla/5.0 (compatible; AhrefsBot/7.0; +http://ahrefs.com/robot/)" "brainbox.co.in"
114.119.145.175 - - [13/Nov/2022:17:26:54 -0800] "GET /PDFContent/03%20CBSE/05%20Class%20X/?C=S%3BO%3DA HTTP/1.1" 200 522 "https://brainbox.co.in/PDFContent/03%20CBSE/05%20Class%20X/" "Mozilla/5.0 (Linux; Android 7.0;) AppleWebKit/537.36 (KHTML, like Gecko) Mobile Safari/537.36 (compatible; PetalBot;+https://webmaster.petalsearch.com/site/petalbot)" "brainbox.co.in"
135.181.213.219 - - [13/Nov/2022:17:27:28 -0800] "GET /robots.txt HTTP/1.1" 404 73 "-" "Mozilla/5.0 (compatible; MJ12bot/v1.4.8; http://mj12bot.com/)" "www.brainbox.co.in"
135.181.213.219 - - [13/Nov/2022:17:27:30 -0800] "GET /PDFContent/01%20TSB/07%20Class%20XII/Maths/LS02A_De%20Moivre%E2%80%99s%20theorem/TSB_XII_MATHS_LS02A_De%20Moivre%E2%80%99s%20theorem_T01_Definition%20of%20De%20Moivre%E2%80%99s%20theorem.pdf HTTP/1.1" 200 258445 "-" "Mozilla/5.0 (compatible; MJ12bot/v1.4.8; http://mj12bot.com/)" "www.brainbox.co.in"
135.181.213.219 - - [13/Nov/2022:17:27:32 -0800] "GET /PDFContent/01%20TSB/07%20Class%20XII/Maths/LS02A_De%20Moivre%E2%80%99s%20theorem/TSB_XII_MATHS_LS02A_De%20Moivre%E2%80%99s%20theorem_T02_Problem%201.pdf HTTP/1.1" 200 266264 "-" "Mozilla/5.0 (compatible; MJ12bot/v1.4.8; http://mj12bot.com/)" "www.brainbox.co.in"
135.181.213.219 - - [13/Nov/2022:17:27:34 -0800] "GET /PDFContent/01%20TSB/07%20Class%20XII/Maths/LS02A_De%20Moivre%E2%80%99s%20theorem/TSB_XII_MATHS_LS02A_De%20Moivre%E2%80%99s%20theorem_T03_Problem%202.pdf HTTP/1.1" 200 279956 "-" "Mozilla/5.0 (compatible; MJ12bot/v1.4.8; http://mj12bot.com/)" "www.brainbox.co.in"
114.119.145.187 - - [13/Nov/2022:17:32:37 -0800] "GET /PDFContent/Beetle/CLASS%20II/ENGLISH%20SEM%202/Lesson%204%20-%20Unity%20is%20strength.pdf HTTP/1.1" 200 134049 "https://brainbox.co.in/PDFContent/Beetle/CLASS%20II/ENGLISH%20SEM%202/" "Mozilla/5.0 (Linux; Android 7.0;) AppleWebKit/537.36 (KHTML, like Gecko) Mobile Safari/537.36 (compatible; PetalBot;+https://webmaster.petalsearch.com/site/petalbot)" "brainbox.co.in"
114.119.135.132 - - [13/Nov/2022:17:38:24 -0800] "GET /PDFContent/03%20CBSE/04%20Class%20IX/Biology/WHY%20DO%20WE%20FALL%20ILL/Why%20Do%20We%20Fall%20Ill_T01_Introduction.pdf HTTP/1.1" 200 610573 "https://brainbox.co.in/PDFContent/03%20CBSE/04%20Class%20IX/Biology/WHY%20DO%20WE%20FALL%20ILL/?C=N%3BO%3DD" "Mozilla/5.0 (Linux; Android 7.0;) AppleWebKit/537.36 (KHTML, like Gecko) Mobile Safari/537.36 (compatible; PetalBot;+https://webmaster.petalsearch.com/site/petalbot)" "brainbox.co.in"
185.191.171.41 - - [13/Nov/2022:17:39:45 -0800] "GET /robots.txt HTTP/1.1" 404 88 "-" "Mozilla/5.0 (compatible; SemrushBot/7~bl; +http://www.semrush.com/bot.html)" "brainbox.co.in"
185.191.171.20 - - [13/Nov/2022:17:39:45 -0800] "GET /PDFContent/03%20CBSE/03%20Class%20VIII/Sanskrit/?C=S%3BO%3DA HTTP/1.1" 200 454 "-" "Mozilla/5.0 (compatible; SemrushBot/7~bl; +http://www.semrush.com/bot.html)" "brainbox.co.in"
114.119.145.187 - - [13/Nov/2022:17:44:10 -0800] "GET /PDFContent/01%20TSB/05%20Class%20X/English/ HTTP/1.1" 200 610 "https://brainbox.co.in/PDFContent/01%20TSB/05%20Class%20X/English/7A_MY%20CHILDHOOD/?C=S%3BO%3DA" "Mozilla/5.0 (Linux; Android 7.0;) AppleWebKit/537.36 (KHTML, like Gecko) Mobile Safari/537.36 (compatible; PetalBot;+https://webmaster.petalsearch.com/site/petalbot)" "brainbox.co.in"
5.255.253.190 - - [13/Nov/2022:17:47:40 -0800] "GET /robots.txt HTTP/1.1" 404 73 "-" "Mozilla/5.0 (compatible; YandexBot/3.0; +http://yandex.com/bots)" "brainbox.co.in"
95.108.213.39 - - [13/Nov/2022:17:47:44 -0800] "GET /PDFContent/Beetle/CLASS%20V/SOCIAL/SEM%202/LESSON%201.%20TRAVEL%20AND%20TRANSPORT.pdf HTTP/1.1" 200 79954 "-" "Mozilla/5.0 (compatible; YandexBot/3.0; +http://yandex.com/bots)" "brainbox.co.in"
114.119.135.132 - - [13/Nov/2022:17:49:58 -0800] "GET /PDFContent/03%20CBSE/02%20Class%20VII/Science/TEXTBOOK%20EXAMPLES/CBSE_Science_VII_Respiration%20In%20Animals%20And%20Plants_Examples_D10.pdf HTTP/1.1" 200 339157 "https://brainbox.co.in/PDFContent/03%20CBSE/02%20Class%20VII/Science/TEXTBOOK%20EXAMPLES/?C=N%3BO%3DD" "Mozilla/5.0 (Linux; Android 7.0;) AppleWebKit/537.36 (KHTML, like Gecko) Mobile Safari/537.36 (compatible; PetalBot;+https://webmaster.petalsearch.com/site/petalbot)" "brainbox.co.in"
51.222.253.20 - - [13/Nov/2022:17:52:26 -0800] "GET /PDFContent/01%20TSB/05%20Class%20X/Biology/RESPIRATION/?C=N;O=D HTTP/1.1" 200 493 "-" "Mozilla/5.0 (compatible; AhrefsBot/7.0; +http://ahrefs.com/robot/)" "brainbox.co.in"
13.59.155.82 - - [13/Nov/2022:17:54:46 -0800] "GET /~richard/templates/beez/US/uk/paypal/login.htm HTTP/1.1" 404 73 "-" "Mozilla/5.0 (Macintosh; Intel Mac OS X 10_10_5) AppleWebKit/537.36 (KHTML, like Gecko) Chrome/52.0.2743.116 Safari/537.36" "brainbox.co.in"
114.119.145.175 - - [13/Nov/2022:17:55:54 -0800] "GET /PDFContent/Beetle/CLASS%20V/ENGLISH/SEM%201/Lesson%204%20-%20Robots.pdf HTTP/1.1" 200 119399 "https://brainbox.co.in/PDFContent/Beetle/CLASS%20V/ENGLISH/SEM%201/" "Mozilla/5.0 (Linux; Android 7.0;) AppleWebKit/537.36 (KHTML, like Gecko) Mobile Safari/537.36 (compatible; PetalBot;+https://webmaster.petalsearch.com/site/petalbot)" "brainbox.co.in"
51.222.253.10 - - [13/Nov/2022:18:07:54 -0800] "GET /PDFContent/01%20TSB/06%20Class%20XI/Physics/?C=D;O=A HTTP/1.1" 200 354 "-" "Mozilla/5.0 (compatible; AhrefsBot/7.0; +http://ahrefs.com/robot/)" "brainbox.co.in"
114.119.145.160 - - [13/Nov/2022:18:14:08 -0800] "GET /PDFContent/01%20TSB/04%20Class%20IX/Biology/ANIMAL%20BEHAVIOUR/?C=M%3BO%3DA HTTP/1.1" 200 530 "https://brainbox.co.in/PDFContent/01%20TSB/04%20Class%20IX/Biology/ANIMAL%20BEHAVIOUR/?C=M%3BO%3DA" "Mozilla/5.0 (Linux; Android 7.0;) AppleWebKit/537.36 (KHTML, like Gecko) Mobile Safari/537.36 (compatible; PetalBot;+https://webmaster.petalsearch.com/site/petalbot)" "brainbox.co.in"
114.119.135.132 - - [13/Nov/2022:18:20:16 -0800] "GET /PDFContent/01%20TSB/02%20Class%20VII/Hindi/Glossary/TSB_VII_LS08_BADAL_GLOSSARY.pdf HTTP/1.1" 200 910334 "https://brainbox.co.in/PDFContent/01%20TSB/02%20Class%20VII/Hindi/Glossary/?C=M%3BO%3DA" "Mozilla/5.0 (Linux; Android 7.0;) AppleWebKit/537.36 (KHTML, like Gecko) Mobile Safari/537.36 (compatible; PetalBot;+https://webmaster.petalsearch.com/site/petalbot)" "brainbox.co.in"
51.222.253.13 - - [13/Nov/2022:18:22:09 -0800] "GET /PDFContent/01%20TSB/05%20Class%20X/Hindi/BARASTE%20BADAL/?C=N;O=D HTTP/1.1" 200 466 "-" "Mozilla/5.0 (compatible; AhrefsBot/7.0; +http://ahrefs.com/robot/)" "brainbox.co.in"
114.119.145.175 - - [13/Nov/2022:18:27:11 -0800] "GET /PDFContent/01%20TSB/04%20Class%20IX/Biology/ANIMAL%20BEHAVIOUR/?C=S%3BO%3DA HTTP/1.1" 200 530 "https://brainbox.co.in/PDFContent/01%20TSB/04%20Class%20IX/Biology/ANIMAL%20BEHAVIOUR/?C=M%3BO%3DA" "Mozilla/5.0 (Linux; Android 7.0;) AppleWebKit/537.36 (KHTML, like Gecko) Mobile Safari/537.36 (compatible; PetalBot;+https://webmaster.petalsearch.com/site/petalbot)" "brainbox.co.in"
114.119.145.160 - - [13/Nov/2022:18:33:40 -0800] "GET /PDFContent/01%20TSB/03%20Class%20VIII/English/LS7C/TSB_VIII_ENGLISH_LS07C_%20I%20CAN%20TAKE%20CARE%20OF%20MYSELF_Glossary.pdf HTTP/1.1" 200 323674 "https://brainbox.co.in/PDFContent/01%20TSB/03%20Class%20VIII/English/LS7C/?C=N%3BO%3DD" "Mozilla/5.0 (Linux; Android 7.0;) AppleWebKit/537.36 (KHTML, like Gecko) Mobile Safari/537.36 (compatible; PetalBot;+https://webmaster.petalsearch.com/site/petalbot)" "brainbox.co.in"
51.222.253.19 - - [13/Nov/2022:18:37:24 -0800] "GET /PDFContent/01%20TSB/01%20Class%20VI/?C=N;O=D HTTP/1.1" 200 492 "-" "Mozilla/5.0 (compatible; AhrefsBot/7.0; +http://ahrefs.com/robot/)" "brainbox.co.in"
114.119.145.175 - - [13/Nov/2022:18:40:03 -0800] "GET /PDFContent/03%20CBSE/05%20Class%20X/Hindi/Kshitij/LS02/?C=S%3BO%3DA HTTP/1.1" 200 506 "https://brainbox.co.in/PDFContent/03%20CBSE/05%20Class%20X/Hindi/Kshitij/LS02/" "Mozilla/5.0 (Linux; Android 7.0;) AppleWebKit/537.36 (KHTML, like Gecko) Mobile Safari/537.36 (compatible; PetalBot;+https://webmaster.petalsearch.com/site/petalbot)" "brainbox.co.in"
114.119.135.132 - - [13/Nov/2022:18:46:31 -0800] "GET /PDFContent/01%20TSB/07%20Class%20XII/Hindi/?C=D%3BO%3DA HTTP/1.1" 200 353 "https://brainbox.co.in/PDFContent/01%20TSB/07%20Class%20XII/Hindi/" "Mozilla/5.0 (Linux; Android 7.0;) AppleWebKit/537.36 (KHTML, like Gecko) Mobile Safari/537.36 (compatible; PetalBot;+https://webmaster.petalsearch.com/site/petalbot)" "brainbox.co.in"
114.119.145.160 - - [13/Nov/2022:18:52:41 -0800] "GET /PDFContent/03%20CBSE/05%20Class%20X/Hindi/CBSE_X_HINDI_LS02_RAM%20VRAKSH%20BENEPURI-BALGOBINDH%20BHAGAT_CUE%20WORDS.pdf HTTP/1.1" 200 397984 "https://brainbox.co.in/PDFContent/03%20CBSE/05%20Class%20X/Hindi/?C=S%3BO%3DA" "Mozilla/5.0 (Linux; Android 7.0;) AppleWebKit/537.36 (KHTML, like Gecko) Mobile Safari/537.36 (compatible; PetalBot;+https://webmaster.petalsearch.com/site/petalbot)" "brainbox.co.in"
51.222.253.18 - - [13/Nov/2022:18:52:46 -0800] "GET /PDFContent/03%20CBSE/02%20Class%20VII/Science/ HTTP/1.1" 200 833 "-" "Mozilla/5.0 (compatible; AhrefsBot/7.0; +http://ahrefs.com/robot/)" "brainbox.co.in"
87.250.224.12 - - [13/Nov/2022:19:02:19 -0800] "GET /robots.txt HTTP/1.1" 404 73 "-" "Mozilla/5.0 (compatible; YandexBot/3.0; +http://yandex.com/bots)" "brainbox.co.in"
5.45.207.103 - - [13/Nov/2022:19:02:24 -0800] "GET /PDFContent/Beetle/CLASS%20IV/ENGLISH/Poem%20-%20What%20is%20pink.pdf HTTP/1.1" 200 52213 "-" "Mozilla/5.0 (compatible; YandexBot/3.0; +http://yandex.com/bots)" "brainbox.co.in"
114.119.145.187 - - [13/Nov/2022:19:05:08 -0800] "GET /PDFContent/01%20TSB/02%20Class%20VII/Hindi/?C=M%3BO%3DA HTTP/1.1" 200 458 "https://brainbox.co.in/PDFContent/01%20TSB/02%20Class%20VII/Hindi/?C=M%3BO%3DA" "Mozilla/5.0 (Linux; Android 7.0;) AppleWebKit/537.36 (KHTML, like Gecko) Mobile Safari/537.36 (compatible; PetalBot;+https://webmaster.petalsearch.com/site/petalbot)" "brainbox.co.in"
114.119.135.132 - - [13/Nov/2022:19:11:17 -0800] "GET /PDFContent/03%20CBSE/07%20Class%20XII/Chemistry/?C=N%3BO%3DD HTTP/1.1" 200 432 "https://brainbox.co.in/PDFContent/03%20CBSE/07%20Class%20XII/Chemistry/" "Mozilla/5.0 (Linux; Android 7.0;) AppleWebKit/537.36 (KHTML, like Gecko) Mobile Safari/537.36 (compatible; PetalBot;+https://webmaster.petalsearch.com/site/petalbot)" "brainbox.co.in"
114.119.135.132 - - [13/Nov/2022:19:17:30 -0800] "GET /PDFContent/03%20CBSE/04%20Class%20IX/Physics/Motion/Prob-07 HTTP/1.1" 200 291115 "https://brainboxschool.com/material/CBSE/IX/Physics/MOTION.html" "Mozilla/5.0 (Linux; Android 7.0;) AppleWebKit/537.36 (KHTML, like Gecko) Mobile Safari/537.36 (compatible; PetalBot;+https://webmaster.petalsearch.com/site/petalbot)" "brainbox.co.in"
114.119.145.160 - - [13/Nov/2022:19:23:44 -0800] "GET /PDFContent/02%20APSB/03%20Class%20VIII/Maths/ HTTP/1.1" 200 353 "https://brainbox.co.in/PDFContent/02%20APSB/03%20Class%20VIII/?C=D%3BO%3DA" "Mozilla/5.0 (Linux; Android 7.0;) AppleWebKit/537.36 (KHTML, like Gecko) Mobile Safari/537.36 (compatible; PetalBot;+https://webmaster.petalsearch.com/site/petalbot)" "brainbox.co.in"
114.119.135.132 - - [13/Nov/2022:19:29:54 -0800] "GET /PDFContent/03%20CBSE/06%20Class%20XI/Maths/CBSE_XI_MATHS_LS07_PERMUTATION%20%20&%20COMBINATION_PROPERTIES_FORMATION%20ON%20GEOMETRICAL%20FIGURES.pdf HTTP/1.1" 200 473434 "https://brainbox.co.in/PDFContent/03%20CBSE/06%20Class%20XI/Maths/" "Mozilla/5.0 (Linux; Android 7.0;) AppleWebKit/537.36 (KHTML, like Gecko) Mobile Safari/537.36 (compatible; PetalBot;+https://webmaster.petalsearch.com/site/petalbot)" "brainbox.co.in"
114.119.145.160 - - [13/Nov/2022:19:42:16 -0800] "GET /PDFContent/01%20TSB/01%20Class%20VI/Maths/01%20KNOWING%20OUR%20NUMBERS/?C=S%3BO%3DA HTTP/1.1" 200 596 "https://brainbox.co.in/PDFContent/01%20TSB/01%20Class%20VI/Maths/01%20KNOWING%20OUR%20NUMBERS/" "Mozilla/5.0 (Linux; Android 7.0;) AppleWebKit/537.36 (KHTML, like Gecko) Mobile Safari/537.36 (compatible; PetalBot;+https://webmaster.petalsearch.com/site/petalbot)" "brainbox.co.in"
114.119.145.160 - - [13/Nov/2022:19:48:22 -0800] "GET /PDFContent/04%20ICSE/06%20Class%20XI/Telugu/?C=S%3BO%3DA HTTP/1.1" 200 355 "https://brainbox.co.in/PDFContent/04%20ICSE/06%20Class%20XI/Telugu/?C=M%3BO%3DA" "Mozilla/5.0 (Linux; Android 7.0;) AppleWebKit/537.36 (KHTML, like Gecko) Mobile Safari/537.36 (compatible; PetalBot;+https://webmaster.petalsearch.com/site/petalbot)" "brainbox.co.in"
114.119.145.160 - - [13/Nov/2022:19:54:27 -0800] "GET /PDFContent/01%20TSB/04%20Class%20IX/Biology/ANIMAL%20BEHAVIOUR/Animal%20Behaviour_T02_Animal%20behaviour_Imprinting.pdf HTTP/1.1" 200 534573 "https://brainbox.co.in/PDFContent/01%20TSB/04%20Class%20IX/Biology/ANIMAL%20BEHAVIOUR/?C=M%3BO%3DA" "Mozilla/5.0 (Linux; Android 7.0;) AppleWebKit/537.36 (KHTML, like Gecko) Mobile Safari/537.36 (compatible; PetalBot;+https://webmaster.petalsearch.com/site/petalbot)" "brainbox.co.in"
37.148.161.15 - - [13/Nov/2022:19:57:33 -0800] "GET / HTTP/1.1" 200 432 "-" "SonyEricssonK550i/R1JD Browser/NetFront/3.3 Profile/MIDP-2.0 Configuration/CLDC-1.1" "brainbox.co.in"
114.119.145.175 - - [13/Nov/2022:20:00:37 -0800] "GET /PDFContent/SPECIAL%20CROUSE/Part%204%20MECHANICS%20OF%20WRITING/1_PUNCTUATION.pdf HTTP/1.1" 200 295954 "https://brainbox.co.in/PDFContent/SPECIAL%20CROUSE/Part%204%20MECHANICS%20OF%20WRITING/?C=M%3BO%3DA" "Mozilla/5.0 (Linux; Android 7.0;) AppleWebKit/537.36 (KHTML, like Gecko) Mobile Safari/537.36 (compatible; PetalBot;+https://webmaster.petalsearch.com/site/petalbot)" "brainbox.co.in"
51.222.253.12 - - [13/Nov/2022:20:02:45 -0800] "GET /PDFContent/01%20TSB/06%20Class%20XI/Physics/?C=S;O=A HTTP/1.1" 200 354 "-" "Mozilla/5.0 (compatible; AhrefsBot/7.0; +http://ahrefs.com/robot/)" "brainbox.co.in"
114.119.145.175 - - [13/Nov/2022:20:06:45 -0800] "GET /PDFContent/Beetle/CLASS%20V/MATHEMATICS/SEM%201/?C=D%3BO%3DA HTTP/1.1" 200 542 "https://brainbox.co.in/PDFContent/Beetle/CLASS%20V/MATHEMATICS/SEM%201/?C=S%3BO%3DA" "Mozilla/5.0 (Linux; Android 7.0;) AppleWebKit/537.36 (KHTML, like Gecko) Mobile Safari/537.36 (compatible; PetalBot;+https://webmaster.petalsearch.com/site/petalbot)" "brainbox.co.in"
87.250.224.140 - - [13/Nov/2022:20:11:22 -0800] "GET /PDFContent/01%20TSB/02%20Class%20VII/English/TSBoard_English_VII_LS1C_QnA.pdf HTTP/1.1" 200 191735 "-" "Mozilla/5.0 (compatible; YandexBot/3.0; +http://yandex.com/bots)" "brainbox.co.in"
114.119.135.132 - - [13/Nov/2022:20:12:59 -0800] "GET /PDFContent/04%20ICSE/07%20Class%20XII/Physics/ HTTP/1.1" 200 355 "https://brainbox.co.in/PDFContent/04%20ICSE/07%20Class%20XII/" "Mozilla/5.0 (Linux; Android 7.0;) AppleWebKit/537.36 (KHTML, like Gecko) Mobile Safari/537.36 (compatible; PetalBot;+https://webmaster.petalsearch.com/site/petalbot)" "brainbox.co.in"
114.119.145.175 - - [13/Nov/2022:20:19:07 -0800] "GET /PDFContent/01%20TSB/05%20Class%20X/English/6A,ENVIRONMENT/TSB_X_ENGLISH_LS06A_ENVIRONMENT_INTRODUCTION.pdf HTTP/1.1" 200 326150 "https://brainbox.co.in/PDFContent/01%20TSB/05%20Class%20X/English/6A,ENVIRONMENT/?C=S%3BO%3DA" "Mozilla/5.0 (Linux; Android 7.0;) AppleWebKit/537.36 (KHTML, like Gecko) Mobile Safari/537.36 (compatible; PetalBot;+https://webmaster.petalsearch.com/site/petalbot)" "brainbox.co.in"
51.222.253.8 - - [13/Nov/2022:20:23:55 -0800] "GET /PDFContent/01%20TSB/06%20Class%20XI/Physics/?C=M;O=A HTTP/1.1" 200 354 "-" "Mozilla/5.0 (compatible; AhrefsBot/7.0; +http://ahrefs.com/robot/)" "brainbox.co.in"
114.119.145.187 - - [13/Nov/2022:20:25:18 -0800] "GET /PDFContent/03%20CBSE/06%20Class%20XI/?C=S%3BO%3DA HTTP/1.1" 200 520 "https://brainbox.co.in/PDFContent/03%20CBSE/06%20Class%20XI/?C=D%3BO%3DA" "Mozilla/5.0 (Linux; Android 7.0;) AppleWebKit/537.36 (KHTML, like Gecko) Mobile Safari/537.36 (compatible; PetalBot;+https://webmaster.petalsearch.com/site/petalbot)" "brainbox.co.in"
114.119.135.132 - - [13/Nov/2022:20:31:30 -0800] "GET /PDFContent/03%20CBSE/04%20Class%20IX/Biology/Improvement%20in%20Food%20resources/CBSE_IX_BIOLOGY_IMPROVEMENT%20IN%20FOOD%20RESOURCES_Questions%20&%20Answers HTTP/1.1" 200 252748 "https://brainboxschool.com/material/CBSE/IX/Biology/IMPROVEMENT_IN_FOOD_RESOURCES.html" "Mozilla/5.0 (Linux; Android 7.0;) AppleWebKit/537.36 (KHTML, like Gecko) Mobile Safari/537.36 (compatible; PetalBot;+https://webmaster.petalsearch.com/site/petalbot)" "brainbox.co.in"
114.119.145.187 - - [13/Nov/2022:20:37:40 -0800] "GET /PDFContent/04%20ICSE/05%20Class%20X/Physics/?C=N%3BO%3DD HTTP/1.1" 200 353 "https://brainbox.co.in/PDFContent/04%20ICSE/05%20Class%20X/Physics/?C=M%3BO%3DA" "Mozilla/5.0 (Linux; Android 7.0;) AppleWebKit/537.36 (KHTML, like Gecko) Mobile Safari/537.36 (compatible; PetalBot;+https://webmaster.petalsearch.com/site/petalbot)" "brainbox.co.in"
51.222.253.12 - - [13/Nov/2022:20:42:59 -0800] "GET /PDFContent/03%20CBSE/03%20Class%20VIII/Chemistry/CHEMICAL%20EFFECTS%20OF%20ELECTRIC%20CURRENT/?C=D;O=A HTTP/1.1" 200 550 "-" "Mozilla/5.0 (compatible; AhrefsBot/7.0; +http://ahrefs.com/robot/)" "brainbox.co.in"
114.119.135.132 - - [13/Nov/2022:20:43:50 -0800] "GET /PDFContent/Beetle/CLASS%20II/EVS/?C=M%3BO%3DA HTTP/1.1" 200 649 "https://brainbox.co.in/PDFContent/Beetle/CLASS%20II/EVS/?C=S%3BO%3DA" "Mozilla/5.0 (Linux; Android 7.0;) AppleWebKit/537.36 (KHTML, like Gecko) Mobile Safari/537.36 (compatible; PetalBot;+https://webmaster.petalsearch.com/site/petalbot)" "brainbox.co.in"
3.12.83.200 - - [13/Nov/2022:20:45:06 -0800] "GET /~richard/templates/beez/US/uk/paypal/login.htm HTTP/1.1" 404 73 "-" "Mozilla/5.0 (Macintosh; Intel Mac OS X 10_10_5) AppleWebKit/537.36 (KHTML, like Gecko) Chrome/52.0.2743.116 Safari/537.36" "brainbox.co.in"
114.119.145.175 - - [13/Nov/2022:20:50:04 -0800] "GET /PDFContent/04%20ICSE/02%20Class%20VII/Chemistry/?C=D%3BO%3DA HTTP/1.1" 200 355 "https://brainbox.co.in/PDFContent/04%20ICSE/02%20Class%20VII/Chemistry/?C=M%3BO%3DA" "Mozilla/5.0 (Linux; Android 7.0;) AppleWebKit/537.36 (KHTML, like Gecko) Mobile Safari/537.36 (compatible; PetalBot;+https://webmaster.petalsearch.com/site/petalbot)" "brainbox.co.in"
54.193.164.38 - - [13/Nov/2022:20:54:18 -0800] "GET /~richard/templates/beez/US/uk/paypal/login.htm HTTP/1.1" 404 73 "-" "Mozilla/5.0 (Macintosh; Intel Mac OS X 10_10_5) AppleWebKit/537.36 (KHTML, like Gecko) Chrome/52.0.2743.116 Safari/537.36" "brainbox.co.in"
114.119.145.160 - - [13/Nov/2022:20:56:13 -0800] "GET /PDFContent/04%20ICSE/07%20Class%20XII/Sanskrit/?C=S%3BO%3DA HTTP/1.1" 200 355 "https://brainbox.co.in/PDFContent/04%20ICSE/07%20Class%20XII/Sanskrit/?C=N%3BO%3DD" "Mozilla/5.0 (Linux; Android 7.0;) AppleWebKit/537.36 (KHTML, like Gecko) Mobile Safari/537.36 (compatible; PetalBot;+https://webmaster.petalsearch.com/site/petalbot)" "brainbox.co.in"
114.119.135.132 - - [13/Nov/2022:21:02:23 -0800] "GET /PDFContent/01%20TSB/06%20Class%20XI/Maths/LOCUS/Locus_T05_Distance%20between%20any%20two%20points%20in%20the%20xy%20-%20plane.pdf HTTP/1.1" 200 266328 "https://brainbox.co.in/PDFContent/01%20TSB/06%20Class%20XI/Maths/LOCUS/" "Mozilla/5.0 (Linux; Android 7.0;) AppleWebKit/537.36 (KHTML, like Gecko) Mobile Safari/537.36 (compatible; PetalBot;+https://webmaster.petalsearch.com/site/petalbot)" "brainbox.co.in"
51.222.253.13 - - [13/Nov/2022:21:03:27 -0800] "GET /PDFContent/01%20TSB/05%20Class%20X/Biology/EXCRETION/?C=N;O=D HTTP/1.1" 200 464 "-" "Mozilla/5.0 (compatible; AhrefsBot/7.0; +http://ahrefs.com/robot/)" "brainbox.co.in"
114.119.145.187 - - [13/Nov/2022:21:08:36 -0800] "GET /PDFContent/03%20CBSE/07%20Class%20XII/Maths/PROBABILITY/ HTTP/1.1" 200 649 "https://brainbox.co.in/PDFContent/03%20CBSE/07%20Class%20XII/Maths/?C=D%3BO%3DA" "Mozilla/5.0 (Linux; Android 7.0;) AppleWebKit/537.36 (KHTML, like Gecko) Mobile Safari/537.36 (compatible; PetalBot;+https://webmaster.petalsearch.com/site/petalbot)" "brainbox.co.in"
87.250.224.140 - - [13/Nov/2022:21:09:45 -0800] "GET /PDFContent/Beetle/CLASS%20IV/SOCAIL%20SEM%202/LESSON%207.%20PANCHAYAT%20AND%20MUNICIPAL%20COMMITTEES.pdf HTTP/1.1" 200 83324 "-" "Mozilla/5.0 (compatible; YandexBot/3.0; +http://yandex.com/bots)" "brainbox.co.in"
114.119.145.187 - - [13/Nov/2022:21:14:41 -0800] "GET /PDFContent/01%20TSB/04%20Class%20IX/Maths/Biology/ HTTP/1.1" 200 358 "https://brainbox.co.in/PDFContent/01%20TSB/04%20Class%20IX/Maths/" "Mozilla/5.0 (Linux; Android 7.0;) AppleWebKit/537.36 (KHTML, like Gecko) Mobile Safari/537.36 (compatible; PetalBot;+https://webmaster.petalsearch.com/site/petalbot)" "brainbox.co.in"
114.119.145.175 - - [13/Nov/2022:21:20:47 -0800] "GET /PDFContent/01%20TSB/03%20Class%20VIII/English/LS8B/ HTTP/1.1" 200 515 "https://brainbox.co.in/PDFContent/01%20TSB/03%20Class%20VIII/English/" "Mozilla/5.0 (Linux; Android 7.0;) AppleWebKit/537.36 (KHTML, like Gecko) Mobile Safari/537.36 (compatible; PetalBot;+https://webmaster.petalsearch.com/site/petalbot)" "brainbox.co.in"
114.119.145.175 - - [13/Nov/2022:21:27:03 -0800] "GET /PDFContent/03%20CBSE/05%20Class%20X/Hindi/SPARSH/LS01/ HTTP/1.1" 200 542 "https://brainbox.co.in/PDFContent/03%20CBSE/05%20Class%20X/Hindi/SPARSH/?C=N%3BO%3DD" "Mozilla/5.0 (Linux; Android 7.0;) AppleWebKit/537.36 (KHTML, like Gecko) Mobile Safari/537.36 (compatible; PetalBot;+https://webmaster.petalsearch.com/site/petalbot)" "brainbox.co.in"
51.222.253.19 - - [13/Nov/2022:21:28:41 -0800] "GET /PDFContent/03%20CBSE/03%20Class%20VIII/Chemistry/CHEMICAL%20EFFECTS%20OF%20ELECTRIC%20CURRENT/?C=M;O=A HTTP/1.1" 200 552 "-" "Mozilla/5.0 (compatible; AhrefsBot/7.0; +http://ahrefs.com/robot/)" "brainbox.co.in"
114.119.145.160 - - [13/Nov/2022:21:33:13 -0800] "GET /PDFContent/03%20CBSE/04%20Class%20IX/Biology/Tissues/CBSE_IX_Biology_Tissues_Simple%20Cuboidal%20&%20Stratified.pdf HTTP/1.1" 200 177590 "https://brainbox.co.in/PDFContent/03%20CBSE/04%20Class%20IX/Biology/Tissues/?C=N%3BO%3DD" "Mozilla/5.0 (Linux; Android 7.0;) AppleWebKit/537.36 (KHTML, like Gecko) Mobile Safari/537.36 (compatible; PetalBot;+https://webmaster.petalsearch.com/site/petalbot)" "brainbox.co.in"
114.119.135.132 - - [13/Nov/2022:21:39:29 -0800] "GET /PDFContent/01%20TSB/04%20Class%20IX/Sanskrit/?C=N%3BO%3DD HTTP/1.1" 200 354 "https://brainbox.co.in/PDFContent/01%20TSB/04%20Class%20IX/Sanskrit/?C=M%3BO%3DA" "Mozilla/5.0 (Linux; Android 7.0;) AppleWebKit/537.36 (KHTML, like Gecko) Mobile Safari/537.36 (compatible; PetalBot;+https://webmaster.petalsearch.com/site/petalbot)" "brainbox.co.in"
114.119.145.187 - - [13/Nov/2022:21:45:42 -0800] "GET /PDFContent/03%20CBSE/04%20Class%20IX/Biology/Tissues/?C=M%3BO%3DA HTTP/1.1" 200 638 "https://brainbox.co.in/PDFContent/03%20CBSE/04%20Class%20IX/Biology/Tissues/?C=N%3BO%3DD" "Mozilla/5.0 (Linux; Android 7.0;) AppleWebKit/537.36 (KHTML, like Gecko) Mobile Safari/537.36 (compatible; PetalBot;+https://webmaster.petalsearch.com/site/petalbot)" "brainbox.co.in"
51.222.253.20 - - [13/Nov/2022:21:47:45 -0800] "GET /PDFContent/03%20CBSE/03%20Class%20VIII/Chemistry/CHEMICAL%20EFFECTS%20OF%20ELECTRIC%20CURRENT/?C=S;O=A HTTP/1.1" 200 554 "-" "Mozilla/5.0 (compatible; AhrefsBot/7.0; +http://ahrefs.com/robot/)" "brainbox.co.in"
114.119.135.132 - - [13/Nov/2022:21:51:52 -0800] "GET /PDFContent/03%20CBSE/02%20Class%20VII/Hindi/GLOSSARY/ HTTP/1.1" 200 661 "https://brainbox.co.in/PDFContent/03%20CBSE/02%20Class%20VII/Hindi/" "Mozilla/5.0 (Linux; Android 7.0;) AppleWebKit/537.36 (KHTML, like Gecko) Mobile Safari/537.36 (compatible; PetalBot;+https://webmaster.petalsearch.com/site/petalbot)" "brainbox.co.in"
114.119.145.160 - - [13/Nov/2022:21:58:10 -0800] "GET / HTTP/1.1" 200 432 "-" "Mozilla/5.0 (Linux; Android 7.0;) AppleWebKit/537.36 (KHTML, like Gecko) Mobile Safari/537.36 (compatible; PetalBot;+https://webmaster.petalsearch.com/site/petalbot)" "brainbox.co.in"
114.119.145.187 - - [13/Nov/2022:22:04:24 -0800] "GET /PDFContent/03%20CBSE/05%20Class%20X/Hindi/SPARSH/LS11/CBSE_X_HINDI_10B_LS11_DIARY%20KAA%20EK%20PANNA_GLOSSARY.pdf HTTP/1.1" 200 710871 "https://brainbox.co.in/PDFContent/03%20CBSE/05%20Class%20X/Hindi/SPARSH/LS11/?C=M%3BO%3DA" "Mozilla/5.0 (Linux; Android 7.0;) AppleWebKit/537.36 (KHTML, like Gecko) Mobile Safari/537.36 (compatible; PetalBot;+https://webmaster.petalsearch.com/site/petalbot)" "brainbox.co.in"
51.222.253.15 - - [13/Nov/2022:22:04:37 -0800] "GET /PDFContent/04%20ICSE/07%20Class%20XII/English/?C=D;O=D HTTP/1.1" 200 353 "-" "Mozilla/5.0 (compatible; AhrefsBot/7.0; +http://ahrefs.com/robot/)" "brainbox.co.in"
114.119.145.187 - - [13/Nov/2022:22:10:38 -0800] "GET /PDFContent/01%20TSB/05%20Class%20X/Biology/NUTRITION/Nutrition_T04_Nutritions%20in%20animals.pdf HTTP/1.1" 200 420529 "https://brainbox.co.in/PDFContent/01%20TSB/05%20Class%20X/Biology/NUTRITION/?C=S%3BO%3DA" "Mozilla/5.0 (Linux; Android 7.0;) AppleWebKit/537.36 (KHTML, like Gecko) Mobile Safari/537.36 (compatible; PetalBot;+https://webmaster.petalsearch.com/site/petalbot)" "brainbox.co.in"
114.119.135.132 - - [13/Nov/2022:22:16:46 -0800] "GET /PDFContent/01%20TSB/07%20Class%20XII/?C=S%3BO%3DA HTTP/1.1" 200 478 "https://brainbox.co.in/PDFContent/01%20TSB/07%20Class%20XII/" "Mozilla/5.0 (Linux; Android 7.0;) AppleWebKit/537.36 (KHTML, like Gecko) Mobile Safari/537.36 (compatible; PetalBot;+https://webmaster.petalsearch.com/site/petalbot)" "brainbox.co.in"
51.222.253.6 - - [13/Nov/2022:22:20:29 -0800] "GET /PDFContent/03%20CBSE/03%20Class%20VIII/Chemistry/Combustion%20and%20Flames/ HTTP/1.1" 200 612 "-" "Mozilla/5.0 (compatible; AhrefsBot/7.0; +http://ahrefs.com/robot/)" "brainbox.co.in"
114.119.145.160 - - [13/Nov/2022:22:23:07 -0800] "GET /PDFContent/03%20CBSE/06%20Class%20XI/Chemistry/CHEMICAL%20BONDING/?C=M%3BO%3DA HTTP/1.1" 200 667 "https://brainbox.co.in/PDFContent/03%20CBSE/06%20Class%20XI/Chemistry/CHEMICAL%20BONDING/" "Mozilla/5.0 (Linux; Android 7.0;) AppleWebKit/537.36 (KHTML, like Gecko) Mobile Safari/537.36 (compatible; PetalBot;+https://webmaster.petalsearch.com/site/petalbot)" "brainbox.co.in"
114.119.145.187 - - [13/Nov/2022:22:29:36 -0800] "GET /PDFContent/03%20CBSE/04%20Class%20IX/Chemistry/STRUCTURE%20OF%20ATOM/Structure%20of%20atom_V1_Introduction.pdf HTTP/1.1" 200 268873 "https://brainbox.co.in/PDFContent/03%20CBSE/04%20Class%20IX/Chemistry/STRUCTURE%20OF%20ATOM/?C=S%3BO%3DA" "Mozilla/5.0 (Linux; Android 7.0;) AppleWebKit/537.36 (KHTML, like Gecko) Mobile Safari/537.36 (compatible; PetalBot;+https://webmaster.petalsearch.com/site/petalbot)" "brainbox.co.in"
114.119.145.160 - - [13/Nov/2022:22:35:50 -0800] "GET /PDFContent/03%20CBSE/01%20Class%20VI/ HTTP/1.1" 200 471 "https://brainbox.co.in/PDFContent/03%20CBSE/" "Mozilla/5.0 (Linux; Android 7.0;) AppleWebKit/537.36 (KHTML, like Gecko) Mobile Safari/537.36 (compatible; PetalBot;+https://webmaster.petalsearch.com/site/petalbot)" "brainbox.co.in"
51.222.253.4 - - [13/Nov/2022:22:37:04 -0800] "GET /PDFContent/03%20CBSE/03%20Class%20VIII/Chemistry/ HTTP/1.1" 200 631 "-" "Mozilla/5.0 (compatible; AhrefsBot/7.0; +http://ahrefs.com/robot/)" "brainbox.co.in"
87.250.224.140 - - [13/Nov/2022:22:40:07 -0800] "GET /robots.txt HTTP/1.1" 404 73 "-" "Mozilla/5.0 (compatible; YandexBot/3.0; +http://yandex.com/bots)" "brainbox.co.in"
5.255.231.118 - - [13/Nov/2022:22:40:11 -0800] "GET /PDFContent/Beetle/CLASS%20I/EVS%201-2/ HTTP/1.1" 200 591 "-" "Mozilla/5.0 (compatible; YandexBot/3.0; +http://yandex.com/bots)" "brainbox.co.in"
114.119.135.132 - - [13/Nov/2022:22:42:10 -0800] "GET /PDFContent/03%20CBSE/03%20Class%20VIII/Chemistry/Metals%20&%20Non-Metals/Chemical%20Properties%20of%20Non-Metals.pdf HTTP/1.1" 200 301583 "https://brainbox.co.in/PDFContent/03%20CBSE/03%20Class%20VIII/Chemistry/Metals%20&%20Non-Metals/?C=S%3BO%3DA" "Mozilla/5.0 (Linux; Android 7.0;) AppleWebKit/537.36 (KHTML, like Gecko) Mobile Safari/537.36 (compatible; PetalBot;+https://webmaster.petalsearch.com/site/petalbot)" "brainbox.co.in"
114.119.145.160 - - [13/Nov/2022:22:48:39 -0800] "GET /PDFContent/04%20ICSE/02%20Class%20VII/?C=N%3BO%3DD HTTP/1.1" 200 464 "https://brainbox.co.in/PDFContent/04%20ICSE/02%20Class%20VII/?C=N%3BO%3DD" "Mozilla/5.0 (Linux; Android 7.0;) AppleWebKit/537.36 (KHTML, like Gecko) Mobile Safari/537.36 (compatible; PetalBot;+https://webmaster.petalsearch.com/site/petalbot)" "brainbox.co.in"
114.119.145.187 - - [13/Nov/2022:22:54:53 -0800] "GET /PDFContent/01%20TSB/02%20Class%20VII/English/TSBoard_English_VII_LS1C_Lesson_explanation2.pdf HTTP/1.1" 200 102193 "https://brainbox.co.in/PDFContent/01%20TSB/02%20Class%20VII/English/?C=S%3BO%3DA" "Mozilla/5.0 (Linux; Android 7.0;) AppleWebKit/537.36 (KHTML, like Gecko) Mobile Safari/537.36 (compatible; PetalBot;+https://webmaster.petalsearch.com/site/petalbot)" "brainbox.co.in"
114.119.145.187 - - [13/Nov/2022:23:01:06 -0800] "GET /PDFContent/03%20CBSE/07%20Class%20XII/Telugu/?C=D%3BO%3DA HTTP/1.1" 200 355 "https://brainbox.co.in/PDFContent/03%20CBSE/07%20Class%20XII/Telugu/?C=S%3BO%3DA" "Mozilla/5.0 (Linux; Android 7.0;) AppleWebKit/537.36 (KHTML, like Gecko) Mobile Safari/537.36 (compatible; PetalBot;+https://webmaster.petalsearch.com/site/petalbot)" "brainbox.co.in"
5.45.207.103 - - [13/Nov/2022:23:01:41 -0800] "GET /PDFContent/SPECIAL%20CROUSE/Part%204%20MECHANICS%20OF%20WRITING/3_NUMBERS.pdf HTTP/1.1" 200 216011 "-" "Mozilla/5.0 (compatible; YandexBot/3.0; +http://yandex.com/bots)" "brainbox.co.in"
114.119.135.132 - - [13/Nov/2022:23:07:24 -0800] "GET /PDFContent/01%20TSB/04%20Class%20IX/Biology/Challenging%20in%20Improving%20Agricultural/TSB_IX_BIOLOGY_CHALLENGES%20%20IN%20IMPROVING%20AGRICULTURAL_Animal%20Husbandary HTTP/1.1" 200 304700 "https://brainboxschool.com/material/TSB/IX/Biology/CHALLENGES_IN_IMPROVING_AGRICULTURAL_PRODUCTION.html" "Mozilla/5.0 (Linux; Android 7.0;) AppleWebKit/537.36 (KHTML, like Gecko) Mobile Safari/537.36 (compatible; PetalBot;+https://webmaster.petalsearch.com/site/petalbot)" "brainbox.co.in"
114.119.145.187 - - [13/Nov/2022:23:13:38 -0800] "GET /PDFContent/03%20CBSE/07%20Class%20XII/Physics/ELECTRIC%20CHARGES%20AND%20FIELDS/?C=D%3BO%3DA HTTP/1.1" 200 687 "https://brainbox.co.in/PDFContent/03%20CBSE/07%20Class%20XII/Physics/ELECTRIC%20CHARGES%20AND%20FIELDS/" "Mozilla/5.0 (Linux; Android 7.0;) AppleWebKit/537.36 (KHTML, like Gecko) Mobile Safari/537.36 (compatible; PetalBot;+https://webmaster.petalsearch.com/site/petalbot)" "brainbox.co.in"
114.119.145.187 - - [13/Nov/2022:23:20:00 -0800] "GET /PDFContent/01%20TSB/04%20Class%20IX/Chemistry/?C=D%3BO%3DA HTTP/1.1" 200 354 "https://brainbox.co.in/PDFContent/01%20TSB/04%20Class%20IX/Chemistry/?C=M%3BO%3DA" "Mozilla/5.0 (Linux; Android 7.0;) AppleWebKit/537.36 (KHTML, like Gecko) Mobile Safari/537.36 (compatible; PetalBot;+https://webmaster.petalsearch.com/site/petalbot)" "brainbox.co.in"
114.119.135.132 - - [13/Nov/2022:23:26:12 -0800] "GET /PDFContent/01%20TSB/07%20Class%20XII/English/?C=M%3BO%3DA HTTP/1.1" 200 354 "https://brainbox.co.in/PDFContent/01%20TSB/07%20Class%20XII/English/?C=S%3BO%3DA" "Mozilla/5.0 (Linux; Android 7.0;) AppleWebKit/537.36 (KHTML, like Gecko) Mobile Safari/537.36 (compatible; PetalBot;+https://webmaster.petalsearch.com/site/petalbot)" "brainbox.co.in"
51.222.253.4 - - [13/Nov/2022:23:31:23 -0800] "GET / HTTP/1.1" 200 432 "-" "Mozilla/5.0 (compatible; AhrefsBot/7.0; +http://ahrefs.com/robot/)" "brainbox.co.in"
114.119.145.187 - - [13/Nov/2022:23:32:16 -0800] "GET /PDFContent/03%20CBSE/07%20Class%20XII/Maths/CBSE_XII_MATHS_LS12_LINEAR%20PROGRAMMING__EXAMPLE_2.pdf HTTP/1.1" 200 480190 "https://brainbox.co.in/PDFContent/03%20CBSE/07%20Class%20XII/Maths/?C=D%3BO%3DA" "Mozilla/5.0 (Linux; Android 7.0;) AppleWebKit/537.36 (KHTML, like Gecko) Mobile Safari/537.36 (compatible; PetalBot;+https://webmaster.petalsearch.com/site/petalbot)" "brainbox.co.in"
66.249.79.86 - - [13/Nov/2022:23:33:48 -0800] "GET /robots.txt HTTP/1.1" 404 88 "-" "Mozilla/5.0 (compatible; Googlebot/2.1; +http://www.google.com/bot.html)" "brainbox.co.in"
66.249.79.86 - - [13/Nov/2022:23:35:04 -0800] "GET /ads.txt HTTP/1.1" 404 88 "-" "Mozilla/5.0 (compatible; Googlebot/2.1; +http://www.google.com/bot.html)" "brainbox.co.in"
114.119.145.187 - - [13/Nov/2022:23:44:52 -0800] "GET /PDFContent/03%20CBSE/07%20Class%20XII/Telugu/ HTTP/1.1" 200 355 "https://brainbox.co.in/PDFContent/03%20CBSE/07%20Class%20XII/?C=M%3BO%3DA" "Mozilla/5.0 (Linux; Android 7.0;) AppleWebKit/537.36 (KHTML, like Gecko) Mobile Safari/537.36 (compatible; PetalBot;+https://webmaster.petalsearch.com/site/petalbot)" "brainbox.co.in"
114.119.145.175 - - [13/Nov/2022:23:51:25 -0800] "GET /PDFContent/03%20CBSE/05%20Class%20X/Biology/CBSE_X_BIOLOGY_LS07_CONTROL%20AND%20CO-ORDINATION_HORMONES.pdf HTTP/1.1" 200 691677 "https://brainbox.co.in/PDFContent/03%20CBSE/05%20Class%20X/Biology/" "Mozilla/5.0 (Linux; Android 7.0;) AppleWebKit/537.36 (KHTML, like Gecko) Mobile Safari/537.36 (compatible; PetalBot;+https://webmaster.petalsearch.com/site/petalbot)" "brainbox.co.in"
114.119.145.160 - - [13/Nov/2022:23:57:30 -0800] "GET /PDFContent/01%20TSB/06%20Class%20XI/Maths/?C=N%3BO%3DD HTTP/1.1" 200 391 "https://brainbox.co.in/PDFContent/01%20TSB/06%20Class%20XI/Maths/?C=D%3BO%3DA" "Mozilla/5.0 (Linux; Android 7.0;) AppleWebKit/537.36 (KHTML, like Gecko) Mobile Safari/537.36 (compatible; PetalBot;+https://webmaster.petalsearch.com/site/petalbot)" "brainbox.co.in"
114.119.145.187 - - [14/Nov/2022:00:03:51 -0800] "GET /PDFContent/SPECIAL%20CROUSE/Part%201%20Grammar%20Essentials/STD_IX/UNIT-5.pdf HTTP/1.1" 200 281400 "https://brainbox.co.in/PDFContent/SPECIAL%20CROUSE/Part%201%20Grammar%20Essentials/STD_IX/?C=D%3BO%3DA" "Mozilla/5.0 (Linux; Android 7.0;) AppleWebKit/537.36 (KHTML, like Gecko) Mobile Safari/537.36 (compatible; PetalBot;+https://webmaster.petalsearch.com/site/petalbot)" "brainbox.co.in"
114.119.145.175 - - [14/Nov/2022:00:10:06 -0800] "GET /PDFContent/03%20CBSE/07%20Class%20XII/Physics/CURRENT%20ELECTRICITY/Current%20Electricity_T07_Temperature%20dependence%20of%20Resistivity.pdf HTTP/1.1" 200 332863 "https://brainbox.co.in/PDFContent/03%20CBSE/07%20Class%20XII/Physics/CURRENT%20ELECTRICITY/?C=N%3BO%3DD" "Mozilla/5.0 (Linux; Android 7.0;) AppleWebKit/537.36 (KHTML, like Gecko) Mobile Safari/537.36 (compatible; PetalBot;+https://webmaster.petalsearch.com/site/petalbot)" "brainbox.co.in"
114.119.145.160 - - [14/Nov/2022:00:16:25 -0800] "GET /PDFContent/04%20ICSE/04%20Class%20IX/Sanskrit/?C=N%3BO%3DD HTTP/1.1" 200 353 "https://brainbox.co.in/PDFContent/04%20ICSE/04%20Class%20IX/Sanskrit/?C=M%3BO%3DA" "Mozilla/5.0 (Linux; Android 7.0;) AppleWebKit/537.36 (KHTML, like Gecko) Mobile Safari/537.36 (compatible; PetalBot;+https://webmaster.petalsearch.com/site/petalbot)" "brainbox.co.in"
114.119.135.132 - - [14/Nov/2022:00:22:36 -0800] "GET /PDFContent/01%20TSB/01%20Class%20VI/Telugu/?C=D%3BO%3DA HTTP/1.1" 200 423 "https://brainbox.co.in/PDFContent/01%20TSB/01%20Class%20VI/Telugu/?C=S%3BO%3DA" "Mozilla/5.0 (Linux; Android 7.0;) AppleWebKit/537.36 (KHTML, like Gecko) Mobile Safari/537.36 (compatible; PetalBot;+https://webmaster.petalsearch.com/site/petalbot)" "brainbox.co.in"
114.119.145.187 - - [14/Nov/2022:00:28:49 -0800] "GET /PDFContent/03%20CBSE/03%20Class%20VIII/English/SUPPLEMENTARY/?C=D%3BO%3DA HTTP/1.1" 200 441 "https://brainbox.co.in/PDFContent/03%20CBSE/03%20Class%20VIII/English/SUPPLEMENTARY/" "Mozilla/5.0 (Linux; Android 7.0;) AppleWebKit/537.36 (KHTML, like Gecko) Mobile Safari/537.36 (compatible; PetalBot;+https://webmaster.petalsearch.com/site/petalbot)" "brainbox.co.in"
114.119.135.132 - - [14/Nov/2022:00:35:04 -0800] "GET /PDFContent/03%20CBSE/03%20Class%20VIII/English/?C=D%3BO%3DA HTTP/1.1" 200 400 "https://brainbox.co.in/PDFContent/03%20CBSE/03%20Class%20VIII/English/?C=S%3BO%3DA" "Mozilla/5.0 (Linux; Android 7.0;) AppleWebKit/537.36 (KHTML, like Gecko) Mobile Safari/537.36 (compatible; PetalBot;+https://webmaster.petalsearch.com/site/petalbot)" "brainbox.co.in"
114.119.135.132 - - [14/Nov/2022:00:41:19 -0800] "GET /PDFContent/03%20CBSE/06%20Class%20XI/Physics/MOTION%20IN%20STRAIGHT%20LINE/CBSE_XI_PHYSCIS_LS03_MOTION%20IN%20A%20STRAIGHT%20LINE_SPEED.pdf HTTP/1.1" 200 285786 "https://brainbox.co.in/PDFContent/03%20CBSE/06%20Class%20XI/Physics/MOTION%20IN%20STRAIGHT%20LINE/?C=S%3BO%3DA" "Mozilla/5.0 (Linux; Android 7.0;) AppleWebKit/537.36 (KHTML, like Gecko) Mobile Safari/537.36 (compatible; PetalBot;+https://webmaster.petalsearch.com/site/petalbot)" "brainbox.co.in"
114.119.145.187 - - [14/Nov/2022:00:47:40 -0800] "GET /PDFContent/03%20CBSE/03%20Class%20VIII/Physics/Force%20are%20due%20to%20interaction HTTP/1.1" 200 372923 "https://brainboxschool.com/material/CBSE/VIII/Physics/FORCE_AND_PRESSURE.html" "Mozilla/5.0 (Linux; Android 7.0;) AppleWebKit/537.36 (KHTML, like Gecko) Mobile Safari/537.36 (compatible; PetalBot;+https://webmaster.petalsearch.com/site/petalbot)" "brainbox.co.in"
114.119.135.132 - - [14/Nov/2022:00:53:57 -0800] "GET /PDFContent/04%20ICSE/05%20Class%20X/Telugu/?C=M%3BO%3DA HTTP/1.1" 200 353 "https://brainbox.co.in/PDFContent/04%20ICSE/05%20Class%20X/Telugu/?C=D%3BO%3DA" "Mozilla/5.0 (Linux; Android 7.0;) AppleWebKit/537.36 (KHTML, like Gecko) Mobile Safari/537.36 (compatible; PetalBot;+https://webmaster.petalsearch.com/site/petalbot)" "brainbox.co.in"
54.153.43.12 - - [14/Nov/2022:00:54:03 -0800] "GET /~richard/templates/beez/US/uk/paypal/login.htm HTTP/1.1" 404 73 "-" "Mozilla/5.0 (Macintosh; Intel Mac OS X 10_10_5) AppleWebKit/537.36 (KHTML, like Gecko) Chrome/52.0.2743.116 Safari/537.36" "brainbox.co.in"
114.119.145.175 - - [14/Nov/2022:01:00:20 -0800] "GET /PDFContent/01%20TSB/02%20Class%20VII/Hindi/Glossary/TSB_VII_LS11_CHAARMINAR_GLOSSARY.pdf HTTP/1.1" 200 941657 "https://brainbox.co.in/PDFContent/01%20TSB/02%20Class%20VII/Hindi/Glossary/?C=M%3BO%3DA" "Mozilla/5.0 (Linux; Android 7.0;) AppleWebKit/537.36 (KHTML, like Gecko) Mobile Safari/537.36 (compatible; PetalBot;+https://webmaster.petalsearch.com/site/petalbot)" "brainbox.co.in"
5.255.231.118 - - [14/Nov/2022:01:02:38 -0800] "GET /PDFContent/trial/ebooks-Beetle-Class-1-Sem-1.pdf HTTP/1.1" 200 14879089 "-" "Mozilla/5.0 (compatible; YandexBot/3.0; +http://yandex.com/bots)" "brainbox.co.in"
114.119.135.132 - - [14/Nov/2022:01:06:33 -0800] "GET /PDFContent/03%20CBSE/03%20Class%20VIII/Biology/Microbes%20friend%20and%20foes%20-%202%20-%20Copy%20(6).pdf HTTP/1.1" 200 498938 "https://brainbox.co.in/PDFContent/03%20CBSE/03%20Class%20VIII/Biology/?C=M%3BO%3DA" "Mozilla/5.0 (Linux; Android 7.0;) AppleWebKit/537.36 (KHTML, like Gecko) Mobile Safari/537.36 (compatible; PetalBot;+https://webmaster.petalsearch.com/site/petalbot)" "brainbox.co.in"
114.119.145.160 - - [14/Nov/2022:01:12:46 -0800] "GET /PDFContent/01%20TSB/03%20Class%20VIII/Telugu/?C=S%3BO%3DA HTTP/1.1" 200 404 "https://brainbox.co.in/PDFContent/01%20TSB/03%20Class%20VIII/Telugu/?C=D%3BO%3DA" "Mozilla/5.0 (Linux; Android 7.0;) AppleWebKit/537.36 (KHTML, like Gecko) Mobile Safari/537.36 (compatible; PetalBot;+https://webmaster.petalsearch.com/site/petalbot)" "brainbox.co.in"
114.119.145.187 - - [14/Nov/2022:01:18:56 -0800] "GET /PDFContent/03%20CBSE/06%20Class%20XI/Biology/Cell-The%20unit%20of%20life/T05%20Plastids.pdf HTTP/1.1" 200 400583 "https://brainbox.co.in/PDFContent/03%20CBSE/06%20Class%20XI/Biology/Cell-The%20unit%20of%20life/" "Mozilla/5.0 (Linux; Android 7.0;) AppleWebKit/537.36 (KHTML, like Gecko) Mobile Safari/537.36 (compatible; PetalBot;+https://webmaster.petalsearch.com/site/petalbot)" "brainbox.co.in"
114.119.145.187 - - [14/Nov/2022:01:25:11 -0800] "GET /PDFContent/03%20CBSE/04%20Class%20IX/Biology/CBSE_lX_BIOLOGY_LS07_DIVERSTY%20IN%20LIVING%20ORGANISMS_SUMMARY.pdf HTTP/1.1" 200 463061 "https://brainbox.co.in/PDFContent/03%20CBSE/04%20Class%20IX/Biology/" "Mozilla/5.0 (Linux; Android 7.0;) AppleWebKit/537.36 (KHTML, like Gecko) Mobile Safari/537.36 (compatible; PetalBot;+https://webmaster.petalsearch.com/site/petalbot)" "brainbox.co.in"
114.119.145.187 - - [14/Nov/2022:01:31:25 -0800] "GET /PDFContent/02%20APSB/05%20Class%20X/Sanskrit/ HTTP/1.1" 200 353 "https://brainbox.co.in/PDFContent/02%20APSB/05%20Class%20X/" "Mozilla/5.0 (Linux; Android 7.0;) AppleWebKit/537.36 (KHTML, like Gecko) Mobile Safari/537.36 (compatible; PetalBot;+https://webmaster.petalsearch.com/site/petalbot)" "brainbox.co.in"
114.119.135.132 - - [14/Nov/2022:01:37:45 -0800] "GET /PDFContent/02%20APSB/06%20Class%20XI/Sanskrit/?C=N%3BO%3DD HTTP/1.1" 200 355 "https://brainbox.co.in/PDFContent/02%20APSB/06%20Class%20XI/Sanskrit/?C=D%3BO%3DA" "Mozilla/5.0 (Linux; Android 7.0;) AppleWebKit/537.36 (KHTML, like Gecko) Mobile Safari/537.36 (compatible; PetalBot;+https://webmaster.petalsearch.com/site/petalbot)" "brainbox.co.in"
