114.119.145.175 - - [14/Nov/2022:06:54:03 -0800] "GET /PDFContent/Beetle/CLASS%20I/ENGLISH/Lesson%202%20-%20Run%20boy%20run.pdf HTTP/1.1" 200 69049 "https://brainbox.co.in/PDFContent/Beetle/CLASS%20I/ENGLISH/?C=M%3BO%3DA" "Mozilla/5.0 (Linux; Android 7.0;) AppleWebKit/537.36 (KHTML, like Gecko) Mobile Safari/537.36 (compatible; PetalBot;+https://webmaster.petalsearch.com/site/petalbot)" "brainbox.co.in"
114.119.145.175 - - [14/Nov/2022:06:59:26 -0800] "GET /PDFContent/03%20CBSE/04%20Class%20IX/Biology/Tissues/CBSE_IX_Biology_Tissues_Simple%20permanent%20tissue.pdf HTTP/1.1" 200 325562 "https://brainbox.co.in/PDFContent/03%20CBSE/04%20Class%20IX/Biology/Tissues/?C=N%3BO%3DD" "Mozilla/5.0 (Linux; Android 7.0;) AppleWebKit/537.36 (KHTML, like Gecko) Mobile Safari/537.36 (compatible; PetalBot;+https://webmaster.petalsearch.com/site/petalbot)" "brainbox.co.in"
114.119.145.187 - - [14/Nov/2022:07:04:45 -0800] "GET /PDFContent/SPECIAL%20CROUSE/Part%201%20Grammar%20Essentials/STD_IV/UNIT%207%20%E2%80%93%20THE%20BOY%20AND%20THE%20CATAPULT.pdf HTTP/1.1" 200 660874 "https://brainbox.co.in/PDFContent/SPECIAL%20CROUSE/Part%201%20Grammar%20Essentials/STD_IV/?C=S%3BO%3DA" "Mozilla/5.0 (Linux; Android 7.0;) AppleWebKit/537.36 (KHTML, like Gecko) Mobile Safari/537.36 (compatible; PetalBot;+https://webmaster.petalsearch.com/site/petalbot)" "brainbox.co.in"
114.119.145.160 - - [14/Nov/2022:07:10:04 -0800] "GET /PDFContent/04%20ICSE/06%20Class%20XI/Telugu/?C=N%3BO%3DD HTTP/1.1" 200 355 "https://brainbox.co.in/PDFContent/04%20ICSE/06%20Class%20XI/Telugu/?C=M%3BO%3DA" "Mozilla/5.0 (Linux; Android 7.0;) AppleWebKit/537.36 (KHTML, like Gecko) Mobile Safari/537.36 (compatible; PetalBot;+https://webmaster.petalsearch.com/site/petalbot)" "brainbox.co.in"
213.180.203.74 - - [14/Nov/2022:07:14:09 -0800] "GET /PDFContent/SPECIAL%20CROUSE/Part%204%20MECHANICS%20OF%20WRITING/5_ORTHOGRAPHY.pdf HTTP/1.1" 200 348540 "-" "Mozilla/5.0 (compatible; YandexBot/3.0; +http://yandex.com/bots)" "brainbox.co.in"
141.8.142.103 - - [14/Nov/2022:07:14:39 -0800] "GET /robots.txt HTTP/1.1" 404 73 "-" "Mozilla/5.0 (compatible; YandexBot/3.0; +http://yandex.com/bots)" "brainbox.co.in"
141.8.142.104 - - [14/Nov/2022:07:14:41 -0800] "GET /PDFContent/SPECIAL%20CROUSE/Part%204%20MECHANICS%20OF%20WRITING/5_ORTHOGRAPHY.pdf HTTP/1.1" 200 348540 "-" "Mozilla/5.0 (compatible; YandexBot/3.0; +http://yandex.com/bots)" "brainbox.co.in"
114.119.145.187 - - [14/Nov/2022:07:15:22 -0800] "GET /PDFContent/01%20TSB/02%20Class%20VII/Science/MOTION%20AND%20TIME/?C=D%3BO%3DA HTTP/1.1" 200 498 "https://brainbox.co.in/PDFContent/01%20TSB/02%20Class%20VII/Science/MOTION%20AND%20TIME/?C=D%3BO%3DA" "Mozilla/5.0 (Linux; Android 7.0;) AppleWebKit/537.36 (KHTML, like Gecko) Mobile Safari/537.36 (compatible; PetalBot;+https://webmaster.petalsearch.com/site/petalbot)" "brainbox.co.in"
5.45.207.103 - - [14/Nov/2022:07:16:30 -0800] "GET /PDFContent/01%20TSB/02%20Class%20VII/English/TSBoard_English_VII_LS1A_Lesson_explanation_part1.pdf HTTP/1.1" 200 99218 "-" "Mozilla/5.0 (compatible; YandexBot/3.0; +http://yandex.com/bots)" "brainbox.co.in"
114.119.145.187 - - [14/Nov/2022:07:20:36 -0800] "GET /PDFContent/02%20APSB/01%20Class%20VI/Sanskrit/?C=D%3BO%3DA HTTP/1.1" 200 354 "https://brainbox.co.in/PDFContent/02%20APSB/01%20Class%20VI/Sanskrit/?C=S%3BO%3DA" "Mozilla/5.0 (Linux; Android 7.0;) AppleWebKit/537.36 (KHTML, like Gecko) Mobile Safari/537.36 (compatible; PetalBot;+https://webmaster.petalsearch.com/site/petalbot)" "brainbox.co.in"
51.222.253.14 - - [14/Nov/2022:07:23:13 -0800] "GET /PDFContent/Beetle/CLASS%20II/ENGLISH/?C=M;O=D HTTP/1.1" 200 622 "-" "Mozilla/5.0 (compatible; AhrefsBot/7.0; +http://ahrefs.com/robot/)" "brainbox.co.in"
5.45.207.103 - - [14/Nov/2022:07:23:27 -0800] "GET /PDFContent/Beetle/CLASS%20V/ENGLISH/SEM%201/Lesson%205%20-%20The%20smell%20of%20sweets.pdf HTTP/1.1" 200 117424 "-" "Mozilla/5.0 (compatible; YandexBot/3.0; +http://yandex.com/bots)" "brainbox.co.in"
207.46.13.85 - - [14/Nov/2022:07:24:33 -0800] "GET /PDFContent/03%20CBSE/03%20Class%20VIII/Maths/CBSE_VIII_MATHS_LS02_LINEAR%20EQUATIONS%20IN%20ONE%20VARIABLE_VARIABLE.pdf HTTP/1.1" 200 443422 "-" "Mozilla/5.0 (compatible; bingbot/2.0; +http://www.bing.com/bingbot.htm)" "brainbox.co.in"
114.119.135.132 - - [14/Nov/2022:07:25:50 -0800] "GET /PDFContent/03%20CBSE/05%20Class%20X/Chemistry/Metals%20&%20Non%20Metals/?C=M%3BO%3DA HTTP/1.1" 200 658 "https://brainbox.co.in/PDFContent/03%20CBSE/05%20Class%20X/Chemistry/Metals%20&%20Non%20Metals/?C=M%3BO%3DA" "Mozilla/5.0 (Linux; Android 7.0;) AppleWebKit/537.36 (KHTML, like Gecko) Mobile Safari/537.36 (compatible; PetalBot;+https://webmaster.petalsearch.com/site/petalbot)" "brainbox.co.in"
87.250.224.12 - - [14/Nov/2022:07:27:01 -0800] "GET /PDFContent/Beetle/CLASS%20V/SCIENCE/SEM%201/Lesson%207.%20The%20water%20you%20drink.pdf HTTP/1.1" 200 105426 "-" "Mozilla/5.0 (compatible; YandexBot/3.0; +http://yandex.com/bots)" "brainbox.co.in"
40.77.167.55 - - [14/Nov/2022:07:27:27 -0800] "GET /PDFContent/03%20CBSE/03%20Class%20VIII/Maths/CBSE_VIII_MATHS_LS02_LINEAR%20EQUATIONS%20IN%20ONE%20VARIABLE_CROSS%20MULTIPLICATION.pdf HTTP/1.1" 200 544725 "-" "Mozilla/5.0 AppleWebKit/537.36 (KHTML, like Gecko; compatible; bingbot/2.0; +http://www.bing.com/bingbot.htm) Chrome/103.0.5060.134 Safari/537.36" "brainbox.co.in"
114.119.145.187 - - [14/Nov/2022:07:31:04 -0800] "GET /PDFContent/03%20CBSE/03%20Class%20VIII/Biology/Cell%20Structures/Prokaryotes%20and%20Eukaryotes.pdf HTTP/1.1" 200 222479 "https://brainbox.co.in/PDFContent/03%20CBSE/03%20Class%20VIII/Biology/Cell%20Structures/?C=S%3BO%3DA" "Mozilla/5.0 (Linux; Android 7.0;) AppleWebKit/537.36 (KHTML, like Gecko) Mobile Safari/537.36 (compatible; PetalBot;+https://webmaster.petalsearch.com/site/petalbot)" "brainbox.co.in"
114.119.145.160 - - [14/Nov/2022:07:36:15 -0800] "GET /PDFContent/Beetle/CLASS%20V/SOCIAL/?C=D%3BO%3DA HTTP/1.1" 200 395 "https://brainbox.co.in/PDFContent/Beetle/CLASS%20V/SOCIAL/?C=N%3BO%3DD" "Mozilla/5.0 (Linux; Android 7.0;) AppleWebKit/537.36 (KHTML, like Gecko) Mobile Safari/537.36 (compatible; PetalBot;+https://webmaster.petalsearch.com/site/petalbot)" "brainbox.co.in"
114.119.145.175 - - [14/Nov/2022:07:41:27 -0800] "GET /PDFContent/03%20CBSE/04%20Class%20IX/?C=D%3BO%3DA HTTP/1.1" 200 522 "https://brainbox.co.in/PDFContent/03%20CBSE/04%20Class%20IX/?C=M%3BO%3DA" "Mozilla/5.0 (Linux; Android 7.0;) AppleWebKit/537.36 (KHTML, like Gecko) Mobile Safari/537.36 (compatible; PetalBot;+https://webmaster.petalsearch.com/site/petalbot)" "brainbox.co.in"
114.119.135.132 - - [14/Nov/2022:07:46:34 -0800] "GET /PDFContent/02%20APSB/04%20Class%20IX/Telugu/?C=S%3BO%3DA HTTP/1.1" 200 354 "https://brainbox.co.in/PDFContent/02%20APSB/04%20Class%20IX/Telugu/" "Mozilla/5.0 (Linux; Android 7.0;) AppleWebKit/537.36 (KHTML, like Gecko) Mobile Safari/537.36 (compatible; PetalBot;+https://webmaster.petalsearch.com/site/petalbot)" "brainbox.co.in"
114.119.145.160 - - [14/Nov/2022:07:51:49 -0800] "GET /PDFContent/01%20TSB/07%20Class%20XII/English/ HTTP/1.1" 200 354 "https://brainbox.co.in/PDFContent/01%20TSB/07%20Class%20XII/" "Mozilla/5.0 (Linux; Android 7.0;) AppleWebKit/537.36 (KHTML, like Gecko) Mobile Safari/537.36 (compatible; PetalBot;+https://webmaster.petalsearch.com/site/petalbot)" "brainbox.co.in"
207.46.13.207 - - [14/Nov/2022:07:53:50 -0800] "GET /PDFContent/01%20TSB/04%20Class%20IX/Biology/Challenging%20in%20Improving%20Agricultural/TS_IX_BIOLOGY_CHALLENGES%20%20IN%20IMPROVING%20AGRICULTURAL_Bee%20Keeping.pdf HTTP/1.1" 200 195207 "-" "Mozilla/5.0 (compatible; bingbot/2.0; +http://www.bing.com/bingbot.htm)" "brainbox.co.in"
114.119.145.160 - - [14/Nov/2022:07:56:56 -0800] "GET /PDFContent/04%20ICSE/01%20Class%20VI/Sanskrit/ HTTP/1.1" 200 354 "https://brainbox.co.in/PDFContent/04%20ICSE/01%20Class%20VI/" "Mozilla/5.0 (Linux; Android 7.0;) AppleWebKit/537.36 (KHTML, like Gecko) Mobile Safari/537.36 (compatible; PetalBot;+https://webmaster.petalsearch.com/site/petalbot)" "brainbox.co.in"
114.119.145.160 - - [14/Nov/2022:08:02:10 -0800] "GET /PDFContent/03%20CBSE/07%20Class%20XII/Maths/CBSE_XII_MATHS_LS12_LINEAR%20PROGRAMMING_EXAMPLE_3.pdf HTTP/1.1" 200 372654 "https://brainbox.co.in/PDFContent/03%20CBSE/07%20Class%20XII/Maths/?C=D%3BO%3DA" "Mozilla/5.0 (Linux; Android 7.0;) AppleWebKit/537.36 (KHTML, like Gecko) Mobile Safari/537.36 (compatible; PetalBot;+https://webmaster.petalsearch.com/site/petalbot)" "brainbox.co.in"
114.119.145.160 - - [14/Nov/2022:08:07:19 -0800] "GET /PDFContent/03%20CBSE/02%20Class%20VII/Science/TEXTBOOK%20EXAMPLES/?C=D%3BO%3DA HTTP/1.1" 200 734 "https://brainbox.co.in/PDFContent/03%20CBSE/02%20Class%20VII/Science/TEXTBOOK%20EXAMPLES/?C=N%3BO%3DD" "Mozilla/5.0 (Linux; Android 7.0;) AppleWebKit/537.36 (KHTML, like Gecko) Mobile Safari/537.36 (compatible; PetalBot;+https://webmaster.petalsearch.com/site/petalbot)" "brainbox.co.in"
114.119.145.175 - - [14/Nov/2022:08:12:29 -0800] "GET /PDFContent/03%20CBSE/03%20Class%20VIII/Chemistry/?C=N%3BO%3DD HTTP/1.1" 200 631 "https://brainbox.co.in/PDFContent/03%20CBSE/03%20Class%20VIII/Chemistry/" "Mozilla/5.0 (Linux; Android 7.0;) AppleWebKit/537.36 (KHTML, like Gecko) Mobile Safari/537.36 (compatible; PetalBot;+https://webmaster.petalsearch.com/site/petalbot)" "brainbox.co.in"
114.119.145.175 - - [14/Nov/2022:08:17:38 -0800] "GET /PDFContent/01%20TSB/03%20Class%20VIII/English/LS2B/TSBoard_English_VIII_LS2B_Questions%20and%20Answers.pdf HTTP/1.1" 200 173929 "https://brainbox.co.in/PDFContent/01%20TSB/03%20Class%20VIII/English/LS2B/?C=M%3BO%3DA" "Mozilla/5.0 (Linux; Android 7.0;) AppleWebKit/537.36 (KHTML, like Gecko) Mobile Safari/537.36 (compatible; PetalBot;+https://webmaster.petalsearch.com/site/petalbot)" "brainbox.co.in"
51.222.253.13 - - [14/Nov/2022:08:19:26 -0800] "GET /PDFContent/03%20CBSE/06%20Class%20XI/Biology/Cell-The%20unit%20of%20life/ HTTP/1.1" 200 805 "-" "Mozilla/5.0 (compatible; AhrefsBot/7.0; +http://ahrefs.com/robot/)" "brainbox.co.in"
114.119.145.187 - - [14/Nov/2022:08:22:55 -0800] "GET /PDFContent/01%20TSB/07%20Class%20XII/Hindi/ HTTP/1.1" 200 353 "https://brainbox.co.in/PDFContent/01%20TSB/07%20Class%20XII/" "Mozilla/5.0 (Linux; Android 7.0;) AppleWebKit/537.36 (KHTML, like Gecko) Mobile Safari/537.36 (compatible; PetalBot;+https://webmaster.petalsearch.com/site/petalbot)" "brainbox.co.in"
114.119.145.187 - - [14/Nov/2022:08:28:12 -0800] "GET /PDFContent/03%20CBSE/01%20Class%20VI/English/?C=D%3BO%3DA HTTP/1.1" 200 353 "https://brainbox.co.in/PDFContent/03%20CBSE/01%20Class%20VI/English/" "Mozilla/5.0 (Linux; Android 7.0;) AppleWebKit/537.36 (KHTML, like Gecko) Mobile Safari/537.36 (compatible; PetalBot;+https://webmaster.petalsearch.com/site/petalbot)" "brainbox.co.in"
114.119.145.160 - - [14/Nov/2022:08:33:35 -0800] "GET /PDFContent/02%20APSB/04%20Class%20IX/Physics/?C=S%3BO%3DA HTTP/1.1" 200 354 "https://brainbox.co.in/PDFContent/02%20APSB/04%20Class%20IX/Physics/" "Mozilla/5.0 (Linux; Android 7.0;) AppleWebKit/537.36 (KHTML, like Gecko) Mobile Safari/537.36 (compatible; PetalBot;+https://webmaster.petalsearch.com/site/petalbot)" "brainbox.co.in"
114.119.135.132 - - [14/Nov/2022:08:38:58 -0800] "GET /PDFContent/01%20TSB/02%20Class%20VII/Science/ELECTRICITY/?C=M%3BO%3DA HTTP/1.1" 200 571 "https://brainbox.co.in/PDFContent/01%20TSB/02%20Class%20VII/Science/ELECTRICITY/?C=D%3BO%3DA" "Mozilla/5.0 (Linux; Android 7.0;) AppleWebKit/537.36 (KHTML, like Gecko) Mobile Safari/537.36 (compatible; PetalBot;+https://webmaster.petalsearch.com/site/petalbot)" "brainbox.co.in"
114.119.135.132 - - [14/Nov/2022:08:44:22 -0800] "GET /PDFContent/SPECIAL%20CROUSE/Part%201%20Grammar%20Essentials/STD_VIII/UNIT-3.pdf HTTP/1.1" 200 269959 "https://brainbox.co.in/PDFContent/SPECIAL%20CROUSE/Part%201%20Grammar%20Essentials/STD_VIII/?C=N%3BO%3DD" "Mozilla/5.0 (Linux; Android 7.0;) AppleWebKit/537.36 (KHTML, like Gecko) Mobile Safari/537.36 (compatible; PetalBot;+https://webmaster.petalsearch.com/site/petalbot)" "brainbox.co.in"
51.222.253.1 - - [14/Nov/2022:08:46:19 -0800] "GET /PDFContent/03%20CBSE/06%20Class%20XI/Biology/CELL%20CYCLE%20AND%20CELL%20DIVISION/ HTTP/1.1" 200 630 "-" "Mozilla/5.0 (compatible; AhrefsBot/7.0; +http://ahrefs.com/robot/)" "brainbox.co.in"
114.119.135.132 - - [14/Nov/2022:08:49:51 -0800] "GET /PDFContent/04%20ICSE/07%20Class%20XII/Maths/ HTTP/1.1" 200 354 "https://brainbox.co.in/PDFContent/04%20ICSE/07%20Class%20XII/" "Mozilla/5.0 (Linux; Android 7.0;) AppleWebKit/537.36 (KHTML, like Gecko) Mobile Safari/537.36 (compatible; PetalBot;+https://webmaster.petalsearch.com/site/petalbot)" "brainbox.co.in"
13.52.247.17 - - [14/Nov/2022:08:54:17 -0800] "GET /~richard/templates/beez/US/uk/paypal/login.htm HTTP/1.1" 404 73 "-" "Mozilla/5.0 (Macintosh; Intel Mac OS X 10_10_5) AppleWebKit/537.36 (KHTML, like Gecko) Chrome/52.0.2743.116 Safari/537.36" "brainbox.co.in"
114.119.145.187 - - [14/Nov/2022:08:55:25 -0800] "GET /PDFContent/Beetle/CLASS%20I/MATHEMATICS/Lesson%202%20-%20Addition%20and%20Subtraction%20upto%2010.pdf HTTP/1.1" 200 567367 "https://brainbox.co.in/PDFContent/Beetle/CLASS%20I/MATHEMATICS/?C=M%3BO%3DA" "Mozilla/5.0 (Linux; Android 7.0;) AppleWebKit/537.36 (KHTML, like Gecko) Mobile Safari/537.36 (compatible; PetalBot;+https://webmaster.petalsearch.com/site/petalbot)" "brainbox.co.in"
114.119.145.160 - - [14/Nov/2022:09:01:00 -0800] "GET /PDFContent/01%20TSB/02%20Class%20VII/Science/MOTION%20AND%20TIME/ HTTP/1.1" 200 498 "https://brainbox.co.in/PDFContent/01%20TSB/02%20Class%20VII/Science/?C=M%3BO%3DA" "Mozilla/5.0 (Linux; Android 7.0;) AppleWebKit/537.36 (KHTML, like Gecko) Mobile Safari/537.36 (compatible; PetalBot;+https://webmaster.petalsearch.com/site/petalbot)" "brainbox.co.in"
114.119.145.160 - - [14/Nov/2022:09:06:44 -0800] "GET /PDFContent/01%20TSB/03%20Class%20VIII/English/LS5C/?C=D%3BO%3DA HTTP/1.1" 200 535 "https://brainbox.co.in/PDFContent/01%20TSB/03%20Class%20VIII/English/LS5C/?C=S%3BO%3DA" "Mozilla/5.0 (Linux; Android 7.0;) AppleWebKit/537.36 (KHTML, like Gecko) Mobile Safari/537.36 (compatible; PetalBot;+https://webmaster.petalsearch.com/site/petalbot)" "brainbox.co.in"
51.222.253.3 - - [14/Nov/2022:09:11:41 -0800] "GET /PDFContent/03%20CBSE/06%20Class%20XI/Biology/MINERAL%20NUTRITION/ HTTP/1.1" 200 728 "-" "Mozilla/5.0 (compatible; AhrefsBot/7.0; +http://ahrefs.com/robot/)" "brainbox.co.in"
114.119.145.175 - - [14/Nov/2022:09:12:29 -0800] "GET /PDFContent/02%20APSB/05%20Class%20X/Physics/?C=N%3BO%3DD HTTP/1.1" 200 354 "https://brainbox.co.in/PDFContent/02%20APSB/05%20Class%20X/Physics/?C=M%3BO%3DA" "Mozilla/5.0 (Linux; Android 7.0;) AppleWebKit/537.36 (KHTML, like Gecko) Mobile Safari/537.36 (compatible; PetalBot;+https://webmaster.petalsearch.com/site/petalbot)" "brainbox.co.in"
114.119.145.160 - - [14/Nov/2022:09:18:17 -0800] "GET /PDFContent/03%20CBSE/07%20Class%20XII/Physics/ELECTRIC%20CHARGES%20AND%20FIELDS/CBSE_XII_PHYSCIS_LS01_ELECTRIC%20CHARGES%20AND%20FIELDS_ELECTRI%20DIPOLE%20AND%20QUADRUPOLE.pdf HTTP/1.1" 200 290691 "https://brainbox.co.in/PDFContent/03%20CBSE/07%20Class%20XII/Physics/ELECTRIC%20CHARGES%20AND%20FIELDS/" "Mozilla/5.0 (Linux; Android 7.0;) AppleWebKit/537.36 (KHTML, like Gecko) Mobile Safari/537.36 (compatible; PetalBot;+https://webmaster.petalsearch.com/site/petalbot)" "brainbox.co.in"
114.119.145.187 - - [14/Nov/2022:09:24:19 -0800] "GET /PDFContent/04%20ICSE/07%20Class%20XII/Sanskrit/ HTTP/1.1" 200 355 "https://brainbox.co.in/PDFContent/04%20ICSE/07%20Class%20XII/" "Mozilla/5.0 (Linux; Android 7.0;) AppleWebKit/537.36 (KHTML, like Gecko) Mobile Safari/537.36 (compatible; PetalBot;+https://webmaster.petalsearch.com/site/petalbot)" "brainbox.co.in"
114.119.145.160 - - [14/Nov/2022:09:29:55 -0800] "GET /PDFContent/01%20TSB/06%20Class%20XI/Sanskrit/?C=N%3BO%3DD HTTP/1.1" 200 354 "https://brainbox.co.in/PDFContent/01%20TSB/06%20Class%20XI/Sanskrit/" "Mozilla/5.0 (Linux; Android 7.0;) AppleWebKit/537.36 (KHTML, like Gecko) Mobile Safari/537.36 (compatible; PetalBot;+https://webmaster.petalsearch.com/site/petalbot)" "brainbox.co.in"
114.119.135.132 - - [14/Nov/2022:09:35:22 -0800] "GET /PDFContent/02%20APSB/02%20Class%20VII/Sanskrit/?C=S%3BO%3DA HTTP/1.1" 200 354 "https://brainbox.co.in/PDFContent/02%20APSB/02%20Class%20VII/Sanskrit/?C=D%3BO%3DA" "Mozilla/5.0 (Linux; Android 7.0;) AppleWebKit/537.36 (KHTML, like Gecko) Mobile Safari/537.36 (compatible; PetalBot;+https://webmaster.petalsearch.com/site/petalbot)" "brainbox.co.in"
51.222.253.4 - - [14/Nov/2022:09:36:42 -0800] "GET /PDFContent/03%20CBSE/06%20Class%20XI/Biology/?C=D;O=A HTTP/1.1" 200 924 "-" "Mozilla/5.0 (compatible; AhrefsBot/7.0; +http://ahrefs.com/robot/)" "brainbox.co.in"
114.119.145.187 - - [14/Nov/2022:09:40:49 -0800] "GET /PDFContent/02%20APSB/03%20Class%20VIII/English/?C=S%3BO%3DA HTTP/1.1" 200 355 "https://brainbox.co.in/PDFContent/02%20APSB/03%20Class%20VIII/English/?C=M%3BO%3DA" "Mozilla/5.0 (Linux; Android 7.0;) AppleWebKit/537.36 (KHTML, like Gecko) Mobile Safari/537.36 (compatible; PetalBot;+https://webmaster.petalsearch.com/site/petalbot)" "brainbox.co.in"
51.222.253.2 - - [14/Nov/2022:09:44:07 -0800] "GET /PDFContent/03%20CBSE/06%20Class%20XI/Biology/?C=M;O=A HTTP/1.1" 200 910 "-" "Mozilla/5.0 (compatible; AhrefsBot/7.0; +http://ahrefs.com/robot/)" "brainbox.co.in"
114.119.145.175 - - [14/Nov/2022:09:46:14 -0800] "GET /PDFContent/Beetle/CLASS%20I/?C=M%3BO%3DA HTTP/1.1" 200 469 "https://brainbox.co.in/PDFContent/Beetle/CLASS%20I/?C=M%3BO%3DA" "Mozilla/5.0 (Linux; Android 7.0;) AppleWebKit/537.36 (KHTML, like Gecko) Mobile Safari/537.36 (compatible; PetalBot;+https://webmaster.petalsearch.com/site/petalbot)" "brainbox.co.in"
51.222.253.17 - - [14/Nov/2022:09:50:37 -0800] "GET /PDFContent/03%20CBSE/06%20Class%20XI/Biology/?C=S;O=A HTTP/1.1" 200 916 "-" "Mozilla/5.0 (compatible; AhrefsBot/7.0; +http://ahrefs.com/robot/)" "brainbox.co.in"
114.119.145.187 - - [14/Nov/2022:09:51:38 -0800] "GET /PDFContent/03%20CBSE/06%20Class%20XI/Chemistry/?C=S%3BO%3DA HTTP/1.1" 200 525 "https://brainbox.co.in/PDFContent/03%20CBSE/06%20Class%20XI/Chemistry/" "Mozilla/5.0 (Linux; Android 7.0;) AppleWebKit/537.36 (KHTML, like Gecko) Mobile Safari/537.36 (compatible; PetalBot;+https://webmaster.petalsearch.com/site/petalbot)" "brainbox.co.in"
114.119.145.175 - - [14/Nov/2022:09:57:05 -0800] "GET /PDFContent/03%20CBSE/05%20Class%20X/Hindi/CBSE_X_HINDI_LS01_MAATAA%20KAA%20ANCHAL_IMPORTANT_CHARACTER.pdf HTTP/1.1" 200 502341 "https://brainbox.co.in/PDFContent/03%20CBSE/05%20Class%20X/Hindi/?C=S%3BO%3DA" "Mozilla/5.0 (Linux; Android 7.0;) AppleWebKit/537.36 (KHTML, like Gecko) Mobile Safari/537.36 (compatible; PetalBot;+https://webmaster.petalsearch.com/site/petalbot)" "brainbox.co.in"
114.119.145.175 - - [14/Nov/2022:10:02:32 -0800] "GET /PDFContent/03%20CBSE/03%20Class%20VIII/Biology/Reproduction%20in%20Animals/Keywords.pdf HTTP/1.1" 200 273355 "https://brainbox.co.in/PDFContent/03%20CBSE/03%20Class%20VIII/Biology/Reproduction%20in%20Animals/?C=D%3BO%3DA" "Mozilla/5.0 (Linux; Android 7.0;) AppleWebKit/537.36 (KHTML, like Gecko) Mobile Safari/537.36 (compatible; PetalBot;+https://webmaster.petalsearch.com/site/petalbot)" "brainbox.co.in"
51.222.253.15 - - [14/Nov/2022:10:03:05 -0800] "GET /PDFContent/03%20CBSE/06%20Class%20XI/Biology/TRANSPORT%20IN%20PLANTS/ HTTP/1.1" 200 661 "-" "Mozilla/5.0 (compatible; AhrefsBot/7.0; +http://ahrefs.com/robot/)" "brainbox.co.in"
114.119.145.187 - - [14/Nov/2022:10:07:57 -0800] "GET /PDFContent/03%20CBSE/05%20Class%20X/Physics/Electricity/CBSE_X_PHYSICS_Heating%20effect%20of%20electric%20circuit HTTP/1.1" 200 198969 "https://brainboxschool.com/material/CBSE/X/Physics/ELECTRICITY.html" "Mozilla/5.0 (Linux; Android 7.0;) AppleWebKit/537.36 (KHTML, like Gecko) Mobile Safari/537.36 (compatible; PetalBot;+https://webmaster.petalsearch.com/site/petalbot)" "brainbox.co.in"
114.119.145.160 - - [14/Nov/2022:10:13:26 -0800] "GET /PDFContent/Beetle/CLASS%20I/MATHEMATICS%201-2/Lesson%206%20-%20Time.pdf HTTP/1.1" 200 248733 "https://brainbox.co.in/PDFContent/Beetle/CLASS%20I/MATHEMATICS%201-2/?C=D%3BO%3DA" "Mozilla/5.0 (Linux; Android 7.0;) AppleWebKit/537.36 (KHTML, like Gecko) Mobile Safari/537.36 (compatible; PetalBot;+https://webmaster.petalsearch.com/site/petalbot)" "brainbox.co.in"
87.250.224.54 - - [14/Nov/2022:10:13:31 -0800] "GET /robots.txt HTTP/1.1" 404 73 "-" "Mozilla/5.0 (compatible; YandexBot/3.0; +http://yandex.com/bots)" "brainbox.co.in"
87.250.224.153 - - [14/Nov/2022:10:13:35 -0800] "GET /PDFContent/Beetle/CLASS%20IV/SOCAIL%20SEM%202/LESSON%203.%20OUR%20AGRICULTURE.pdf HTTP/1.1" 200 82465 "-" "Mozilla/5.0 (compatible; YandexBot/3.0; +http://yandex.com/bots)" "brainbox.co.in"
51.222.253.2 - - [14/Nov/2022:10:18:33 -0800] "GET /PDFContent/01%20TSB/04%20Class%20IX/Chemistry/?C=M;O=D HTTP/1.1" 200 353 "-" "Mozilla/5.0 (compatible; AhrefsBot/7.0; +http://ahrefs.com/robot/)" "brainbox.co.in"
114.119.145.187 - - [14/Nov/2022:10:18:51 -0800] "GET /PDFContent/01%20TSB/03%20Class%20VIII/English/TSBoard_English_VIII_LS3B_Question_And_Answers.pdf.pdf HTTP/1.1" 200 203241 "https://brainbox.co.in/PDFContent/01%20TSB/03%20Class%20VIII/English/" "Mozilla/5.0 (Linux; Android 7.0;) AppleWebKit/537.36 (KHTML, like Gecko) Mobile Safari/537.36 (compatible; PetalBot;+https://webmaster.petalsearch.com/site/petalbot)" "brainbox.co.in"
114.119.145.187 - - [14/Nov/2022:10:24:17 -0800] "GET /PDFContent/04%20ICSE/05%20Class%20X/?C=D%3BO%3DA HTTP/1.1" 200 463 "https://brainbox.co.in/PDFContent/04%20ICSE/05%20Class%20X/?C=M%3BO%3DA" "Mozilla/5.0 (Linux; Android 7.0;) AppleWebKit/537.36 (KHTML, like Gecko) Mobile Safari/537.36 (compatible; PetalBot;+https://webmaster.petalsearch.com/site/petalbot)" "brainbox.co.in"
114.119.145.187 - - [14/Nov/2022:10:29:44 -0800] "GET /PDFContent/03%20CBSE/05%20Class%20X/Hindi/SPARSH/LS10/?C=D%3BO%3DA HTTP/1.1" 200 568 "https://brainbox.co.in/PDFContent/03%20CBSE/05%20Class%20X/Hindi/SPARSH/LS10/?C=S%3BO%3DA" "Mozilla/5.0 (Linux; Android 7.0;) AppleWebKit/537.36 (KHTML, like Gecko) Mobile Safari/537.36 (compatible; PetalBot;+https://webmaster.petalsearch.com/site/petalbot)" "brainbox.co.in"
51.222.253.12 - - [14/Nov/2022:10:34:57 -0800] "GET /PDFContent/01%20TSB/04%20Class%20IX/Chemistry/?C=S;O=D HTTP/1.1" 200 353 "-" "Mozilla/5.0 (compatible; AhrefsBot/7.0; +http://ahrefs.com/robot/)" "brainbox.co.in"
114.119.145.175 - - [14/Nov/2022:10:35:11 -0800] "GET /PDFContent/SPECIAL%20CROUSE/Part%201%20Grammar%20Essentials/STD_V/?C=S%3BO%3DA HTTP/1.1" 200 501 "https://brainbox.co.in/PDFContent/SPECIAL%20CROUSE/Part%201%20Grammar%20Essentials/STD_V/?C=D%3BO%3DA" "Mozilla/5.0 (Linux; Android 7.0;) AppleWebKit/537.36 (KHTML, like Gecko) Mobile Safari/537.36 (compatible; PetalBot;+https://webmaster.petalsearch.com/site/petalbot)" "brainbox.co.in"
114.119.135.132 - - [14/Nov/2022:10:40:41 -0800] "GET /PDFContent/01%20TSB/03%20Class%20VIII/English/TS_Board_English_VIII_LS2C_Introduction.pdf HTTP/1.1" 200 4378 "https://brainboxschool.com/material/TSB/VIII/English/2C_REACHING_THE_UNREACHED.html" "Mozilla/5.0 (Linux; Android 7.0;) AppleWebKit/537.36 (KHTML, like Gecko) Mobile Safari/537.36 (compatible; PetalBot;+https://webmaster.petalsearch.com/site/petalbot)" "brainbox.co.in"
114.119.145.160 - - [14/Nov/2022:10:46:13 -0800] "GET /PDFContent/03%20CBSE/03%20Class%20VIII/Maths/ALGEBRAIC%20EXPRESSIONS%20AND%20IDENTITIES/?C=S%3BO%3DA HTTP/1.1" 200 1122 "https://brainbox.co.in/PDFContent/03%20CBSE/03%20Class%20VIII/Maths/ALGEBRAIC%20EXPRESSIONS%20AND%20IDENTITIES/?C=M%3BO%3DA" "Mozilla/5.0 (Linux; Android 7.0;) AppleWebKit/537.36 (KHTML, like Gecko) Mobile Safari/537.36 (compatible; PetalBot;+https://webmaster.petalsearch.com/site/petalbot)" "brainbox.co.in"
92.205.56.212 - - [14/Nov/2022:10:47:42 -0800] "GET /wp-admin/css/ HTTP/1.1" 404 88 "binance.com" "Mozilla/5.0 (Windows NT 10.0; Win64; x64) AppleWebKit/537.36 (KHTML, like Gecko) Chrome/90.0.4430.85 Safari/537.36" "brainbox.co.in"
92.205.56.212 - - [14/Nov/2022:10:47:45 -0800] "GET /sites/default/files/ HTTP/1.1" 404 88 "binance.com" "Mozilla/5.0 (Windows NT 10.0; Win64; x64) AppleWebKit/537.36 (KHTML, like Gecko) Chrome/90.0.4430.85 Safari/537.36" "brainbox.co.in"
92.205.56.212 - - [14/Nov/2022:10:47:46 -0800] "GET /admin/controller/extension/extension/ HTTP/1.1" 404 88 "binance.com" "Mozilla/5.0 (Windows NT 10.0; Win64; x64) AppleWebKit/537.36 (KHTML, like Gecko) Chrome/90.0.4430.85 Safari/537.36" "brainbox.co.in"
92.205.56.212 - - [14/Nov/2022:10:47:48 -0800] "GET /uploads/ HTTP/1.1" 404 88 "binance.com" "Mozilla/5.0 (Windows NT 10.0; Win64; x64) AppleWebKit/537.36 (KHTML, like Gecko) Chrome/90.0.4430.85 Safari/537.36" "brainbox.co.in"
92.205.56.212 - - [14/Nov/2022:10:47:49 -0800] "GET /images/ HTTP/1.1" 404 88 "binance.com" "Mozilla/5.0 (Windows NT 10.0; Win64; x64) AppleWebKit/537.36 (KHTML, like Gecko) Chrome/90.0.4430.85 Safari/537.36" "brainbox.co.in"
92.205.56.212 - - [14/Nov/2022:10:47:50 -0800] "GET /files/ HTTP/1.1" 404 88 "binance.com" "Mozilla/5.0 (Windows NT 10.0; Win64; x64) AppleWebKit/537.36 (KHTML, like Gecko) Chrome/90.0.4430.85 Safari/537.36" "brainbox.co.in"
114.119.135.132 - - [14/Nov/2022:10:51:33 -0800] "GET /PDFContent/03%20CBSE/05%20Class%20X/Hindi/SPARSH/LS02/?C=N%3BO%3DD HTTP/1.1" 200 542 "https://brainbox.co.in/PDFContent/03%20CBSE/05%20Class%20X/Hindi/SPARSH/LS02/?C=M%3BO%3DA" "Mozilla/5.0 (Linux; Android 7.0;) AppleWebKit/537.36 (KHTML, like Gecko) Mobile Safari/537.36 (compatible; PetalBot;+https://webmaster.petalsearch.com/site/petalbot)" "brainbox.co.in"
114.119.145.175 - - [14/Nov/2022:10:56:56 -0800] "GET /PDFContent/01%20TSB/06%20Class%20XI/Maths/LOCUS/Locus_T08_Solved%20Problem%203_Area%20of%20Triangle_Method_I.pdf HTTP/1.1" 200 221871 "https://brainbox.co.in/PDFContent/01%20TSB/06%20Class%20XI/Maths/LOCUS/" "Mozilla/5.0 (Linux; Android 7.0;) AppleWebKit/537.36 (KHTML, like Gecko) Mobile Safari/537.36 (compatible; PetalBot;+https://webmaster.petalsearch.com/site/petalbot)" "brainbox.co.in"
5.255.253.156 - - [14/Nov/2022:10:59:59 -0800] "GET /PDFContent/01%20TSB/01%20Class%20VI/English/GRANND%20CONTEST/ HTTP/1.1" 200 515 "-" "Mozilla/5.0 (compatible; YandexBot/3.0; +http://yandex.com/bots)" "brainbox.co.in"
114.119.145.187 - - [14/Nov/2022:11:02:18 -0800] "GET /PDFContent/03%20CBSE/04%20Class%20IX/Maths/POLYNOMIALS/CBSE_IX_MATHS_LS02_POLYNOMIALS_DEGREE%20OF%20POLYNOMIAL%20IN%20ONE%20VARIABLE.pdf HTTP/1.1" 200 359663 "https://brainbox.co.in/PDFContent/03%20CBSE/04%20Class%20IX/Maths/POLYNOMIALS/?C=D%3BO%3DA" "Mozilla/5.0 (Linux; Android 7.0;) AppleWebKit/537.36 (KHTML, like Gecko) Mobile Safari/537.36 (compatible; PetalBot;+https://webmaster.petalsearch.com/site/petalbot)" "brainbox.co.in"
51.222.253.13 - - [14/Nov/2022:11:04:23 -0800] "GET /PDFContent/04%20ICSE/06%20Class%20XI/Maths/?C=N;O=D HTTP/1.1" 200 351 "-" "Mozilla/5.0 (compatible; AhrefsBot/7.0; +http://ahrefs.com/robot/)" "brainbox.co.in"
114.119.145.160 - - [14/Nov/2022:11:07:42 -0800] "GET /PDFContent/03%20CBSE/05%20Class%20X/Hindi/Kshitij/?C=N%3BO%3DD HTTP/1.1" 200 437 "https://brainbox.co.in/PDFContent/03%20CBSE/05%20Class%20X/Hindi/Kshitij/" "Mozilla/5.0 (Linux; Android 7.0;) AppleWebKit/537.36 (KHTML, like Gecko) Mobile Safari/537.36 (compatible; PetalBot;+https://webmaster.petalsearch.com/site/petalbot)" "brainbox.co.in"
114.119.145.175 - - [14/Nov/2022:11:13:16 -0800] "GET /PDFContent/03%20CBSE/04%20Class%20IX/Biology/Fundamental%20Unit%20of%20Life/?C=M%3BO%3DA HTTP/1.1" 200 961 "https://brainbox.co.in/PDFContent/03%20CBSE/04%20Class%20IX/Biology/Fundamental%20Unit%20of%20Life/" "Mozilla/5.0 (Linux; Android 7.0;) AppleWebKit/537.36 (KHTML, like Gecko) Mobile Safari/537.36 (compatible; PetalBot;+https://webmaster.petalsearch.com/site/petalbot)" "brainbox.co.in"
141.8.142.103 - - [14/Nov/2022:11:14:39 -0800] "GET /robots.txt HTTP/1.1" 404 73 "-" "Mozilla/5.0 (compatible; YandexBot/3.0; +http://yandex.com/bots)" "brainbox.co.in"
114.119.145.187 - - [14/Nov/2022:11:18:48 -0800] "GET /PDFContent/01%20TSB/03%20Class%20VIII/English/LS8C/TSB_VIII_ENGLISH_LS08C_THE%20DEAD%20RAT_EXPLANATION.pdf HTTP/1.1" 200 333229 "https://brainbox.co.in/PDFContent/01%20TSB/03%20Class%20VIII/English/LS8C/?C=M%3BO%3DA" "Mozilla/5.0 (Linux; Android 7.0;) AppleWebKit/537.36 (KHTML, like Gecko) Mobile Safari/537.36 (compatible; PetalBot;+https://webmaster.petalsearch.com/site/petalbot)" "brainbox.co.in"
51.222.253.17 - - [14/Nov/2022:11:23:42 -0800] "GET /PDFContent/04%20ICSE/07%20Class%20XII/Maths/?C=N;O=D HTTP/1.1" 200 352 "-" "Mozilla/5.0 (compatible; AhrefsBot/7.0; +http://ahrefs.com/robot/)" "brainbox.co.in"
114.119.145.160 - - [14/Nov/2022:11:24:16 -0800] "GET /PDFContent/01%20TSB/03%20Class%20VIII/English/TS%20Board_English_VIII_LS2C_Glossary.pdf.pdf HTTP/1.1" 200 101967 "https://brainbox.co.in/PDFContent/01%20TSB/03%20Class%20VIII/English/" "Mozilla/5.0 (Linux; Android 7.0;) AppleWebKit/537.36 (KHTML, like Gecko) Mobile Safari/537.36 (compatible; PetalBot;+https://webmaster.petalsearch.com/site/petalbot)" "brainbox.co.in"
51.222.253.14 - - [14/Nov/2022:11:25:13 -0800] "GET /PDFContent/03%20CBSE/04%20Class%20IX/Telugu/?C=N;O=D HTTP/1.1" 200 353 "-" "Mozilla/5.0 (compatible; AhrefsBot/7.0; +http://ahrefs.com/robot/)" "brainbox.co.in"
51.222.253.2 - - [14/Nov/2022:11:26:18 -0800] "GET /PDFContent/01%20TSB/03%20Class%20VIII/English/LS7B/ HTTP/1.1" 200 526 "-" "Mozilla/5.0 (compatible; AhrefsBot/7.0; +http://ahrefs.com/robot/)" "brainbox.co.in"
51.222.253.13 - - [14/Nov/2022:11:26:53 -0800] "GET /PDFContent/03%20CBSE/06%20Class%20XI/Chemistry/GENERAL%20ORGANIC%20CHEMISTRY/?C=S;O=A HTTP/1.1" 200 776 "-" "Mozilla/5.0 (compatible; AhrefsBot/7.0; +http://ahrefs.com/robot/)" "brainbox.co.in"
51.222.253.11 - - [14/Nov/2022:11:27:18 -0800] "GET /PDFContent/03%20CBSE/06%20Class%20XI/Chemistry/GENERAL%20ORGANIC%20CHEMISTRY/?C=D;O=A HTTP/1.1" 200 772 "-" "Mozilla/5.0 (compatible; AhrefsBot/7.0; +http://ahrefs.com/robot/)" "brainbox.co.in"
51.222.253.19 - - [14/Nov/2022:11:27:37 -0800] "GET /PDFContent/03%20CBSE/06%20Class%20XI/Chemistry/GENERAL%20ORGANIC%20CHEMISTRY/?C=M;O=A HTTP/1.1" 200 771 "-" "Mozilla/5.0 (compatible; AhrefsBot/7.0; +http://ahrefs.com/robot/)" "brainbox.co.in"
114.119.145.160 - - [14/Nov/2022:11:29:46 -0800] "GET /PDFContent/01%20TSB/04%20Class%20IX/Biology/Challenging%20in%20Improving%20Agricultural/TS_IX_BIOLOGY_CHALLENGES%20%20IN%20IMPROVING%20AGRICULTURAL_Bee%20Keeping.pdf HTTP/1.1" 200 195207 "https://brainbox.co.in/PDFContent/01%20TSB/04%20Class%20IX/Biology/Challenging%20in%20Improving%20Agricultural/?C=S%3BO%3DA" "Mozilla/5.0 (Linux; Android 7.0;) AppleWebKit/537.36 (KHTML, like Gecko) Mobile Safari/537.36 (compatible; PetalBot;+https://webmaster.petalsearch.com/site/petalbot)" "brainbox.co.in"
114.119.145.175 - - [14/Nov/2022:11:35:14 -0800] "GET /PDFContent/03%20CBSE/05%20Class%20X/Hindi/CBSE_X_HINDI_LS12_YASHPAL-LAKHNAVI%20ANDAAZ_INTRODUCTION.pdf HTTP/1.1" 200 540814 "https://brainbox.co.in/PDFContent/03%20CBSE/05%20Class%20X/Hindi/?C=S%3BO%3DA" "Mozilla/5.0 (Linux; Android 7.0;) AppleWebKit/537.36 (KHTML, like Gecko) Mobile Safari/537.36 (compatible; PetalBot;+https://webmaster.petalsearch.com/site/petalbot)" "brainbox.co.in"
66.249.79.84 - - [14/Nov/2022:11:36:51 -0800] "GET /robots.txt HTTP/1.1" 404 88 "-" "Mozilla/5.0 (compatible; Googlebot/2.1; +http://www.google.com/bot.html)" "brainbox.co.in"
114.119.145.175 - - [14/Nov/2022:11:40:45 -0800] "GET /PDFContent/01%20TSB/03%20Class%20VIII/English/LS1C/?C=M%3BO%3DA HTTP/1.1" 200 518 "https://brainbox.co.in/PDFContent/01%20TSB/03%20Class%20VIII/English/LS1C/?C=S%3BO%3DA" "Mozilla/5.0 (Linux; Android 7.0;) AppleWebKit/537.36 (KHTML, like Gecko) Mobile Safari/537.36 (compatible; PetalBot;+https://webmaster.petalsearch.com/site/petalbot)" "brainbox.co.in"
114.119.145.175 - - [14/Nov/2022:11:46:13 -0800] "GET /PDFContent/03%20CBSE/03%20Class%20VIII/Maths/INTRODUCTION%20TO%20GRAPHS/?C=D%3BO%3DA HTTP/1.1" 200 660 "https://brainbox.co.in/PDFContent/03%20CBSE/03%20Class%20VIII/Maths/INTRODUCTION%20TO%20GRAPHS/?C=S%3BO%3DA" "Mozilla/5.0 (Linux; Android 7.0;) AppleWebKit/537.36 (KHTML, like Gecko) Mobile Safari/537.36 (compatible; PetalBot;+https://webmaster.petalsearch.com/site/petalbot)" "brainbox.co.in"
114.119.145.175 - - [14/Nov/2022:11:51:45 -0800] "GET /PDFContent/01%20TSB/03%20Class%20VIII/English/LS5A/TSB_VIII_ENGLISH_LS05A_THE%20TREASURE%20WITHIN%20_P1_Lesson%20explanation.pdf HTTP/1.1" 200 238256 "https://brainbox.co.in/PDFContent/01%20TSB/03%20Class%20VIII/English/LS5A/" "Mozilla/5.0 (Linux; Android 7.0;) AppleWebKit/537.36 (KHTML, like Gecko) Mobile Safari/537.36 (compatible; PetalBot;+https://webmaster.petalsearch.com/site/petalbot)" "brainbox.co.in"
207.46.13.207 - - [14/Nov/2022:11:53:43 -0800] "GET /PDFContent/01%20TSB/01%20Class%20VI/English/GRANND%20CONTEST/ HTTP/1.1" 200 515 "-" "Mozilla/5.0 (compatible; bingbot/2.0; +http://www.bing.com/bingbot.htm)" "brainbox.co.in"
114.119.145.160 - - [14/Nov/2022:11:57:19 -0800] "GET /PDFContent/03%20CBSE/04%20Class%20IX/Maths/POLYNOMIALS/CBSE_IX_MATHS_LS02_POLYNOMIALS_BI%20QUADRATIC%20POLYNOMIAL_02.pdf HTTP/1.1" 200 363801 "https://brainbox.co.in/PDFContent/03%20CBSE/04%20Class%20IX/Maths/POLYNOMIALS/?C=D%3BO%3DA" "Mozilla/5.0 (Linux; Android 7.0;) AppleWebKit/537.36 (KHTML, like Gecko) Mobile Safari/537.36 (compatible; PetalBot;+https://webmaster.petalsearch.com/site/petalbot)" "brainbox.co.in"
213.180.203.67 - - [14/Nov/2022:11:59:15 -0800] "GET /PDFContent/01%20TSB/05%20Class%20X/Chemistry/ HTTP/1.1" 200 354 "-" "Mozilla/5.0 (compatible; YandexBot/3.0; +http://yandex.com/bots)" "brainbox.co.in"
51.222.253.9 - - [14/Nov/2022:12:01:07 -0800] "GET /?C=M;O=D HTTP/1.1" 200 423 "-" "Mozilla/5.0 (compatible; AhrefsBot/7.0; +http://ahrefs.com/robot/)" "brainbox.co.in"
114.119.145.187 - - [14/Nov/2022:12:02:49 -0800] "GET /PDFContent/01%20TSB/03%20Class%20VIII/English/LS8B/TSB_VIII_ENGLISH_LS08B_BE%20THANKFUL_Introduction.pdf HTTP/1.1" 200 323051 "https://brainbox.co.in/PDFContent/01%20TSB/03%20Class%20VIII/English/LS8B/?C=S%3BO%3DA" "Mozilla/5.0 (Linux; Android 7.0;) AppleWebKit/537.36 (KHTML, like Gecko) Mobile Safari/537.36 (compatible; PetalBot;+https://webmaster.petalsearch.com/site/petalbot)" "brainbox.co.in"
114.119.145.175 - - [14/Nov/2022:12:08:23 -0800] "GET /PDFContent/04%20ICSE/02%20Class%20VII/Maths/?C=N%3BO%3DD HTTP/1.1" 200 353 "https://brainbox.co.in/PDFContent/04%20ICSE/02%20Class%20VII/Maths/" "Mozilla/5.0 (Linux; Android 7.0;) AppleWebKit/537.36 (KHTML, like Gecko) Mobile Safari/537.36 (compatible; PetalBot;+https://webmaster.petalsearch.com/site/petalbot)" "brainbox.co.in"
114.119.135.132 - - [14/Nov/2022:12:13:55 -0800] "GET /PDFContent/03%20CBSE/06%20Class%20XI/Maths/COMPLEX%20NUMBERS%20AND%20QUADRATIC%20EQUATIONS/Complex%20Numbers%20&%20Quadratic%20Equations_T09_Introduction.pdf HTTP/1.1" 200 429382 "https://brainbox.co.in/PDFContent/03%20CBSE/06%20Class%20XI/Maths/COMPLEX%20NUMBERS%20AND%20QUADRATIC%20EQUATIONS/?C=N%3BO%3DD" "Mozilla/5.0 (Linux; Android 7.0;) AppleWebKit/537.36 (KHTML, like Gecko) Mobile Safari/537.36 (compatible; PetalBot;+https://webmaster.petalsearch.com/site/petalbot)" "brainbox.co.in"
114.119.135.132 - - [14/Nov/2022:12:19:30 -0800] "GET /PDFContent/01%20TSB/01%20Class%20VI/Telugu/ HTTP/1.1" 200 423 "https://brainbox.co.in/PDFContent/01%20TSB/01%20Class%20VI/Telugu/VARSHAM/?C=D%3BO%3DA" "Mozilla/5.0 (Linux; Android 7.0;) AppleWebKit/537.36 (KHTML, like Gecko) Mobile Safari/537.36 (compatible; PetalBot;+https://webmaster.petalsearch.com/site/petalbot)" "brainbox.co.in"
114.119.145.187 - - [14/Nov/2022:12:24:57 -0800] "GET /PDFContent/Beetle/CLASS%20V/ENGLISH/SEM%201/Lesson%202%20-%20Abraham%20Lincoln.pdf HTTP/1.1" 200 118767 "https://brainbox.co.in/PDFContent/Beetle/CLASS%20V/ENGLISH/SEM%201/" "Mozilla/5.0 (Linux; Android 7.0;) AppleWebKit/537.36 (KHTML, like Gecko) Mobile Safari/537.36 (compatible; PetalBot;+https://webmaster.petalsearch.com/site/petalbot)" "brainbox.co.in"
114.119.135.132 - - [14/Nov/2022:12:30:17 -0800] "GET /PDFContent/03%20CBSE/05%20Class%20X/Hindi/Kshitij/LS08/CBSE_X_HINDI_LS08_Rituraj%20Kanyadaan_SUMMARY.pdf HTTP/1.1" 200 403264 "https://brainbox.co.in/PDFContent/03%20CBSE/05%20Class%20X/Hindi/Kshitij/LS08/?C=S%3BO%3DA" "Mozilla/5.0 (Linux; Android 7.0;) AppleWebKit/537.36 (KHTML, like Gecko) Mobile Safari/537.36 (compatible; PetalBot;+https://webmaster.petalsearch.com/site/petalbot)" "brainbox.co.in"
114.119.145.160 - - [14/Nov/2022:12:35:39 -0800] "GET /PDFContent/03%20CBSE/01%20Class%20VI/English/?C=M%3BO%3DA HTTP/1.1" 200 353 "https://brainbox.co.in/PDFContent/03%20CBSE/01%20Class%20VI/English/" "Mozilla/5.0 (Linux; Android 7.0;) AppleWebKit/537.36 (KHTML, like Gecko) Mobile Safari/537.36 (compatible; PetalBot;+https://webmaster.petalsearch.com/site/petalbot)" "brainbox.co.in"
114.119.145.175 - - [14/Nov/2022:12:40:59 -0800] "GET /PDFContent/01%20TSB/03%20Class%20VIII/English/LS2C/?C=M%3BO%3DA HTTP/1.1" 200 542 "https://brainbox.co.in/PDFContent/01%20TSB/03%20Class%20VIII/English/LS2C/?C=M%3BO%3DA" "Mozilla/5.0 (Linux; Android 7.0;) AppleWebKit/537.36 (KHTML, like Gecko) Mobile Safari/537.36 (compatible; PetalBot;+https://webmaster.petalsearch.com/site/petalbot)" "brainbox.co.in"
114.119.145.160 - - [14/Nov/2022:12:46:16 -0800] "GET /PDFContent/02%20APSB/03%20Class%20VIII/Telugu/?C=M%3BO%3DA HTTP/1.1" 200 355 "https://brainbox.co.in/PDFContent/02%20APSB/03%20Class%20VIII/Telugu/?C=S%3BO%3DA" "Mozilla/5.0 (Linux; Android 7.0;) AppleWebKit/537.36 (KHTML, like Gecko) Mobile Safari/537.36 (compatible; PetalBot;+https://webmaster.petalsearch.com/site/petalbot)" "brainbox.co.in"
114.119.145.160 - - [14/Nov/2022:12:51:31 -0800] "GET /PDFContent/Beetle/CLASS%20IV/ENGLISH%20SEM%202/Poem%20-%20The%20Lost%20Doll.pdf HTTP/1.1" 200 77631 "https://brainbox.co.in/PDFContent/Beetle/CLASS%20IV/ENGLISH%20SEM%202/?C=N%3BO%3DD" "Mozilla/5.0 (Linux; Android 7.0;) AppleWebKit/537.36 (KHTML, like Gecko) Mobile Safari/537.36 (compatible; PetalBot;+https://webmaster.petalsearch.com/site/petalbot)" "brainbox.co.in"
13.52.239.87 - - [14/Nov/2022:12:54:36 -0800] "GET /~richard/templates/beez/US/uk/paypal/login.htm HTTP/1.1" 404 73 "-" "Mozilla/5.0 (Macintosh; Intel Mac OS X 10_10_5) AppleWebKit/537.36 (KHTML, like Gecko) Chrome/52.0.2743.116 Safari/537.36" "brainbox.co.in"
114.119.135.132 - - [14/Nov/2022:12:56:47 -0800] "GET /PDFContent/03%20CBSE/04%20Class%20IX/Physics/Gravitation/CBSE_IX_PHYSICS_LS10_GRAVITATION_PROB_04.pdf HTTP/1.1" 200 267623 "https://brainboxschool.com/material/CBSE/IX/Physics/GRAVITATION.html" "Mozilla/5.0 (Linux; Android 7.0;) AppleWebKit/537.36 (KHTML, like Gecko) Mobile Safari/537.36 (compatible; PetalBot;+https://webmaster.petalsearch.com/site/petalbot)" "brainbox.co.in"
114.119.145.160 - - [14/Nov/2022:13:01:58 -0800] "GET /PDFContent/03%20CBSE/02%20Class%20VII/English/CBSEBoard_English_VII_LS2_GLOSSARY_PART2.pdf HTTP/1.1" 200 390283 "https://brainbox.co.in/PDFContent/03%20CBSE/02%20Class%20VII/English/?C=S%3BO%3DA" "Mozilla/5.0 (Linux; Android 7.0;) AppleWebKit/537.36 (KHTML, like Gecko) Mobile Safari/537.36 (compatible; PetalBot;+https://webmaster.petalsearch.com/site/petalbot)" "brainbox.co.in"
114.119.145.175 - - [14/Nov/2022:13:07:11 -0800] "GET /PDFContent/01%20TSB/05%20Class%20X/Physics/ HTTP/1.1" 200 488 "https://brainbox.co.in/PDFContent/01%20TSB/05%20Class%20X/Physics/LS01%20Reflection%20of%20light%20at%20curved%20surfaces/" "Mozilla/5.0 (Linux; Android 7.0;) AppleWebKit/537.36 (KHTML, like Gecko) Mobile Safari/537.36 (compatible; PetalBot;+https://webmaster.petalsearch.com/site/petalbot)" "brainbox.co.in"
114.119.145.187 - - [14/Nov/2022:13:12:21 -0800] "GET /PDFContent/03%20CBSE/07%20Class%20XII/Maths/PROBABILITY/CBSE_XII_MATHS_LS13_PROBABILITY_PARTITION%20OF%20A%20SAMPLE%20SPACE.pdf HTTP/1.1" 200 270722 "https://brainbox.co.in/PDFContent/03%20CBSE/07%20Class%20XII/Maths/PROBABILITY/?C=N%3BO%3DD" "Mozilla/5.0 (Linux; Android 7.0;) AppleWebKit/537.36 (KHTML, like Gecko) Mobile Safari/537.36 (compatible; PetalBot;+https://webmaster.petalsearch.com/site/petalbot)" "brainbox.co.in"
114.119.145.160 - - [14/Nov/2022:13:17:25 -0800] "GET /PDFContent/03%20CBSE/06%20Class%20XI/Maths/?C=S%3BO%3DA HTTP/1.1" 200 944 "https://brainbox.co.in/PDFContent/03%20CBSE/06%20Class%20XI/Maths/" "Mozilla/5.0 (Linux; Android 7.0;) AppleWebKit/537.36 (KHTML, like Gecko) Mobile Safari/537.36 (compatible; PetalBot;+https://webmaster.petalsearch.com/site/petalbot)" "brainbox.co.in"
157.55.39.169 - - [14/Nov/2022:13:21:48 -0800] "GET /robots.txt HTTP/1.1" 404 88 "-" "Mozilla/5.0 (compatible; bingbot/2.0; +http://www.bing.com/bingbot.htm)" "brainbox.co.in"
207.46.13.85 - - [14/Nov/2022:13:22:00 -0800] "GET /PDFContent/03%20CBSE/06%20Class%20XI/Biology/Cell-The%20unit%20of%20life/Cell%20Wall HTTP/1.1" 404 88 "-" "Mozilla/5.0 (compatible; bingbot/2.0; +http://www.bing.com/bingbot.htm)" "brainbox.co.in"
114.119.145.187 - - [14/Nov/2022:13:22:33 -0800] "GET /PDFContent/02%20APSB/06%20Class%20XI/Maths/?C=N%3BO%3DD HTTP/1.1" 200 352 "https://brainbox.co.in/PDFContent/02%20APSB/06%20Class%20XI/Maths/?C=M%3BO%3DA" "Mozilla/5.0 (Linux; Android 7.0;) AppleWebKit/537.36 (KHTML, like Gecko) Mobile Safari/537.36 (compatible; PetalBot;+https://webmaster.petalsearch.com/site/petalbot)" "brainbox.co.in"
5.255.231.118 - - [14/Nov/2022:13:25:44 -0800] "GET /PDFContent/01%20TSB/04%20Class%20IX/Biology/Challenging%20in%20Improving%20Agricultural/TS_IX_BIOLOGY_CHALLENGES%20%20IN%20IMPROVING%20AGRICULTURAL_Every%20living%20organism%20need.pdf HTTP/1.1" 200 230709 "-" "Mozilla/5.0 (compatible; YandexBot/3.0; +http://yandex.com/bots)" "brainbox.co.in"
114.119.135.132 - - [14/Nov/2022:13:27:41 -0800] "GET /PDFContent/01%20TSB/04%20Class%20IX/Maths/?C=M%3BO%3DA HTTP/1.1" 200 389 "https://brainbox.co.in/PDFContent/01%20TSB/04%20Class%20IX/Maths/" "Mozilla/5.0 (Linux; Android 7.0;) AppleWebKit/537.36 (KHTML, like Gecko) Mobile Safari/537.36 (compatible; PetalBot;+https://webmaster.petalsearch.com/site/petalbot)" "brainbox.co.in"
114.119.145.160 - - [14/Nov/2022:13:32:42 -0800] "GET /PDFContent/02%20APSB/03%20Class%20VIII/Sanskrit/ HTTP/1.1" 200 356 "https://brainbox.co.in/PDFContent/02%20APSB/03%20Class%20VIII/?C=D%3BO%3DA" "Mozilla/5.0 (Linux; Android 7.0;) AppleWebKit/537.36 (KHTML, like Gecko) Mobile Safari/537.36 (compatible; PetalBot;+https://webmaster.petalsearch.com/site/petalbot)" "brainbox.co.in"
51.222.253.2 - - [14/Nov/2022:13:33:14 -0800] "GET /PDFContent/02%20APSB/ HTTP/1.1" 200 458 "-" "Mozilla/5.0 (compatible; AhrefsBot/7.0; +http://ahrefs.com/robot/)" "brainbox.co.in"
114.119.145.187 - - [14/Nov/2022:13:37:51 -0800] "GET /PDFContent/01%20TSB/03%20Class%20VIII/English/LS3B/TSB_VIII_ENGLISH_LS3B_THE%20SELFISH%20GIANT%20P2_MORALS.pdf HTTP/1.1" 200 346445 "https://brainbox.co.in/PDFContent/01%20TSB/03%20Class%20VIII/English/LS3B/?C=D%3BO%3DA" "Mozilla/5.0 (Linux; Android 7.0;) AppleWebKit/537.36 (KHTML, like Gecko) Mobile Safari/537.36 (compatible; PetalBot;+https://webmaster.petalsearch.com/site/petalbot)" "brainbox.co.in"
114.119.145.175 - - [14/Nov/2022:13:42:54 -0800] "GET /PDFContent/03%20CBSE/04%20Class%20IX/Maths/HERON'S%20FORMULA/?C=S%3BO%3DA HTTP/1.1" 200 462 "https://brainbox.co.in/PDFContent/03%20CBSE/04%20Class%20IX/Maths/HERON%27S%20FORMULA/" "Mozilla/5.0 (Linux; Android 7.0;) AppleWebKit/537.36 (KHTML, like Gecko) Mobile Safari/537.36 (compatible; PetalBot;+https://webmaster.petalsearch.com/site/petalbot)" "brainbox.co.in"
114.119.145.187 - - [14/Nov/2022:13:48:02 -0800] "GET /PDFContent/03%20CBSE/01%20Class%20VI/Chemistry/?C=S%3BO%3DA HTTP/1.1" 200 407 "https://brainbox.co.in/PDFContent/03%20CBSE/01%20Class%20VI/Chemistry/" "Mozilla/5.0 (Linux; Android 7.0;) AppleWebKit/537.36 (KHTML, like Gecko) Mobile Safari/537.36 (compatible; PetalBot;+https://webmaster.petalsearch.com/site/petalbot)" "brainbox.co.in"
51.222.253.7 - - [14/Nov/2022:13:49:25 -0800] "GET /PDFContent/01%20TSB/03%20Class%20VIII/English/LS1B/?C=N;O=D HTTP/1.1" 200 540 "-" "Mozilla/5.0 (compatible; AhrefsBot/7.0; +http://ahrefs.com/robot/)" "brainbox.co.in"
114.119.135.132 - - [14/Nov/2022:13:53:06 -0800] "GET /PDFContent/03%20CBSE/06%20Class%20XI/Maths/?C=N%3BO%3DD HTTP/1.1" 200 944 "https://brainbox.co.in/PDFContent/03%20CBSE/06%20Class%20XI/Maths/" "Mozilla/5.0 (Linux; Android 7.0;) AppleWebKit/537.36 (KHTML, like Gecko) Mobile Safari/537.36 (compatible; PetalBot;+https://webmaster.petalsearch.com/site/petalbot)" "brainbox.co.in"
114.119.135.132 - - [14/Nov/2022:13:58:11 -0800] "GET /PDFContent/04%20ICSE/06%20Class%20XI/Hindi/?C=D%3BO%3DA HTTP/1.1" 200 352 "https://brainbox.co.in/PDFContent/04%20ICSE/06%20Class%20XI/Hindi/?C=N%3BO%3DD" "Mozilla/5.0 (Linux; Android 7.0;) AppleWebKit/537.36 (KHTML, like Gecko) Mobile Safari/537.36 (compatible; PetalBot;+https://webmaster.petalsearch.com/site/petalbot)" "brainbox.co.in"
54.254.154.166 - - [14/Nov/2022:14:00:41 -0800] "GET / HTTP/1.1" 200 1155 "-" "Python-urllib/2.7" "brainbox.co.in"
114.119.145.160 - - [14/Nov/2022:14:03:17 -0800] "GET /PDFContent/01%20TSB/03%20Class%20VIII/English/LS1B/ HTTP/1.1" 200 538 "https://brainbox.co.in/PDFContent/01%20TSB/03%20Class%20VIII/English/" "Mozilla/5.0 (Linux; Android 7.0;) AppleWebKit/537.36 (KHTML, like Gecko) Mobile Safari/537.36 (compatible; PetalBot;+https://webmaster.petalsearch.com/site/petalbot)" "brainbox.co.in"
114.119.145.187 - - [14/Nov/2022:14:08:25 -0800] "GET /PDFContent/02%20APSB/06%20Class%20XI/Hindi/?C=N%3BO%3DD HTTP/1.1" 200 353 "https://brainbox.co.in/PDFContent/02%20APSB/06%20Class%20XI/Hindi/" "Mozilla/5.0 (Linux; Android 7.0;) AppleWebKit/537.36 (KHTML, like Gecko) Mobile Safari/537.36 (compatible; PetalBot;+https://webmaster.petalsearch.com/site/petalbot)" "brainbox.co.in"
114.119.145.160 - - [14/Nov/2022:14:13:29 -0800] "GET /PDFContent/03%20CBSE/04%20Class%20IX/Maths/LINEAR%20EQUATIONS%20IN%20TWO%20VARIABLES/CBSE_IX_MATHS_LS04_LINEAR%20EQUATIONS%20IN%20%20TWO%20VARIABLES_SIMULTANEOUS%20LINEAR%20EQUATIONS.pdf HTTP/1.1" 200 358337 "https://brainbox.co.in/PDFContent/03%20CBSE/04%20Class%20IX/Maths/LINEAR%20EQUATIONS%20IN%20TWO%20VARIABLES/?C=N%3BO%3DD" "Mozilla/5.0 (Linux; Android 7.0;) AppleWebKit/537.36 (KHTML, like Gecko) Mobile Safari/537.36 (compatible; PetalBot;+https://webmaster.petalsearch.com/site/petalbot)" "brainbox.co.in"
51.222.253.7 - - [14/Nov/2022:14:16:41 -0800] "GET /PDFContent/01%20TSB/03%20Class%20VIII/English/LS8B/ HTTP/1.1" 200 515 "-" "Mozilla/5.0 (compatible; AhrefsBot/7.0; +http://ahrefs.com/robot/)" "brainbox.co.in"
114.119.145.160 - - [14/Nov/2022:14:18:36 -0800] "GET /PDFContent/03%20CBSE/05%20Class%20X/Hindi/CBSE_X_HINDI_LS02_GEORGE%20PANCHAM%20KEE%20NAAK_GLOSSARY.pdf HTTP/1.1" 200 309768 "https://brainbox.co.in/PDFContent/03%20CBSE/05%20Class%20X/Hindi/?C=S%3BO%3DA" "Mozilla/5.0 (Linux; Android 7.0;) AppleWebKit/537.36 (KHTML, like Gecko) Mobile Safari/537.36 (compatible; PetalBot;+https://webmaster.petalsearch.com/site/petalbot)" "brainbox.co.in"
114.119.145.160 - - [14/Nov/2022:14:23:39 -0800] "GET /PDFContent/03%20CBSE/04%20Class%20IX/Biology/Fundamental%20Unit%20of%20Life/Cytoplasm HTTP/1.1" 200 224100 "https://brainboxschool.com/material/CBSE/IX/Biology/THE_FUNDAMENTAL_UNIT_OF_LIFE.html" "Mozilla/5.0 (Linux; Android 7.0;) AppleWebKit/537.36 (KHTML, like Gecko) Mobile Safari/537.36 (compatible; PetalBot;+https://webmaster.petalsearch.com/site/petalbot)" "brainbox.co.in"
114.119.145.175 - - [14/Nov/2022:14:28:45 -0800] "GET /PDFContent/03%20CBSE/07%20Class%20XII/Biology/CBSE_XII_BIOLOGY_LS03_HUMAN%20REPRODUCTION_TESTICULAR%20LOBE.pdf HTTP/1.1" 200 541316 "https://brainbox.co.in/PDFContent/03%20CBSE/07%20Class%20XII/Biology/?C=N%3BO%3DD" "Mozilla/5.0 (Linux; Android 7.0;) AppleWebKit/537.36 (KHTML, like Gecko) Mobile Safari/537.36 (compatible; PetalBot;+https://webmaster.petalsearch.com/site/petalbot)" "brainbox.co.in"
51.222.253.1 - - [14/Nov/2022:14:29:53 -0800] "GET /PDFContent/Beetle/CLASS%20II/?C=N;O=D HTTP/1.1" 200 466 "-" "Mozilla/5.0 (compatible; AhrefsBot/7.0; +http://ahrefs.com/robot/)" "brainbox.co.in"
114.119.145.187 - - [14/Nov/2022:14:33:54 -0800] "GET /PDFContent/03%20CBSE/?C=N%3BO%3DD HTTP/1.1" 200 501 "https://brainbox.co.in/PDFContent/03%20CBSE/" "Mozilla/5.0 (Linux; Android 7.0;) AppleWebKit/537.36 (KHTML, like Gecko) Mobile Safari/537.36 (compatible; PetalBot;+https://webmaster.petalsearch.com/site/petalbot)" "brainbox.co.in"
114.119.143.215 - - [14/Nov/2022:14:37:53 -0800] "GET /robots.txt HTTP/1.1" 404 88 "-" "Mozilla/5.0 (compatible;PetalBot;+https://webmaster.petalsearch.com/site/petalbot)" "brainbox.co.in"
114.119.135.132 - - [14/Nov/2022:14:38:55 -0800] "GET /PDFContent/03%20CBSE/06%20Class%20XI/Maths/CBSE_XI_MATHS_LS07_PERMUTATION%20&COMBINATION_PERMUTATION.pdf HTTP/1.1" 200 208037 "https://brainbox.co.in/PDFContent/03%20CBSE/06%20Class%20XI/Maths/" "Mozilla/5.0 (Linux; Android 7.0;) AppleWebKit/537.36 (KHTML, like Gecko) Mobile Safari/537.36 (compatible; PetalBot;+https://webmaster.petalsearch.com/site/petalbot)" "brainbox.co.in"
114.119.145.160 - - [14/Nov/2022:14:44:01 -0800] "GET /PDFContent/Beetle/CLASS%20II/ENGLISH%20SEM%202/Lesson%205%20-%20A%20visit%20to%20fairyland.pdf HTTP/1.1" 200 133104 "https://brainbox.co.in/PDFContent/Beetle/CLASS%20II/ENGLISH%20SEM%202/?C=D%3BO%3DA" "Mozilla/5.0 (Linux; Android 7.0;) AppleWebKit/537.36 (KHTML, like Gecko) Mobile Safari/537.36 (compatible; PetalBot;+https://webmaster.petalsearch.com/site/petalbot)" "brainbox.co.in"
51.222.253.16 - - [14/Nov/2022:14:44:17 -0800] "GET /PDFContent/Beetle/CLASS%20IV/?C=N;O=D HTTP/1.1" 200 505 "-" "Mozilla/5.0 (compatible; AhrefsBot/7.0; +http://ahrefs.com/robot/)" "brainbox.co.in"
