114.119.135.132 - - [14/Nov/2022:01:43:55 -0800] "GET /PDFContent/01%20TSB/02%20Class%20VII/Hindi/ques%20&%20ans/TSB_VII_LS11_CHARMINAR%20_QUES%20&%20ANS.pdf HTTP/1.1" 200 113879 "https://brainbox.co.in/PDFContent/01%20TSB/02%20Class%20VII/Hindi/ques%20&%20ans/?C=D%3BO%3DA" "Mozilla/5.0 (Linux; Android 7.0;) AppleWebKit/537.36 (KHTML, like Gecko) Mobile Safari/537.36 (compatible; PetalBot;+https://webmaster.petalsearch.com/site/petalbot)" "brainbox.co.in"
183.83.137.164 - - [14/Nov/2022:01:46:03 -0800] "GET /PDFContent//English/CLASS%20-%201%20WORKSHEETS/Lesson-1%20My%20First%20Day%20At%20School.pdf HTTP/1.1" 200 101116 "-" "Mozilla/5.0 (Windows NT 10.0; Win64; x64) AppleWebKit/537.36 (KHTML, like Gecko) Chrome/107.0.0.0 Safari/537.36" "brainbox.co.in"
183.83.137.164 - - [14/Nov/2022:01:46:03 -0800] "GET /favicon.ico HTTP/1.1" 404 88 "https://brainbox.co.in/PDFContent//English/CLASS%20-%201%20WORKSHEETS/Lesson-1%20My%20First%20Day%20At%20School.pdf" "Mozilla/5.0 (Windows NT 10.0; Win64; x64) AppleWebKit/537.36 (KHTML, like Gecko) Chrome/107.0.0.0 Safari/537.36" "brainbox.co.in"
114.119.145.175 - - [14/Nov/2022:01:50:00 -0800] "GET /PDFContent/03%20CBSE/03%20Class%20VIII/Physics/ HTTP/1.1" 200 917 "https://brainbox.co.in/PDFContent/03%20CBSE/03%20Class%20VIII/Physics/SOME%20NATURAL%20PHENOMENA/" "Mozilla/5.0 (Linux; Android 7.0;) AppleWebKit/537.36 (KHTML, like Gecko) Mobile Safari/537.36 (compatible; PetalBot;+https://webmaster.petalsearch.com/site/petalbot)" "brainbox.co.in"
114.119.145.175 - - [14/Nov/2022:01:56:16 -0800] "GET /PDFContent/01%20TSB/05%20Class%20X/Physics/?C=M%3BO%3DA HTTP/1.1" 200 488 "https://brainbox.co.in/PDFContent/01%20TSB/05%20Class%20X/Physics/" "Mozilla/5.0 (Linux; Android 7.0;) AppleWebKit/537.36 (KHTML, like Gecko) Mobile Safari/537.36 (compatible; PetalBot;+https://webmaster.petalsearch.com/site/petalbot)" "brainbox.co.in"
114.119.145.160 - - [14/Nov/2022:02:02:28 -0800] "GET /PDFContent/03%20CBSE/05%20Class%20X/Maths/CBSE_X_MATHS_LS02_POLYNOMIALS_SOLVED%20PROBLEM_1.pdf HTTP/1.1" 200 471233 "https://brainbox.co.in/PDFContent/03%20CBSE/05%20Class%20X/Maths/?C=D%3BO%3DA" "Mozilla/5.0 (Linux; Android 7.0;) AppleWebKit/537.36 (KHTML, like Gecko) Mobile Safari/537.36 (compatible; PetalBot;+https://webmaster.petalsearch.com/site/petalbot)" "brainbox.co.in"
114.119.145.187 - - [14/Nov/2022:02:08:37 -0800] "GET /PDFContent/03%20CBSE/05%20Class%20X/Hindi/SPARSH/LS02/?C=M%3BO%3DA HTTP/1.1" 200 542 "https://brainbox.co.in/PDFContent/03%20CBSE/05%20Class%20X/Hindi/SPARSH/LS02/?C=N%3BO%3DD" "Mozilla/5.0 (Linux; Android 7.0;) AppleWebKit/537.36 (KHTML, like Gecko) Mobile Safari/537.36 (compatible; PetalBot;+https://webmaster.petalsearch.com/site/petalbot)" "brainbox.co.in"
114.119.145.187 - - [14/Nov/2022:02:14:45 -0800] "GET /PDFContent/02%20APSB/04%20Class%20IX/Hindi/?C=S%3BO%3DA HTTP/1.1" 200 352 "https://brainbox.co.in/PDFContent/02%20APSB/04%20Class%20IX/Hindi/" "Mozilla/5.0 (Linux; Android 7.0;) AppleWebKit/537.36 (KHTML, like Gecko) Mobile Safari/537.36 (compatible; PetalBot;+https://webmaster.petalsearch.com/site/petalbot)" "brainbox.co.in"
183.83.137.164 - - [14/Nov/2022:02:16:58 -0800] "HEAD /PDFContent/ HTTP/1.1" 200 - "-" "SynologyChatBot/1.0" "brainbox.co.in"
183.83.137.164 - - [14/Nov/2022:02:16:58 -0800] "GET /PDFContent/ HTTP/1.1" 200 5146 "-" "SynologyChatBot/1.0" "brainbox.co.in"
183.83.137.164 - - [14/Nov/2022:02:17:09 -0800] "GET /favicon.ico HTTP/1.1" 404 73 "-" "SynologyChatBot/1.0" "brainbox.co.in"
183.83.137.164 - - [14/Nov/2022:02:20:42 -0800] "GET /PDFContent//English/CLASS%20-%201%20WORKSHEETS/Lesson-1%20My%20First%20Day%20At%20School.pdf HTTP/1.1" 200 101116 "https://arrow.brainboxschool.com/" "Mozilla/5.0 (Windows NT 10.0; Win64; x64) AppleWebKit/537.36 (KHTML, like Gecko) Chrome/107.0.0.0 Safari/537.36" "brainbox.co.in"
183.83.137.164 - - [14/Nov/2022:02:20:51 -0800] "GET /PDFContent//English/CLASS%20-%201%20WORKSHEETS/Lesson-2%20The%20Elephant%20and%20His%20Friends.pdf HTTP/1.1" 200 21809 "https://arrow.brainboxschool.com/" "Mozilla/5.0 (Windows NT 10.0; Win64; x64) AppleWebKit/537.36 (KHTML, like Gecko) Chrome/107.0.0.0 Safari/537.36" "brainbox.co.in"
114.119.145.160 - - [14/Nov/2022:02:20:57 -0800] "GET /PDFContent/03%20CBSE/02%20Class%20VII/English/?C=M%3BO%3DA HTTP/1.1" 200 873 "https://brainbox.co.in/PDFContent/03%20CBSE/02%20Class%20VII/English/?C=S%3BO%3DA" "Mozilla/5.0 (Linux; Android 7.0;) AppleWebKit/537.36 (KHTML, like Gecko) Mobile Safari/537.36 (compatible; PetalBot;+https://webmaster.petalsearch.com/site/petalbot)" "brainbox.co.in"
114.119.145.187 - - [14/Nov/2022:02:27:04 -0800] "GET /PDFContent/01%20TSB/03%20Class%20VIII/English/LS2A/?C=M%3BO%3DA HTTP/1.1" 200 606 "https://brainbox.co.in/PDFContent/01%20TSB/03%20Class%20VIII/English/LS2A/?C=S%3BO%3DA" "Mozilla/5.0 (Linux; Android 7.0;) AppleWebKit/537.36 (KHTML, like Gecko) Mobile Safari/537.36 (compatible; PetalBot;+https://webmaster.petalsearch.com/site/petalbot)" "brainbox.co.in"
183.83.137.164 - - [14/Nov/2022:02:32:32 -0800] "GET /PDFContent//English/CLASS%20-%202%20WORKSHEETS/Lesson%201.%20How%20Akbar%20Met%20Birbal.pdf HTTP/1.1" 200 92597 "-" "Mozilla/5.0 (Windows NT 10.0; Win64; x64) AppleWebKit/537.36 (KHTML, like Gecko) Chrome/107.0.0.0 Safari/537.36" "brainbox.co.in"
114.119.145.175 - - [14/Nov/2022:02:33:10 -0800] "GET /PDFContent/03%20CBSE/02%20Class%20VII/?C=D%3BO%3DA HTTP/1.1" 200 495 "https://brainbox.co.in/PDFContent/03%20CBSE/02%20Class%20VII/?C=S%3BO%3DA" "Mozilla/5.0 (Linux; Android 7.0;) AppleWebKit/537.36 (KHTML, like Gecko) Mobile Safari/537.36 (compatible; PetalBot;+https://webmaster.petalsearch.com/site/petalbot)" "brainbox.co.in"
183.83.137.164 - - [14/Nov/2022:02:34:17 -0800] "GET /PDFContent/ HTTP/1.1" 200 1045 "-" "Mozilla/5.0 (Windows NT 10.0; Win64; x64) AppleWebKit/537.36 (KHTML, like Gecko) Chrome/107.0.0.0 Safari/537.36" "brainbox.co.in"
183.83.137.164 - - [14/Nov/2022:02:34:18 -0800] "GET /favicon.ico HTTP/1.1" 404 88 "https://brainbox.co.in/PDFContent/" "Mozilla/5.0 (Windows NT 10.0; Win64; x64) AppleWebKit/537.36 (KHTML, like Gecko) Chrome/107.0.0.0 Safari/537.36" "brainbox.co.in"
183.83.137.164 - - [14/Nov/2022:02:37:10 -0800] "GET /PDFContent//English/CLASS%20-%202%20WORKSHEETS/Lesson%2014.%20A%20Drum.pdf HTTP/1.1" 200 174146 "https://arrow.brainboxschool.com/" "Mozilla/5.0 (Windows NT 10.0; Win64; x64) AppleWebKit/537.36 (KHTML, like Gecko) Chrome/107.0.0.0 Safari/537.36" "brainbox.co.in"
114.119.145.160 - - [14/Nov/2022:02:39:15 -0800] "GET /PDFContent/01%20TSB/02%20Class%20VII/?C=S%3BO%3DA HTTP/1.1" 200 505 "https://brainbox.co.in/PDFContent/01%20TSB/02%20Class%20VII/?C=N%3BO%3DD" "Mozilla/5.0 (Linux; Android 7.0;) AppleWebKit/537.36 (KHTML, like Gecko) Mobile Safari/537.36 (compatible; PetalBot;+https://webmaster.petalsearch.com/site/petalbot)" "brainbox.co.in"
114.119.135.132 - - [14/Nov/2022:02:45:22 -0800] "GET /PDFContent/03%20CBSE/05%20Class%20X/Hindi/SPARSH/LS11/?C=N%3BO%3DD HTTP/1.1" 200 543 "https://brainbox.co.in/PDFContent/03%20CBSE/05%20Class%20X/Hindi/SPARSH/LS11/?C=M%3BO%3DA" "Mozilla/5.0 (Linux; Android 7.0;) AppleWebKit/537.36 (KHTML, like Gecko) Mobile Safari/537.36 (compatible; PetalBot;+https://webmaster.petalsearch.com/site/petalbot)" "brainbox.co.in"
114.119.145.160 - - [14/Nov/2022:02:51:30 -0800] "GET /PDFContent/02%20APSB/05%20Class%20X/Telugu/?C=S%3BO%3DA HTTP/1.1" 200 353 "https://brainbox.co.in/PDFContent/02%20APSB/05%20Class%20X/Telugu/" "Mozilla/5.0 (Linux; Android 7.0;) AppleWebKit/537.36 (KHTML, like Gecko) Mobile Safari/537.36 (compatible; PetalBot;+https://webmaster.petalsearch.com/site/petalbot)" "brainbox.co.in"
183.83.137.164 - - [14/Nov/2022:02:53:12 -0800] "GET /PDFContent/Arrow%20English/CLASS%20-%205%20WORKSHEETS/Lesson%201.%20King%20Vikramaditya HTTP/1.1" 404 88 "-" "Mozilla/5.0 (Windows NT 10.0; Win64; x64) AppleWebKit/537.36 (KHTML, like Gecko) Chrome/107.0.0.0 Safari/537.36" "brainbox.co.in"
183.83.137.164 - - [14/Nov/2022:02:54:43 -0800] "GET /PDFContent//Arrow%20English/CLASS%20-%205%20WORKSHEETS/Lesson%201.%20King%20Vikramaditya HTTP/1.1" 404 88 "-" "Mozilla/5.0 (Windows NT 10.0; Win64; x64) AppleWebKit/537.36 (KHTML, like Gecko) Chrome/107.0.0.0 Safari/537.36" "brainbox.co.in"
183.83.137.164 - - [14/Nov/2022:02:55:40 -0800] "GET /PDFContent//Arrow%20English/CLASS%20-%205%20WORKSHEETS/Lesson%201.%20King%20Vikramaditya.pdf HTTP/1.1" 200 46514 "-" "Mozilla/5.0 (Windows NT 10.0; Win64; x64) AppleWebKit/537.36 (KHTML, like Gecko) Chrome/107.0.0.0 Safari/537.36" "brainbox.co.in"
51.222.253.12 - - [14/Nov/2022:02:57:15 -0800] "GET /PDFContent/01%20TSB/03%20Class%20VIII/English/LS1B/New/?C=N;O=D HTTP/1.1" 200 525 "-" "Mozilla/5.0 (compatible; AhrefsBot/7.0; +http://ahrefs.com/robot/)" "brainbox.co.in"
114.119.145.160 - - [14/Nov/2022:02:57:35 -0800] "GET /PDFContent/04%20ICSE/03%20Class%20VIII/Chemistry/ HTTP/1.1" 200 356 "https://brainbox.co.in/PDFContent/04%20ICSE/03%20Class%20VIII/?C=D%3BO%3DA" "Mozilla/5.0 (Linux; Android 7.0;) AppleWebKit/537.36 (KHTML, like Gecko) Mobile Safari/537.36 (compatible; PetalBot;+https://webmaster.petalsearch.com/site/petalbot)" "brainbox.co.in"
114.119.145.175 - - [14/Nov/2022:03:03:40 -0800] "GET /PDFContent/03%20CBSE/04%20Class%20IX/Biology/Fundamental%20Unit%20of%20Life/Cytoplasm.pdf HTTP/1.1" 200 224100 "https://brainbox.co.in/PDFContent/03%20CBSE/04%20Class%20IX/Biology/Fundamental%20Unit%20of%20Life/" "Mozilla/5.0 (Linux; Android 7.0;) AppleWebKit/537.36 (KHTML, like Gecko) Mobile Safari/537.36 (compatible; PetalBot;+https://webmaster.petalsearch.com/site/petalbot)" "brainbox.co.in"
114.119.145.187 - - [14/Nov/2022:03:10:04 -0800] "GET /PDFContent/04%20ICSE/04%20Class%20IX/English/?C=M%3BO%3DA HTTP/1.1" 200 352 "https://brainbox.co.in/PDFContent/04%20ICSE/04%20Class%20IX/English/?C=D%3BO%3DA" "Mozilla/5.0 (Linux; Android 7.0;) AppleWebKit/537.36 (KHTML, like Gecko) Mobile Safari/537.36 (compatible; PetalBot;+https://webmaster.petalsearch.com/site/petalbot)" "brainbox.co.in"
114.119.135.132 - - [14/Nov/2022:03:22:00 -0800] "GET /PDFContent/02%20APSB/03%20Class%20VIII/?C=M%3BO%3DA HTTP/1.1" 200 465 "https://brainbox.co.in/PDFContent/02%20APSB/03%20Class%20VIII/?C=D%3BO%3DA" "Mozilla/5.0 (Linux; Android 7.0;) AppleWebKit/537.36 (KHTML, like Gecko) Mobile Safari/537.36 (compatible; PetalBot;+https://webmaster.petalsearch.com/site/petalbot)" "brainbox.co.in"
114.119.145.160 - - [14/Nov/2022:03:27:58 -0800] "GET /PDFContent/03%20CBSE/03%20Class%20VIII/Biology/Microbes%20friend%20and%20foes%20-%202%20-%20Copy%20(6).pdf HTTP/1.1" 200 498938 "https://brainbox.co.in/PDFContent/03%20CBSE/03%20Class%20VIII/Biology/" "Mozilla/5.0 (Linux; Android 7.0;) AppleWebKit/537.36 (KHTML, like Gecko) Mobile Safari/537.36 (compatible; PetalBot;+https://webmaster.petalsearch.com/site/petalbot)" "brainbox.co.in"
114.119.145.160 - - [14/Nov/2022:03:33:59 -0800] "GET /PDFContent/03%20CBSE/01%20Class%20VI/?C=D%3BO%3DA HTTP/1.1" 200 471 "https://brainbox.co.in/PDFContent/03%20CBSE/01%20Class%20VI/?C=S%3BO%3DA" "Mozilla/5.0 (Linux; Android 7.0;) AppleWebKit/537.36 (KHTML, like Gecko) Mobile Safari/537.36 (compatible; PetalBot;+https://webmaster.petalsearch.com/site/petalbot)" "brainbox.co.in"
183.83.137.164 - - [14/Nov/2022:03:37:22 -0800] "GET /PDFContent//English/CLASS%20-%202%20WORKSHEETS/Lesson%201.%20How%20Akbar%20Met%20Birbal.pdf HTTP/1.1" 200 92597 "https://arrow.brainboxschool.com/" "Mozilla/5.0 (Windows NT 10.0; Win64; x64) AppleWebKit/537.36 (KHTML, like Gecko) Chrome/107.0.0.0 Safari/537.36" "brainbox.co.in"
183.83.137.164 - - [14/Nov/2022:03:37:32 -0800] "GET /PDFContent//English/CLASS%20-%202%20WORKSHEETS/Lesson%2014.%20A%20Drum.pdf HTTP/1.1" 304 - "https://arrow.brainboxschool.com/" "Mozilla/5.0 (Windows NT 10.0; Win64; x64) AppleWebKit/537.36 (KHTML, like Gecko) Chrome/107.0.0.0 Safari/537.36" "brainbox.co.in"
183.83.137.164 - - [14/Nov/2022:03:38:45 -0800] "GET /PDFContent//English/CLASS%20-%205%20WORKSHEETS/Lesson%201.%20King%20Vikramaditya.pdf HTTP/1.1" 200 46514 "-" "Mozilla/5.0 (Windows NT 10.0; Win64; x64) AppleWebKit/537.36 (KHTML, like Gecko) Chrome/107.0.0.0 Safari/537.36" "brainbox.co.in"
51.222.253.2 - - [14/Nov/2022:03:39:17 -0800] "GET /PDFContent/Beetle/CLASS%20IV/MATHEMATICS/?C=N;O=D HTTP/1.1" 200 556 "-" "Mozilla/5.0 (compatible; AhrefsBot/7.0; +http://ahrefs.com/robot/)" "brainbox.co.in"
114.119.145.175 - - [14/Nov/2022:03:39:55 -0800] "GET /PDFContent/04%20ICSE/03%20Class%20VIII/Telugu/?C=S%3BO%3DA HTTP/1.1" 200 355 "https://brainbox.co.in/PDFContent/04%20ICSE/03%20Class%20VIII/Telugu/" "Mozilla/5.0 (Linux; Android 7.0;) AppleWebKit/537.36 (KHTML, like Gecko) Mobile Safari/537.36 (compatible; PetalBot;+https://webmaster.petalsearch.com/site/petalbot)" "brainbox.co.in"
183.83.137.164 - - [14/Nov/2022:03:40:26 -0800] "GET /PDFContent//English/CLASS%20-%203%20WORKSHEETS/Lesson%201.%20The%20Sultan's%20Robe.pdf HTTP/1.1" 200 33441 "-" "Mozilla/5.0 (Windows NT 10.0; Win64; x64) AppleWebKit/537.36 (KHTML, like Gecko) Chrome/107.0.0.0 Safari/537.36" "brainbox.co.in"
183.83.137.164 - - [14/Nov/2022:03:41:51 -0800] "GET /PDFContent//English/CLASS%20-%205%20WORKSHEETS/Lesson%202.%20A%20Tiger,%20A%20Worm,%20A%20Snail.pdf HTTP/1.1" 200 47293 "-" "Mozilla/5.0 (Windows NT 10.0; Win64; x64) AppleWebKit/537.36 (KHTML, like Gecko) Chrome/107.0.0.0 Safari/537.36" "brainbox.co.in"
183.83.137.164 - - [14/Nov/2022:03:42:11 -0800] "GET /PDFContent//English/CLASS%20-%205%20WORKSHEETS/Lesson%203.%20Save%20the%20Tiger.pdf HTTP/1.1" 200 70033 "-" "Mozilla/5.0 (Windows NT 10.0; Win64; x64) AppleWebKit/537.36 (KHTML, like Gecko) Chrome/107.0.0.0 Safari/537.36" "brainbox.co.in"
183.83.137.164 - - [14/Nov/2022:03:42:38 -0800] "GET /PDFContent//English/CLASS%20-%205%20WORKSHEETS/Lesson%204.%20What%20we%20Plant,%20is%20What%20we%20will%20Eat.pdf HTTP/1.1" 200 46745 "-" "Mozilla/5.0 (Windows NT 10.0; Win64; x64) AppleWebKit/537.36 (KHTML, like Gecko) Chrome/107.0.0.0 Safari/537.36" "brainbox.co.in"
183.83.137.164 - - [14/Nov/2022:03:43:05 -0800] "GET /PDFContent//English/CLASS%20-%205%20WORKSHEETS/Lesson%205.%20A%20Tribute%20to%20Family.pdf HTTP/1.1" 200 59919 "-" "Mozilla/5.0 (Windows NT 10.0; Win64; x64) AppleWebKit/537.36 (KHTML, like Gecko) Chrome/107.0.0.0 Safari/537.36" "brainbox.co.in"
183.83.137.164 - - [14/Nov/2022:03:43:30 -0800] "GET /PDFContent//English/CLASS%20-%205%20WORKSHEETS/Lesson%206.%20Neerja%20Bhanot.pdf HTTP/1.1" 200 45093 "-" "Mozilla/5.0 (Windows NT 10.0; Win64; x64) AppleWebKit/537.36 (KHTML, like Gecko) Chrome/107.0.0.0 Safari/537.36" "brainbox.co.in"
183.83.137.164 - - [14/Nov/2022:03:44:06 -0800] "GET /PDFContent//English/CLASS%20-%205%20WORKSHEETS/Lesson%207.%20Genie%202K16%20ABCD.pdf HTTP/1.1" 200 47083 "-" "Mozilla/5.0 (Windows NT 10.0; Win64; x64) AppleWebKit/537.36 (KHTML, like Gecko) Chrome/107.0.0.0 Safari/537.36" "brainbox.co.in"
114.119.145.187 - - [14/Nov/2022:03:45:54 -0800] "GET /PDFContent/03%20CBSE/06%20Class%20XI/Maths/COMPLEX%20NUMBERS%20AND%20QUADRATIC%20EQUATIONS/Complex%20Numbers%20&%20Quadratic%20Equations_T04_Representation%20of%20a%20complex%20number%20in%20Cartesian%20form.pdf HTTP/1.1" 200 326951 "https://brainbox.co.in/PDFContent/03%20CBSE/06%20Class%20XI/Maths/COMPLEX%20NUMBERS%20AND%20QUADRATIC%20EQUATIONS/?C=N%3BO%3DD" "Mozilla/5.0 (Linux; Android 7.0;) AppleWebKit/537.36 (KHTML, like Gecko) Mobile Safari/537.36 (compatible; PetalBot;+https://webmaster.petalsearch.com/site/petalbot)" "brainbox.co.in"
183.83.137.164 - - [14/Nov/2022:03:47:52 -0800] "GET /PDFContent//English/CLASS%20-%205%20WORKSHEETS/Lesson%208.%20My%20Robot.pdf HTTP/1.1" 200 60234 "-" "Mozilla/5.0 (Windows NT 10.0; Win64; x64) AppleWebKit/537.36 (KHTML, like Gecko) Chrome/107.0.0.0 Safari/537.36" "brainbox.co.in"
183.83.137.164 - - [14/Nov/2022:03:48:27 -0800] "GET /PDFContent//English/CLASS%20-%205%20WORKSHEETS/Lesson%209.%20The%20Whale%20Island.pdf HTTP/1.1" 200 46674 "-" "Mozilla/5.0 (Windows NT 10.0; Win64; x64) AppleWebKit/537.36 (KHTML, like Gecko) Chrome/107.0.0.0 Safari/537.36" "brainbox.co.in"
183.83.137.164 - - [14/Nov/2022:03:48:48 -0800] "GET /PDFContent//English/CLASS%20-%205%20WORKSHEETS/Lesson%2010.%20The%20History%20of%20Tea.pdf HTTP/1.1" 200 46102 "-" "Mozilla/5.0 (Windows NT 10.0; Win64; x64) AppleWebKit/537.36 (KHTML, like Gecko) Chrome/107.0.0.0 Safari/537.36" "brainbox.co.in"
183.83.137.164 - - [14/Nov/2022:03:49:07 -0800] "GET /PDFContent//English/CLASS%20-%205%20WORKSHEETS/Lesson%2011.%20The%20Land%20of%20Story%20Books.pdf HTTP/1.1" 200 45329 "-" "Mozilla/5.0 (Windows NT 10.0; Win64; x64) AppleWebKit/537.36 (KHTML, like Gecko) Chrome/107.0.0.0 Safari/537.36" "brainbox.co.in"
183.83.137.164 - - [14/Nov/2022:03:49:31 -0800] "GET /PDFContent//English/CLASS%20-%203%20WORKSHEETS/Lesson%2016.%20All%20Things%20Bright%20and%20Beautiful.pdf HTTP/1.1" 200 44487 "https://arrow.brainboxschool.com/" "Mozilla/5.0 (Windows NT 10.0; Win64; x64) AppleWebKit/537.36 (KHTML, like Gecko) Chrome/107.0.0.0 Safari/537.36" "brainbox.co.in"
183.83.137.164 - - [14/Nov/2022:03:49:45 -0800] "GET /PDFContent//English/CLASS%20-%205%20WORKSHEETS/Lesson%2012.%20King%20Arthur%20and%20the%20Knights%20of.pdf HTTP/1.1" 200 45428 "-" "Mozilla/5.0 (Windows NT 10.0; Win64; x64) AppleWebKit/537.36 (KHTML, like Gecko) Chrome/107.0.0.0 Safari/537.36" "brainbox.co.in"
183.83.137.164 - - [14/Nov/2022:03:50:18 -0800] "GET /PDFContent//English/CLASS%20-%205%20WORKSHEETS/Lesson%2013.%20A%20Boys%20Song.pdf HTTP/1.1" 200 91275 "-" "Mozilla/5.0 (Windows NT 10.0; Win64; x64) AppleWebKit/537.36 (KHTML, like Gecko) Chrome/107.0.0.0 Safari/537.36" "brainbox.co.in"
183.83.137.164 - - [14/Nov/2022:03:50:42 -0800] "GET /PDFContent//English/CLASS%20-%205%20WORKSHEETS/Lesson%2014.%20The%20Story%20of%20the%20Tyre.pdf HTTP/1.1" 200 46484 "-" "Mozilla/5.0 (Windows NT 10.0; Win64; x64) AppleWebKit/537.36 (KHTML, like Gecko) Chrome/107.0.0.0 Safari/537.36" "brainbox.co.in"
183.83.137.164 - - [14/Nov/2022:03:50:57 -0800] "GET /PDFContent//English/CLASS%20-%205%20WORKSHEETS/Lesson%2015.%20Adventure%20at%20Kapkhaal.pdf HTTP/1.1" 200 47587 "-" "Mozilla/5.0 (Windows NT 10.0; Win64; x64) AppleWebKit/537.36 (KHTML, like Gecko) Chrome/107.0.0.0 Safari/537.36" "brainbox.co.in"
114.119.145.160 - - [14/Nov/2022:03:51:48 -0800] "GET /PDFContent/01%20TSB/05%20Class%20X/Biology/NUTRITION/Nutrition_T01_Introduction.pdf HTTP/1.1" 200 86238 "https://brainbox.co.in/PDFContent/01%20TSB/05%20Class%20X/Biology/NUTRITION/?C=S%3BO%3DA" "Mozilla/5.0 (Linux; Android 7.0;) AppleWebKit/537.36 (KHTML, like Gecko) Mobile Safari/537.36 (compatible; PetalBot;+https://webmaster.petalsearch.com/site/petalbot)" "brainbox.co.in"
114.119.145.187 - - [14/Nov/2022:03:57:41 -0800] "GET /PDFContent/01%20TSB/07%20Class%20XII/Sanskrit/ HTTP/1.1" 200 355 "https://brainbox.co.in/PDFContent/01%20TSB/07%20Class%20XII/" "Mozilla/5.0 (Linux; Android 7.0;) AppleWebKit/537.36 (KHTML, like Gecko) Mobile Safari/537.36 (compatible; PetalBot;+https://webmaster.petalsearch.com/site/petalbot)" "brainbox.co.in"
38.242.254.25 - - [14/Nov/2022:04:01:33 -0800] "GET /robots.txt HTTP/1.1" 404 73 "-" "Mozilla/5.0 (compatible; MJ12bot/v1.4.8; http://mj12bot.com/)" "brainbox.co.in"
38.242.254.25 - - [14/Nov/2022:04:01:36 -0800] "GET /PDFContent/01%20TSB/07%20Class%20XII/Maths/LS02A_De%20Moivre%E2%80%99s%20theorem/TSB_XII_MATHS_LS02A_De%20Moivre%E2%80%99s%20theorem_T01_Definition%20of%20De%20Moivre%E2%80%99s%20theorem.pdf HTTP/1.1" 200 258445 "-" "Mozilla/5.0 (compatible; MJ12bot/v1.4.8; http://mj12bot.com/)" "brainbox.co.in"
38.242.254.25 - - [14/Nov/2022:04:01:40 -0800] "GET /PDFContent/01%20TSB/07%20Class%20XII/Maths/LS02A_De%20Moivre%E2%80%99s%20theorem/TSB_XII_MATHS_LS02A_De%20Moivre%E2%80%99s%20theorem_T02_Problem%201.pdf HTTP/1.1" 200 266264 "-" "Mozilla/5.0 (compatible; MJ12bot/v1.4.8; http://mj12bot.com/)" "brainbox.co.in"
38.242.254.25 - - [14/Nov/2022:04:01:44 -0800] "GET /PDFContent/01%20TSB/07%20Class%20XII/Maths/LS02A_De%20Moivre%E2%80%99s%20theorem/TSB_XII_MATHS_LS02A_De%20Moivre%E2%80%99s%20theorem_T03_Problem%202.pdf HTTP/1.1" 200 279956 "-" "Mozilla/5.0 (compatible; MJ12bot/v1.4.8; http://mj12bot.com/)" "brainbox.co.in"
38.242.254.25 - - [14/Nov/2022:04:01:49 -0800] "GET /PDFContent/03%20CBSE/06%20Class%20XI/Maths/COMPLEX%20NUMBERS%20AND%20QUADRATIC%20EQUATIONS/Complex%20Numbers%20&%20Quadratic%20Equations_T07_De%20Moivre%E2%80%99s%20theorem.pdf HTTP/1.1" 200 260747 "-" "Mozilla/5.0 (compatible; MJ12bot/v1.4.8; http://mj12bot.com/)" "brainbox.co.in"
38.242.254.25 - - [14/Nov/2022:04:01:53 -0800] "GET /PDFContent/Beetle/CLASS%20I/ENGLISH%201-2/Lesson%204%20%E2%80%90%20Neha%20learns%20a%20lesson.pdf HTTP/1.1" 200 145295 "-" "Mozilla/5.0 (compatible; MJ12bot/v1.4.8; http://mj12bot.com/)" "brainbox.co.in"
38.242.254.25 - - [14/Nov/2022:04:01:57 -0800] "GET /PDFContent/Beetle/CLASS%20I/ENGLISH%201-2/Lesson%205%20%E2%80%90%20A%20birthday%20party.pdf HTTP/1.1" 200 144254 "-" "Mozilla/5.0 (compatible; MJ12bot/v1.4.8; http://mj12bot.com/)" "brainbox.co.in"
38.242.254.25 - - [14/Nov/2022:04:02:06 -0800] "GET /PDFContent/Beetle/CLASS%20I/ENGLISH/Lesson%205%20%E2%80%90%20Tenali%20Raman%20And%20The%20Thieves.pdf HTTP/1.1" 200 99880 "-" "Mozilla/5.0 (compatible; MJ12bot/v1.4.8; http://mj12bot.com/)" "brainbox.co.in"
38.242.254.25 - - [14/Nov/2022:04:02:12 -0800] "GET /PDFContent/Beetle/CLASS%20I/ENGLISH/Lesson%207%20%E2%80%90%20The%20wish.pdf HTTP/1.1" 200 76025 "-" "Mozilla/5.0 (compatible; MJ12bot/v1.4.8; http://mj12bot.com/)" "brainbox.co.in"
38.242.254.25 - - [14/Nov/2022:04:02:23 -0800] "GET /PDFContent/Beetle/CLASS%20III/ENGLISH/SEM%201/Lesson%206%20-%20Tinku%E2%80%99s%20kite.pdf HTTP/1.1" 200 105553 "-" "Mozilla/5.0 (compatible; MJ12bot/v1.4.8; http://mj12bot.com/)" "brainbox.co.in"
38.242.254.25 - - [14/Nov/2022:04:02:30 -0800] "GET /PDFContent/Beetle/CLASS%20III/SOCIAL/SEM%201/Lesson%203.%20The%20earth%E2%80%99s%20neighbours.pdf HTTP/1.1" 200 92501 "-" "Mozilla/5.0 (compatible; MJ12bot/v1.4.8; http://mj12bot.com/)" "brainbox.co.in"
38.242.254.25 - - [14/Nov/2022:04:02:37 -0800] "GET /PDFContent/Beetle/CLASS%20IV/ENGLISH%20SEM%202/Lesson%203%20-%20The%20Emperor%E2%80%99s%20New%20Clothes.pdf HTTP/1.1" 200 155207 "-" "Mozilla/5.0 (compatible; MJ12bot/v1.4.8; http://mj12bot.com/)" "brainbox.co.in"
38.242.254.25 - - [14/Nov/2022:04:02:49 -0800] "GET /PDFContent/Beetle/CLASS%20IV/ENGLISH%20SEM%202/Lesson%205%20-%20Mother%E2%80%99s%20Love.pdf HTTP/1.1" 200 132907 "-" "Mozilla/5.0 (compatible; MJ12bot/v1.4.8; http://mj12bot.com/)" "brainbox.co.in"
38.242.254.25 - - [14/Nov/2022:04:03:02 -0800] "GET /PDFContent/Beetle/CLASS%20IV/ENGLISH/Lesson%205%20%E2%80%90%20Tenali%20Raman%20And%20The%20Thieves.pdf HTTP/1.1" 200 99880 "-" "Mozilla/5.0 (compatible; MJ12bot/v1.4.8; http://mj12bot.com/)" "brainbox.co.in"
38.242.254.25 - - [14/Nov/2022:04:03:13 -0800] "GET /PDFContent/Beetle/CLASS%20IV/ENGLISH/Lesson%207%20%E2%80%90%20The%20wish.pdf HTTP/1.1" 200 76025 "-" "Mozilla/5.0 (compatible; MJ12bot/v1.4.8; http://mj12bot.com/)" "brainbox.co.in"
38.242.254.25 - - [14/Nov/2022:04:03:25 -0800] "GET /PDFContent/Beetle/CLASS%20V/ENGLISH/SEM%202/Lesson%203%20-%20The%20Bishop%E2%80%99s%20candlesticks.pdf HTTP/1.1" 200 203410 "-" "Mozilla/5.0 (compatible; MJ12bot/v1.4.8; http://mj12bot.com/)" "brainbox.co.in"
38.242.254.25 - - [14/Nov/2022:04:03:38 -0800] "GET /PDFContent/Beetle/CLASS%20V/ENGLISH/SEM%202/Lesson%204%20-%20Mullah%20Nasruddin%E2%80%99s%20Stories.pdf HTTP/1.1" 200 165511 "-" "Mozilla/5.0 (compatible; MJ12bot/v1.4.8; http://mj12bot.com/)" "brainbox.co.in"
114.119.145.187 - - [14/Nov/2022:04:03:43 -0800] "GET /PDFContent/03%20CBSE/05%20Class%20X/English/ HTTP/1.1" 200 353 "https://brainbox.co.in/PDFContent/03%20CBSE/05%20Class%20X/?C=N%3BO%3DD" "Mozilla/5.0 (Linux; Android 7.0;) AppleWebKit/537.36 (KHTML, like Gecko) Mobile Safari/537.36 (compatible; PetalBot;+https://webmaster.petalsearch.com/site/petalbot)" "brainbox.co.in"
38.242.254.25 - - [14/Nov/2022:04:03:47 -0800] "GET /robots.txt HTTP/1.1" 404 73 "-" "Mozilla/5.0 (compatible; MJ12bot/v1.4.8; http://mj12bot.com/)" "www.brainbox.co.in"
38.242.254.25 - - [14/Nov/2022:04:04:00 -0800] "GET /PDFContent/03%20CBSE/06%20Class%20XI/Maths/COMPLEX%20NUMBERS%20AND%20QUADRATIC%20EQUATIONS/Complex%20Numbers%20&%20Quadratic%20Equations_T07_De%20Moivre%E2%80%99s%20theorem.pdf HTTP/1.1" 200 260747 "-" "Mozilla/5.0 (compatible; MJ12bot/v1.4.8; http://mj12bot.com/)" "www.brainbox.co.in"
38.242.254.25 - - [14/Nov/2022:04:04:14 -0800] "GET /PDFContent/Beetle/CLASS%20III/ENGLISH/SEM%201/Lesson%206%20-%20Tinku%E2%80%99s%20kite.pdf HTTP/1.1" 200 105553 "-" "Mozilla/5.0 (compatible; MJ12bot/v1.4.8; http://mj12bot.com/)" "www.brainbox.co.in"
38.242.254.25 - - [14/Nov/2022:04:04:29 -0800] "GET /PDFContent/Beetle/CLASS%20III/SOCIAL/SEM%201/Lesson%203.%20The%20earth%E2%80%99s%20neighbours.pdf HTTP/1.1" 200 92501 "-" "Mozilla/5.0 (compatible; MJ12bot/v1.4.8; http://mj12bot.com/)" "www.brainbox.co.in"
38.242.254.25 - - [14/Nov/2022:04:04:44 -0800] "GET /PDFContent/Beetle/CLASS%20V/ENGLISH/SEM%202/Lesson%203%20-%20The%20Bishop%E2%80%99s%20candlesticks.pdf HTTP/1.1" 200 203410 "-" "Mozilla/5.0 (compatible; MJ12bot/v1.4.8; http://mj12bot.com/)" "www.brainbox.co.in"
38.242.254.25 - - [14/Nov/2022:04:04:54 -0800] "GET /PDFContent/Beetle/CLASS%20V/ENGLISH/SEM%202/Lesson%204%20-%20Mullah%20Nasruddin%E2%80%99s%20Stories.pdf HTTP/1.1" 200 165511 "-" "Mozilla/5.0 (compatible; MJ12bot/v1.4.8; http://mj12bot.com/)" "www.brainbox.co.in"
38.242.254.25 - - [14/Nov/2022:04:05:12 -0800] "GET /PDFContent/SPECIAL%20CROUSE/Part%201%20Grammar%20Essentials/STD_IV/UNIT%201%20%E2%80%93%20EKALAVYA.pdf HTTP/1.1" 200 494500 "-" "Mozilla/5.0 (compatible; MJ12bot/v1.4.8; http://mj12bot.com/)" "www.brainbox.co.in"
38.242.254.25 - - [14/Nov/2022:04:05:26 -0800] "GET /PDFContent/SPECIAL%20CROUSE/Part%201%20Grammar%20Essentials/STD_IV/UNIT%202%20%E2%80%93%20THE%20PANCAKE.pdf HTTP/1.1" 200 485215 "-" "Mozilla/5.0 (compatible; MJ12bot/v1.4.8; http://mj12bot.com/)" "www.brainbox.co.in"
38.242.254.25 - - [14/Nov/2022:04:05:41 -0800] "GET /PDFContent/SPECIAL%20CROUSE/Part%201%20Grammar%20Essentials/STD_IV/UNIT%203%20%E2%80%93%20WHAT%20IS%20A%20TREE.pdf HTTP/1.1" 200 690004 "-" "Mozilla/5.0 (compatible; MJ12bot/v1.4.8; http://mj12bot.com/)" "www.brainbox.co.in"
38.242.254.25 - - [14/Nov/2022:04:05:59 -0800] "GET /PDFContent/SPECIAL%20CROUSE/Part%201%20Grammar%20Essentials/STD_IV/UNIT%204%20%E2%80%93%20THE%20MILLER,%20HIS%20SON%20AND%20DONKEY.pdf HTTP/1.1" 200 491966 "-" "Mozilla/5.0 (compatible; MJ12bot/v1.4.8; http://mj12bot.com/)" "www.brainbox.co.in"
38.242.254.25 - - [14/Nov/2022:04:06:23 -0800] "GET /PDFContent/SPECIAL%20CROUSE/Part%201%20Grammar%20Essentials/STD_IV/UNIT%205%20%E2%80%93%20FUDI%E2%80%99s%20DESERT%20JOURNEY.pdf HTTP/1.1" 200 484885 "-" "Mozilla/5.0 (compatible; MJ12bot/v1.4.8; http://mj12bot.com/)" "www.brainbox.co.in"
38.242.254.25 - - [14/Nov/2022:04:06:45 -0800] "GET /PDFContent/SPECIAL%20CROUSE/Part%201%20Grammar%20Essentials/STD_IV/UNIT%206%20%E2%80%93%20HONESTY.pdf HTTP/1.1" 200 528824 "-" "Mozilla/5.0 (compatible; MJ12bot/v1.4.8; http://mj12bot.com/)" "www.brainbox.co.in"
38.242.254.25 - - [14/Nov/2022:04:07:00 -0800] "GET /PDFContent/SPECIAL%20CROUSE/Part%201%20Grammar%20Essentials/STD_IV/UNIT%207%20%E2%80%93%20THE%20BOY%20AND%20THE%20CATAPULT.pdf HTTP/1.1" 200 660874 "-" "Mozilla/5.0 (compatible; MJ12bot/v1.4.8; http://mj12bot.com/)" "www.brainbox.co.in"
38.242.254.25 - - [14/Nov/2022:04:07:15 -0800] "GET /PDFContent/SPECIAL%20CROUSE/Part%201%20Grammar%20Essentials/STD_IV/UNIT%208%20%E2%80%93%20THE%20UNLUCKY%20FACE.pdf HTTP/1.1" 200 471161 "-" "Mozilla/5.0 (compatible; MJ12bot/v1.4.8; http://mj12bot.com/)" "www.brainbox.co.in"
38.242.254.25 - - [14/Nov/2022:04:07:33 -0800] "GET /PDFContent/SPECIAL%20CROUSE/STD_III/UNIT%201%20%E2%80%93%20TALKING%20TRAIN.pdf HTTP/1.1" 404 88 "-" "Mozilla/5.0 (compatible; MJ12bot/v1.4.8; http://mj12bot.com/)" "www.brainbox.co.in"
38.242.254.25 - - [14/Nov/2022:04:07:47 -0800] "GET /PDFContent/SPECIAL%20CROUSE/STD_III/UNIT%202%20%E2%80%93%20SWAMY%20&%20THE%20MAGIC%20BEANS.pdf HTTP/1.1" 404 88 "-" "Mozilla/5.0 (compatible; MJ12bot/v1.4.8; http://mj12bot.com/)" "www.brainbox.co.in"
38.242.254.25 - - [14/Nov/2022:04:08:01 -0800] "GET /PDFContent/SPECIAL%20CROUSE/STD_III/UNIT%203%20%E2%80%93%20I%20LIKE%20IT%20THIS%20WAY.pdf HTTP/1.1" 404 88 "-" "Mozilla/5.0 (compatible; MJ12bot/v1.4.8; http://mj12bot.com/)" "www.brainbox.co.in"
38.242.254.25 - - [14/Nov/2022:04:08:24 -0800] "GET /PDFContent/SPECIAL%20CROUSE/STD_III/UNIT%204%20%E2%80%93%20THE%20MOUSE%20&%20THE%20PENCIL.pdf HTTP/1.1" 404 88 "-" "Mozilla/5.0 (compatible; MJ12bot/v1.4.8; http://mj12bot.com/)" "www.brainbox.co.in"
38.242.254.25 - - [14/Nov/2022:04:08:33 -0800] "GET /PDFContent/SPECIAL%20CROUSE/STD_III/UNIT%205%20%E2%80%93%20THE%20LITTLE%20RED%20HEN.pdf HTTP/1.1" 404 88 "-" "Mozilla/5.0 (compatible; MJ12bot/v1.4.8; http://mj12bot.com/)" "www.brainbox.co.in"
38.242.254.25 - - [14/Nov/2022:04:08:57 -0800] "GET /PDFContent/SPECIAL%20CROUSE/STD_III/UNIT%206%20%E2%80%93%20MARY%20&%20THE%20THREE%20BEARS.pdf HTTP/1.1" 404 88 "-" "Mozilla/5.0 (compatible; MJ12bot/v1.4.8; http://mj12bot.com/)" "www.brainbox.co.in"
38.242.254.25 - - [14/Nov/2022:04:09:09 -0800] "GET /PDFContent/SPECIAL%20CROUSE/STD_III/UNIT%207%20%E2%80%93%20THE%20ANIMAL%20SCHOOL.pdf HTTP/1.1" 404 88 "-" "Mozilla/5.0 (compatible; MJ12bot/v1.4.8; http://mj12bot.com/)" "www.brainbox.co.in"
38.242.254.25 - - [14/Nov/2022:04:09:21 -0800] "GET /PDFContent/SPECIAL%20CROUSE/STD_III/UNIT%208%20%E2%80%93%20BIRBAL%20OUTWITS%20THE%20CHEAT.pdf HTTP/1.1" 404 88 "-" "Mozilla/5.0 (compatible; MJ12bot/v1.4.8; http://mj12bot.com/)" "www.brainbox.co.in"
38.242.254.25 - - [14/Nov/2022:04:09:44 -0800] "GET /PDFContent/SPECIAL%20CROUSE/STD_IV/UNIT%201%20%E2%80%93%20EKALAVYA.pdf HTTP/1.1" 404 88 "-" "Mozilla/5.0 (compatible; MJ12bot/v1.4.8; http://mj12bot.com/)" "www.brainbox.co.in"
38.242.254.25 - - [14/Nov/2022:04:10:08 -0800] "GET /PDFContent/SPECIAL%20CROUSE/STD_IV/UNIT%202%20%E2%80%93%20THE%20PANCAKE.pdf HTTP/1.1" 404 88 "-" "Mozilla/5.0 (compatible; MJ12bot/v1.4.8; http://mj12bot.com/)" "www.brainbox.co.in"
38.242.254.25 - - [14/Nov/2022:04:10:27 -0800] "GET /PDFContent/SPECIAL%20CROUSE/STD_IV/UNIT%203%20%E2%80%93%20WHAT%20IS%20A%20TREE.pdf HTTP/1.1" 404 88 "-" "Mozilla/5.0 (compatible; MJ12bot/v1.4.8; http://mj12bot.com/)" "www.brainbox.co.in"
38.242.254.25 - - [14/Nov/2022:04:10:39 -0800] "GET /PDFContent/SPECIAL%20CROUSE/STD_IV/UNIT%204%20%E2%80%93%20THE%20MILLER,%20HIS%20SON%20AND%20DONKEY.pdf HTTP/1.1" 404 88 "-" "Mozilla/5.0 (compatible; MJ12bot/v1.4.8; http://mj12bot.com/)" "www.brainbox.co.in"
38.242.254.25 - - [14/Nov/2022:04:11:01 -0800] "GET /PDFContent/SPECIAL%20CROUSE/STD_IV/UNIT%205%20%E2%80%93%20FUDI%E2%80%99s%20DESERT%20JOURNEY.pdf HTTP/1.1" 404 88 "-" "Mozilla/5.0 (compatible; MJ12bot/v1.4.8; http://mj12bot.com/)" "www.brainbox.co.in"
38.242.254.25 - - [14/Nov/2022:04:11:14 -0800] "GET /PDFContent/SPECIAL%20CROUSE/STD_IV/UNIT%206%20%E2%80%93%20HONESTY.pdf HTTP/1.1" 404 88 "-" "Mozilla/5.0 (compatible; MJ12bot/v1.4.8; http://mj12bot.com/)" "www.brainbox.co.in"
38.242.254.25 - - [14/Nov/2022:04:11:33 -0800] "GET /PDFContent/SPECIAL%20CROUSE/STD_IV/UNIT%207%20%E2%80%93%20THE%20BOY%20AND%20THE%20CATAPULT.pdf HTTP/1.1" 404 88 "-" "Mozilla/5.0 (compatible; MJ12bot/v1.4.8; http://mj12bot.com/)" "www.brainbox.co.in"
38.242.254.25 - - [14/Nov/2022:04:11:45 -0800] "GET /PDFContent/SPECIAL%20CROUSE/STD_IV/UNIT%208%20%E2%80%93%20THE%20UNLUCKY%20FACE.pdf HTTP/1.1" 404 88 "-" "Mozilla/5.0 (compatible; MJ12bot/v1.4.8; http://mj12bot.com/)" "www.brainbox.co.in"
114.119.145.160 - - [14/Nov/2022:04:15:28 -0800] "GET /PDFContent/01%20TSB/07%20Class%20XII/Sanskrit/?C=S%3BO%3DA HTTP/1.1" 200 355 "https://brainbox.co.in/PDFContent/01%20TSB/07%20Class%20XII/Sanskrit/?C=M%3BO%3DA" "Mozilla/5.0 (Linux; Android 7.0;) AppleWebKit/537.36 (KHTML, like Gecko) Mobile Safari/537.36 (compatible; PetalBot;+https://webmaster.petalsearch.com/site/petalbot)" "brainbox.co.in"
183.83.137.164 - - [14/Nov/2022:04:15:48 -0800] "GET /PDFContent//English/CLASS%20-%205%20WORKSHEETS/Lesson%201.The%20Little%20Folks'%20Presents.pdf HTTP/1.1" 404 88 "-" "Mozilla/5.0 (Windows NT 10.0; Win64; x64) AppleWebKit/537.36 (KHTML, like Gecko) Chrome/107.0.0.0 Safari/537.36" "brainbox.co.in"
183.83.137.164 - - [14/Nov/2022:04:18:41 -0800] "GET /PDFContent//English/CLASS%20-%204%20WORKSHEETS/Lesson%201.The%20Little%20Folks'%20Presents.pdf HTTP/1.1" 200 23907 "-" "Mozilla/5.0 (Windows NT 10.0; Win64; x64) AppleWebKit/537.36 (KHTML, like Gecko) Chrome/107.0.0.0 Safari/537.36" "brainbox.co.in"
183.83.137.164 - - [14/Nov/2022:04:19:26 -0800] "GET /PDFContent//English/CLASS%20-%204%20WORKSHEETS/Lesson%202.%20The%20White%20Elephant.pdf HTTP/1.1" 200 102224 "-" "Mozilla/5.0 (Windows NT 10.0; Win64; x64) AppleWebKit/537.36 (KHTML, like Gecko) Chrome/107.0.0.0 Safari/537.36" "brainbox.co.in"
183.83.137.164 - - [14/Nov/2022:04:19:55 -0800] "GET /PDFContent//English/CLASS%20-%204%20WORKSHEETS/Lesson%203.%20A%20Strange%20Land.pdf HTTP/1.1" 200 45823 "-" "Mozilla/5.0 (Windows NT 10.0; Win64; x64) AppleWebKit/537.36 (KHTML, like Gecko) Chrome/107.0.0.0 Safari/537.36" "brainbox.co.in"
183.83.137.164 - - [14/Nov/2022:04:20:07 -0800] "GET /PDFContent//English/CLASS%20-%204%20WORKSHEETS/Lesson%204.%20An%20Interview%20with%20Einstein.pdf HTTP/1.1" 200 23449 "-" "Mozilla/5.0 (Windows NT 10.0; Win64; x64) AppleWebKit/537.36 (KHTML, like Gecko) Chrome/107.0.0.0 Safari/537.36" "brainbox.co.in"
183.83.137.164 - - [14/Nov/2022:04:20:22 -0800] "GET /PDFContent//English/CLASS%20-%204%20WORKSHEETS/Lesson%205.%20A%20Song%20About%20Myself.pdf HTTP/1.1" 200 23201 "-" "Mozilla/5.0 (Windows NT 10.0; Win64; x64) AppleWebKit/537.36 (KHTML, like Gecko) Chrome/107.0.0.0 Safari/537.36" "brainbox.co.in"
183.83.137.164 - - [14/Nov/2022:04:20:36 -0800] "GET /PDFContent//English/CLASS%20-%204%20WORKSHEETS/Lesson%206.%20The%20Honest%20Penny.pdf HTTP/1.1" 200 23096 "-" "Mozilla/5.0 (Windows NT 10.0; Win64; x64) AppleWebKit/537.36 (KHTML, like Gecko) Chrome/107.0.0.0 Safari/537.36" "brainbox.co.in"
183.83.137.164 - - [14/Nov/2022:04:20:51 -0800] "GET /PDFContent//English/CLASS%20-%204%20WORKSHEETS/Lesson%207.%20History,s%E2%80%99%20Heroes.pdf HTTP/1.1" 200 129229 "-" "Mozilla/5.0 (Windows NT 10.0; Win64; x64) AppleWebKit/537.36 (KHTML, like Gecko) Chrome/107.0.0.0 Safari/537.36" "brainbox.co.in"
183.83.137.164 - - [14/Nov/2022:04:21:05 -0800] "GET /PDFContent//English/CLASS%20-%204%20WORKSHEETS/Lesson%208.%20About%20Your%20Children.pdf HTTP/1.1" 200 88102 "-" "Mozilla/5.0 (Windows NT 10.0; Win64; x64) AppleWebKit/537.36 (KHTML, like Gecko) Chrome/107.0.0.0 Safari/537.36" "brainbox.co.in"
114.119.145.175 - - [14/Nov/2022:04:21:17 -0800] "GET /PDFContent/SPECIAL%20CROUSE/Part%201%20Grammar%20Essentials/STD_X/?C=S%3BO%3DA HTTP/1.1" 200 498 "https://brainbox.co.in/PDFContent/SPECIAL%20CROUSE/Part%201%20Grammar%20Essentials/STD_X/?C=N%3BO%3DD" "Mozilla/5.0 (Linux; Android 7.0;) AppleWebKit/537.36 (KHTML, like Gecko) Mobile Safari/537.36 (compatible; PetalBot;+https://webmaster.petalsearch.com/site/petalbot)" "brainbox.co.in"
183.83.137.164 - - [14/Nov/2022:04:21:18 -0800] "GET /PDFContent//English/CLASS%20-%204%20WORKSHEETS/Lesson%209.%20Gerda%20Saves%20her%20Friend.pdf HTTP/1.1" 200 46283 "-" "Mozilla/5.0 (Windows NT 10.0; Win64; x64) AppleWebKit/537.36 (KHTML, like Gecko) Chrome/107.0.0.0 Safari/537.36" "brainbox.co.in"
183.83.137.164 - - [14/Nov/2022:04:21:42 -0800] "GET /PDFContent//English/CLASS%20-%204%20WORKSHEETS/Lesson%2010.%20The%20Magic%20of%20Words.pdf HTTP/1.1" 200 44960 "-" "Mozilla/5.0 (Windows NT 10.0; Win64; x64) AppleWebKit/537.36 (KHTML, like Gecko) Chrome/107.0.0.0 Safari/537.36" "brainbox.co.in"
183.83.137.164 - - [14/Nov/2022:04:23:52 -0800] "GET /PDFContent//English/CLASS%20-%204%20WORKSHEETS/Lesson%2011.%20Friends.pdf HTTP/1.1" 200 45388 "-" "Mozilla/5.0 (Windows NT 10.0; Win64; x64) AppleWebKit/537.36 (KHTML, like Gecko) Chrome/107.0.0.0 Safari/537.36" "brainbox.co.in"
183.83.137.164 - - [14/Nov/2022:04:24:07 -0800] "GET /PDFContent//English/CLASS%20-%204%20WORKSHEETS/Lesson%2012.%20Endangered!.pdf HTTP/1.1" 200 46056 "-" "Mozilla/5.0 (Windows NT 10.0; Win64; x64) AppleWebKit/537.36 (KHTML, like Gecko) Chrome/107.0.0.0 Safari/537.36" "brainbox.co.in"
183.83.137.164 - - [14/Nov/2022:04:24:24 -0800] "GET /PDFContent//English/CLASS%20-%204%20WORKSHEETS/Lesson%2013.%20Rabbit%20Rescue.pdf HTTP/1.1" 200 45549 "-" "Mozilla/5.0 (Windows NT 10.0; Win64; x64) AppleWebKit/537.36 (KHTML, like Gecko) Chrome/107.0.0.0 Safari/537.36" "brainbox.co.in"
183.83.137.164 - - [14/Nov/2022:04:24:38 -0800] "GET /PDFContent//English/CLASS%20-%204%20WORKSHEETS/Lesson%2014.%20Exploring%20the%20Red%20Planet.pdf HTTP/1.1" 200 81573 "-" "Mozilla/5.0 (Windows NT 10.0; Win64; x64) AppleWebKit/537.36 (KHTML, like Gecko) Chrome/107.0.0.0 Safari/537.36" "brainbox.co.in"
183.83.137.164 - - [14/Nov/2022:04:25:06 -0800] "GET /PDFContent//English/CLASS%20-%204%20WORKSHEETS/Lesson%2015.%20The%20Selfish%20Giant.pdf HTTP/1.1" 200 59854 "-" "Mozilla/5.0 (Windows NT 10.0; Win64; x64) AppleWebKit/537.36 (KHTML, like Gecko) Chrome/107.0.0.0 Safari/537.36" "brainbox.co.in"
183.83.137.164 - - [14/Nov/2022:04:25:29 -0800] "GET /PDFContent//English/CLASS%20-%204%20WORKSHEETS/Lesson%2016.%20I%20am%20Lucky.pdf HTTP/1.1" 200 58267 "-" "Mozilla/5.0 (Windows NT 10.0; Win64; x64) AppleWebKit/537.36 (KHTML, like Gecko) Chrome/107.0.0.0 Safari/537.36" "brainbox.co.in"
114.119.145.160 - - [14/Nov/2022:04:27:17 -0800] "GET /PDFContent/04%20ICSE/02%20Class%20VII/Sanskrit/?C=N%3BO%3DD HTTP/1.1" 200 355 "https://brainbox.co.in/PDFContent/04%20ICSE/02%20Class%20VII/Sanskrit/?C=N%3BO%3DD" "Mozilla/5.0 (Linux; Android 7.0;) AppleWebKit/537.36 (KHTML, like Gecko) Mobile Safari/537.36 (compatible; PetalBot;+https://webmaster.petalsearch.com/site/petalbot)" "brainbox.co.in"
114.119.145.175 - - [14/Nov/2022:04:33:10 -0800] "GET /PDFContent/01%20TSB/01%20Class%20VI/Maths/?C=D%3BO%3DA HTTP/1.1" 200 414 "https://brainbox.co.in/PDFContent/01%20TSB/01%20Class%20VI/Maths/" "Mozilla/5.0 (Linux; Android 7.0;) AppleWebKit/537.36 (KHTML, like Gecko) Mobile Safari/537.36 (compatible; PetalBot;+https://webmaster.petalsearch.com/site/petalbot)" "brainbox.co.in"
114.119.145.175 - - [14/Nov/2022:04:39:08 -0800] "GET /PDFContent/03%20CBSE/06%20Class%20XI/Physics/GRAVITATION/ HTTP/1.1" 200 701 "https://brainbox.co.in/PDFContent/03%20CBSE/06%20Class%20XI/Physics/" "Mozilla/5.0 (Linux; Android 7.0;) AppleWebKit/537.36 (KHTML, like Gecko) Mobile Safari/537.36 (compatible; PetalBot;+https://webmaster.petalsearch.com/site/petalbot)" "brainbox.co.in"
114.119.145.160 - - [14/Nov/2022:04:45:06 -0800] "GET /PDFContent/Beetle/CLASS%20V/SOCIAL/SEM%201/?C=N%3BO%3DD HTTP/1.1" 200 776 "https://brainbox.co.in/PDFContent/Beetle/CLASS%20V/SOCIAL/SEM%201/?C=D%3BO%3DA" "Mozilla/5.0 (Linux; Android 7.0;) AppleWebKit/537.36 (KHTML, like Gecko) Mobile Safari/537.36 (compatible; PetalBot;+https://webmaster.petalsearch.com/site/petalbot)" "brainbox.co.in"
114.119.145.160 - - [14/Nov/2022:04:50:58 -0800] "GET /MyERP/?C=M%3BO%3DA HTTP/1.1" 200 312 "https://brainbox.co.in/MyERP/?C=S%3BO%3DA" "Mozilla/5.0 (Linux; Android 7.0;) AppleWebKit/537.36 (KHTML, like Gecko) Mobile Safari/537.36 (compatible; PetalBot;+https://webmaster.petalsearch.com/site/petalbot)" "brainbox.co.in"
54.219.188.85 - - [14/Nov/2022:04:54:26 -0800] "GET /~richard/templates/beez/US/uk/paypal/login.htm HTTP/1.1" 404 73 "-" "Mozilla/5.0 (Macintosh; Intel Mac OS X 10_10_5) AppleWebKit/537.36 (KHTML, like Gecko) Chrome/52.0.2743.116 Safari/537.36" "brainbox.co.in"
114.119.145.160 - - [14/Nov/2022:04:56:57 -0800] "GET /PDFContent/01%20TSB/02%20Class%20VII/Hindi/word%20meaning/TSV_VII_LS04_hindi%20diwas_WORD%20MEANING.pdf HTTP/1.1" 200 87031 "https://brainbox.co.in/PDFContent/01%20TSB/02%20Class%20VII/Hindi/word%20meaning/" "Mozilla/5.0 (Linux; Android 7.0;) AppleWebKit/537.36 (KHTML, like Gecko) Mobile Safari/537.36 (compatible; PetalBot;+https://webmaster.petalsearch.com/site/petalbot)" "brainbox.co.in"
87.250.224.12 - - [14/Nov/2022:05:01:08 -0800] "GET /robots.txt HTTP/1.1" 404 73 "-" "Mozilla/5.0 (compatible; YandexBot/3.0; +http://yandex.com/bots)" "brainbox.co.in"
87.250.224.12 - - [14/Nov/2022:05:01:11 -0800] "GET /PDFContent/SPECIAL%20CROUSE/Part%201%20Grammar%20Essentials/STD_IV/UNIT%207%20%E2%80%93%20THE%20BOY%20AND%20THE%20CATAPULT.pdf HTTP/1.1" 200 660874 "-" "Mozilla/5.0 (compatible; YandexBot/3.0; +http://yandex.com/bots)" "brainbox.co.in"
114.119.145.187 - - [14/Nov/2022:05:02:54 -0800] "GET /PDFContent/01%20TSB/05%20Class%20X/English/6A,ENVIRONMENT/TSB_X_ENGLISH_LS06A_ENVIRONMENT_GLOSSARY.pdf HTTP/1.1" 200 324302 "https://brainbox.co.in/PDFContent/01%20TSB/05%20Class%20X/English/6A,ENVIRONMENT/?C=S%3BO%3DA" "Mozilla/5.0 (Linux; Android 7.0;) AppleWebKit/537.36 (KHTML, like Gecko) Mobile Safari/537.36 (compatible; PetalBot;+https://webmaster.petalsearch.com/site/petalbot)" "brainbox.co.in"
114.119.145.160 - - [14/Nov/2022:05:08:43 -0800] "GET /PDFContent/03%20CBSE/03%20Class%20VIII/Physics/SOME%20NATURAL%20PHENOMENA/SOME%20NATURAL%20PHENOMENA_Earthquake.pdf HTTP/1.1" 200 287747 "https://brainbox.co.in/PDFContent/03%20CBSE/03%20Class%20VIII/Physics/SOME%20NATURAL%20PHENOMENA/" "Mozilla/5.0 (Linux; Android 7.0;) AppleWebKit/537.36 (KHTML, like Gecko) Mobile Safari/537.36 (compatible; PetalBot;+https://webmaster.petalsearch.com/site/petalbot)" "brainbox.co.in"
114.119.135.132 - - [14/Nov/2022:05:14:43 -0800] "GET /PDFContent/01%20TSB/02%20Class%20VII/English/TSBoard_English_VII_LS1A_Lesson_explanation2.pdf HTTP/1.1" 200 96339 "https://brainboxschool.com/material/TSB/VII/English/1_A._THE_TOWN_MOUSE_AND_THE_COUNTRY_MOUSE.html" "Mozilla/5.0 (Linux; Android 7.0;) AppleWebKit/537.36 (KHTML, like Gecko) Mobile Safari/537.36 (compatible; PetalBot;+https://webmaster.petalsearch.com/site/petalbot)" "brainbox.co.in"
114.119.135.132 - - [14/Nov/2022:05:20:42 -0800] "GET /PDFContent/01%20TSB/05%20Class%20X/English/THE%20STOREYED%20HOUSE%20P2/TSB_X_ENGLISH_LS05B_THE%20STOREYED%20HOUSE%20P2_INTRODUCTION.pdf HTTP/1.1" 200 233567 "https://brainbox.co.in/PDFContent/01%20TSB/05%20Class%20X/English/THE%20STOREYED%20HOUSE%20P2/" "Mozilla/5.0 (Linux; Android 7.0;) AppleWebKit/537.36 (KHTML, like Gecko) Mobile Safari/537.36 (compatible; PetalBot;+https://webmaster.petalsearch.com/site/petalbot)" "brainbox.co.in"
114.119.145.160 - - [14/Nov/2022:05:26:27 -0800] "GET /PDFContent/Beetle/CLASS%20IV/SCIENCE/?C=M%3BO%3DA HTTP/1.1" 200 591 "https://brainbox.co.in/PDFContent/Beetle/CLASS%20IV/SCIENCE/" "Mozilla/5.0 (Linux; Android 7.0;) AppleWebKit/537.36 (KHTML, like Gecko) Mobile Safari/537.36 (compatible; PetalBot;+https://webmaster.petalsearch.com/site/petalbot)" "brainbox.co.in"
5.45.207.103 - - [14/Nov/2022:05:30:21 -0800] "GET /PDFContent/01%20TSB/04%20Class%20IX/Biology/Challenging%20in%20Improving%20Agricultural/TS_IX_BIOLOGY_CHALLENGES%20%20IN%20IMPROVING%20AGRICULTURAL_Fertilizers.pdf HTTP/1.1" 200 636423 "-" "Mozilla/5.0 (compatible; YandexBot/3.0; +http://yandex.com/bots)" "brainbox.co.in"
114.119.145.160 - - [14/Nov/2022:05:32:24 -0800] "GET /PDFContent/03%20CBSE/03%20Class%20VIII/Maths/PRACTICAL%20GEOMETRY/Practical%20Geometry_T03_To%20construct%20a%20quadrilateral%20when%20two%20diagonals%20(DDSSS).pdf HTTP/1.1" 200 301040 "https://brainbox.co.in/PDFContent/03%20CBSE/03%20Class%20VIII/Maths/PRACTICAL%20GEOMETRY/?C=N%3BO%3DD" "Mozilla/5.0 (Linux; Android 7.0;) AppleWebKit/537.36 (KHTML, like Gecko) Mobile Safari/537.36 (compatible; PetalBot;+https://webmaster.petalsearch.com/site/petalbot)" "brainbox.co.in"
114.119.145.160 - - [14/Nov/2022:05:38:17 -0800] "GET /PDFContent/01%20TSB/02%20Class%20VII/English/TSBoard_English_VII_LS1A_Lesson_explanation1.pdf.pdf HTTP/1.1" 200 286289 "https://brainbox.co.in/PDFContent/01%20TSB/02%20Class%20VII/English/?C=S%3BO%3DA" "Mozilla/5.0 (Linux; Android 7.0;) AppleWebKit/537.36 (KHTML, like Gecko) Mobile Safari/537.36 (compatible; PetalBot;+https://webmaster.petalsearch.com/site/petalbot)" "brainbox.co.in"
114.119.145.175 - - [14/Nov/2022:05:44:18 -0800] "GET /PDFContent/01%20TSB/03%20Class%20VIII/English/LS2A/New/TSB_VIII_ENGLISH_LS02A_OLIVER%20ASKS%20FOR%20MORE_GLOSSARY%202.pdf HTTP/1.1" 200 471137 "https://brainbox.co.in/PDFContent/01%20TSB/03%20Class%20VIII/English/LS2A/New/?C=D%3BO%3DA" "Mozilla/5.0 (Linux; Android 7.0;) AppleWebKit/537.36 (KHTML, like Gecko) Mobile Safari/537.36 (compatible; PetalBot;+https://webmaster.petalsearch.com/site/petalbot)" "brainbox.co.in"
114.119.145.160 - - [14/Nov/2022:05:50:06 -0800] "GET /PDFContent/01%20TSB/03%20Class%20VIII/English/LS7B/?C=N%3BO%3DD HTTP/1.1" 200 526 "https://brainbox.co.in/PDFContent/01%20TSB/03%20Class%20VIII/English/LS7B/?C=S%3BO%3DA" "Mozilla/5.0 (Linux; Android 7.0;) AppleWebKit/537.36 (KHTML, like Gecko) Mobile Safari/537.36 (compatible; PetalBot;+https://webmaster.petalsearch.com/site/petalbot)" "brainbox.co.in"
114.119.135.132 - - [14/Nov/2022:05:56:03 -0800] "GET /PDFContent/SPECIAL%20CROUSE/Part%201%20Grammar%20Essentials/STD_V/?C=D%3BO%3DA HTTP/1.1" 200 501 "https://brainbox.co.in/PDFContent/SPECIAL%20CROUSE/Part%201%20Grammar%20Essentials/STD_V/?C=S%3BO%3DA" "Mozilla/5.0 (Linux; Android 7.0;) AppleWebKit/537.36 (KHTML, like Gecko) Mobile Safari/537.36 (compatible; PetalBot;+https://webmaster.petalsearch.com/site/petalbot)" "brainbox.co.in"
114.119.145.187 - - [14/Nov/2022:06:01:59 -0800] "GET /PDFContent/Beetle/CLASS%20I/EVS/Lesson%201.%20My%20Body.pdf HTTP/1.1" 200 87815 "https://brainbox.co.in/PDFContent/Beetle/CLASS%20I/EVS/?C=S%3BO%3DA" "Mozilla/5.0 (Linux; Android 7.0;) AppleWebKit/537.36 (KHTML, like Gecko) Mobile Safari/537.36 (compatible; PetalBot;+https://webmaster.petalsearch.com/site/petalbot)" "brainbox.co.in"
114.119.145.175 - - [14/Nov/2022:06:08:17 -0800] "GET /PDFContent/SPECIAL%20CROUSE/Part%201%20Grammar%20Essentials/STD_X/?C=N%3BO%3DD HTTP/1.1" 200 498 "https://brainbox.co.in/PDFContent/SPECIAL%20CROUSE/Part%201%20Grammar%20Essentials/STD_X/?C=M%3BO%3DA" "Mozilla/5.0 (Linux; Android 7.0;) AppleWebKit/537.36 (KHTML, like Gecko) Mobile Safari/537.36 (compatible; PetalBot;+https://webmaster.petalsearch.com/site/petalbot)" "brainbox.co.in"
114.119.135.132 - - [14/Nov/2022:06:13:55 -0800] "GET /PDFContent/03%20CBSE/06%20Class%20XI/Telugu/?C=M%3BO%3DA HTTP/1.1" 200 355 "https://brainbox.co.in/PDFContent/03%20CBSE/06%20Class%20XI/Telugu/?C=S%3BO%3DA" "Mozilla/5.0 (Linux; Android 7.0;) AppleWebKit/537.36 (KHTML, like Gecko) Mobile Safari/537.36 (compatible; PetalBot;+https://webmaster.petalsearch.com/site/petalbot)" "brainbox.co.in"
18.188.83.172 - - [14/Nov/2022:06:15:15 -0800] "GET /~richard/templates/beez/US/uk/paypal/login.htm HTTP/1.1" 404 73 "-" "Mozilla/5.0 (Macintosh; Intel Mac OS X 10_10_5) AppleWebKit/537.36 (KHTML, like Gecko) Chrome/52.0.2743.116 Safari/537.36" "brainbox.co.in"
114.119.145.175 - - [14/Nov/2022:06:19:54 -0800] "GET /PDFContent/03%20CBSE/03%20Class%20VIII/Sup%20English/ HTTP/1.1" 200 430 "https://brainbox.co.in/PDFContent/03%20CBSE/03%20Class%20VIII/" "Mozilla/5.0 (Linux; Android 7.0;) AppleWebKit/537.36 (KHTML, like Gecko) Mobile Safari/537.36 (compatible; PetalBot;+https://webmaster.petalsearch.com/site/petalbot)" "brainbox.co.in"
114.119.145.160 - - [14/Nov/2022:06:25:48 -0800] "GET /PDFContent/01%20TSB/02%20Class%20VII/Hindi/ques%20&%20ans/?C=N%3BO%3DD HTTP/1.1" 200 729 "https://brainbox.co.in/PDFContent/01%20TSB/02%20Class%20VII/Hindi/ques%20&%20ans/?C=D%3BO%3DA" "Mozilla/5.0 (Linux; Android 7.0;) AppleWebKit/537.36 (KHTML, like Gecko) Mobile Safari/537.36 (compatible; PetalBot;+https://webmaster.petalsearch.com/site/petalbot)" "brainbox.co.in"
114.119.145.175 - - [14/Nov/2022:06:31:42 -0800] "GET /PDFContent/Beetle/CLASS%20IV/MATHEMATICS%202/Lesson%204.%20Perimeter%20and%20Area.pdf HTTP/1.1" 200 179707 "https://brainbox.co.in/PDFContent/Beetle/CLASS%20IV/MATHEMATICS%202/?C=S%3BO%3DA" "Mozilla/5.0 (Linux; Android 7.0;) AppleWebKit/537.36 (KHTML, like Gecko) Mobile Safari/537.36 (compatible; PetalBot;+https://webmaster.petalsearch.com/site/petalbot)" "brainbox.co.in"
114.119.145.187 - - [14/Nov/2022:06:37:19 -0800] "GET /PDFContent/03%20CBSE/07%20Class%20XII/Maths/ HTTP/1.1" 200 748 "https://brainbox.co.in/PDFContent/03%20CBSE/07%20Class%20XII/Maths/CBSE_XII_MATHS_LS08_APPLICATION%20OF%20INTEGRALS/?C=D%3BO%3DA" "Mozilla/5.0 (Linux; Android 7.0;) AppleWebKit/537.36 (KHTML, like Gecko) Mobile Safari/537.36 (compatible; PetalBot;+https://webmaster.petalsearch.com/site/petalbot)" "brainbox.co.in"
54.36.148.133 - - [14/Nov/2022:06:41:41 -0800] "GET /robots.txt HTTP/1.1" 404 88 "-" "Mozilla/5.0 (compatible; AhrefsBot/7.0; +http://ahrefs.com/robot/)" "brainbox.co.in"
51.222.253.7 - - [14/Nov/2022:06:41:43 -0800] "GET /PDFContent/01%20TSB/04%20Class%20IX/Maths/Biology/?C=N;O=D HTTP/1.1" 200 356 "-" "Mozilla/5.0 (compatible; AhrefsBot/7.0; +http://ahrefs.com/robot/)" "brainbox.co.in"
114.119.145.175 - - [14/Nov/2022:06:43:01 -0800] "GET /PDFContent/03%20CBSE/07%20Class%20XII/Physics/ELECTRIC%20CHARGES%20AND%20FIELDS/CBSE_XII_PHYSCIS_LS01_ELECTRIC%20CHARGES%20AND%20FIELDS_PROB_04.pdf HTTP/1.1" 200 268319 "https://brainbox.co.in/PDFContent/03%20CBSE/07%20Class%20XII/Physics/ELECTRIC%20CHARGES%20AND%20FIELDS/" "Mozilla/5.0 (Linux; Android 7.0;) AppleWebKit/537.36 (KHTML, like Gecko) Mobile Safari/537.36 (compatible; PetalBot;+https://webmaster.petalsearch.com/site/petalbot)" "brainbox.co.in"
114.119.145.187 - - [14/Nov/2022:06:48:37 -0800] "GET /PDFContent/03%20CBSE/02%20Class%20VII/Science/SOIL/?C=D%3BO%3DA HTTP/1.1" 200 498 "https://brainbox.co.in/PDFContent/03%20CBSE/02%20Class%20VII/Science/SOIL/?C=D%3BO%3DA" "Mozilla/5.0 (Linux; Android 7.0;) AppleWebKit/537.36 (KHTML, like Gecko) Mobile Safari/537.36 (compatible; PetalBot;+https://webmaster.petalsearch.com/site/petalbot)" "brainbox.co.in"
