51.222.253.6 - - [03/Nov/2022:22:42:15 -0700] "GET /PDFContent/Beetle/CLASS%20III/ENGLISH/SEM%202/?C=N;O=A HTTP/1.1" 200 620 "-" "Mozilla/5.0 (compatible; AhrefsBot/7.0; +http://ahrefs.com/robot/)" "brainbox.co.in"
51.222.253.20 - - [03/Nov/2022:22:44:07 -0700] "GET /PDFContent/03%20CBSE/06%20Class%20XI/Maths/RELATIONS/?C=D;O=D HTTP/1.1" 200 585 "-" "Mozilla/5.0 (compatible; AhrefsBot/7.0; +http://ahrefs.com/robot/)" "brainbox.co.in"
114.119.145.175 - - [03/Nov/2022:22:45:47 -0700] "GET /PDFContent/03%20CBSE/06%20Class%20XI/Chemistry/CHEMICAL%20BONDING/ HTTP/1.1" 200 667 "https://brainbox.co.in/PDFContent/03%20CBSE/06%20Class%20XI/Chemistry/?C=D%3BO%3DA" "Mozilla/5.0 (Linux; Android 7.0;) AppleWebKit/537.36 (KHTML, like Gecko) Mobile Safari/537.36 (compatible; PetalBot;+https://webmaster.petalsearch.com/site/petalbot)" "brainbox.co.in"
51.222.253.14 - - [03/Nov/2022:22:46:43 -0700] "GET /PDFContent/03%20CBSE/06%20Class%20XI/Physics/MOTION%20IN%20STRAIGHT%20LINE/?C=N;O=A HTTP/1.1" 200 829 "-" "Mozilla/5.0 (compatible; AhrefsBot/7.0; +http://ahrefs.com/robot/)" "brainbox.co.in"
51.222.253.19 - - [03/Nov/2022:22:48:20 -0700] "GET /PDFContent/03%20CBSE/03%20Class%20VIII/Chemistry/?C=D;O=D HTTP/1.1" 200 625 "-" "Mozilla/5.0 (compatible; AhrefsBot/7.0; +http://ahrefs.com/robot/)" "brainbox.co.in"
51.222.253.5 - - [03/Nov/2022:22:48:47 -0700] "GET /PDFContent/03%20CBSE/03%20Class%20VIII/Sanskrit/?C=D;O=D HTTP/1.1" 200 452 "-" "Mozilla/5.0 (compatible; AhrefsBot/7.0; +http://ahrefs.com/robot/)" "brainbox.co.in"
51.222.253.8 - - [03/Nov/2022:22:49:48 -0700] "GET /PDFContent/03%20CBSE/03%20Class%20VIII/Sanskrit/?C=M;O=D HTTP/1.1" 200 452 "-" "Mozilla/5.0 (compatible; AhrefsBot/7.0; +http://ahrefs.com/robot/)" "brainbox.co.in"
51.222.253.17 - - [03/Nov/2022:22:50:20 -0700] "GET /PDFContent/03%20CBSE/03%20Class%20VIII/Sanskrit/?C=S;O=D HTTP/1.1" 200 452 "-" "Mozilla/5.0 (compatible; AhrefsBot/7.0; +http://ahrefs.com/robot/)" "brainbox.co.in"
114.119.145.174 - - [03/Nov/2022:22:50:45 -0700] "GET /PDFContent/03%20CBSE/04%20Class%20IX/Biology/Improvement%20in%20Food%20resources/CBSE_IX_BIOLOGY_IMPROVEMENT%20IN%20FOOD%20RESOURCES_Pissiculture HTTP/1.1" 200 488789 "https://brainboxschool.com/material/CBSE/IX/Biology/IMPROVEMENT_IN_FOOD_RESOURCES.html" "Mozilla/5.0 (Linux; Android 7.0;) AppleWebKit/537.36 (KHTML, like Gecko) Mobile Safari/537.36 (compatible; PetalBot;+https://webmaster.petalsearch.com/site/petalbot)" "brainbox.co.in"
51.222.253.7 - - [03/Nov/2022:22:51:23 -0700] "GET /PDFContent/03%20CBSE/06%20Class%20XI/Chemistry/?C=D;O=D HTTP/1.1" 200 483 "-" "Mozilla/5.0 (compatible; AhrefsBot/7.0; +http://ahrefs.com/robot/)" "brainbox.co.in"
51.222.253.14 - - [03/Nov/2022:22:52:22 -0700] "GET /PDFContent/03%20CBSE/06%20Class%20XI/Chemistry/?C=M;O=D HTTP/1.1" 200 483 "-" "Mozilla/5.0 (compatible; AhrefsBot/7.0; +http://ahrefs.com/robot/)" "brainbox.co.in"
51.222.253.1 - - [03/Nov/2022:22:53:19 -0700] "GET /PDFContent/03%20CBSE/06%20Class%20XI/Chemistry/?C=S;O=D HTTP/1.1" 200 483 "-" "Mozilla/5.0 (compatible; AhrefsBot/7.0; +http://ahrefs.com/robot/)" "brainbox.co.in"
51.222.253.13 - - [03/Nov/2022:22:54:17 -0700] "GET /PDFContent/Beetle/CLASS%20III/SOCIAL/SEM%201/?C=D;O=A HTTP/1.1" 200 725 "-" "Mozilla/5.0 (compatible; AhrefsBot/7.0; +http://ahrefs.com/robot/)" "brainbox.co.in"
51.222.253.5 - - [03/Nov/2022:22:55:18 -0700] "GET /PDFContent/Beetle/CLASS%20III/SOCIAL/SEM%201/?C=N;O=D HTTP/1.1" 200 726 "-" "Mozilla/5.0 (compatible; AhrefsBot/7.0; +http://ahrefs.com/robot/)" "brainbox.co.in"
114.119.145.174 - - [03/Nov/2022:22:55:47 -0700] "GET /PDFContent/03%20CBSE/06%20Class%20XI/Physics/?C=D%3BO%3DA HTTP/1.1" 200 452 "https://brainbox.co.in/PDFContent/03%20CBSE/06%20Class%20XI/Physics/" "Mozilla/5.0 (Linux; Android 7.0;) AppleWebKit/537.36 (KHTML, like Gecko) Mobile Safari/537.36 (compatible; PetalBot;+https://webmaster.petalsearch.com/site/petalbot)" "brainbox.co.in"
51.222.253.17 - - [03/Nov/2022:22:55:48 -0700] "GET /PDFContent/Beetle/CLASS%20IV/SOCAIL%20SEM%202/?C=D;O=D HTTP/1.1" 200 706 "-" "Mozilla/5.0 (compatible; AhrefsBot/7.0; +http://ahrefs.com/robot/)" "brainbox.co.in"
51.222.253.20 - - [03/Nov/2022:22:56:01 -0700] "GET /PDFContent/Beetle/CLASS%20IV/SOCAIL%20SEM%202/?C=M;O=D HTTP/1.1" 200 706 "-" "Mozilla/5.0 (compatible; AhrefsBot/7.0; +http://ahrefs.com/robot/)" "brainbox.co.in"
51.222.253.4 - - [03/Nov/2022:22:56:15 -0700] "GET /PDFContent/03%20CBSE/02%20Class%20VII/Science/TRASPORTATION%20IN%20ANIMALS%20%20AND%20PLANTS/?C=D;O=D HTTP/1.1" 200 454 "-" "Mozilla/5.0 (compatible; AhrefsBot/7.0; +http://ahrefs.com/robot/)" "brainbox.co.in"
51.222.253.15 - - [03/Nov/2022:22:56:22 -0700] "GET /PDFContent/03%20CBSE/02%20Class%20VII/Science/WINDS%20STORMS%20AND%20CYCLONES/ HTTP/1.1" 200 516 "-" "Mozilla/5.0 (compatible; AhrefsBot/7.0; +http://ahrefs.com/robot/)" "brainbox.co.in"
51.222.253.13 - - [03/Nov/2022:22:56:29 -0700] "GET /PDFContent/03%20CBSE/03%20Class%20VIII/Physics/Light/?C=D;O=A HTTP/1.1" 200 519 "-" "Mozilla/5.0 (compatible; AhrefsBot/7.0; +http://ahrefs.com/robot/)" "brainbox.co.in"
51.222.253.3 - - [03/Nov/2022:22:59:20 -0700] "GET /PDFContent/03%20CBSE/05%20Class%20X/Maths/?C=D;O=A HTTP/1.1" 200 1227 "-" "Mozilla/5.0 (compatible; AhrefsBot/7.0; +http://ahrefs.com/robot/)" "brainbox.co.in"
114.119.135.132 - - [03/Nov/2022:23:00:46 -0700] "GET /PDFContent/03%20CBSE/05%20Class%20X/Maths/COORDINATE%20GEOMETRY/?C=M%3BO%3DA HTTP/1.1" 200 698 "https://brainbox.co.in/PDFContent/03%20CBSE/05%20Class%20X/Maths/COORDINATE%20GEOMETRY/?C=S%3BO%3DA" "Mozilla/5.0 (Linux; Android 7.0;) AppleWebKit/537.36 (KHTML, like Gecko) Mobile Safari/537.36 (compatible; PetalBot;+https://webmaster.petalsearch.com/site/petalbot)" "brainbox.co.in"
114.119.135.132 - - [03/Nov/2022:23:05:49 -0700] "GET /PDFContent/SPECIAL%20CROUSE/Part%201%20Grammar%20Essentials/?C=M%3BO%3DA HTTP/1.1" 200 456 "https://brainbox.co.in/PDFContent/SPECIAL%20CROUSE/Part%201%20Grammar%20Essentials/?C=N%3BO%3DD" "Mozilla/5.0 (Linux; Android 7.0;) AppleWebKit/537.36 (KHTML, like Gecko) Mobile Safari/537.36 (compatible; PetalBot;+https://webmaster.petalsearch.com/site/petalbot)" "brainbox.co.in"
5.255.253.172 - - [03/Nov/2022:23:06:46 -0700] "GET /PDFContent/Beetle/CLASS%20III/MATHEMATICS/SEM%202/Lesson%209.%20Symmetry%20and%20patterns.pdf HTTP/1.1" 200 231375 "-" "Mozilla/5.0 (compatible; YandexBot/3.0; +http://yandex.com/bots)" "brainbox.co.in"
66.249.72.160 - - [03/Nov/2022:23:06:49 -0700] "GET /robots.txt HTTP/1.1" 404 88 "-" "Mozilla/5.0 (compatible; Googlebot/2.1; +http://www.google.com/bot.html)" "brainbox.co.in"
114.119.145.160 - - [03/Nov/2022:23:10:49 -0700] "GET /PDFContent/Beetle/CLASS%20V/SCIENCE/SEM2/?C=D%3BO%3DA HTTP/1.1" 200 614 "https://brainbox.co.in/PDFContent/Beetle/CLASS%20V/SCIENCE/SEM2/?C=N%3BO%3DD" "Mozilla/5.0 (Linux; Android 7.0;) AppleWebKit/537.36 (KHTML, like Gecko) Mobile Safari/537.36 (compatible; PetalBot;+https://webmaster.petalsearch.com/site/petalbot)" "brainbox.co.in"
66.249.72.160 - - [03/Nov/2022:23:14:52 -0700] "GET /robots.txt HTTP/1.1" 404 88 "-" "Mozilla/5.0 (compatible; Googlebot/2.1; +http://www.google.com/bot.html)" "brainbox.co.in"
114.119.145.187 - - [03/Nov/2022:23:15:46 -0700] "GET /PDFContent/Beetle/CLASS%20V/MATHEMATICS/?C=N%3BO%3DD HTTP/1.1" 200 407 "https://brainbox.co.in/PDFContent/Beetle/CLASS%20V/MATHEMATICS/?C=S%3BO%3DA" "Mozilla/5.0 (Linux; Android 7.0;) AppleWebKit/537.36 (KHTML, like Gecko) Mobile Safari/537.36 (compatible; PetalBot;+https://webmaster.petalsearch.com/site/petalbot)" "brainbox.co.in"
114.119.145.174 - - [03/Nov/2022:23:20:46 -0700] "GET /PDFContent/03%20CBSE/06%20Class%20XI/Maths/COMPLEX%20NUMBERS%20AND%20QUADRATIC%20EQUATIONS/Complex%20Numbers%20&%20Quadratic%20Equations_T10_Analysis%20of.pdf HTTP/1.1" 200 457704 "https://brainbox.co.in/PDFContent/03%20CBSE/06%20Class%20XI/Maths/COMPLEX%20NUMBERS%20AND%20QUADRATIC%20EQUATIONS/?C=S%3BO%3DA" "Mozilla/5.0 (Linux; Android 7.0;) AppleWebKit/537.36 (KHTML, like Gecko) Mobile Safari/537.36 (compatible; PetalBot;+https://webmaster.petalsearch.com/site/petalbot)" "brainbox.co.in"
114.119.145.175 - - [03/Nov/2022:23:25:46 -0700] "GET /PDFContent/01%20TSB/01%20Class%20VI/Maths/?C=N%3BO%3DD HTTP/1.1" 200 414 "https://brainbox.co.in/PDFContent/01%20TSB/01%20Class%20VI/Maths/?C=D%3BO%3DA" "Mozilla/5.0 (Linux; Android 7.0;) AppleWebKit/537.36 (KHTML, like Gecko) Mobile Safari/537.36 (compatible; PetalBot;+https://webmaster.petalsearch.com/site/petalbot)" "brainbox.co.in"
5.255.253.105 - - [03/Nov/2022:23:29:59 -0700] "GET /robots.txt HTTP/1.1" 404 73 "-" "Mozilla/5.0 (compatible; YandexBot/3.0; +http://yandex.com/bots)" "brainbox.co.in"
5.255.253.105 - - [03/Nov/2022:23:30:02 -0700] "GET /PDFContent/01%20TSB/05%20Class%20X/English/A%20TALE%20OF%20THREE%20VILLAGES/TSB_X_ENGLISH_LS06C_A%20TALE%20OF%20THREE%20VILLAGES_INTRODUCTION.pdf HTTP/1.1" 200 324195 "-" "Mozilla/5.0 (compatible; YandexBot/3.0; +http://yandex.com/bots)" "brainbox.co.in"
114.119.145.175 - - [03/Nov/2022:23:30:48 -0700] "GET /PDFContent/03%20CBSE/06%20Class%20XI/Chemistry/HYDROCARBONS/ HTTP/1.1" 200 724 "https://brainbox.co.in/PDFContent/03%20CBSE/06%20Class%20XI/Chemistry/?C=D%3BO%3DA" "Mozilla/5.0 (Linux; Android 7.0;) AppleWebKit/537.36 (KHTML, like Gecko) Mobile Safari/537.36 (compatible; PetalBot;+https://webmaster.petalsearch.com/site/petalbot)" "brainbox.co.in"
114.119.145.160 - - [03/Nov/2022:23:35:46 -0700] "GET /PDFContent/02%20APSB/01%20Class%20VI/Sanskrit/?C=S%3BO%3DA HTTP/1.1" 200 354 "https://brainbox.co.in/PDFContent/02%20APSB/01%20Class%20VI/Sanskrit/?C=D%3BO%3DA" "Mozilla/5.0 (Linux; Android 7.0;) AppleWebKit/537.36 (KHTML, like Gecko) Mobile Safari/537.36 (compatible; PetalBot;+https://webmaster.petalsearch.com/site/petalbot)" "brainbox.co.in"
114.119.145.174 - - [03/Nov/2022:23:40:47 -0700] "GET /PDFContent/03%20CBSE/07%20Class%20XII/Physics/ELECTRIC%20CHARGES%20AND%20FIELDS/?C=S%3BO%3DA HTTP/1.1" 200 687 "https://brainbox.co.in/PDFContent/03%20CBSE/07%20Class%20XII/Physics/ELECTRIC%20CHARGES%20AND%20FIELDS/?C=D%3BO%3DA" "Mozilla/5.0 (Linux; Android 7.0;) AppleWebKit/537.36 (KHTML, like Gecko) Mobile Safari/537.36 (compatible; PetalBot;+https://webmaster.petalsearch.com/site/petalbot)" "brainbox.co.in"
114.119.145.187 - - [03/Nov/2022:23:45:46 -0700] "GET /PDFContent/03%20CBSE/03%20Class%20VIII/Chemistry/Metals%20&%20Non-Metals/?C=D%3BO%3DA HTTP/1.1" 200 571 "https://brainbox.co.in/PDFContent/03%20CBSE/03%20Class%20VIII/Chemistry/Metals%20&%20Non-Metals/?C=M%3BO%3DA" "Mozilla/5.0 (Linux; Android 7.0;) AppleWebKit/537.36 (KHTML, like Gecko) Mobile Safari/537.36 (compatible; PetalBot;+https://webmaster.petalsearch.com/site/petalbot)" "brainbox.co.in"
114.119.145.175 - - [03/Nov/2022:23:50:46 -0700] "GET /PDFContent/03%20CBSE/02%20Class%20VII/Hindi/GLOSSARY/CBSC_VII_LS03_MAIN%20HOON%20ROBOT_GLOSSARY.pdf HTTP/1.1" 200 846869 "https://brainbox.co.in/PDFContent/03%20CBSE/02%20Class%20VII/Hindi/GLOSSARY/?C=M%3BO%3DA" "Mozilla/5.0 (Linux; Android 7.0;) AppleWebKit/537.36 (KHTML, like Gecko) Mobile Safari/537.36 (compatible; PetalBot;+https://webmaster.petalsearch.com/site/petalbot)" "brainbox.co.in"
114.119.145.187 - - [03/Nov/2022:23:55:46 -0700] "GET /PDFContent/Beetle/CLASS%20V/SOCIAL/SEM%201/LESSON%205.%20DESERT%20CLIMATE%20-%20SAUDI%20ARABIA.pdf HTTP/1.1" 200 121049 "https://brainbox.co.in/PDFContent/Beetle/CLASS%20V/SOCIAL/SEM%201/?C=N%3BO%3DD" "Mozilla/5.0 (Linux; Android 7.0;) AppleWebKit/537.36 (KHTML, like Gecko) Mobile Safari/537.36 (compatible; PetalBot;+https://webmaster.petalsearch.com/site/petalbot)" "brainbox.co.in"
114.119.145.174 - - [04/Nov/2022:00:00:52 -0700] "GET /PDFContent/03%20CBSE/05%20Class%20X/Chemistry/Metals%20&%20Non%20Metals/CBSE_X_CHEMISTRY_METAL%20&%20NON%20METALS_Reaction%20of%20metals%20with%20acids.pdf HTTP/1.1" 200 297031 "https://brainbox.co.in/PDFContent/03%20CBSE/05%20Class%20X/Chemistry/Metals%20&%20Non%20Metals/?C=M%3BO%3DA" "Mozilla/5.0 (Linux; Android 7.0;) AppleWebKit/537.36 (KHTML, like Gecko) Mobile Safari/537.36 (compatible; PetalBot;+https://webmaster.petalsearch.com/site/petalbot)" "brainbox.co.in"
114.119.145.187 - - [04/Nov/2022:00:05:47 -0700] "GET /PDFContent/03%20CBSE/07%20Class%20XII/Biology/BIOTECHNOLOGY-PRINCIPLES%20AND%20PROCESES/Biotechnology-Principles%20&%20Process_T08_Cutting%20DNA,amplification%20of%20Gene.pdf HTTP/1.1" 200 147560 "https://brainbox.co.in/PDFContent/03%20CBSE/07%20Class%20XII/Biology/BIOTECHNOLOGY-PRINCIPLES%20AND%20PROCESES/?C=D%3BO%3DA" "Mozilla/5.0 (Linux; Android 7.0;) AppleWebKit/537.36 (KHTML, like Gecko) Mobile Safari/537.36 (compatible; PetalBot;+https://webmaster.petalsearch.com/site/petalbot)" "brainbox.co.in"
114.119.145.187 - - [04/Nov/2022:00:10:47 -0700] "GET /PDFContent/04%20ICSE/03%20Class%20VIII/?C=M%3BO%3DA HTTP/1.1" 200 465 "https://brainbox.co.in/PDFContent/04%20ICSE/03%20Class%20VIII/?C=D%3BO%3DA" "Mozilla/5.0 (Linux; Android 7.0;) AppleWebKit/537.36 (KHTML, like Gecko) Mobile Safari/537.36 (compatible; PetalBot;+https://webmaster.petalsearch.com/site/petalbot)" "brainbox.co.in"
114.119.145.174 - - [04/Nov/2022:00:15:47 -0700] "GET /PDFContent/03%20CBSE/03%20Class%20VIII/Biology/Microbes%20friend%20and%20foes%20-%202%20-%20Copy.pdf HTTP/1.1" 200 379377 "https://brainbox.co.in/PDFContent/03%20CBSE/03%20Class%20VIII/Biology/?C=S%3BO%3DA" "Mozilla/5.0 (Linux; Android 7.0;) AppleWebKit/537.36 (KHTML, like Gecko) Mobile Safari/537.36 (compatible; PetalBot;+https://webmaster.petalsearch.com/site/petalbot)" "brainbox.co.in"
114.119.145.175 - - [04/Nov/2022:00:20:46 -0700] "GET /PDFContent/03%20CBSE/05%20Class%20X/Chemistry/Metals%20&%20Non%20Metals/CBSE_X_CHEMISTRY_METAL%20&%20NON%20METALS_Extraction%20of%20moderately_Calcination HTTP/1.1" 200 310960 "https://brainboxschool.com/material/CBSE/X/Chemistry/METALS_AND_NON-METALS.html" "Mozilla/5.0 (Linux; Android 7.0;) AppleWebKit/537.36 (KHTML, like Gecko) Mobile Safari/537.36 (compatible; PetalBot;+https://webmaster.petalsearch.com/site/petalbot)" "brainbox.co.in"
114.119.145.187 - - [04/Nov/2022:00:25:57 -0700] "GET /PDFContent/03%20CBSE/07%20Class%20XII/Biology/BIOTECHNOLOGY-PRINCIPLES%20AND%20PROCESES/?C=S%3BO%3DA HTTP/1.1" 200 716 "https://brainbox.co.in/PDFContent/03%20CBSE/07%20Class%20XII/Biology/BIOTECHNOLOGY-PRINCIPLES%20AND%20PROCESES/?C=D%3BO%3DA" "Mozilla/5.0 (Linux; Android 7.0;) AppleWebKit/537.36 (KHTML, like Gecko) Mobile Safari/537.36 (compatible; PetalBot;+https://webmaster.petalsearch.com/site/petalbot)" "brainbox.co.in"
114.119.145.175 - - [04/Nov/2022:00:30:48 -0700] "GET /PDFContent/Beetle/CLASS%20II/MATHEMATICS%20SEM%202/?C=N%3BO%3DD HTTP/1.1" 200 676 "https://brainbox.co.in/PDFContent/Beetle/CLASS%20II/MATHEMATICS%20SEM%202/?C=S%3BO%3DA" "Mozilla/5.0 (Linux; Android 7.0;) AppleWebKit/537.36 (KHTML, like Gecko) Mobile Safari/537.36 (compatible; PetalBot;+https://webmaster.petalsearch.com/site/petalbot)" "brainbox.co.in"
114.119.145.187 - - [04/Nov/2022:00:35:49 -0700] "GET /PDFContent/01%20TSB/03%20Class%20VIII/English/LS1C/?C=S%3BO%3DA HTTP/1.1" 200 518 "https://brainbox.co.in/PDFContent/01%20TSB/03%20Class%20VIII/English/LS1C/?C=D%3BO%3DA" "Mozilla/5.0 (Linux; Android 7.0;) AppleWebKit/537.36 (KHTML, like Gecko) Mobile Safari/537.36 (compatible; PetalBot;+https://webmaster.petalsearch.com/site/petalbot)" "brainbox.co.in"
35.237.225.237 - - [04/Nov/2022:00:36:17 -0700] "GET /robots.txt HTTP/1.1" 404 88 "-" "ZoominfoBot (zoominfobot at zoominfo dot com)" "brainbox.co.in"
35.237.225.237 - - [04/Nov/2022:00:36:20 -0700] "GET /robots.txt HTTP/1.1" 404 88 "-" "ZoominfoBot (zoominfobot at zoominfo dot com)" "brainbox.co.in"
35.237.225.237 - - [04/Nov/2022:00:36:21 -0700] "GET / HTTP/1.1" 200 432 "-" "ZoominfoBot (zoominfobot at zoominfo dot com)" "brainbox.co.in"
51.222.253.6 - - [04/Nov/2022:00:38:11 -0700] "GET /PDFContent/03%20CBSE/05%20Class%20X/Maths/?C=M;O=A HTTP/1.1" 200 1217 "-" "Mozilla/5.0 (compatible; AhrefsBot/7.0; +http://ahrefs.com/robot/)" "brainbox.co.in"
51.222.253.9 - - [04/Nov/2022:00:39:38 -0700] "GET /PDFContent/03%20CBSE/05%20Class%20X/Maths/?C=N;O=D HTTP/1.1" 200 1216 "-" "Mozilla/5.0 (compatible; AhrefsBot/7.0; +http://ahrefs.com/robot/)" "brainbox.co.in"
114.119.145.160 - - [04/Nov/2022:00:40:47 -0700] "GET /PDFContent/03%20CBSE/07%20Class%20XII/Physics/ELECTRIC%20CHARGES%20AND%20FIELDS/CBSE_XII_PHYSCIS_LS01_ELECTRIC%20CHARGES%20AND%20FIELDS_PROB_05.pdf HTTP/1.1" 200 271053 "https://brainbox.co.in/PDFContent/03%20CBSE/07%20Class%20XII/Physics/ELECTRIC%20CHARGES%20AND%20FIELDS/?C=S%3BO%3DA" "Mozilla/5.0 (Linux; Android 7.0;) AppleWebKit/537.36 (KHTML, like Gecko) Mobile Safari/537.36 (compatible; PetalBot;+https://webmaster.petalsearch.com/site/petalbot)" "brainbox.co.in"
51.222.253.8 - - [04/Nov/2022:00:40:50 -0700] "GET /PDFContent/03%20CBSE/05%20Class%20X/Maths/?C=S;O=A HTTP/1.1" 200 1241 "-" "Mozilla/5.0 (compatible; AhrefsBot/7.0; +http://ahrefs.com/robot/)" "brainbox.co.in"
51.222.253.19 - - [04/Nov/2022:00:41:32 -0700] "GET /PDFContent/03%20CBSE/05%20Class%20X/Maths/COORDINATE%20GEOMETRY/ HTTP/1.1" 200 698 "-" "Mozilla/5.0 (compatible; AhrefsBot/7.0; +http://ahrefs.com/robot/)" "brainbox.co.in"
51.222.253.1 - - [04/Nov/2022:00:41:58 -0700] "GET /PDFContent/01%20TSB/05%20Class%20X/?C=M;O=D HTTP/1.1" 200 513 "-" "Mozilla/5.0 (compatible; AhrefsBot/7.0; +http://ahrefs.com/robot/)" "brainbox.co.in"
51.222.253.5 - - [04/Nov/2022:00:42:19 -0700] "GET /PDFContent/03%20CBSE/04%20Class%20IX/Telugu/ HTTP/1.1" 200 354 "-" "Mozilla/5.0 (compatible; AhrefsBot/7.0; +http://ahrefs.com/robot/)" "brainbox.co.in"
51.222.253.7 - - [04/Nov/2022:00:42:28 -0700] "GET /PDFContent/03%20CBSE/07%20Class%20XII/English/?C=N;O=D HTTP/1.1" 200 353 "-" "Mozilla/5.0 (compatible; AhrefsBot/7.0; +http://ahrefs.com/robot/)" "brainbox.co.in"
51.222.253.14 - - [04/Nov/2022:00:42:32 -0700] "GET /PDFContent/04%20ICSE/01%20Class%20VI/Physics/?C=N;O=D HTTP/1.1" 200 352 "-" "Mozilla/5.0 (compatible; AhrefsBot/7.0; +http://ahrefs.com/robot/)" "brainbox.co.in"
51.222.253.3 - - [04/Nov/2022:00:42:37 -0700] "GET /PDFContent/02%20APSB/05%20Class%20X/Telugu/?C=N;O=D HTTP/1.1" 200 352 "-" "Mozilla/5.0 (compatible; AhrefsBot/7.0; +http://ahrefs.com/robot/)" "brainbox.co.in"
51.222.253.8 - - [04/Nov/2022:00:42:40 -0700] "GET /PDFContent/03%20CBSE/03%20Class%20VIII/Physics/Light/?C=S;O=A HTTP/1.1" 200 518 "-" "Mozilla/5.0 (compatible; AhrefsBot/7.0; +http://ahrefs.com/robot/)" "brainbox.co.in"
51.222.253.8 - - [04/Nov/2022:00:42:42 -0700] "GET /PDFContent/03%20CBSE/03%20Class%20VIII/English/SUPPLEMENTARY/HOW%20THE%20CAMEL%20GOT%20HIS%20HUMP/?C=D;O=A HTTP/1.1" 200 547 "-" "Mozilla/5.0 (compatible; AhrefsBot/7.0; +http://ahrefs.com/robot/)" "brainbox.co.in"
51.222.253.6 - - [04/Nov/2022:00:42:44 -0700] "GET /PDFContent/03%20CBSE/03%20Class%20VIII/English/SUPPLEMENTARY/HOW%20THE%20CAMEL%20GOT%20HIS%20HUMP/?C=M;O=A HTTP/1.1" 200 547 "-" "Mozilla/5.0 (compatible; AhrefsBot/7.0; +http://ahrefs.com/robot/)" "brainbox.co.in"
51.222.253.10 - - [04/Nov/2022:00:42:47 -0700] "GET /PDFContent/03%20CBSE/03%20Class%20VIII/English/SUPPLEMENTARY/HOW%20THE%20CAMEL%20GOT%20HIS%20HUMP/?C=S;O=A HTTP/1.1" 200 550 "-" "Mozilla/5.0 (compatible; AhrefsBot/7.0; +http://ahrefs.com/robot/)" "brainbox.co.in"
51.222.253.18 - - [04/Nov/2022:00:42:49 -0700] "GET /PDFContent/03%20CBSE/02%20Class%20VII/Science/WEATHER%20CLIMATE%20AND%20ADAPTATIONS/?C=D;O=A HTTP/1.1" 200 517 "-" "Mozilla/5.0 (compatible; AhrefsBot/7.0; +http://ahrefs.com/robot/)" "brainbox.co.in"
51.222.253.20 - - [04/Nov/2022:00:42:50 -0700] "GET /PDFContent/03%20CBSE/02%20Class%20VII/Science/WEATHER%20CLIMATE%20AND%20ADAPTATIONS/?C=M;O=A HTTP/1.1" 200 517 "-" "Mozilla/5.0 (compatible; AhrefsBot/7.0; +http://ahrefs.com/robot/)" "brainbox.co.in"
51.222.253.7 - - [04/Nov/2022:00:42:52 -0700] "GET /PDFContent/03%20CBSE/02%20Class%20VII/Science/WEATHER%20CLIMATE%20AND%20ADAPTATIONS/?C=N;O=D HTTP/1.1" 200 516 "-" "Mozilla/5.0 (compatible; AhrefsBot/7.0; +http://ahrefs.com/robot/)" "brainbox.co.in"
51.222.253.14 - - [04/Nov/2022:00:42:54 -0700] "GET /PDFContent/03%20CBSE/02%20Class%20VII/Science/WEATHER%20CLIMATE%20AND%20ADAPTATIONS/?C=S;O=A HTTP/1.1" 200 517 "-" "Mozilla/5.0 (compatible; AhrefsBot/7.0; +http://ahrefs.com/robot/)" "brainbox.co.in"
114.119.145.175 - - [04/Nov/2022:00:45:48 -0700] "GET /PDFContent/04%20ICSE/03%20Class%20VIII/ HTTP/1.1" 200 465 "https://brainbox.co.in/PDFContent/04%20ICSE/03%20Class%20VIII/Chemistry/?C=S%3BO%3DA" "Mozilla/5.0 (Linux; Android 7.0;) AppleWebKit/537.36 (KHTML, like Gecko) Mobile Safari/537.36 (compatible; PetalBot;+https://webmaster.petalsearch.com/site/petalbot)" "brainbox.co.in"
114.119.145.187 - - [04/Nov/2022:00:50:48 -0700] "GET /PDFContent/03%20CBSE/04%20Class%20IX/Biology/Tissues/?C=D%3BO%3DA HTTP/1.1" 200 638 "https://brainbox.co.in/PDFContent/03%20CBSE/04%20Class%20IX/Biology/Tissues/?C=M%3BO%3DA" "Mozilla/5.0 (Linux; Android 7.0;) AppleWebKit/537.36 (KHTML, like Gecko) Mobile Safari/537.36 (compatible; PetalBot;+https://webmaster.petalsearch.com/site/petalbot)" "brainbox.co.in"
51.222.253.19 - - [04/Nov/2022:00:55:34 -0700] "GET /PDFContent/04%20ICSE/07%20Class%20XII/?C=N;O=D HTTP/1.1" 200 463 "-" "Mozilla/5.0 (compatible; AhrefsBot/7.0; +http://ahrefs.com/robot/)" "brainbox.co.in"
114.119.145.187 - - [04/Nov/2022:00:55:47 -0700] "GET /PDFContent/03%20CBSE/05%20Class%20X/Chemistry/Metals%20&%20Non%20Metals/CBSE_X_CHEMISTRY_METAL%20&%20NON%20METALS_Refining%20of%20Metals HTTP/1.1" 200 297633 "https://brainboxschool.com/material/CBSE/X/Chemistry/METALS_AND_NON-METALS.html" "Mozilla/5.0 (Linux; Android 7.0;) AppleWebKit/537.36 (KHTML, like Gecko) Mobile Safari/537.36 (compatible; PetalBot;+https://webmaster.petalsearch.com/site/petalbot)" "brainbox.co.in"
51.222.253.15 - - [04/Nov/2022:01:00:54 -0700] "GET /PDFContent/01%20TSB/03%20Class%20VIII/Biology/THE%20WORLD%20OF%20MICRO%20ORGANISMS/?C=N;O=D HTTP/1.1" 200 522 "-" "Mozilla/5.0 (compatible; AhrefsBot/7.0; +http://ahrefs.com/robot/)" "brainbox.co.in"
114.119.145.175 - - [04/Nov/2022:01:00:55 -0700] "GET /PDFContent/03%20CBSE/03%20Class%20VIII/Maths/CBSE_VIII_MATHS_LS02_LINEAR%20EQUATIONS%20IN%20ONE%20VARIABLE_SUMMARY.pdf HTTP/1.1" 200 267552 "https://brainbox.co.in/PDFContent/03%20CBSE/03%20Class%20VIII/Maths/?C=N%3BO%3DD" "Mozilla/5.0 (Linux; Android 7.0;) AppleWebKit/537.36 (KHTML, like Gecko) Mobile Safari/537.36 (compatible; PetalBot;+https://webmaster.petalsearch.com/site/petalbot)" "brainbox.co.in"
51.222.253.3 - - [04/Nov/2022:01:05:43 -0700] "GET /PDFContent/SPECIAL%20CROUSE/Part%201%20Grammar%20Essentials/STD_IV/?C=S;O=D HTTP/1.1" 200 686 "-" "Mozilla/5.0 (compatible; AhrefsBot/7.0; +http://ahrefs.com/robot/)" "brainbox.co.in"
51.222.253.13 - - [04/Nov/2022:01:10:28 -0700] "GET /PDFContent/01%20TSB/06%20Class%20XI/Hindi/ HTTP/1.1" 200 352 "-" "Mozilla/5.0 (compatible; AhrefsBot/7.0; +http://ahrefs.com/robot/)" "brainbox.co.in"
114.119.145.187 - - [04/Nov/2022:01:10:50 -0700] "GET /PDFContent/03%20CBSE/03%20Class%20VIII/Physics/SOME%20NATURAL%20PHENOMENA/?C=N%3BO%3DD HTTP/1.1" 200 547 "https://brainbox.co.in/PDFContent/03%20CBSE/03%20Class%20VIII/Physics/SOME%20NATURAL%20PHENOMENA/?C=S%3BO%3DA" "Mozilla/5.0 (Linux; Android 7.0;) AppleWebKit/537.36 (KHTML, like Gecko) Mobile Safari/537.36 (compatible; PetalBot;+https://webmaster.petalsearch.com/site/petalbot)" "brainbox.co.in"
51.222.253.3 - - [04/Nov/2022:01:15:10 -0700] "GET /PDFContent/Beetle/CLASS%20III/SOCIAL/SEM%201/?C=M;O=A HTTP/1.1" 200 723 "-" "Mozilla/5.0 (compatible; AhrefsBot/7.0; +http://ahrefs.com/robot/)" "brainbox.co.in"
114.119.135.132 - - [04/Nov/2022:01:15:49 -0700] "GET /PDFContent/SPECIAL%20CROUSE/Part%201%20Grammar%20Essentials/STD_IV/UNIT%202%20%E2%80%93%20THE%20PANCAKE.pdf HTTP/1.1" 200 485215 "https://brainbox.co.in/PDFContent/SPECIAL%20CROUSE/Part%201%20Grammar%20Essentials/STD_IV/" "Mozilla/5.0 (Linux; Android 7.0;) AppleWebKit/537.36 (KHTML, like Gecko) Mobile Safari/537.36 (compatible; PetalBot;+https://webmaster.petalsearch.com/site/petalbot)" "brainbox.co.in"
213.180.203.82 - - [04/Nov/2022:01:16:17 -0700] "GET /PDFContent/02%20APSB/03%20Class%20VIII/ HTTP/1.1" 200 465 "-" "Mozilla/5.0 (compatible; YandexBot/3.0; +http://yandex.com/bots)" "brainbox.co.in"
51.222.253.2 - - [04/Nov/2022:01:20:04 -0700] "GET /PDFContent/Beetle/CLASS%20III/SOCIAL/SEM%201/?C=S;O=A HTTP/1.1" 200 725 "-" "Mozilla/5.0 (compatible; AhrefsBot/7.0; +http://ahrefs.com/robot/)" "brainbox.co.in"
114.119.135.132 - - [04/Nov/2022:01:21:08 -0700] "GET /PDFContent/04%20ICSE/07%20Class%20XII/Maths/?C=N%3BO%3DD HTTP/1.1" 200 354 "https://brainbox.co.in/PDFContent/04%20ICSE/07%20Class%20XII/Maths/" "Mozilla/5.0 (Linux; Android 7.0;) AppleWebKit/537.36 (KHTML, like Gecko) Mobile Safari/537.36 (compatible; PetalBot;+https://webmaster.petalsearch.com/site/petalbot)" "brainbox.co.in"
51.222.253.2 - - [04/Nov/2022:01:25:20 -0700] "GET /PDFContent/03%20CBSE/03%20Class%20VIII/Physics/Light/?C=N;O=A HTTP/1.1" 200 519 "-" "Mozilla/5.0 (compatible; AhrefsBot/7.0; +http://ahrefs.com/robot/)" "brainbox.co.in"
114.119.135.132 - - [04/Nov/2022:01:25:49 -0700] "GET /PDFContent/Beetle/CLASS%20IV/MATHEMATICS%202/Lesson%203.%20Metric%20Measures.pdf HTTP/1.1" 200 240938 "https://brainbox.co.in/PDFContent/Beetle/CLASS%20IV/MATHEMATICS%202/?C=S%3BO%3DA" "Mozilla/5.0 (Linux; Android 7.0;) AppleWebKit/537.36 (KHTML, like Gecko) Mobile Safari/537.36 (compatible; PetalBot;+https://webmaster.petalsearch.com/site/petalbot)" "brainbox.co.in"
51.222.253.2 - - [04/Nov/2022:01:30:10 -0700] "GET /PDFContent/03%20CBSE/02%20Class%20VII/Science/WINDS%20STORMS%20AND%20CYCLONES/?C=D;O=A HTTP/1.1" 200 516 "-" "Mozilla/5.0 (compatible; AhrefsBot/7.0; +http://ahrefs.com/robot/)" "brainbox.co.in"
114.119.145.187 - - [04/Nov/2022:01:30:50 -0700] "GET /PDFContent/03%20CBSE/04%20Class%20IX/Maths/CBSE_IX_MATHS_%20LS12_HERON'S%20FORMULA_AREA%20OF%20QUADRILATERAL%20IF%20YOU%20KNOW%20HEIGHT%20OF%20THE%20TRIANGLES.pdf HTTP/1.1" 200 597245 "https://brainbox.co.in/PDFContent/03%20CBSE/04%20Class%20IX/Maths/?C=M%3BO%3DA" "Mozilla/5.0 (Linux; Android 7.0;) AppleWebKit/537.36 (KHTML, like Gecko) Mobile Safari/537.36 (compatible; PetalBot;+https://webmaster.petalsearch.com/site/petalbot)" "brainbox.co.in"
114.119.135.132 - - [04/Nov/2022:01:35:48 -0700] "GET /PDFContent/03%20CBSE/04%20Class%20IX/Chemistry/ HTTP/1.1" 200 450 "https://brainbox.co.in/PDFContent/03%20CBSE/04%20Class%20IX/Chemistry/STRUCTURE%20OF%20ATOM/?C=S%3BO%3DA" "Mozilla/5.0 (Linux; Android 7.0;) AppleWebKit/537.36 (KHTML, like Gecko) Mobile Safari/537.36 (compatible; PetalBot;+https://webmaster.petalsearch.com/site/petalbot)" "brainbox.co.in"
51.222.253.15 - - [04/Nov/2022:01:40:02 -0700] "GET /PDFContent/03%20CBSE/02%20Class%20VII/Science/WINDS%20STORMS%20AND%20CYCLONES/?C=M;O=A HTTP/1.1" 200 516 "-" "Mozilla/5.0 (compatible; AhrefsBot/7.0; +http://ahrefs.com/robot/)" "brainbox.co.in"
114.119.145.174 - - [04/Nov/2022:01:40:49 -0700] "GET /PDFContent/04%20ICSE/02%20Class%20VII/Chemistry/?C=S%3BO%3DA HTTP/1.1" 200 355 "https://brainbox.co.in/PDFContent/04%20ICSE/02%20Class%20VII/Chemistry/?C=M%3BO%3DA" "Mozilla/5.0 (Linux; Android 7.0;) AppleWebKit/537.36 (KHTML, like Gecko) Mobile Safari/537.36 (compatible; PetalBot;+https://webmaster.petalsearch.com/site/petalbot)" "brainbox.co.in"
114.119.135.132 - - [04/Nov/2022:01:45:50 -0700] "GET /PDFContent/03%20CBSE/07%20Class%20XII/Maths/CBSE_XII_MATHS_LS12_LINEAR%20PROGRAMMING_%20INTRODUCTION.pdf HTTP/1.1" 200 405112 "https://brainbox.co.in/PDFContent/03%20CBSE/07%20Class%20XII/Maths/?C=N%3BO%3DD" "Mozilla/5.0 (Linux; Android 7.0;) AppleWebKit/537.36 (KHTML, like Gecko) Mobile Safari/537.36 (compatible; PetalBot;+https://webmaster.petalsearch.com/site/petalbot)" "brainbox.co.in"
51.222.253.19 - - [04/Nov/2022:01:50:38 -0700] "GET /PDFContent/03%20CBSE/02%20Class%20VII/Science/WINDS%20STORMS%20AND%20CYCLONES/?C=N;O=D HTTP/1.1" 200 515 "-" "Mozilla/5.0 (compatible; AhrefsBot/7.0; +http://ahrefs.com/robot/)" "brainbox.co.in"
114.119.145.175 - - [04/Nov/2022:01:50:48 -0700] "GET /PDFContent/01%20TSB/02%20Class%20VII/Hindi/ques%20&%20ans/TSB_VII_LS14_GUSADI%20_QUES%20&%20ANS.pdf HTTP/1.1" 200 362056 "https://brainbox.co.in/PDFContent/01%20TSB/02%20Class%20VII/Hindi/ques%20&%20ans/?C=D%3BO%3DA" "Mozilla/5.0 (Linux; Android 7.0;) AppleWebKit/537.36 (KHTML, like Gecko) Mobile Safari/537.36 (compatible; PetalBot;+https://webmaster.petalsearch.com/site/petalbot)" "brainbox.co.in"
54.177.67.8 - - [04/Nov/2022:01:54:11 -0700] "GET /~richard/templates/beez/US/uk/paypal/login.htm HTTP/1.1" 404 73 "-" "Mozilla/5.0 (Macintosh; Intel Mac OS X 10_10_5) AppleWebKit/537.36 (KHTML, like Gecko) Chrome/52.0.2743.116 Safari/537.36" "brainbox.co.in"
114.119.145.160 - - [04/Nov/2022:01:55:51 -0700] "GET /PDFContent/01%20TSB/03%20Class%20VIII/English/LS1C/New/TSB_VIII_ENGLISH_LS01C%20LETTER%20TO%20A%20FRIEND_QUESTIONS%20AND%20ANSWERS.pdf HTTP/1.1" 200 351762 "https://brainbox.co.in/PDFContent/01%20TSB/03%20Class%20VIII/English/LS1C/New/?C=M%3BO%3DA" "Mozilla/5.0 (Linux; Android 7.0;) AppleWebKit/537.36 (KHTML, like Gecko) Mobile Safari/537.36 (compatible; PetalBot;+https://webmaster.petalsearch.com/site/petalbot)" "brainbox.co.in"
114.119.145.174 - - [04/Nov/2022:02:00:52 -0700] "GET /PDFContent/01%20TSB/05%20Class%20X/English/?C=N%3BO%3DD HTTP/1.1" 200 610 "https://brainbox.co.in/PDFContent/01%20TSB/05%20Class%20X/English/?C=S%3BO%3DA" "Mozilla/5.0 (Linux; Android 7.0;) AppleWebKit/537.36 (KHTML, like Gecko) Mobile Safari/537.36 (compatible; PetalBot;+https://webmaster.petalsearch.com/site/petalbot)" "brainbox.co.in"
114.119.145.174 - - [04/Nov/2022:02:05:50 -0700] "GET /PDFContent/SPECIAL%20CROUSE/Part%201%20Grammar%20Essentials/STD_V/UNIT-6.pdf HTTP/1.1" 200 202701 "https://brainbox.co.in/PDFContent/SPECIAL%20CROUSE/Part%201%20Grammar%20Essentials/STD_V/?C=S%3BO%3DA" "Mozilla/5.0 (Linux; Android 7.0;) AppleWebKit/537.36 (KHTML, like Gecko) Mobile Safari/537.36 (compatible; PetalBot;+https://webmaster.petalsearch.com/site/petalbot)" "brainbox.co.in"
51.222.253.4 - - [04/Nov/2022:02:08:29 -0700] "GET /PDFContent/03%20CBSE/02%20Class%20VII/Science/WINDS%20STORMS%20AND%20CYCLONES/?C=S;O=A HTTP/1.1" 200 517 "-" "Mozilla/5.0 (compatible; AhrefsBot/7.0; +http://ahrefs.com/robot/)" "brainbox.co.in"
114.119.145.174 - - [04/Nov/2022:02:10:49 -0700] "GET /PDFContent/01%20TSB/03%20Class%20VIII/English/LS5A/?C=N%3BO%3DD HTTP/1.1" 200 536 "https://brainbox.co.in/PDFContent/01%20TSB/03%20Class%20VIII/English/LS5A/" "Mozilla/5.0 (Linux; Android 7.0;) AppleWebKit/537.36 (KHTML, like Gecko) Mobile Safari/537.36 (compatible; PetalBot;+https://webmaster.petalsearch.com/site/petalbot)" "brainbox.co.in"
13.58.87.160 - - [04/Nov/2022:02:13:50 -0700] "GET /~richard/templates/beez/US/uk/paypal/login.htm HTTP/1.1" 404 73 "-" "Mozilla/5.0 (Macintosh; Intel Mac OS X 10_10_5) AppleWebKit/537.36 (KHTML, like Gecko) Chrome/52.0.2743.116 Safari/537.36" "brainbox.co.in"
114.119.145.174 - - [04/Nov/2022:02:15:58 -0700] "GET /PDFContent/01%20TSB/02%20Class%20VII/English/01LS4A/?C=N%3BO%3DD HTTP/1.1" 200 474 "https://brainbox.co.in/PDFContent/01%20TSB/02%20Class%20VII/English/01LS4A/?C=S%3BO%3DA" "Mozilla/5.0 (Linux; Android 7.0;) AppleWebKit/537.36 (KHTML, like Gecko) Mobile Safari/537.36 (compatible; PetalBot;+https://webmaster.petalsearch.com/site/petalbot)" "brainbox.co.in"
51.222.253.17 - - [04/Nov/2022:02:22:08 -0700] "GET /PDFContent/Beetle/CLASS%20III/SOCIAL/SEM%202/?C=M;O=A HTTP/1.1" 200 678 "-" "Mozilla/5.0 (compatible; AhrefsBot/7.0; +http://ahrefs.com/robot/)" "brainbox.co.in"
114.119.145.174 - - [04/Nov/2022:02:25:51 -0700] "GET /PDFContent/03%20CBSE/07%20Class%20XII/Maths/CBSE_XII_MATHS_LS07_INDEFINITE%20INTEGRALS_SUMMARY.pdf HTTP/1.1" 200 555876 "https://brainbox.co.in/PDFContent/03%20CBSE/07%20Class%20XII/Maths/?C=N%3BO%3DD" "Mozilla/5.0 (Linux; Android 7.0;) AppleWebKit/537.36 (KHTML, like Gecko) Mobile Safari/537.36 (compatible; PetalBot;+https://webmaster.petalsearch.com/site/petalbot)" "brainbox.co.in"
114.119.145.160 - - [04/Nov/2022:02:30:50 -0700] "GET /PDFContent/03%20CBSE/03%20Class%20VIII/Chemistry/Combustion%20and%20Flames/?C=S%3BO%3DA HTTP/1.1" 200 612 "https://brainbox.co.in/PDFContent/03%20CBSE/03%20Class%20VIII/Chemistry/Combustion%20and%20Flames/?C=M%3BO%3DA" "Mozilla/5.0 (Linux; Android 7.0;) AppleWebKit/537.36 (KHTML, like Gecko) Mobile Safari/537.36 (compatible; PetalBot;+https://webmaster.petalsearch.com/site/petalbot)" "brainbox.co.in"
51.222.253.8 - - [04/Nov/2022:02:32:54 -0700] "GET /PDFContent/01%20TSB/06%20Class%20XI/Hindi/?C=S;O=A HTTP/1.1" 200 352 "-" "Mozilla/5.0 (compatible; AhrefsBot/7.0; +http://ahrefs.com/robot/)" "brainbox.co.in"
114.119.135.132 - - [04/Nov/2022:02:35:59 -0700] "GET /PDFContent/03%20CBSE/07%20Class%20XII/Maths/CBSE_XII_MATHS_LS12_LINEAR%20PROGRAMMING_EXAMPLE_1.pdf HTTP/1.1" 200 370427 "https://brainbox.co.in/PDFContent/03%20CBSE/07%20Class%20XII/Maths/?C=N%3BO%3DD" "Mozilla/5.0 (Linux; Android 7.0;) AppleWebKit/537.36 (KHTML, like Gecko) Mobile Safari/537.36 (compatible; PetalBot;+https://webmaster.petalsearch.com/site/petalbot)" "brainbox.co.in"
114.119.145.174 - - [04/Nov/2022:02:40:53 -0700] "GET /PDFContent/03%20CBSE/03%20Class%20VIII/Chemistry/Combustion%20and%20Flames/?C=M%3BO%3DA HTTP/1.1" 200 612 "https://brainbox.co.in/PDFContent/03%20CBSE/03%20Class%20VIII/Chemistry/Combustion%20and%20Flames/?C=S%3BO%3DA" "Mozilla/5.0 (Linux; Android 7.0;) AppleWebKit/537.36 (KHTML, like Gecko) Mobile Safari/537.36 (compatible; PetalBot;+https://webmaster.petalsearch.com/site/petalbot)" "brainbox.co.in"
51.222.253.2 - - [04/Nov/2022:02:41:17 -0700] "GET /PDFContent/01%20TSB/06%20Class%20XI/Hindi/?C=D;O=A HTTP/1.1" 200 352 "-" "Mozilla/5.0 (compatible; AhrefsBot/7.0; +http://ahrefs.com/robot/)" "brainbox.co.in"
114.119.145.187 - - [04/Nov/2022:02:45:51 -0700] "GET /PDFContent/03%20CBSE/03%20Class%20VIII/Maths/ALGEBRAIC%20EXPRESSIONS%20AND%20IDENTITIES/CBSE_VIII_MATHS_LS09_ALGEBRAIC%20EXPRESSION%20OF%20IDENTITIES_AN%20IDENTITY.pdf HTTP/1.1" 200 265106 "https://brainbox.co.in/PDFContent/03%20CBSE/03%20Class%20VIII/Maths/ALGEBRAIC%20EXPRESSIONS%20AND%20IDENTITIES/?C=S%3BO%3DA" "Mozilla/5.0 (Linux; Android 7.0;) AppleWebKit/537.36 (KHTML, like Gecko) Mobile Safari/537.36 (compatible; PetalBot;+https://webmaster.petalsearch.com/site/petalbot)" "brainbox.co.in"
5.45.207.92 - - [04/Nov/2022:02:47:33 -0700] "GET /PDFContent/SPECIAL%20CROUSE/Part%201%20Grammar%20Essentials/STD_III/UNIT-7_THE%20ANIMAL%20SCHOOL.pdf HTTP/1.1" 200 353234 "-" "Mozilla/5.0 (compatible; YandexBot/3.0; +http://yandex.com/bots)" "brainbox.co.in"
51.222.253.16 - - [04/Nov/2022:02:49:37 -0700] "GET /PDFContent/01%20TSB/06%20Class%20XI/Hindi/?C=M;O=A HTTP/1.1" 200 352 "-" "Mozilla/5.0 (compatible; AhrefsBot/7.0; +http://ahrefs.com/robot/)" "brainbox.co.in"
114.119.145.160 - - [04/Nov/2022:02:50:50 -0700] "GET /PDFContent/03%20CBSE/05%20Class%20X/Hindi/SPARSH/LS01/CBSE_X_HINDI_10B_LS01_KABIR_SAAKHI_KABIR%20TRANSCRIPT.pdf HTTP/1.1" 200 497731 "https://brainbox.co.in/PDFContent/03%20CBSE/05%20Class%20X/Hindi/SPARSH/LS01/" "Mozilla/5.0 (Linux; Android 7.0;) AppleWebKit/537.36 (KHTML, like Gecko) Mobile Safari/537.36 (compatible; PetalBot;+https://webmaster.petalsearch.com/site/petalbot)" "brainbox.co.in"
157.55.39.4 - - [04/Nov/2022:02:52:09 -0700] "GET /PDFContent/04%20ICSE/04%20Class%20IX/Telugu/ HTTP/1.1" 200 352 "-" "Mozilla/5.0 (compatible; bingbot/2.0; +http://www.bing.com/bingbot.htm)" "brainbox.co.in"
114.119.145.160 - - [04/Nov/2022:02:55:55 -0700] "GET /PDFContent/01%20TSB/05%20Class%20X/Telugu/?C=M%3BO%3DA HTTP/1.1" 200 352 "https://brainbox.co.in/PDFContent/01%20TSB/05%20Class%20X/Telugu/?C=D%3BO%3DA" "Mozilla/5.0 (Linux; Android 7.0;) AppleWebKit/537.36 (KHTML, like Gecko) Mobile Safari/537.36 (compatible; PetalBot;+https://webmaster.petalsearch.com/site/petalbot)" "brainbox.co.in"
51.222.253.12 - - [04/Nov/2022:02:58:46 -0700] "GET /PDFContent/01%20TSB/02%20Class%20VII/Science/ACIDS%20AND%20BASES/?C=N;O=D HTTP/1.1" 200 512 "-" "Mozilla/5.0 (compatible; AhrefsBot/7.0; +http://ahrefs.com/robot/)" "brainbox.co.in"
114.119.145.187 - - [04/Nov/2022:03:00:55 -0700] "GET /PDFContent/03%20CBSE/05%20Class%20X/Physics/REFLECTION%20AND%20REFRACTION/CBSE_X_PHYSCIS_LS10_REFLECTION%20&%20REFRACTION_REFLECTION%20DUE%20TO%20SPHERICAL%20MIRROR.pdf HTTP/1.1" 200 262473 "https://brainboxschool.com/material/CBSE/X/Physics/REFLECTION_&_REFRACTION.html" "Mozilla/5.0 (Linux; Android 7.0;) AppleWebKit/537.36 (KHTML, like Gecko) Mobile Safari/537.36 (compatible; PetalBot;+https://webmaster.petalsearch.com/site/petalbot)" "brainbox.co.in"
114.119.145.187 - - [04/Nov/2022:03:05:51 -0700] "GET /PDFContent/03%20CBSE/03%20Class%20VIII/Maths/?C=M%3BO%3DA HTTP/1.1" 200 905 "https://brainbox.co.in/PDFContent/03%20CBSE/03%20Class%20VIII/Maths/?C=N%3BO%3DD" "Mozilla/5.0 (Linux; Android 7.0;) AppleWebKit/537.36 (KHTML, like Gecko) Mobile Safari/537.36 (compatible; PetalBot;+https://webmaster.petalsearch.com/site/petalbot)" "brainbox.co.in"
51.222.253.11 - - [04/Nov/2022:03:07:00 -0700] "GET /PDFContent/SPECIAL%20CROUSE/Part%201%20Grammar%20Essentials/STD_IX/?C=M;O=D HTTP/1.1" 200 500 "-" "Mozilla/5.0 (compatible; AhrefsBot/7.0; +http://ahrefs.com/robot/)" "brainbox.co.in"
114.119.137.103 - - [04/Nov/2022:03:09:42 -0700] "GET /robots.txt HTTP/1.1" 404 88 "-" "Mozilla/5.0 (compatible;PetalBot;+https://webmaster.petalsearch.com/site/petalbot)" "brainbox.co.in"
114.119.145.174 - - [04/Nov/2022:03:10:52 -0700] "GET /PDFContent/01%20TSB/05%20Class%20X/Biology/RESPIRATION/Respiration_T02_Respiration%20in%20Humans.pdf HTTP/1.1" 200 300668 "https://brainbox.co.in/PDFContent/01%20TSB/05%20Class%20X/Biology/RESPIRATION/" "Mozilla/5.0 (Linux; Android 7.0;) AppleWebKit/537.36 (KHTML, like Gecko) Mobile Safari/537.36 (compatible; PetalBot;+https://webmaster.petalsearch.com/site/petalbot)" "brainbox.co.in"
51.222.253.17 - - [04/Nov/2022:03:15:01 -0700] "GET /PDFContent/01%20TSB/02%20Class%20VII/Science/ANIMAL%20FIBRE/?C=N;O=D HTTP/1.1" 200 520 "-" "Mozilla/5.0 (compatible; AhrefsBot/7.0; +http://ahrefs.com/robot/)" "brainbox.co.in"
114.119.145.175 - - [04/Nov/2022:03:15:53 -0700] "GET /PDFContent/03%20CBSE/05%20Class%20X/Maths/CBSE_X_MATHS_LS02_POLYNOMIALS_REPRESENTATION%20OF%20QUADRATIC%20POLYNOMIAL_EXAMPLE.pdf HTTP/1.1" 200 297342 "https://brainbox.co.in/PDFContent/03%20CBSE/05%20Class%20X/Maths/?C=D%3BO%3DA" "Mozilla/5.0 (Linux; Android 7.0;) AppleWebKit/537.36 (KHTML, like Gecko) Mobile Safari/537.36 (compatible; PetalBot;+https://webmaster.petalsearch.com/site/petalbot)" "brainbox.co.in"
51.222.253.17 - - [04/Nov/2022:03:18:29 -0700] "GET /PDFContent/SPECIAL%20CROUSE/Part%201%20Grammar%20Essentials/STD_V/?C=S;O=D HTTP/1.1" 200 497 "-" "Mozilla/5.0 (compatible; AhrefsBot/7.0; +http://ahrefs.com/robot/)" "brainbox.co.in"
114.119.145.175 - - [04/Nov/2022:03:20:57 -0700] "GET /PDFContent/03%20CBSE/06%20Class%20XI/English/?C=D%3BO%3DA HTTP/1.1" 200 354 "https://brainbox.co.in/PDFContent/03%20CBSE/06%20Class%20XI/English/?C=S%3BO%3DA" "Mozilla/5.0 (Linux; Android 7.0;) AppleWebKit/537.36 (KHTML, like Gecko) Mobile Safari/537.36 (compatible; PetalBot;+https://webmaster.petalsearch.com/site/petalbot)" "brainbox.co.in"
54.36.148.161 - - [04/Nov/2022:03:21:52 -0700] "GET /robots.txt HTTP/1.1" 404 88 "-" "Mozilla/5.0 (compatible; AhrefsBot/7.0; +http://ahrefs.com/robot/)" "brainbox.co.in"
51.222.253.12 - - [04/Nov/2022:03:21:53 -0700] "GET /PDFContent/01%20TSB/02%20Class%20VII/Science/HEAT%20-%20MEASUREMENT/?C=N;O=D HTTP/1.1" 200 497 "-" "Mozilla/5.0 (compatible; AhrefsBot/7.0; +http://ahrefs.com/robot/)" "brainbox.co.in"
51.222.253.18 - - [04/Nov/2022:03:25:41 -0700] "GET /PDFContent/03%20CBSE/02%20Class%20VII/Science/WEATHER%20CLIMATE%20AND%20ADAPTATIONS/?C=N;O=A HTTP/1.1" 200 517 "-" "Mozilla/5.0 (compatible; AhrefsBot/7.0; +http://ahrefs.com/robot/)" "brainbox.co.in"
114.119.135.132 - - [04/Nov/2022:03:25:51 -0700] "GET /PDFContent/Beetle/CLASS%20II/MATHEMATICS%20SEM%202/Lesson%202.%20Division.pdf HTTP/1.1" 200 177101 "https://brainbox.co.in/PDFContent/Beetle/CLASS%20II/MATHEMATICS%20SEM%202/?C=S%3BO%3DA" "Mozilla/5.0 (Linux; Android 7.0;) AppleWebKit/537.36 (KHTML, like Gecko) Mobile Safari/537.36 (compatible; PetalBot;+https://webmaster.petalsearch.com/site/petalbot)" "brainbox.co.in"
51.222.253.10 - - [04/Nov/2022:03:29:15 -0700] "GET /PDFContent/03%20CBSE/03%20Class%20VIII/English/SUPPLEMENTARY/HOW%20THE%20CAMEL%20GOT%20HIS%20HUMP/?C=N;O=A HTTP/1.1" 200 547 "-" "Mozilla/5.0 (compatible; AhrefsBot/7.0; +http://ahrefs.com/robot/)" "brainbox.co.in"
114.119.145.174 - - [04/Nov/2022:03:30:51 -0700] "GET /PDFContent/03%20CBSE/06%20Class%20XI/Chemistry/HYDROCARBONS/?C=S%3BO%3DA HTTP/1.1" 200 724 "https://brainbox.co.in/PDFContent/03%20CBSE/06%20Class%20XI/Chemistry/HYDROCARBONS/" "Mozilla/5.0 (Linux; Android 7.0;) AppleWebKit/537.36 (KHTML, like Gecko) Mobile Safari/537.36 (compatible; PetalBot;+https://webmaster.petalsearch.com/site/petalbot)" "brainbox.co.in"
114.119.145.160 - - [04/Nov/2022:03:35:49 -0700] "GET /PDFContent/03%20CBSE/05%20Class%20X/Chemistry/ HTTP/1.1" 200 465 "https://brainbox.co.in/PDFContent/03%20CBSE/05%20Class%20X/Chemistry/CHEMICAL%20REACTIONS%20&%20EQUATIONS/?C=D%3BO%3DA" "Mozilla/5.0 (Linux; Android 7.0;) AppleWebKit/537.36 (KHTML, like Gecko) Mobile Safari/537.36 (compatible; PetalBot;+https://webmaster.petalsearch.com/site/petalbot)" "brainbox.co.in"
51.222.253.1 - - [04/Nov/2022:03:37:14 -0700] "GET /PDFContent/03%20CBSE/02%20Class%20VII/Science/WINDS%20STORMS%20AND%20CYCLONES/?C=N;O=A HTTP/1.1" 200 516 "-" "Mozilla/5.0 (compatible; AhrefsBot/7.0; +http://ahrefs.com/robot/)" "brainbox.co.in"
114.119.145.160 - - [04/Nov/2022:03:40:57 -0700] "GET /PDFContent/02%20APSB/06%20Class%20XI/English/?C=N%3BO%3DD HTTP/1.1" 200 354 "https://brainbox.co.in/PDFContent/02%20APSB/06%20Class%20XI/English/?C=D%3BO%3DA" "Mozilla/5.0 (Linux; Android 7.0;) AppleWebKit/537.36 (KHTML, like Gecko) Mobile Safari/537.36 (compatible; PetalBot;+https://webmaster.petalsearch.com/site/petalbot)" "brainbox.co.in"
114.119.145.174 - - [04/Nov/2022:03:45:50 -0700] "GET /PDFContent/01%20TSB/02%20Class%20VII/Science/HEAT%20-%20MEASUREMENT/ HTTP/1.1" 200 499 "https://brainbox.co.in/PDFContent/01%20TSB/02%20Class%20VII/Science/?C=M%3BO%3DA" "Mozilla/5.0 (Linux; Android 7.0;) AppleWebKit/537.36 (KHTML, like Gecko) Mobile Safari/537.36 (compatible; PetalBot;+https://webmaster.petalsearch.com/site/petalbot)" "brainbox.co.in"
114.119.145.160 - - [04/Nov/2022:03:50:49 -0700] "GET /PDFContent/03%20CBSE/05%20Class%20X/Hindi/Kshitij/LS13/CBSE_X_HINDI_LS13_Maanveey%20Karuna%20Kaa%20Divya_CUE_WORDS.pdf HTTP/1.1" 200 396023 "https://brainbox.co.in/PDFContent/03%20CBSE/05%20Class%20X/Hindi/Kshitij/LS13/?C=S%3BO%3DA" "Mozilla/5.0 (Linux; Android 7.0;) AppleWebKit/537.36 (KHTML, like Gecko) Mobile Safari/537.36 (compatible; PetalBot;+https://webmaster.petalsearch.com/site/petalbot)" "brainbox.co.in"
51.222.253.5 - - [04/Nov/2022:03:51:04 -0700] "GET /PDFContent/Beetle/CLASS%20III/SOCIAL/SEM%201/?C=N;O=A HTTP/1.1" 200 725 "-" "Mozilla/5.0 (compatible; AhrefsBot/7.0; +http://ahrefs.com/robot/)" "brainbox.co.in"
114.119.145.187 - - [04/Nov/2022:03:55:50 -0700] "GET /PDFContent/01%20TSB/05%20Class%20X/Biology/RESPIRATION/Respiration_T03_Aeorobic%20&%20Anaerobic%20respiration.pdf HTTP/1.1" 200 351378 "https://brainbox.co.in/PDFContent/01%20TSB/05%20Class%20X/Biology/RESPIRATION/" "Mozilla/5.0 (Linux; Android 7.0;) AppleWebKit/537.36 (KHTML, like Gecko) Mobile Safari/537.36 (compatible; PetalBot;+https://webmaster.petalsearch.com/site/petalbot)" "brainbox.co.in"
114.119.145.187 - - [04/Nov/2022:04:00:58 -0700] "GET /PDFContent/02%20APSB/07%20Class%20XII/Telugu/?C=D%3BO%3DA HTTP/1.1" 200 356 "https://brainbox.co.in/PDFContent/02%20APSB/07%20Class%20XII/Telugu/?C=M%3BO%3DA" "Mozilla/5.0 (Linux; Android 7.0;) AppleWebKit/537.36 (KHTML, like Gecko) Mobile Safari/537.36 (compatible; PetalBot;+https://webmaster.petalsearch.com/site/petalbot)" "brainbox.co.in"
51.222.253.12 - - [04/Nov/2022:04:02:41 -0700] "GET /PDFContent/Beetle/CLASS%20III/SOCIAL/SEM%202/?C=D;O=A HTTP/1.1" 200 677 "-" "Mozilla/5.0 (compatible; AhrefsBot/7.0; +http://ahrefs.com/robot/)" "brainbox.co.in"
114.119.145.160 - - [04/Nov/2022:04:05:51 -0700] "GET /PDFContent/03%20CBSE/04%20Class%20IX/Physics/Motion/Equations%20of%20Motion HTTP/1.1" 200 249117 "https://brainboxschool.com/material/CBSE/IX/Physics/MOTION.html" "Mozilla/5.0 (Linux; Android 7.0;) AppleWebKit/537.36 (KHTML, like Gecko) Mobile Safari/537.36 (compatible; PetalBot;+https://webmaster.petalsearch.com/site/petalbot)" "brainbox.co.in"
51.222.253.3 - - [04/Nov/2022:04:07:37 -0700] "GET /PDFContent/Beetle/CLASS%20III/SOCIAL/SEM%202/?C=N;O=D HTTP/1.1" 200 678 "-" "Mozilla/5.0 (compatible; AhrefsBot/7.0; +http://ahrefs.com/robot/)" "brainbox.co.in"
51.222.253.18 - - [04/Nov/2022:04:10:01 -0700] "GET /PDFContent/Beetle/CLASS%20III/SOCIAL/SEM%202/?C=S;O=A HTTP/1.1" 200 684 "-" "Mozilla/5.0 (compatible; AhrefsBot/7.0; +http://ahrefs.com/robot/)" "brainbox.co.in"
114.119.145.175 - - [04/Nov/2022:04:10:51 -0700] "GET /PDFContent/03%20CBSE/07%20Class%20XII/Physics/CURRENT%20ELECTRICITY/?C=M%3BO%3DA HTTP/1.1" 200 650 "https://brainbox.co.in/PDFContent/03%20CBSE/07%20Class%20XII/Physics/CURRENT%20ELECTRICITY/" "Mozilla/5.0 (Linux; Android 7.0;) AppleWebKit/537.36 (KHTML, like Gecko) Mobile Safari/537.36 (compatible; PetalBot;+https://webmaster.petalsearch.com/site/petalbot)" "brainbox.co.in"
51.222.253.19 - - [04/Nov/2022:04:12:21 -0700] "GET /PDFContent/03%20CBSE/02%20Class%20VII/Science/TRASPORTATION%20IN%20ANIMALS%20%20AND%20PLANTS/?C=M;O=D HTTP/1.1" 200 454 "-" "Mozilla/5.0 (compatible; AhrefsBot/7.0; +http://ahrefs.com/robot/)" "brainbox.co.in"
51.222.253.17 - - [04/Nov/2022:04:13:18 -0700] "GET /PDFContent/03%20CBSE/05%20Class%20X/Physics/SOURCE%20OF%20ENERGY/?C=D;O=D HTTP/1.1" 200 637 "-" "Mozilla/5.0 (compatible; AhrefsBot/7.0; +http://ahrefs.com/robot/)" "brainbox.co.in"
51.222.253.14 - - [04/Nov/2022:04:15:44 -0700] "GET /PDFContent/03%20CBSE/05%20Class%20X/Physics/SOURCE%20OF%20ENERGY/?C=M;O=D HTTP/1.1" 200 637 "-" "Mozilla/5.0 (compatible; AhrefsBot/7.0; +http://ahrefs.com/robot/)" "brainbox.co.in"
114.119.135.132 - - [04/Nov/2022:04:15:53 -0700] "GET /PDFContent/01%20TSB/03%20Class%20VIII/English/LS3B/?C=D%3BO%3DA HTTP/1.1" 200 542 "https://brainbox.co.in/PDFContent/01%20TSB/03%20Class%20VIII/English/LS3B/?C=S%3BO%3DA" "Mozilla/5.0 (Linux; Android 7.0;) AppleWebKit/537.36 (KHTML, like Gecko) Mobile Safari/537.36 (compatible; PetalBot;+https://webmaster.petalsearch.com/site/petalbot)" "brainbox.co.in"
51.222.253.14 - - [04/Nov/2022:04:19:02 -0700] "GET /PDFContent/03%20CBSE/05%20Class%20X/Physics/SOURCE%20OF%20ENERGY/?C=S;O=D HTTP/1.1" 200 638 "-" "Mozilla/5.0 (compatible; AhrefsBot/7.0; +http://ahrefs.com/robot/)" "brainbox.co.in"
51.222.253.3 - - [04/Nov/2022:04:19:58 -0700] "GET /PDFContent/03%20CBSE/02%20Class%20VII/Science/?C=D;O=A HTTP/1.1" 200 833 "-" "Mozilla/5.0 (compatible; AhrefsBot/7.0; +http://ahrefs.com/robot/)" "brainbox.co.in"
51.222.253.11 - - [04/Nov/2022:04:20:24 -0700] "GET /PDFContent/03%20CBSE/02%20Class%20VII/Science/?C=M;O=A HTTP/1.1" 200 827 "-" "Mozilla/5.0 (compatible; AhrefsBot/7.0; +http://ahrefs.com/robot/)" "brainbox.co.in"
51.222.253.3 - - [04/Nov/2022:04:20:36 -0700] "GET /PDFContent/03%20CBSE/02%20Class%20VII/Science/?C=S;O=A HTTP/1.1" 200 833 "-" "Mozilla/5.0 (compatible; AhrefsBot/7.0; +http://ahrefs.com/robot/)" "brainbox.co.in"
51.222.253.3 - - [04/Nov/2022:04:20:40 -0700] "GET /PDFContent/03%20CBSE/02%20Class%20VII/Science/ACIDS%20BASES%20AND%20SALTS/ HTTP/1.1" 200 530 "-" "Mozilla/5.0 (compatible; AhrefsBot/7.0; +http://ahrefs.com/robot/)" "brainbox.co.in"
51.222.253.7 - - [04/Nov/2022:04:20:42 -0700] "GET /PDFContent/03%20CBSE/02%20Class%20VII/Science/FIBRE%20TO%20FABRIC/ HTTP/1.1" 200 621 "-" "Mozilla/5.0 (compatible; AhrefsBot/7.0; +http://ahrefs.com/robot/)" "brainbox.co.in"
51.222.253.6 - - [04/Nov/2022:04:20:43 -0700] "GET /PDFContent/03%20CBSE/02%20Class%20VII/Science/MOTION%20AND%20TIME/ HTTP/1.1" 200 526 "-" "Mozilla/5.0 (compatible; AhrefsBot/7.0; +http://ahrefs.com/robot/)" "brainbox.co.in"
51.222.253.16 - - [04/Nov/2022:04:20:48 -0700] "GET /PDFContent/03%20CBSE/02%20Class%20VII/Science/NUTRITION%20IN%20PLANTS/ HTTP/1.1" 200 461 "-" "Mozilla/5.0 (compatible; AhrefsBot/7.0; +http://ahrefs.com/robot/)" "brainbox.co.in"
114.119.145.175 - - [04/Nov/2022:04:20:50 -0700] "GET /PDFContent/CBSE_X_HINDI_LS02_GEORGE%20PANCHAM%20KEE%20NAAK_GLOSSARY.pdf HTTP/1.1" 200 309768 "https://brainbox.co.in/PDFContent/" "Mozilla/5.0 (Linux; Android 7.0;) AppleWebKit/537.36 (KHTML, like Gecko) Mobile Safari/537.36 (compatible; PetalBot;+https://webmaster.petalsearch.com/site/petalbot)" "brainbox.co.in"
51.222.253.10 - - [04/Nov/2022:04:20:51 -0700] "GET /PDFContent/03%20CBSE/02%20Class%20VII/Science/REPRODUCTION%20IN%20PLANTS/ HTTP/1.1" 200 450 "-" "Mozilla/5.0 (compatible; AhrefsBot/7.0; +http://ahrefs.com/robot/)" "brainbox.co.in"
51.222.253.11 - - [04/Nov/2022:04:20:53 -0700] "GET /PDFContent/03%20CBSE/02%20Class%20VII/Science/TEXTBOOK%20EXAMPLES/ HTTP/1.1" 200 734 "-" "Mozilla/5.0 (compatible; AhrefsBot/7.0; +http://ahrefs.com/robot/)" "brainbox.co.in"
51.222.253.14 - - [04/Nov/2022:04:20:56 -0700] "GET /PDFContent/03%20CBSE/02%20Class%20VII/Science/WASTE%20WATER%20STORY/ HTTP/1.1" 200 514 "-" "Mozilla/5.0 (compatible; AhrefsBot/7.0; +http://ahrefs.com/robot/)" "brainbox.co.in"
51.222.253.15 - - [04/Nov/2022:04:20:56 -0700] "GET /PDFContent/03%20CBSE/02%20Class%20VII/Science/WATER%20A%20PRECIOUS%20RESOURCE/ HTTP/1.1" 200 507 "-" "Mozilla/5.0 (compatible; AhrefsBot/7.0; +http://ahrefs.com/robot/)" "brainbox.co.in"
51.222.253.20 - - [04/Nov/2022:04:22:48 -0700] "GET /PDFContent/01%20TSB/02%20Class%20VII/Science/ELECTRICITY/?C=N;O=D HTTP/1.1" 200 575 "-" "Mozilla/5.0 (compatible; AhrefsBot/7.0; +http://ahrefs.com/robot/)" "brainbox.co.in"
