114.119.145.160 - - [04/Nov/2022:04:25:53 -0700] "GET /PDFContent/01%20TSB/02%20Class%20VII/Hindi/ HTTP/1.1" 200 458 "https://brainbox.co.in/PDFContent/01%20TSB/02%20Class%20VII/Hindi/ques%20&%20ans/?C=D%3BO%3DA" "Mozilla/5.0 (Linux; Android 7.0;) AppleWebKit/537.36 (KHTML, like Gecko) Mobile Safari/537.36 (compatible; PetalBot;+https://webmaster.petalsearch.com/site/petalbot)" "brainbox.co.in"
51.222.253.16 - - [04/Nov/2022:04:27:16 -0700] "GET /PDFContent/Beetle/CLASS%20I/ENGLISH%201-2/?C=N;O=A HTTP/1.1" 200 623 "-" "Mozilla/5.0 (compatible; AhrefsBot/7.0; +http://ahrefs.com/robot/)" "brainbox.co.in"
114.119.145.187 - - [04/Nov/2022:04:30:51 -0700] "GET /PDFContent/04%20ICSE/02%20Class%20VII/English/?C=N%3BO%3DD HTTP/1.1" 200 354 "https://brainbox.co.in/PDFContent/04%20ICSE/02%20Class%20VII/English/" "Mozilla/5.0 (Linux; Android 7.0;) AppleWebKit/537.36 (KHTML, like Gecko) Mobile Safari/537.36 (compatible; PetalBot;+https://webmaster.petalsearch.com/site/petalbot)" "brainbox.co.in"
51.222.253.19 - - [04/Nov/2022:04:32:08 -0700] "GET /PDFContent/04%20ICSE/04%20Class%20IX/?C=N;O=D HTTP/1.1" 200 460 "-" "Mozilla/5.0 (compatible; AhrefsBot/7.0; +http://ahrefs.com/robot/)" "brainbox.co.in"
114.119.145.174 - - [04/Nov/2022:04:35:52 -0700] "GET /PDFContent/02%20APSB/06%20Class%20XI/Physics/?C=S%3BO%3DA HTTP/1.1" 200 354 "https://brainbox.co.in/PDFContent/02%20APSB/06%20Class%20XI/Physics/?C=D%3BO%3DA" "Mozilla/5.0 (Linux; Android 7.0;) AppleWebKit/537.36 (KHTML, like Gecko) Mobile Safari/537.36 (compatible; PetalBot;+https://webmaster.petalsearch.com/site/petalbot)" "brainbox.co.in"
114.119.145.160 - - [04/Nov/2022:04:40:52 -0700] "GET /PDFContent/03%20CBSE/04%20Class%20IX/Biology/Fundamental%20Unit%20of%20Life/Cell%20Wall.pdf HTTP/1.1" 200 225715 "https://brainbox.co.in/PDFContent/03%20CBSE/04%20Class%20IX/Biology/Fundamental%20Unit%20of%20Life/?C=M%3BO%3DA" "Mozilla/5.0 (Linux; Android 7.0;) AppleWebKit/537.36 (KHTML, like Gecko) Mobile Safari/537.36 (compatible; PetalBot;+https://webmaster.petalsearch.com/site/petalbot)" "brainbox.co.in"
51.222.253.14 - - [04/Nov/2022:04:41:51 -0700] "GET /PDFContent/01%20TSB/06%20Class%20XI/Sanskrit/?C=D;O=A HTTP/1.1" 200 354 "-" "Mozilla/5.0 (compatible; AhrefsBot/7.0; +http://ahrefs.com/robot/)" "brainbox.co.in"
192.99.35.94 - - [04/Nov/2022:04:43:00 -0700] "GET /robots.txt HTTP/1.1" 404 73 "-" "Mozilla/5.0 (compatible; MJ12bot/v1.4.8; http://mj12bot.com/)" "brainbox.co.in"
192.99.35.94 - - [04/Nov/2022:04:43:01 -0700] "GET /SchoolERP/ HTTP/1.1" 200 2322 "-" "Mozilla/5.0 (compatible; MJ12bot/v1.4.8; http://mj12bot.com/)" "brainbox.co.in"
114.119.145.187 - - [04/Nov/2022:04:45:54 -0700] "GET /PDFContent/SPECIAL%20CROUSE/Part%204%20MECHANICS%20OF%20WRITING/3_NUMBERS.pdf HTTP/1.1" 200 216011 "https://brainbox.co.in/PDFContent/SPECIAL%20CROUSE/Part%204%20MECHANICS%20OF%20WRITING/?C=M%3BO%3DA" "Mozilla/5.0 (Linux; Android 7.0;) AppleWebKit/537.36 (KHTML, like Gecko) Mobile Safari/537.36 (compatible; PetalBot;+https://webmaster.petalsearch.com/site/petalbot)" "brainbox.co.in"
114.119.145.160 - - [04/Nov/2022:04:50:50 -0700] "GET /PDFContent/03%20CBSE/05%20Class%20X/Biology/Our%20Environment/Magnification%20and%20Ozone%20layer.pdf HTTP/1.1" 200 455584 "https://brainbox.co.in/PDFContent/03%20CBSE/05%20Class%20X/Biology/Our%20Environment/" "Mozilla/5.0 (Linux; Android 7.0;) AppleWebKit/537.36 (KHTML, like Gecko) Mobile Safari/537.36 (compatible; PetalBot;+https://webmaster.petalsearch.com/site/petalbot)" "brainbox.co.in"
51.222.253.11 - - [04/Nov/2022:04:50:56 -0700] "GET /PDFContent/01%20TSB/06%20Class%20XI/Sanskrit/?C=M;O=A HTTP/1.1" 200 354 "-" "Mozilla/5.0 (compatible; AhrefsBot/7.0; +http://ahrefs.com/robot/)" "brainbox.co.in"
114.119.145.187 - - [04/Nov/2022:04:55:50 -0700] "GET /PDFContent/01%20TSB/07%20Class%20XII/Hindi/ HTTP/1.1" 200 353 "https://brainbox.co.in/PDFContent/01%20TSB/07%20Class%20XII/?C=S%3BO%3DA" "Mozilla/5.0 (Linux; Android 7.0;) AppleWebKit/537.36 (KHTML, like Gecko) Mobile Safari/537.36 (compatible; PetalBot;+https://webmaster.petalsearch.com/site/petalbot)" "brainbox.co.in"
51.222.253.14 - - [04/Nov/2022:04:59:36 -0700] "GET /PDFContent/01%20TSB/02%20Class%20VII/Science/MOTION%20AND%20TIME/?C=N;O=D HTTP/1.1" 200 496 "-" "Mozilla/5.0 (compatible; AhrefsBot/7.0; +http://ahrefs.com/robot/)" "brainbox.co.in"
114.119.145.174 - - [04/Nov/2022:05:00:56 -0700] "GET /PDFContent/03%20CBSE/05%20Class%20X/Hindi/SPARSH/LS02/CBSE_X_HINDI_10B_LS02_MEERA%20KE%20_PAD_INTRODUCTION.pdf HTTP/1.1" 200 200624 "https://brainbox.co.in/PDFContent/03%20CBSE/05%20Class%20X/Hindi/SPARSH/LS02/?C=N%3BO%3DD" "Mozilla/5.0 (Linux; Android 7.0;) AppleWebKit/537.36 (KHTML, like Gecko) Mobile Safari/537.36 (compatible; PetalBot;+https://webmaster.petalsearch.com/site/petalbot)" "brainbox.co.in"
114.119.135.132 - - [04/Nov/2022:05:05:58 -0700] "GET /PDFContent/01%20TSB/03%20Class%20VIII/English/LS8B/?C=S%3BO%3DA HTTP/1.1" 200 515 "https://brainbox.co.in/PDFContent/01%20TSB/03%20Class%20VIII/English/LS8B/" "Mozilla/5.0 (Linux; Android 7.0;) AppleWebKit/537.36 (KHTML, like Gecko) Mobile Safari/537.36 (compatible; PetalBot;+https://webmaster.petalsearch.com/site/petalbot)" "brainbox.co.in"
51.222.253.15 - - [04/Nov/2022:05:08:46 -0700] "GET /PDFContent/01%20TSB/06%20Class%20XI/Sanskrit/?C=S;O=A HTTP/1.1" 200 354 "-" "Mozilla/5.0 (compatible; AhrefsBot/7.0; +http://ahrefs.com/robot/)" "brainbox.co.in"
114.119.135.132 - - [04/Nov/2022:05:10:51 -0700] "GET /PDFContent/03%20CBSE/07%20Class%20XII/Physics/ELECTRIC%20CHARGES%20AND%20FIELDS/CBSE_XII_PHYSCIS_LS01_ELECTRIC%20CHARGES%20AND%20FIELDS_PROB_06.pdf HTTP/1.1" 200 196579 "https://brainbox.co.in/PDFContent/03%20CBSE/07%20Class%20XII/Physics/ELECTRIC%20CHARGES%20AND%20FIELDS/?C=S%3BO%3DA" "Mozilla/5.0 (Linux; Android 7.0;) AppleWebKit/537.36 (KHTML, like Gecko) Mobile Safari/537.36 (compatible; PetalBot;+https://webmaster.petalsearch.com/site/petalbot)" "brainbox.co.in"
52.15.233.197 - - [04/Nov/2022:05:11:15 -0700] "GET /~richard/templates/beez/US/uk/paypal/login.htm HTTP/1.1" 404 73 "-" "Mozilla/5.0 (Macintosh; Intel Mac OS X 10_10_5) AppleWebKit/537.36 (KHTML, like Gecko) Chrome/52.0.2743.116 Safari/537.36" "brainbox.co.in"
114.119.145.175 - - [04/Nov/2022:05:15:53 -0700] "GET /PDFContent/03%20CBSE/05%20Class%20X/Hindi/SPARSH/LS12/?C=S%3BO%3DA HTTP/1.1" 200 534 "https://brainbox.co.in/PDFContent/03%20CBSE/05%20Class%20X/Hindi/SPARSH/LS12/" "Mozilla/5.0 (Linux; Android 7.0;) AppleWebKit/537.36 (KHTML, like Gecko) Mobile Safari/537.36 (compatible; PetalBot;+https://webmaster.petalsearch.com/site/petalbot)" "brainbox.co.in"
51.222.253.13 - - [04/Nov/2022:05:18:21 -0700] "GET /PDFContent/03%20CBSE/02%20Class%20VII/Science/?C=N;O=D HTTP/1.1" 200 824 "-" "Mozilla/5.0 (compatible; AhrefsBot/7.0; +http://ahrefs.com/robot/)" "brainbox.co.in"
114.119.145.175 - - [04/Nov/2022:05:20:51 -0700] "GET /PDFContent/04%20ICSE/05%20Class%20X/Sanskrit/?C=D%3BO%3DA HTTP/1.1" 200 354 "https://brainbox.co.in/PDFContent/04%20ICSE/05%20Class%20X/Sanskrit/" "Mozilla/5.0 (Linux; Android 7.0;) AppleWebKit/537.36 (KHTML, like Gecko) Mobile Safari/537.36 (compatible; PetalBot;+https://webmaster.petalsearch.com/site/petalbot)" "brainbox.co.in"
5.255.253.112 - - [04/Nov/2022:05:21:44 -0700] "GET /robots.txt HTTP/1.1" 404 73 "-" "Mozilla/5.0 (compatible; YandexBot/3.0; +http://yandex.com/bots)" "brainbox.co.in"
5.255.253.172 - - [04/Nov/2022:05:21:48 -0700] "GET /PDFContent/Beetle/CLASS%20V/SOCIAL/SEM%201/LESSON%205.%20DESERT%20CLIMATE%20-%20SAUDI%20ARABIA.pdf HTTP/1.1" 200 121049 "-" "Mozilla/5.0 (compatible; YandexBot/3.0; +http://yandex.com/bots)" "brainbox.co.in"
114.119.145.174 - - [04/Nov/2022:05:25:51 -0700] "GET /PDFContent/01%20TSB/03%20Class%20VIII/English/TSBoard_English_VIII_LS3C_Glossary.pdf HTTP/1.1" 200 94172 "https://brainbox.co.in/PDFContent/01%20TSB/03%20Class%20VIII/English/" "Mozilla/5.0 (Linux; Android 7.0;) AppleWebKit/537.36 (KHTML, like Gecko) Mobile Safari/537.36 (compatible; PetalBot;+https://webmaster.petalsearch.com/site/petalbot)" "brainbox.co.in"
51.222.253.1 - - [04/Nov/2022:05:29:49 -0700] "GET /PDFContent/03%20CBSE/03%20Class%20VIII/Physics/Light/?C=N;O=D HTTP/1.1" 200 514 "-" "Mozilla/5.0 (compatible; AhrefsBot/7.0; +http://ahrefs.com/robot/)" "brainbox.co.in"
114.119.145.174 - - [04/Nov/2022:05:30:55 -0700] "GET /PDFContent/ANIMAL%20FIBRE_INTRODUCTION_P1.pdf HTTP/1.1" 200 355472 "https://brainbox.co.in/PDFContent/" "Mozilla/5.0 (Linux; Android 7.0;) AppleWebKit/537.36 (KHTML, like Gecko) Mobile Safari/537.36 (compatible; PetalBot;+https://webmaster.petalsearch.com/site/petalbot)" "brainbox.co.in"
114.119.135.132 - - [04/Nov/2022:05:35:53 -0700] "GET /PDFContent/03%20CBSE/05%20Class%20X/Telugu/?C=S%3BO%3DA HTTP/1.1" 200 353 "https://brainbox.co.in/PDFContent/03%20CBSE/05%20Class%20X/Telugu/?C=N%3BO%3DD" "Mozilla/5.0 (Linux; Android 7.0;) AppleWebKit/537.36 (KHTML, like Gecko) Mobile Safari/537.36 (compatible; PetalBot;+https://webmaster.petalsearch.com/site/petalbot)" "brainbox.co.in"
51.222.253.1 - - [04/Nov/2022:05:37:55 -0700] "GET /PDFContent/03%20CBSE/02%20Class%20VII/Science/WEATHER%20CLIMATE%20AND%20ADAPTATIONS/?C=D;O=D HTTP/1.1" 200 516 "-" "Mozilla/5.0 (compatible; AhrefsBot/7.0; +http://ahrefs.com/robot/)" "brainbox.co.in"
114.119.145.174 - - [04/Nov/2022:05:40:51 -0700] "GET /PDFContent/01%20TSB/03%20Class%20VIII/English/TSBoard_English_VIII_LS3A_Introduction.pdf HTTP/1.1" 200 165574 "https://brainboxschool.com/material/TSB/VIII/English/3A_The_Selfish_Giant.html" "Mozilla/5.0 (Linux; Android 7.0;) AppleWebKit/537.36 (KHTML, like Gecko) Mobile Safari/537.36 (compatible; PetalBot;+https://webmaster.petalsearch.com/site/petalbot)" "brainbox.co.in"
114.119.145.175 - - [04/Nov/2022:05:45:51 -0700] "GET /PDFContent/03%20CBSE/05%20Class%20X/Physics/REFLECTION%20AND%20REFRACTION/CBSE_X_PHYSCIS_LS10_REFLECTION%20&%20REFRACTION_FORMATION%20OF%20IMAGE%20DUE%20TO%20CONVEX%20MIRROR.pdf HTTP/1.1" 200 334698 "https://brainboxschool.com/material/CBSE/X/Physics/REFLECTION_&_REFRACTION.html" "Mozilla/5.0 (Linux; Android 7.0;) AppleWebKit/537.36 (KHTML, like Gecko) Mobile Safari/537.36 (compatible; PetalBot;+https://webmaster.petalsearch.com/site/petalbot)" "brainbox.co.in"
51.222.253.19 - - [04/Nov/2022:05:46:12 -0700] "GET /PDFContent/03%20CBSE/05%20Class%20X/Maths/?C=N;O=A HTTP/1.1" 200 1227 "-" "Mozilla/5.0 (compatible; AhrefsBot/7.0; +http://ahrefs.com/robot/)" "brainbox.co.in"
114.119.145.174 - - [04/Nov/2022:05:50:51 -0700] "GET /PDFContent/03%20CBSE/03%20Class%20VIII/Biology/Reproduction%20in%20Animals/Female%20Animals%20basically%20two%20types HTTP/1.1" 200 345794 "https://brainboxschool.com/material/CBSE/VIII/Biology/REPRODUCTION_IN_ANIMALS.html" "Mozilla/5.0 (Linux; Android 7.0;) AppleWebKit/537.36 (KHTML, like Gecko) Mobile Safari/537.36 (compatible; PetalBot;+https://webmaster.petalsearch.com/site/petalbot)" "brainbox.co.in"
51.222.253.20 - - [04/Nov/2022:05:52:28 -0700] "GET /PDFContent/03%20CBSE/05%20Class%20X/Biology/Our%20Environment/?C=S;O=A HTTP/1.1" 200 553 "-" "Mozilla/5.0 (compatible; AhrefsBot/7.0; +http://ahrefs.com/robot/)" "brainbox.co.in"
3.101.149.174 - - [04/Nov/2022:05:54:05 -0700] "GET /~richard/templates/beez/US/uk/paypal/login.htm HTTP/1.1" 404 73 "-" "Mozilla/5.0 (Macintosh; Intel Mac OS X 10_10_5) AppleWebKit/537.36 (KHTML, like Gecko) Chrome/52.0.2743.116 Safari/537.36" "brainbox.co.in"
157.55.39.67 - - [04/Nov/2022:05:55:37 -0700] "GET /PDFContent/03%20CBSE/07%20Class%20XII/Physics/ELECTRIC%20CHARGES%20AND%20FIELDS/CBSE_XII_PHYSCIS_LS01_ELECTRIC%20CHARGES%20AND%20FIELDS_PROB_05.pdf HTTP/1.1" 200 271053 "-" "Mozilla/5.0 (compatible; bingbot/2.0; +http://www.bing.com/bingbot.htm)" "brainbox.co.in"
114.119.145.160 - - [04/Nov/2022:05:55:54 -0700] "GET /PDFContent/01%20TSB/03%20Class%20VIII/English/LS8B/TSB_VIII_ENGLISH_LS08B_BE%20THANKFUL_Glossary.pdf HTTP/1.1" 200 248443 "https://brainbox.co.in/PDFContent/01%20TSB/03%20Class%20VIII/English/LS8B/?C=S%3BO%3DA" "Mozilla/5.0 (Linux; Android 7.0;) AppleWebKit/537.36 (KHTML, like Gecko) Mobile Safari/537.36 (compatible; PetalBot;+https://webmaster.petalsearch.com/site/petalbot)" "brainbox.co.in"
51.222.253.7 - - [04/Nov/2022:06:00:17 -0700] "GET /PDFContent/03%20CBSE/03%20Class%20VIII/Physics/Light/?C=M;O=D HTTP/1.1" 200 514 "-" "Mozilla/5.0 (compatible; AhrefsBot/7.0; +http://ahrefs.com/robot/)" "brainbox.co.in"
114.119.145.174 - - [04/Nov/2022:06:00:51 -0700] "GET /PDFContent/01%20TSB/03%20Class%20VIII/English/TSBoard_English_VIII_LS3B_Morals.pdf.pdf HTTP/1.1" 200 91657 "https://brainbox.co.in/PDFContent/01%20TSB/03%20Class%20VIII/English/" "Mozilla/5.0 (Linux; Android 7.0;) AppleWebKit/537.36 (KHTML, like Gecko) Mobile Safari/537.36 (compatible; PetalBot;+https://webmaster.petalsearch.com/site/petalbot)" "brainbox.co.in"
51.222.253.20 - - [04/Nov/2022:06:01:23 -0700] "GET /PDFContent/03%20CBSE/05%20Class%20X/Physics/MAGNETIC%20EFFECTS%20OF%20ELECTRIC%20CURRENT/?C=S;O=A HTTP/1.1" 200 657 "-" "Mozilla/5.0 (compatible; AhrefsBot/7.0; +http://ahrefs.com/robot/)" "brainbox.co.in"
51.222.253.12 - - [04/Nov/2022:06:02:21 -0700] "GET /PDFContent/03%20CBSE/03%20Class%20VIII/Chemistry/CHEMICAL%20EFFECTS%20OF%20ELECTRIC%20CURRENT/?C=D;O=D HTTP/1.1" 200 547 "-" "Mozilla/5.0 (compatible; AhrefsBot/7.0; +http://ahrefs.com/robot/)" "brainbox.co.in"
51.222.253.13 - - [04/Nov/2022:06:03:05 -0700] "GET /PDFContent/03%20CBSE/02%20Class%20VII/Science/ELECTRIC%20CURRENT%20AND%20ITS%20EFFECTS/?C=D;O=A HTTP/1.1" 200 630 "-" "Mozilla/5.0 (compatible; AhrefsBot/7.0; +http://ahrefs.com/robot/)" "brainbox.co.in"
51.222.253.16 - - [04/Nov/2022:06:04:17 -0700] "GET /PDFContent/03%20CBSE/03%20Class%20VIII/English/SUPPLEMENTARY/HOW%20THE%20CAMEL%20GOT%20HIS%20HUMP/?C=S;O=D HTTP/1.1" 200 547 "-" "Mozilla/5.0 (compatible; AhrefsBot/7.0; +http://ahrefs.com/robot/)" "brainbox.co.in"
51.222.253.6 - - [04/Nov/2022:06:04:57 -0700] "GET /PDFContent/01%20TSB/05%20Class%20X/Physics/LS10_Electromagnetism/?C=S;O=A HTTP/1.1" 200 651 "-" "Mozilla/5.0 (compatible; AhrefsBot/7.0; +http://ahrefs.com/robot/)" "brainbox.co.in"
114.119.145.160 - - [04/Nov/2022:06:05:53 -0700] "GET /PDFContent/01%20TSB/03%20Class%20VIII/English/LS1A/ HTTP/1.1" 200 607 "https://brainbox.co.in/PDFContent/01%20TSB/03%20Class%20VIII/English/LS1A/New/?C=N%3BO%3DD" "Mozilla/5.0 (Linux; Android 7.0;) AppleWebKit/537.36 (KHTML, like Gecko) Mobile Safari/537.36 (compatible; PetalBot;+https://webmaster.petalsearch.com/site/petalbot)" "brainbox.co.in"
114.119.145.160 - - [04/Nov/2022:06:10:54 -0700] "GET /PDFContent/02%20APSB/05%20Class%20X/English/?C=N%3BO%3DD HTTP/1.1" 200 354 "https://brainbox.co.in/PDFContent/02%20APSB/05%20Class%20X/English/" "Mozilla/5.0 (Linux; Android 7.0;) AppleWebKit/537.36 (KHTML, like Gecko) Mobile Safari/537.36 (compatible; PetalBot;+https://webmaster.petalsearch.com/site/petalbot)" "brainbox.co.in"
114.119.135.132 - - [04/Nov/2022:06:15:56 -0700] "GET /PDFContent/SPECIAL%20CROUSE/Part%201%20Grammar%20Essentials/STD_IX/UNIT-2.pdf HTTP/1.1" 200 268564 "https://brainbox.co.in/PDFContent/SPECIAL%20CROUSE/Part%201%20Grammar%20Essentials/STD_IX/?C=D%3BO%3DA" "Mozilla/5.0 (Linux; Android 7.0;) AppleWebKit/537.36 (KHTML, like Gecko) Mobile Safari/537.36 (compatible; PetalBot;+https://webmaster.petalsearch.com/site/petalbot)" "brainbox.co.in"
114.119.145.160 - - [04/Nov/2022:06:20:54 -0700] "GET /PDFContent/01%20TSB/07%20Class%20XII/Sanskrit/?C=M%3BO%3DA HTTP/1.1" 200 355 "https://brainbox.co.in/PDFContent/01%20TSB/07%20Class%20XII/Sanskrit/" "Mozilla/5.0 (Linux; Android 7.0;) AppleWebKit/537.36 (KHTML, like Gecko) Mobile Safari/537.36 (compatible; PetalBot;+https://webmaster.petalsearch.com/site/petalbot)" "brainbox.co.in"
51.222.253.4 - - [04/Nov/2022:06:24:41 -0700] "GET /PDFContent/02%20APSB/02%20Class%20VII/Chemistry/?C=N;O=D HTTP/1.1" 200 353 "-" "Mozilla/5.0 (compatible; AhrefsBot/7.0; +http://ahrefs.com/robot/)" "brainbox.co.in"
114.119.145.174 - - [04/Nov/2022:06:25:56 -0700] "GET /PDFContent/Beetle/CLASS%20V/MATHEMATICS/SEM%202/Lesson%204.%20Perimeter%20and%20Area.pdf HTTP/1.1" 200 142242 "https://brainbox.co.in/PDFContent/Beetle/CLASS%20V/MATHEMATICS/SEM%202/?C=S%3BO%3DA" "Mozilla/5.0 (Linux; Android 7.0;) AppleWebKit/537.36 (KHTML, like Gecko) Mobile Safari/537.36 (compatible; PetalBot;+https://webmaster.petalsearch.com/site/petalbot)" "brainbox.co.in"
114.119.145.174 - - [04/Nov/2022:06:30:51 -0700] "GET /PDFContent/01%20TSB/02%20Class%20VII/Telugu/?C=S%3BO%3DA HTTP/1.1" 200 353 "https://brainbox.co.in/PDFContent/01%20TSB/02%20Class%20VII/Telugu/?C=M%3BO%3DA" "Mozilla/5.0 (Linux; Android 7.0;) AppleWebKit/537.36 (KHTML, like Gecko) Mobile Safari/537.36 (compatible; PetalBot;+https://webmaster.petalsearch.com/site/petalbot)" "brainbox.co.in"
114.119.145.187 - - [04/Nov/2022:06:35:54 -0700] "GET /PDFContent/Beetle/CLASS%20IV/ENGLISH/?C=S%3BO%3DA HTTP/1.1" 200 686 "https://brainbox.co.in/PDFContent/Beetle/CLASS%20IV/ENGLISH/?C=M%3BO%3DA" "Mozilla/5.0 (Linux; Android 7.0;) AppleWebKit/537.36 (KHTML, like Gecko) Mobile Safari/537.36 (compatible; PetalBot;+https://webmaster.petalsearch.com/site/petalbot)" "brainbox.co.in"
114.119.145.160 - - [04/Nov/2022:06:40:53 -0700] "GET /PDFContent/03%20CBSE/02%20Class%20VII/Science/?C=M%3BO%3DA HTTP/1.1" 200 833 "https://brainbox.co.in/PDFContent/03%20CBSE/02%20Class%20VII/Science/?C=S%3BO%3DA" "Mozilla/5.0 (Linux; Android 7.0;) AppleWebKit/537.36 (KHTML, like Gecko) Mobile Safari/537.36 (compatible; PetalBot;+https://webmaster.petalsearch.com/site/petalbot)" "brainbox.co.in"
114.119.145.174 - - [04/Nov/2022:06:45:55 -0700] "GET /PDFContent/03%20CBSE/07%20Class%20XII/Biology/CBSE_XII_BIOLOGY_LS03_%20HUMAN%20REPRODUCTION_FEMALE%20REPRODUCTIVE%20SYSTYEM.pdf HTTP/1.1" 200 724934 "https://brainbox.co.in/PDFContent/03%20CBSE/07%20Class%20XII/Biology/?C=D%3BO%3DA" "Mozilla/5.0 (Linux; Android 7.0;) AppleWebKit/537.36 (KHTML, like Gecko) Mobile Safari/537.36 (compatible; PetalBot;+https://webmaster.petalsearch.com/site/petalbot)" "brainbox.co.in"
114.119.135.132 - - [04/Nov/2022:06:51:03 -0700] "GET /PDFContent/03%20CBSE/05%20Class%20X/Maths/CBSE_X_MATHS_LS04_QUADRATIC%20EQUATIONS_SHAPES%20OF%20GRAPHS_P12.pdf HTTP/1.1" 200 445481 "https://brainbox.co.in/PDFContent/03%20CBSE/05%20Class%20X/Maths/?C=D%3BO%3DA" "Mozilla/5.0 (Linux; Android 7.0;) AppleWebKit/537.36 (KHTML, like Gecko) Mobile Safari/537.36 (compatible; PetalBot;+https://webmaster.petalsearch.com/site/petalbot)" "brainbox.co.in"
114.119.135.132 - - [04/Nov/2022:06:56:04 -0700] "GET /PDFContent/03%20CBSE/03%20Class%20VIII/Sup%20English/HOW%20THE%20CAMEL%20GOT%20HIS%20HUMP/?C=S%3BO%3DA HTTP/1.1" 200 387 "https://brainbox.co.in/PDFContent/03%20CBSE/03%20Class%20VIII/Sup%20English/HOW%20THE%20CAMEL%20GOT%20HIS%20HUMP/?C=N%3BO%3DD" "Mozilla/5.0 (Linux; Android 7.0;) AppleWebKit/537.36 (KHTML, like Gecko) Mobile Safari/537.36 (compatible; PetalBot;+https://webmaster.petalsearch.com/site/petalbot)" "brainbox.co.in"
114.119.145.160 - - [04/Nov/2022:07:00:54 -0700] "GET /PDFContent/03%20CBSE/05%20Class%20X/Physics/REFLECTION%20AND%20REFRACTION/CBSE_X_PHYSCIS_LS10_REFLECTION%20&%20REFRACTION_LENSES_A.pdf HTTP/1.1" 200 446147 "https://brainboxschool.com/material/CBSE/X/Physics/REFLECTION_&_REFRACTION.html" "Mozilla/5.0 (Linux; Android 7.0;) AppleWebKit/537.36 (KHTML, like Gecko) Mobile Safari/537.36 (compatible; PetalBot;+https://webmaster.petalsearch.com/site/petalbot)" "brainbox.co.in"
114.119.145.160 - - [04/Nov/2022:07:05:53 -0700] "GET /PDFContent/03%20CBSE/02%20Class%20VII/Science/ACIDS%20BASES%20AND%20SALTS/ACIDS%20BASES%20AND%20SALTS_SUMMARY.pdf HTTP/1.1" 200 243029 "https://brainbox.co.in/PDFContent/03%20CBSE/02%20Class%20VII/Science/ACIDS%20BASES%20AND%20SALTS/?C=N%3BO%3DD" "Mozilla/5.0 (Linux; Android 7.0;) AppleWebKit/537.36 (KHTML, like Gecko) Mobile Safari/537.36 (compatible; PetalBot;+https://webmaster.petalsearch.com/site/petalbot)" "brainbox.co.in"
114.119.145.174 - - [04/Nov/2022:07:10:54 -0700] "GET /PDFContent/03%20CBSE/06%20Class%20XI/?C=S%3BO%3DA HTTP/1.1" 200 521 "https://brainbox.co.in/PDFContent/03%20CBSE/06%20Class%20XI/?C=D%3BO%3DA" "Mozilla/5.0 (Linux; Android 7.0;) AppleWebKit/537.36 (KHTML, like Gecko) Mobile Safari/537.36 (compatible; PetalBot;+https://webmaster.petalsearch.com/site/petalbot)" "brainbox.co.in"
114.119.145.174 - - [04/Nov/2022:07:15:53 -0700] "GET /PDFContent/01%20TSB/02%20Class%20VII/English/TSBoard_English_VII_LS1A_Lesson_explanation_part1.pdf HTTP/1.1" 200 99218 "https://brainbox.co.in/PDFContent/01%20TSB/02%20Class%20VII/English/?C=D%3BO%3DA" "Mozilla/5.0 (Linux; Android 7.0;) AppleWebKit/537.36 (KHTML, like Gecko) Mobile Safari/537.36 (compatible; PetalBot;+https://webmaster.petalsearch.com/site/petalbot)" "brainbox.co.in"
114.119.145.160 - - [04/Nov/2022:07:20:52 -0700] "GET /PDFContent/03%20CBSE/03%20Class%20VIII/Chemistry/Metals%20&%20Non-Metals/?C=M%3BO%3DA HTTP/1.1" 200 571 "https://brainbox.co.in/PDFContent/03%20CBSE/03%20Class%20VIII/Chemistry/Metals%20&%20Non-Metals/?C=D%3BO%3DA" "Mozilla/5.0 (Linux; Android 7.0;) AppleWebKit/537.36 (KHTML, like Gecko) Mobile Safari/537.36 (compatible; PetalBot;+https://webmaster.petalsearch.com/site/petalbot)" "brainbox.co.in"
51.222.253.9 - - [04/Nov/2022:07:21:31 -0700] "GET /PDFContent/02%20APSB/02%20Class%20VII/English/?C=N;O=D HTTP/1.1" 200 351 "-" "Mozilla/5.0 (compatible; AhrefsBot/7.0; +http://ahrefs.com/robot/)" "brainbox.co.in"
114.119.145.174 - - [04/Nov/2022:07:25:54 -0700] "GET /PDFContent/01%20TSB/03%20Class%20VIII/English/TSB_VIII_LS4A_THE%20FUN%20THEY%20HAD_Glossary.pdf HTTP/1.1" 200 259061 "https://brainbox.co.in/PDFContent/01%20TSB/03%20Class%20VIII/English/" "Mozilla/5.0 (Linux; Android 7.0;) AppleWebKit/537.36 (KHTML, like Gecko) Mobile Safari/537.36 (compatible; PetalBot;+https://webmaster.petalsearch.com/site/petalbot)" "brainbox.co.in"
114.119.145.175 - - [04/Nov/2022:07:30:59 -0700] "GET /PDFContent/02%20APSB/02%20Class%20VII/English/?C=S%3BO%3DA HTTP/1.1" 200 353 "https://brainbox.co.in/PDFContent/02%20APSB/02%20Class%20VII/English/?C=D%3BO%3DA" "Mozilla/5.0 (Linux; Android 7.0;) AppleWebKit/537.36 (KHTML, like Gecko) Mobile Safari/537.36 (compatible; PetalBot;+https://webmaster.petalsearch.com/site/petalbot)" "brainbox.co.in"
114.119.145.187 - - [04/Nov/2022:07:35:53 -0700] "GET /PDFContent/04%20ICSE/02%20Class%20VII/English/ HTTP/1.1" 200 354 "https://brainbox.co.in/PDFContent/04%20ICSE/02%20Class%20VII/?C=N%3BO%3DD" "Mozilla/5.0 (Linux; Android 7.0;) AppleWebKit/537.36 (KHTML, like Gecko) Mobile Safari/537.36 (compatible; PetalBot;+https://webmaster.petalsearch.com/site/petalbot)" "brainbox.co.in"
114.119.145.174 - - [04/Nov/2022:07:40:52 -0700] "GET /PDFContent/03%20CBSE/06%20Class%20XI/Chemistry/HYDROCARBONS/Hydrocarbons_T12_Preparation%20of%20benzene.pdf HTTP/1.1" 200 207538 "https://brainbox.co.in/PDFContent/03%20CBSE/06%20Class%20XI/Chemistry/HYDROCARBONS/" "Mozilla/5.0 (Linux; Android 7.0;) AppleWebKit/537.36 (KHTML, like Gecko) Mobile Safari/537.36 (compatible; PetalBot;+https://webmaster.petalsearch.com/site/petalbot)" "brainbox.co.in"
114.119.135.132 - - [04/Nov/2022:07:46:01 -0700] "GET /PDFContent/03%20CBSE/03%20Class%20VIII/Physics/Light/?C=D%3BO%3DA HTTP/1.1" 200 519 "https://brainbox.co.in/PDFContent/03%20CBSE/03%20Class%20VIII/Physics/Light/" "Mozilla/5.0 (Linux; Android 7.0;) AppleWebKit/537.36 (KHTML, like Gecko) Mobile Safari/537.36 (compatible; PetalBot;+https://webmaster.petalsearch.com/site/petalbot)" "brainbox.co.in"
40.77.167.37 - - [04/Nov/2022:07:46:51 -0700] "GET /PDFContent/03%20CBSE/04%20Class%20IX/Maths/CBSE_IX_MATHS_LS12_HERON'S%20FORMULA_BASIC%20FORMULAS_RIGHT%20ANGLED%20TRIANGLE.pdf HTTP/1.1" 200 214015 "-" "Mozilla/5.0 (compatible; bingbot/2.0; +http://www.bing.com/bingbot.htm)" "brainbox.co.in"
114.119.145.174 - - [04/Nov/2022:07:50:57 -0700] "GET /PDFContent/04%20ICSE/07%20Class%20XII/Telugu/?C=S%3BO%3DA HTTP/1.1" 200 355 "https://brainbox.co.in/PDFContent/04%20ICSE/07%20Class%20XII/Telugu/?C=D%3BO%3DA" "Mozilla/5.0 (Linux; Android 7.0;) AppleWebKit/537.36 (KHTML, like Gecko) Mobile Safari/537.36 (compatible; PetalBot;+https://webmaster.petalsearch.com/site/petalbot)" "brainbox.co.in"
114.119.145.174 - - [04/Nov/2022:07:55:56 -0700] "GET /PDFContent/02%20APSB/03%20Class%20VIII/Hindi/?C=S%3BO%3DA HTTP/1.1" 200 353 "https://brainbox.co.in/PDFContent/02%20APSB/03%20Class%20VIII/Hindi/" "Mozilla/5.0 (Linux; Android 7.0;) AppleWebKit/537.36 (KHTML, like Gecko) Mobile Safari/537.36 (compatible; PetalBot;+https://webmaster.petalsearch.com/site/petalbot)" "brainbox.co.in"
114.119.145.160 - - [04/Nov/2022:08:00:53 -0700] "GET /PDFContent/01%20TSB/04%20Class%20IX/Telugu/?C=M%3BO%3DA HTTP/1.1" 200 353 "https://brainbox.co.in/PDFContent/01%20TSB/04%20Class%20IX/Telugu/?C=N%3BO%3DD" "Mozilla/5.0 (Linux; Android 7.0;) AppleWebKit/537.36 (KHTML, like Gecko) Mobile Safari/537.36 (compatible; PetalBot;+https://webmaster.petalsearch.com/site/petalbot)" "brainbox.co.in"
135.181.74.243 - - [04/Nov/2022:08:01:43 -0700] "GET /robots.txt HTTP/1.1" 404 73 "-" "Mozilla/5.0 (compatible; MJ12bot/v1.4.8; http://mj12bot.com/)" "brainbox.co.in"
135.181.74.243 - - [04/Nov/2022:08:01:50 -0700] "GET /PDFContent/01%20TSB/07%20Class%20XII/Maths/LS02A_De%20Moivre%E2%80%99s%20theorem/ HTTP/1.1" 200 512 "-" "Mozilla/5.0 (compatible; MJ12bot/v1.4.8; http://mj12bot.com/)" "brainbox.co.in"
114.119.145.160 - - [04/Nov/2022:08:05:53 -0700] "GET /PDFContent/03%20CBSE/03%20Class%20VIII/Chemistry/Metals%20&%20Non-Metals/Use%20of%20Metals%20&%20Non-Metals.pdf HTTP/1.1" 200 234898 "https://brainbox.co.in/PDFContent/03%20CBSE/03%20Class%20VIII/Chemistry/Metals%20&%20Non-Metals/?C=D%3BO%3DA" "Mozilla/5.0 (Linux; Android 7.0;) AppleWebKit/537.36 (KHTML, like Gecko) Mobile Safari/537.36 (compatible; PetalBot;+https://webmaster.petalsearch.com/site/petalbot)" "brainbox.co.in"
3.135.235.53 - - [04/Nov/2022:08:07:26 -0700] "GET /~richard/templates/beez/US/uk/paypal/login.htm HTTP/1.1" 404 73 "-" "Mozilla/5.0 (Macintosh; Intel Mac OS X 10_10_5) AppleWebKit/537.36 (KHTML, like Gecko) Chrome/52.0.2743.116 Safari/537.36" "brainbox.co.in"
114.119.145.187 - - [04/Nov/2022:08:10:55 -0700] "GET /PDFContent/03%20CBSE/04%20Class%20IX/Biology/?C=M%3BO%3DA HTTP/1.1" 200 917 "https://brainbox.co.in/PDFContent/03%20CBSE/04%20Class%20IX/Biology/?C=N%3BO%3DD" "Mozilla/5.0 (Linux; Android 7.0;) AppleWebKit/537.36 (KHTML, like Gecko) Mobile Safari/537.36 (compatible; PetalBot;+https://webmaster.petalsearch.com/site/petalbot)" "brainbox.co.in"
114.119.145.174 - - [04/Nov/2022:08:20:56 -0700] "GET /PDFContent/03%20CBSE/05%20Class%20X/Hindi/Kshitij/LS01/?C=M%3BO%3DA HTTP/1.1" 200 505 "https://brainbox.co.in/PDFContent/03%20CBSE/05%20Class%20X/Hindi/Kshitij/LS01/" "Mozilla/5.0 (Linux; Android 7.0;) AppleWebKit/537.36 (KHTML, like Gecko) Mobile Safari/537.36 (compatible; PetalBot;+https://webmaster.petalsearch.com/site/petalbot)" "brainbox.co.in"
114.119.145.174 - - [04/Nov/2022:08:25:53 -0700] "GET /PDFContent/03%20CBSE/04%20Class%20IX/Biology/Fundamental%20Unit%20of%20Life/Cell%20Wall HTTP/1.1" 200 225715 "https://brainboxschool.com/material/CBSE/IX/Biology/THE_FUNDAMENTAL_UNIT_OF_LIFE.html" "Mozilla/5.0 (Linux; Android 7.0;) AppleWebKit/537.36 (KHTML, like Gecko) Mobile Safari/537.36 (compatible; PetalBot;+https://webmaster.petalsearch.com/site/petalbot)" "brainbox.co.in"
51.222.253.18 - - [04/Nov/2022:08:26:15 -0700] "GET /PDFContent/02%20APSB/03%20Class%20VIII/Maths/?C=N;O=D HTTP/1.1" 200 352 "-" "Mozilla/5.0 (compatible; AhrefsBot/7.0; +http://ahrefs.com/robot/)" "brainbox.co.in"
114.119.145.175 - - [04/Nov/2022:08:30:53 -0700] "GET /PDFContent/03%20CBSE/05%20Class%20X/Hindi/SPARSH/LS12/?C=N%3BO%3DD HTTP/1.1" 200 534 "https://brainbox.co.in/PDFContent/03%20CBSE/05%20Class%20X/Hindi/SPARSH/LS12/" "Mozilla/5.0 (Linux; Android 7.0;) AppleWebKit/537.36 (KHTML, like Gecko) Mobile Safari/537.36 (compatible; PetalBot;+https://webmaster.petalsearch.com/site/petalbot)" "brainbox.co.in"
114.119.145.160 - - [04/Nov/2022:08:35:53 -0700] "GET /PDFContent/03%20CBSE/05%20Class%20X/Biology/ HTTP/1.1" 200 643 "https://brainbox.co.in/PDFContent/03%20CBSE/05%20Class%20X/Biology/Our%20Environment/" "Mozilla/5.0 (Linux; Android 7.0;) AppleWebKit/537.36 (KHTML, like Gecko) Mobile Safari/537.36 (compatible; PetalBot;+https://webmaster.petalsearch.com/site/petalbot)" "brainbox.co.in"
34.74.149.86 - - [04/Nov/2022:08:36:37 -0700] "GET /robots.txt HTTP/1.1" 404 88 "-" "ZoominfoBot (zoominfobot at zoominfo dot com)" "www.brainbox.co.in"
34.74.149.86 - - [04/Nov/2022:08:36:38 -0700] "GET /robots.txt HTTP/1.1" 404 88 "-" "ZoominfoBot (zoominfobot at zoominfo dot com)" "www.brainbox.co.in"
34.74.149.86 - - [04/Nov/2022:08:36:38 -0700] "GET / HTTP/1.1" 200 432 "-" "ZoominfoBot (zoominfobot at zoominfo dot com)" "www.brainbox.co.in"
114.119.145.174 - - [04/Nov/2022:08:40:59 -0700] "GET /PDFContent/01%20TSB/03%20Class%20VIII/English/LS5B/ HTTP/1.1" 200 536 "https://brainbox.co.in/PDFContent/01%20TSB/03%20Class%20VIII/English/" "Mozilla/5.0 (Linux; Android 7.0;) AppleWebKit/537.36 (KHTML, like Gecko) Mobile Safari/537.36 (compatible; PetalBot;+https://webmaster.petalsearch.com/site/petalbot)" "brainbox.co.in"
114.119.145.175 - - [04/Nov/2022:08:45:53 -0700] "GET /PDFContent/03%20CBSE/06%20Class%20XI/?C=D%3BO%3DA HTTP/1.1" 200 521 "https://brainbox.co.in/PDFContent/03%20CBSE/06%20Class%20XI/?C=S%3BO%3DA" "Mozilla/5.0 (Linux; Android 7.0;) AppleWebKit/537.36 (KHTML, like Gecko) Mobile Safari/537.36 (compatible; PetalBot;+https://webmaster.petalsearch.com/site/petalbot)" "brainbox.co.in"
5.45.207.149 - - [04/Nov/2022:08:48:02 -0700] "GET /PDFContent/Beetle/CLASS%20IV/SCIENCE%202/Lesson%206.%20The%20solar%20system.pdf HTTP/1.1" 200 174604 "-" "Mozilla/5.0 (compatible; YandexBot/3.0; +http://yandex.com/bots)" "brainbox.co.in"
114.119.145.174 - - [04/Nov/2022:08:51:01 -0700] "GET /PDFContent/01%20TSB/03%20Class%20VIII/English/LS4A/TSB_VIII_ENGLISH_LS4A_THE%20FUN%20THEY%20HAD.pdf HTTP/1.1" 200 348396 "https://brainbox.co.in/PDFContent/01%20TSB/03%20Class%20VIII/English/LS4A/?C=N%3BO%3DD" "Mozilla/5.0 (Linux; Android 7.0;) AppleWebKit/537.36 (KHTML, like Gecko) Mobile Safari/537.36 (compatible; PetalBot;+https://webmaster.petalsearch.com/site/petalbot)" "brainbox.co.in"
54.226.156.93 - - [04/Nov/2022:08:53:34 -0700] "GET / HTTP/1.1" 200 432 "-" "Mozilla/5.0 (Windows NT 10.0; Win64; x64) AppleWebKit/537.36 (KHTML, like Gecko) Chrome/70.0.3538.110 Safari/537.36" "brainbox.co.in"
114.119.145.175 - - [04/Nov/2022:08:55:54 -0700] "GET /PDFContent/01%20TSB/04%20Class%20IX/Telugu/?C=N%3BO%3DD HTTP/1.1" 200 353 "https://brainbox.co.in/PDFContent/01%20TSB/04%20Class%20IX/Telugu/?C=M%3BO%3DA" "Mozilla/5.0 (Linux; Android 7.0;) AppleWebKit/537.36 (KHTML, like Gecko) Mobile Safari/537.36 (compatible; PetalBot;+https://webmaster.petalsearch.com/site/petalbot)" "brainbox.co.in"
51.222.253.11 - - [04/Nov/2022:09:00:22 -0700] "GET /PDFContent/01%20TSB/06%20Class%20XI/Telugu/?C=S;O=A HTTP/1.1" 200 354 "-" "Mozilla/5.0 (compatible; AhrefsBot/7.0; +http://ahrefs.com/robot/)" "brainbox.co.in"
114.119.145.160 - - [04/Nov/2022:09:00:59 -0700] "GET /PDFContent/03%20CBSE/06%20Class%20XI/Biology/T03%20CBSE_XI_BIOLOGY_LS16_DIGESTIVE%20SYSTEM_TONGUE.pdf HTTP/1.1" 200 764206 "https://brainbox.co.in/PDFContent/03%20CBSE/06%20Class%20XI/Biology/?C=S%3BO%3DA" "Mozilla/5.0 (Linux; Android 7.0;) AppleWebKit/537.36 (KHTML, like Gecko) Mobile Safari/537.36 (compatible; PetalBot;+https://webmaster.petalsearch.com/site/petalbot)" "brainbox.co.in"
114.119.145.175 - - [04/Nov/2022:09:05:53 -0700] "GET /PDFContent/03%20CBSE/03%20Class%20VIII/Maths/ALGEBRAIC%20EXPRESSIONS%20AND%20IDENTITIES/ HTTP/1.1" 200 1122 "https://brainbox.co.in/PDFContent/03%20CBSE/03%20Class%20VIII/Maths/?C=N%3BO%3DD" "Mozilla/5.0 (Linux; Android 7.0;) AppleWebKit/537.36 (KHTML, like Gecko) Mobile Safari/537.36 (compatible; PetalBot;+https://webmaster.petalsearch.com/site/petalbot)" "brainbox.co.in"
114.119.145.174 - - [04/Nov/2022:09:10:54 -0700] "GET /PDFContent/01%20TSB/04%20Class%20IX/Hindi/?C=M%3BO%3DA HTTP/1.1" 200 352 "https://brainbox.co.in/PDFContent/01%20TSB/04%20Class%20IX/Hindi/?C=N%3BO%3DD" "Mozilla/5.0 (Linux; Android 7.0;) AppleWebKit/537.36 (KHTML, like Gecko) Mobile Safari/537.36 (compatible; PetalBot;+https://webmaster.petalsearch.com/site/petalbot)" "brainbox.co.in"
51.222.253.5 - - [04/Nov/2022:09:15:03 -0700] "GET /PDFContent/02%20APSB/01%20Class%20VI/English/?C=S;O=A HTTP/1.1" 200 353 "-" "Mozilla/5.0 (compatible; AhrefsBot/7.0; +http://ahrefs.com/robot/)" "brainbox.co.in"
114.119.145.160 - - [04/Nov/2022:09:15:54 -0700] "GET /PDFContent/03%20CBSE/06%20Class%20XI/Physics/MOTION%20IN%20STRAIGHT%20LINE/CBSE_XI_PHYSCIS_LS03_MOTION%20IN%20A%20STRAIGHT%20LINE_PROB_05.pdf HTTP/1.1" 200 367139 "https://brainbox.co.in/PDFContent/03%20CBSE/06%20Class%20XI/Physics/MOTION%20IN%20STRAIGHT%20LINE/?C=S%3BO%3DA" "Mozilla/5.0 (Linux; Android 7.0;) AppleWebKit/537.36 (KHTML, like Gecko) Mobile Safari/537.36 (compatible; PetalBot;+https://webmaster.petalsearch.com/site/petalbot)" "brainbox.co.in"
114.119.145.187 - - [04/Nov/2022:09:20:54 -0700] "GET /PDFContent/03%20CBSE/07%20Class%20XII/Physics/ELECTRIC%20CHARGES%20AND%20FIELDS/CBSE_XII_PHYSCIS_LS01_ELECTRIC%20CHARGES%20AND%20FIELDS_ELECTRI%20DIPOLE%20AND%20QUADRUPOLE.pdf HTTP/1.1" 200 290691 "https://brainbox.co.in/PDFContent/03%20CBSE/07%20Class%20XII/Physics/ELECTRIC%20CHARGES%20AND%20FIELDS/?C=S%3BO%3DA" "Mozilla/5.0 (Linux; Android 7.0;) AppleWebKit/537.36 (KHTML, like Gecko) Mobile Safari/537.36 (compatible; PetalBot;+https://webmaster.petalsearch.com/site/petalbot)" "brainbox.co.in"
114.119.145.187 - - [04/Nov/2022:09:26:00 -0700] "GET /PDFContent/SPECIAL%20CROUSE/Part%201%20Grammar%20Essentials/STD_VIII/UNIT-1.pdf HTTP/1.1" 200 273726 "https://brainbox.co.in/PDFContent/SPECIAL%20CROUSE/Part%201%20Grammar%20Essentials/STD_VIII/?C=N%3BO%3DD" "Mozilla/5.0 (Linux; Android 7.0;) AppleWebKit/537.36 (KHTML, like Gecko) Mobile Safari/537.36 (compatible; PetalBot;+https://webmaster.petalsearch.com/site/petalbot)" "brainbox.co.in"
114.119.145.174 - - [04/Nov/2022:09:30:55 -0700] "GET /PDFContent/01%20TSB/03%20Class%20VIII/English/LS8A/TSB_VIII_ENGLISH_LS08A_DR.%20DWARAKANATH%20KOTNIS_Extra%20Questions.pdf HTTP/1.1" 200 236100 "https://brainbox.co.in/PDFContent/01%20TSB/03%20Class%20VIII/English/LS8A/?C=N%3BO%3DD" "Mozilla/5.0 (Linux; Android 7.0;) AppleWebKit/537.36 (KHTML, like Gecko) Mobile Safari/537.36 (compatible; PetalBot;+https://webmaster.petalsearch.com/site/petalbot)" "brainbox.co.in"
114.119.145.187 - - [04/Nov/2022:09:35:55 -0700] "GET /PDFContent/01%20TSB/01%20Class%20VI/Maths/01%20KNOWING%20OUR%20NUMBERS/ HTTP/1.1" 200 596 "https://brainbox.co.in/PDFContent/01%20TSB/01%20Class%20VI/Maths/?C=N%3BO%3DD" "Mozilla/5.0 (Linux; Android 7.0;) AppleWebKit/537.36 (KHTML, like Gecko) Mobile Safari/537.36 (compatible; PetalBot;+https://webmaster.petalsearch.com/site/petalbot)" "brainbox.co.in"
51.222.253.3 - - [04/Nov/2022:09:37:09 -0700] "GET /PDFContent/SPECIAL%20CROUSE/Part%201%20Grammar%20Essentials/STD_IX/?C=S;O=D HTTP/1.1" 200 499 "-" "Mozilla/5.0 (compatible; AhrefsBot/7.0; +http://ahrefs.com/robot/)" "brainbox.co.in"
114.119.145.160 - - [04/Nov/2022:09:40:56 -0700] "GET /PDFContent/03%20CBSE/02%20Class%20VII/Hindi/Ques%20&%20Ans/?C=S%3BO%3DA HTTP/1.1" 200 604 "https://brainbox.co.in/PDFContent/03%20CBSE/02%20Class%20VII/Hindi/Ques%20&%20Ans/?C=D%3BO%3DA" "Mozilla/5.0 (Linux; Android 7.0;) AppleWebKit/537.36 (KHTML, like Gecko) Mobile Safari/537.36 (compatible; PetalBot;+https://webmaster.petalsearch.com/site/petalbot)" "brainbox.co.in"
114.119.145.174 - - [04/Nov/2022:09:45:54 -0700] "GET /PDFContent/02%20APSB/07%20Class%20XII/Telugu/?C=N%3BO%3DD HTTP/1.1" 200 356 "https://brainbox.co.in/PDFContent/02%20APSB/07%20Class%20XII/Telugu/?C=D%3BO%3DA" "Mozilla/5.0 (Linux; Android 7.0;) AppleWebKit/537.36 (KHTML, like Gecko) Mobile Safari/537.36 (compatible; PetalBot;+https://webmaster.petalsearch.com/site/petalbot)" "brainbox.co.in"
51.222.253.4 - - [04/Nov/2022:09:46:54 -0700] "GET /PDFContent/04%20ICSE/01%20Class%20VI/Telugu/?C=N;O=D HTTP/1.1" 200 352 "-" "Mozilla/5.0 (compatible; AhrefsBot/7.0; +http://ahrefs.com/robot/)" "brainbox.co.in"
114.119.145.174 - - [04/Nov/2022:09:50:53 -0700] "GET /PDFContent/01%20TSB/03%20Class%20VIII/English/LS1B/?C=M%3BO%3DA HTTP/1.1" 200 538 "https://brainbox.co.in/PDFContent/01%20TSB/03%20Class%20VIII/English/LS1B/" "Mozilla/5.0 (Linux; Android 7.0;) AppleWebKit/537.36 (KHTML, like Gecko) Mobile Safari/537.36 (compatible; PetalBot;+https://webmaster.petalsearch.com/site/petalbot)" "brainbox.co.in"
54.183.4.121 - - [04/Nov/2022:09:54:32 -0700] "GET /~richard/templates/beez/US/uk/paypal/login.htm HTTP/1.1" 404 73 "-" "Mozilla/5.0 (Macintosh; Intel Mac OS X 10_10_5) AppleWebKit/537.36 (KHTML, like Gecko) Chrome/52.0.2743.116 Safari/537.36" "brainbox.co.in"
51.222.253.11 - - [04/Nov/2022:09:55:00 -0700] "GET /PDFContent/02%20APSB/01%20Class%20VI/Maths/?C=D;O=A HTTP/1.1" 200 352 "-" "Mozilla/5.0 (compatible; AhrefsBot/7.0; +http://ahrefs.com/robot/)" "brainbox.co.in"
114.119.145.175 - - [04/Nov/2022:09:55:57 -0700] "GET /PDFContent/03%20CBSE/04%20Class%20IX/Biology/Fundamental%20Unit%20of%20Life/Discovery%20of%20Cells.pdf HTTP/1.1" 200 221936 "https://brainbox.co.in/PDFContent/03%20CBSE/04%20Class%20IX/Biology/Fundamental%20Unit%20of%20Life/?C=M%3BO%3DA" "Mozilla/5.0 (Linux; Android 7.0;) AppleWebKit/537.36 (KHTML, like Gecko) Mobile Safari/537.36 (compatible; PetalBot;+https://webmaster.petalsearch.com/site/petalbot)" "brainbox.co.in"
51.222.253.15 - - [04/Nov/2022:09:58:32 -0700] "GET /PDFContent/02%20APSB/01%20Class%20VI/Maths/?C=M;O=A HTTP/1.1" 200 352 "-" "Mozilla/5.0 (compatible; AhrefsBot/7.0; +http://ahrefs.com/robot/)" "brainbox.co.in"
124.222.127.109 - - [04/Nov/2022:10:00:19 -0700] "GET /wp-login.php HTTP/1.1" 404 88 "http://brainbox.co.in/wp-login.php" "Mozilla/5.0 (Windows NT 10.0; Win64; x64; rv:96.0) Gecko/20100101 Firefox/96" "brainbox.co.in"
65.108.142.143 - - [04/Nov/2022:10:00:36 -0700] "GET /robots.txt HTTP/1.1" 404 73 "-" "Mozilla/5.0 (compatible; MJ12bot/v1.4.8; http://mj12bot.com/)" "www.brainbox.co.in"
65.108.142.143 - - [04/Nov/2022:10:00:44 -0700] "GET /PDFContent/01%20TSB/07%20Class%20XII/Maths/LS02A_De%20Moivre%E2%80%99s%20theorem/ HTTP/1.1" 200 512 "-" "Mozilla/5.0 (compatible; MJ12bot/v1.4.8; http://mj12bot.com/)" "www.brainbox.co.in"
51.222.253.19 - - [04/Nov/2022:10:00:53 -0700] "GET /PDFContent/02%20APSB/01%20Class%20VI/English/?C=M;O=A HTTP/1.1" 200 353 "-" "Mozilla/5.0 (compatible; AhrefsBot/7.0; +http://ahrefs.com/robot/)" "brainbox.co.in"
114.119.135.132 - - [04/Nov/2022:10:00:57 -0700] "GET /PDFContent/01%20TSB/04%20Class%20IX/Physics/?C=N%3BO%3DD HTTP/1.1" 200 353 "https://brainbox.co.in/PDFContent/01%20TSB/04%20Class%20IX/Physics/?C=M%3BO%3DA" "Mozilla/5.0 (Linux; Android 7.0;) AppleWebKit/537.36 (KHTML, like Gecko) Mobile Safari/537.36 (compatible; PetalBot;+https://webmaster.petalsearch.com/site/petalbot)" "brainbox.co.in"
51.222.253.2 - - [04/Nov/2022:10:02:24 -0700] "GET /PDFContent/02%20APSB/02%20Class%20VII/Hindi/?C=N;O=D HTTP/1.1" 200 350 "-" "Mozilla/5.0 (compatible; AhrefsBot/7.0; +http://ahrefs.com/robot/)" "brainbox.co.in"
51.222.253.13 - - [04/Nov/2022:10:05:48 -0700] "GET /PDFContent/01%20TSB/06%20Class%20XI/Telugu/?C=M;O=A HTTP/1.1" 200 354 "-" "Mozilla/5.0 (compatible; AhrefsBot/7.0; +http://ahrefs.com/robot/)" "brainbox.co.in"
114.119.145.175 - - [04/Nov/2022:10:06:01 -0700] "GET /PDFContent/03%20CBSE/05%20Class%20X/Hindi/Kshitij/LS08/?C=M%3BO%3DA HTTP/1.1" 200 493 "https://brainbox.co.in/PDFContent/03%20CBSE/05%20Class%20X/Hindi/Kshitij/LS08/?C=S%3BO%3DA" "Mozilla/5.0 (Linux; Android 7.0;) AppleWebKit/537.36 (KHTML, like Gecko) Mobile Safari/537.36 (compatible; PetalBot;+https://webmaster.petalsearch.com/site/petalbot)" "brainbox.co.in"
51.222.253.9 - - [04/Nov/2022:10:08:26 -0700] "GET /PDFContent/02%20APSB/01%20Class%20VI/Telugu/ HTTP/1.1" 200 354 "-" "Mozilla/5.0 (compatible; AhrefsBot/7.0; +http://ahrefs.com/robot/)" "brainbox.co.in"
114.119.145.174 - - [04/Nov/2022:10:10:55 -0700] "GET /PDFContent/03%20CBSE/02%20Class%20VII/Hindi/GLOSSARY/CBSC_VII_LS06_GARO_GLOSSARY.pdf HTTP/1.1" 200 1235745 "https://brainbox.co.in/PDFContent/03%20CBSE/02%20Class%20VII/Hindi/GLOSSARY/?C=M%3BO%3DA" "Mozilla/5.0 (Linux; Android 7.0;) AppleWebKit/537.36 (KHTML, like Gecko) Mobile Safari/537.36 (compatible; PetalBot;+https://webmaster.petalsearch.com/site/petalbot)" "brainbox.co.in"
51.222.253.17 - - [04/Nov/2022:10:11:18 -0700] "GET /PDFContent/02%20APSB/03%20Class%20VIII/Physics/?C=N;O=D HTTP/1.1" 200 353 "-" "Mozilla/5.0 (compatible; AhrefsBot/7.0; +http://ahrefs.com/robot/)" "brainbox.co.in"
51.222.253.12 - - [04/Nov/2022:10:13:55 -0700] "GET /PDFContent/02%20APSB/02%20Class%20VII/Sanskrit/?C=N;O=D HTTP/1.1" 200 352 "-" "Mozilla/5.0 (compatible; AhrefsBot/7.0; +http://ahrefs.com/robot/)" "brainbox.co.in"
114.119.145.160 - - [04/Nov/2022:10:15:57 -0700] "GET /PDFContent/01%20TSB/02%20Class%20VII/Science/ELECTRICITY/?C=M%3BO%3DA HTTP/1.1" 200 571 "https://brainbox.co.in/PDFContent/01%20TSB/02%20Class%20VII/Science/ELECTRICITY/?C=D%3BO%3DA" "Mozilla/5.0 (Linux; Android 7.0;) AppleWebKit/537.36 (KHTML, like Gecko) Mobile Safari/537.36 (compatible; PetalBot;+https://webmaster.petalsearch.com/site/petalbot)" "brainbox.co.in"
51.222.253.5 - - [04/Nov/2022:10:16:57 -0700] "GET /PDFContent/01%20TSB/05%20Class%20X/English/?C=M;O=D HTTP/1.1" 200 608 "-" "Mozilla/5.0 (compatible; AhrefsBot/7.0; +http://ahrefs.com/robot/)" "brainbox.co.in"
51.222.253.6 - - [04/Nov/2022:10:19:37 -0700] "GET /PDFContent/01%20TSB/06%20Class%20XI/Telugu/?C=D;O=A HTTP/1.1" 200 353 "-" "Mozilla/5.0 (compatible; AhrefsBot/7.0; +http://ahrefs.com/robot/)" "brainbox.co.in"
114.119.145.160 - - [04/Nov/2022:10:20:55 -0700] "GET /PDFContent/03%20CBSE/05%20Class%20X/Hindi/SPARSH/LS02/?C=N%3BO%3DD HTTP/1.1" 200 542 "https://brainbox.co.in/PDFContent/03%20CBSE/05%20Class%20X/Hindi/SPARSH/LS02/?C=M%3BO%3DA" "Mozilla/5.0 (Linux; Android 7.0;) AppleWebKit/537.36 (KHTML, like Gecko) Mobile Safari/537.36 (compatible; PetalBot;+https://webmaster.petalsearch.com/site/petalbot)" "brainbox.co.in"
51.222.253.2 - - [04/Nov/2022:10:22:12 -0700] "GET /PDFContent/04%20ICSE/04%20Class%20IX/Chemistry/?C=N;O=D HTTP/1.1" 200 352 "-" "Mozilla/5.0 (compatible; AhrefsBot/7.0; +http://ahrefs.com/robot/)" "brainbox.co.in"
51.222.253.3 - - [04/Nov/2022:10:24:53 -0700] "GET /PDFContent/02%20APSB/03%20Class%20VIII/Sanskrit/?C=N;O=D HTTP/1.1" 200 354 "-" "Mozilla/5.0 (compatible; AhrefsBot/7.0; +http://ahrefs.com/robot/)" "brainbox.co.in"
114.119.145.160 - - [04/Nov/2022:10:25:55 -0700] "GET /PDFContent/Beetle/CLASS%20I/MATHEMATICS/ HTTP/1.1" 200 602 "https://brainbox.co.in/PDFContent/Beetle/CLASS%20I/?C=N%3BO%3DD" "Mozilla/5.0 (Linux; Android 7.0;) AppleWebKit/537.36 (KHTML, like Gecko) Mobile Safari/537.36 (compatible; PetalBot;+https://webmaster.petalsearch.com/site/petalbot)" "brainbox.co.in"
51.222.253.4 - - [04/Nov/2022:10:27:35 -0700] "GET /PDFContent/02%20APSB/03%20Class%20VIII/Telugu/?C=N;O=D HTTP/1.1" 200 353 "-" "Mozilla/5.0 (compatible; AhrefsBot/7.0; +http://ahrefs.com/robot/)" "brainbox.co.in"
51.222.253.11 - - [04/Nov/2022:10:30:08 -0700] "GET /PDFContent/01%20TSB/03%20Class%20VIII/English/LS1A/?C=N;O=D HTTP/1.1" 200 610 "-" "Mozilla/5.0 (compatible; AhrefsBot/7.0; +http://ahrefs.com/robot/)" "brainbox.co.in"
114.119.135.132 - - [04/Nov/2022:10:30:59 -0700] "GET /PDFContent/ HTTP/1.1" 200 1016 "https://brainbox.co.in/PDFContent/SPECIAL%20CROUSE/?C=S%3BO%3DA" "Mozilla/5.0 (Linux; Android 7.0;) AppleWebKit/537.36 (KHTML, like Gecko) Mobile Safari/537.36 (compatible; PetalBot;+https://webmaster.petalsearch.com/site/petalbot)" "brainbox.co.in"
51.222.253.8 - - [04/Nov/2022:10:32:42 -0700] "GET /PDFContent/SPECIAL%20CROUSE/Part%201%20Grammar%20Essentials/STD_IV/?C=M;O=D HTTP/1.1" 200 688 "-" "Mozilla/5.0 (compatible; AhrefsBot/7.0; +http://ahrefs.com/robot/)" "brainbox.co.in"
51.222.253.16 - - [04/Nov/2022:10:35:11 -0700] "GET /PDFContent/02%20APSB/03%20Class%20VIII/Chemistry/?C=N;O=D HTTP/1.1" 200 355 "-" "Mozilla/5.0 (compatible; AhrefsBot/7.0; +http://ahrefs.com/robot/)" "brainbox.co.in"
114.119.145.160 - - [04/Nov/2022:10:35:54 -0700] "GET /PDFContent/01%20TSB/01%20Class%20VI/Telugu/VARSHAM/?C=D%3BO%3DA HTTP/1.1" 200 464 "https://brainbox.co.in/PDFContent/01%20TSB/01%20Class%20VI/Telugu/VARSHAM/?C=N%3BO%3DD" "Mozilla/5.0 (Linux; Android 7.0;) AppleWebKit/537.36 (KHTML, like Gecko) Mobile Safari/537.36 (compatible; PetalBot;+https://webmaster.petalsearch.com/site/petalbot)" "brainbox.co.in"
51.222.253.10 - - [04/Nov/2022:10:37:49 -0700] "GET /PDFContent/02%20APSB/01%20Class%20VI/Sanskrit/ HTTP/1.1" 200 354 "-" "Mozilla/5.0 (compatible; AhrefsBot/7.0; +http://ahrefs.com/robot/)" "brainbox.co.in"
51.222.253.6 - - [04/Nov/2022:10:40:22 -0700] "GET /PDFContent/02%20APSB/02%20Class%20VII/Telugu/?C=N;O=D HTTP/1.1" 200 351 "-" "Mozilla/5.0 (compatible; AhrefsBot/7.0; +http://ahrefs.com/robot/)" "brainbox.co.in"
114.119.145.187 - - [04/Nov/2022:10:40:54 -0700] "GET /PDFContent/01%20TSB/04%20Class%20IX/Biology/ANIMAL%20BEHAVIOUR/Animal%20Behaviour_T02_Animal%20behaviour_Imprinting.pdf HTTP/1.1" 200 534573 "https://brainbox.co.in/PDFContent/01%20TSB/04%20Class%20IX/Biology/ANIMAL%20BEHAVIOUR/?C=M%3BO%3DA" "Mozilla/5.0 (Linux; Android 7.0;) AppleWebKit/537.36 (KHTML, like Gecko) Mobile Safari/537.36 (compatible; PetalBot;+https://webmaster.petalsearch.com/site/petalbot)" "brainbox.co.in"
51.222.253.5 - - [04/Nov/2022:10:43:07 -0700] "GET /PDFContent/01%20TSB/02%20Class%20VII/Physics/?C=D;O=A HTTP/1.1" 200 353 "-" "Mozilla/5.0 (compatible; AhrefsBot/7.0; +http://ahrefs.com/robot/)" "brainbox.co.in"
51.222.253.5 - - [04/Nov/2022:10:45:45 -0700] "GET /PDFContent/04%20ICSE/06%20Class%20XI/?C=N;O=D HTTP/1.1" 200 462 "-" "Mozilla/5.0 (compatible; AhrefsBot/7.0; +http://ahrefs.com/robot/)" "brainbox.co.in"
114.119.145.160 - - [04/Nov/2022:10:45:56 -0700] "GET /PDFContent/Beetle/CLASS%20V/MATHEMATICS/SEM%201/Lesson%204.%20Fractions.pdf HTTP/1.1" 200 105152 "https://brainbox.co.in/PDFContent/Beetle/CLASS%20V/MATHEMATICS/SEM%201/" "Mozilla/5.0 (Linux; Android 7.0;) AppleWebKit/537.36 (KHTML, like Gecko) Mobile Safari/537.36 (compatible; PetalBot;+https://webmaster.petalsearch.com/site/petalbot)" "brainbox.co.in"
51.222.253.9 - - [04/Nov/2022:10:48:27 -0700] "GET /PDFContent/01%20TSB/01%20Class%20VI/Physics/?C=N;O=D HTTP/1.1" 200 350 "-" "Mozilla/5.0 (compatible; AhrefsBot/7.0; +http://ahrefs.com/robot/)" "brainbox.co.in"
51.222.253.19 - - [04/Nov/2022:10:50:03 -0700] "GET /PDFContent/02%20APSB/03%20Class%20VIII/English/?C=N;O=D HTTP/1.1" 200 353 "-" "Mozilla/5.0 (compatible; AhrefsBot/7.0; +http://ahrefs.com/robot/)" "brainbox.co.in"
114.119.145.175 - - [04/Nov/2022:10:51:03 -0700] "GET /PDFContent/03%20CBSE/05%20Class%20X/Maths/CBSE_X_MATHS_LS04_QUADRATIC%20EQUATIONS_SOLUTION%20OF%20A%20Q.E%20BY%20COMPLETING%20THE%20SQUARE_P13.pdf HTTP/1.1" 200 389599 "https://brainbox.co.in/PDFContent/03%20CBSE/05%20Class%20X/Maths/?C=D%3BO%3DA" "Mozilla/5.0 (Linux; Android 7.0;) AppleWebKit/537.36 (KHTML, like Gecko) Mobile Safari/537.36 (compatible; PetalBot;+https://webmaster.petalsearch.com/site/petalbot)" "brainbox.co.in"
34.139.215.121 - - [04/Nov/2022:10:51:03 -0700] "GET /robots.txt HTTP/1.1" 404 88 "-" "ZoominfoBot (zoominfobot at zoominfo dot com)" "www.brainbox.co.in"
34.139.215.121 - - [04/Nov/2022:10:51:03 -0700] "GET /robots.txt HTTP/1.1" 404 88 "-" "ZoominfoBot (zoominfobot at zoominfo dot com)" "www.brainbox.co.in"
34.139.215.121 - - [04/Nov/2022:10:51:04 -0700] "GET / HTTP/1.1" 200 432 "-" "ZoominfoBot (zoominfobot at zoominfo dot com)" "www.brainbox.co.in"
51.222.253.6 - - [04/Nov/2022:10:52:32 -0700] "GET /PDFContent/02%20APSB/03%20Class%20VIII/Hindi/?C=N;O=D HTTP/1.1" 200 352 "-" "Mozilla/5.0 (compatible; AhrefsBot/7.0; +http://ahrefs.com/robot/)" "brainbox.co.in"
66.249.72.190 - - [04/Nov/2022:10:54:31 -0700] "GET /ads.txt HTTP/1.1" 404 88 "-" "Mozilla/5.0 (compatible; Googlebot/2.1; +http://www.google.com/bot.html)" "brainbox.co.in"
51.222.253.3 - - [04/Nov/2022:10:55:16 -0700] "GET /PDFContent/03%20CBSE/02%20Class%20VII/Science/HEAT/ HTTP/1.1" 200 535 "-" "Mozilla/5.0 (compatible; AhrefsBot/7.0; +http://ahrefs.com/robot/)" "brainbox.co.in"
114.119.145.187 - - [04/Nov/2022:10:55:57 -0700] "GET /PDFContent/03%20CBSE/04%20Class%20IX/Maths/CBSE_IX_MATHS_LS12_HERON'S%20FORMULA_SUMMARY.pdf HTTP/1.1" 200 279951 "https://brainbox.co.in/PDFContent/03%20CBSE/04%20Class%20IX/Maths/?C=M%3BO%3DA" "Mozilla/5.0 (Linux; Android 7.0;) AppleWebKit/537.36 (KHTML, like Gecko) Mobile Safari/537.36 (compatible; PetalBot;+https://webmaster.petalsearch.com/site/petalbot)" "brainbox.co.in"
3.144.223.87 - - [04/Nov/2022:10:57:56 -0700] "GET /~richard/templates/beez/US/uk/paypal/login.htm HTTP/1.1" 404 73 "-" "Mozilla/5.0 (Macintosh; Intel Mac OS X 10_10_5) AppleWebKit/537.36 (KHTML, like Gecko) Chrome/52.0.2743.116 Safari/537.36" "brainbox.co.in"
51.222.253.6 - - [04/Nov/2022:10:58:06 -0700] "GET /PDFContent/03%20CBSE/02%20Class%20VII/Science/LIGHT/ HTTP/1.1" 200 520 "-" "Mozilla/5.0 (compatible; AhrefsBot/7.0; +http://ahrefs.com/robot/)" "brainbox.co.in"
114.119.145.160 - - [04/Nov/2022:11:00:56 -0700] "GET /PDFContent/01%20TSB/03%20Class%20VIII/English/LS7C/?C=D%3BO%3DA HTTP/1.1" 200 525 "https://brainbox.co.in/PDFContent/01%20TSB/03%20Class%20VIII/English/LS7C/?C=M%3BO%3DA" "Mozilla/5.0 (Linux; Android 7.0;) AppleWebKit/537.36 (KHTML, like Gecko) Mobile Safari/537.36 (compatible; PetalBot;+https://webmaster.petalsearch.com/site/petalbot)" "brainbox.co.in"
51.222.253.12 - - [04/Nov/2022:11:01:01 -0700] "GET /PDFContent/03%20CBSE/02%20Class%20VII/Science/SOIL/ HTTP/1.1" 200 498 "-" "Mozilla/5.0 (compatible; AhrefsBot/7.0; +http://ahrefs.com/robot/)" "brainbox.co.in"
