51.222.253.14 - - [03/Nov/2022:10:16:53 -0700] "GET /PDFContent/03%20CBSE/05%20Class%20X/Physics/REFLECTION%20AND%20REFRACTION/?C=D;O=D HTTP/1.1" 200 823 "-" "Mozilla/5.0 (compatible; AhrefsBot/7.0; +http://ahrefs.com/robot/)" "brainbox.co.in"
51.222.253.7 - - [03/Nov/2022:10:17:08 -0700] "GET /PDFContent/03%20CBSE/03%20Class%20VIII/Physics/?C=D;O=A HTTP/1.1" 200 917 "-" "Mozilla/5.0 (compatible; AhrefsBot/7.0; +http://ahrefs.com/robot/)" "brainbox.co.in"
51.222.253.16 - - [03/Nov/2022:10:17:50 -0700] "GET /PDFContent/03%20CBSE/07%20Class%20XII/Physics/CURRENT%20ELECTRICITY/?C=N;O=D HTTP/1.1" 200 648 "-" "Mozilla/5.0 (compatible; AhrefsBot/7.0; +http://ahrefs.com/robot/)" "brainbox.co.in"
51.222.253.20 - - [03/Nov/2022:10:18:16 -0700] "GET /PDFContent/01%20TSB/03%20Class%20VIII/English/LS1A/New/?C=S;O=D HTTP/1.1" 200 504 "-" "Mozilla/5.0 (compatible; AhrefsBot/7.0; +http://ahrefs.com/robot/)" "brainbox.co.in"
51.222.253.11 - - [03/Nov/2022:10:18:20 -0700] "GET /PDFContent/Beetle/CLASS%20V/SOCIAL/SEM%202/?C=N;O=D HTTP/1.1" 200 714 "-" "Mozilla/5.0 (compatible; AhrefsBot/7.0; +http://ahrefs.com/robot/)" "brainbox.co.in"
51.222.253.16 - - [03/Nov/2022:10:18:24 -0700] "GET /PDFContent/01%20TSB/07%20Class%20XII/Maths/LS02A_De%20Moivre%E2%80%99s%20theorem/?C=N;O=D HTTP/1.1" 200 510 "-" "Mozilla/5.0 (compatible; AhrefsBot/7.0; +http://ahrefs.com/robot/)" "brainbox.co.in"
51.222.253.10 - - [03/Nov/2022:10:18:30 -0700] "GET /PDFContent/03%20CBSE/02%20Class%20VII/Science/TRASPORTATION%20IN%20ANIMALS%20%20AND%20PLANTS/ HTTP/1.1" 200 456 "-" "Mozilla/5.0 (compatible; AhrefsBot/7.0; +http://ahrefs.com/robot/)" "brainbox.co.in"
114.119.145.160 - - [03/Nov/2022:10:20:37 -0700] "GET /PDFContent/01%20TSB/03%20Class%20VIII/English/LS5B/TSB_VIII_ENGLISH_LS05B_THE%20TREASURE%20WITHIN_P2_Glossary.pdf HTTP/1.1" 200 252761 "https://brainbox.co.in/PDFContent/01%20TSB/03%20Class%20VIII/English/LS5B/?C=D%3BO%3DA" "Mozilla/5.0 (Linux; Android 7.0;) AppleWebKit/537.36 (KHTML, like Gecko) Mobile Safari/537.36 (compatible; PetalBot;+https://webmaster.petalsearch.com/site/petalbot)" "brainbox.co.in"
51.222.253.15 - - [03/Nov/2022:10:24:47 -0700] "GET /PDFContent/02%20APSB/02%20Class%20VII/Physics/?C=S;O=D HTTP/1.1" 200 351 "-" "Mozilla/5.0 (compatible; AhrefsBot/7.0; +http://ahrefs.com/robot/)" "brainbox.co.in"
114.119.145.174 - - [03/Nov/2022:10:25:39 -0700] "GET /PDFContent/03%20CBSE/02%20Class%20VII/Chemistry/?C=N%3BO%3DD HTTP/1.1" 200 355 "https://brainbox.co.in/PDFContent/03%20CBSE/02%20Class%20VII/Chemistry/?C=M%3BO%3DA" "Mozilla/5.0 (Linux; Android 7.0;) AppleWebKit/537.36 (KHTML, like Gecko) Mobile Safari/537.36 (compatible; PetalBot;+https://webmaster.petalsearch.com/site/petalbot)" "brainbox.co.in"
114.119.145.175 - - [03/Nov/2022:10:30:37 -0700] "GET /PDFContent/01%20TSB/06%20Class%20XI/Hindi/ HTTP/1.1" 200 352 "https://brainbox.co.in/PDFContent/01%20TSB/06%20Class%20XI/?C=D%3BO%3DA" "Mozilla/5.0 (Linux; Android 7.0;) AppleWebKit/537.36 (KHTML, like Gecko) Mobile Safari/537.36 (compatible; PetalBot;+https://webmaster.petalsearch.com/site/petalbot)" "brainbox.co.in"
51.222.253.13 - - [03/Nov/2022:10:32:21 -0700] "GET /PDFContent/02%20APSB/04%20Class%20IX/Chemistry/?C=D;O=D HTTP/1.1" 200 353 "-" "Mozilla/5.0 (compatible; AhrefsBot/7.0; +http://ahrefs.com/robot/)" "brainbox.co.in"
66.249.72.188 - - [03/Nov/2022:10:33:22 -0700] "GET /robots.txt HTTP/1.1" 404 88 "-" "Mozilla/5.0 (compatible; Googlebot/2.1; +http://www.google.com/bot.html)" "brainbox.co.in"
114.119.145.174 - - [03/Nov/2022:10:35:41 -0700] "GET /PDFContent/04%20ICSE/06%20Class%20XI/Telugu/?C=M%3BO%3DA HTTP/1.1" 200 355 "https://brainbox.co.in/PDFContent/04%20ICSE/06%20Class%20XI/Telugu/?C=S%3BO%3DA" "Mozilla/5.0 (Linux; Android 7.0;) AppleWebKit/537.36 (KHTML, like Gecko) Mobile Safari/537.36 (compatible; PetalBot;+https://webmaster.petalsearch.com/site/petalbot)" "brainbox.co.in"
114.119.145.175 - - [03/Nov/2022:10:40:39 -0700] "GET /PDFContent/03%20CBSE/04%20Class%20IX/Physics/Motion/Rest HTTP/1.1" 200 179674 "https://brainboxschool.com/material/CBSE/IX/Physics/MOTION.html" "Mozilla/5.0 (Linux; Android 7.0;) AppleWebKit/537.36 (KHTML, like Gecko) Mobile Safari/537.36 (compatible; PetalBot;+https://webmaster.petalsearch.com/site/petalbot)" "brainbox.co.in"
35.237.225.237 - - [03/Nov/2022:10:41:50 -0700] "GET /robots.txt HTTP/1.1" 404 88 "-" "ZoominfoBot (zoominfobot at zoominfo dot com)" "www.brainbox.co.in"
35.237.225.237 - - [03/Nov/2022:10:41:50 -0700] "GET /robots.txt HTTP/1.1" 404 88 "-" "ZoominfoBot (zoominfobot at zoominfo dot com)" "www.brainbox.co.in"
35.237.225.237 - - [03/Nov/2022:10:41:51 -0700] "GET / HTTP/1.1" 200 432 "-" "ZoominfoBot (zoominfobot at zoominfo dot com)" "www.brainbox.co.in"
66.249.72.160 - - [03/Nov/2022:10:43:02 -0700] "GET /ads.txt HTTP/1.1" 404 88 "-" "Mozilla/5.0 (compatible; Googlebot/2.1; +http://www.google.com/bot.html)" "brainbox.co.in"
114.119.135.132 - - [03/Nov/2022:10:45:37 -0700] "GET /PDFContent/03%20CBSE/02%20Class%20VII/Science/MOTION%20AND%20TIME/?C=N%3BO%3DD HTTP/1.1" 200 526 "https://brainbox.co.in/PDFContent/03%20CBSE/02%20Class%20VII/Science/MOTION%20AND%20TIME/" "Mozilla/5.0 (Linux; Android 7.0;) AppleWebKit/537.36 (KHTML, like Gecko) Mobile Safari/537.36 (compatible; PetalBot;+https://webmaster.petalsearch.com/site/petalbot)" "brainbox.co.in"
51.222.253.12 - - [03/Nov/2022:10:46:51 -0700] "GET /PDFContent/02%20APSB/06%20Class%20XI/Chemistry/?C=D;O=D HTTP/1.1" 200 354 "-" "Mozilla/5.0 (compatible; AhrefsBot/7.0; +http://ahrefs.com/robot/)" "brainbox.co.in"
18.117.167.70 - - [03/Nov/2022:10:48:46 -0700] "GET /~richard/templates/beez/US/uk/paypal/login.htm HTTP/1.1" 404 73 "-" "Mozilla/5.0 (Macintosh; Intel Mac OS X 10_10_5) AppleWebKit/537.36 (KHTML, like Gecko) Chrome/52.0.2743.116 Safari/537.36" "brainbox.co.in"
114.119.145.160 - - [03/Nov/2022:10:50:38 -0700] "GET /PDFContent/03%20CBSE/05%20Class%20X/Chemistry/Metals%20&%20Non%20Metals/?C=D%3BO%3DA HTTP/1.1" 200 658 "https://brainbox.co.in/PDFContent/03%20CBSE/05%20Class%20X/Chemistry/Metals%20&%20Non%20Metals/?C=M%3BO%3DA" "Mozilla/5.0 (Linux; Android 7.0;) AppleWebKit/537.36 (KHTML, like Gecko) Mobile Safari/537.36 (compatible; PetalBot;+https://webmaster.petalsearch.com/site/petalbot)" "brainbox.co.in"
114.119.135.132 - - [03/Nov/2022:10:55:40 -0700] "GET /PDFContent/Beetle/CLASS%20IV/SCIENCE/Lesson%202.%20Adaptions%20in%20plant.pdf HTTP/1.1" 200 124813 "https://brainbox.co.in/PDFContent/Beetle/CLASS%20IV/SCIENCE/?C=N%3BO%3DD" "Mozilla/5.0 (Linux; Android 7.0;) AppleWebKit/537.36 (KHTML, like Gecko) Mobile Safari/537.36 (compatible; PetalBot;+https://webmaster.petalsearch.com/site/petalbot)" "brainbox.co.in"
114.119.145.160 - - [03/Nov/2022:11:00:38 -0700] "GET /PDFContent/02%20APSB/07%20Class%20XII/Chemistry/?C=D%3BO%3DA HTTP/1.1" 200 356 "https://brainbox.co.in/PDFContent/02%20APSB/07%20Class%20XII/Chemistry/" "Mozilla/5.0 (Linux; Android 7.0;) AppleWebKit/537.36 (KHTML, like Gecko) Mobile Safari/537.36 (compatible; PetalBot;+https://webmaster.petalsearch.com/site/petalbot)" "brainbox.co.in"
114.119.135.132 - - [03/Nov/2022:11:05:38 -0700] "GET /PDFContent/01%20TSB/03%20Class%20VIII/English/LS2A/TSBoard_English_VIII_LS2A_Introduction.pdf HTTP/1.1" 200 164898 "https://brainbox.co.in/PDFContent/01%20TSB/03%20Class%20VIII/English/LS2A/?C=M%3BO%3DA" "Mozilla/5.0 (Linux; Android 7.0;) AppleWebKit/537.36 (KHTML, like Gecko) Mobile Safari/537.36 (compatible; PetalBot;+https://webmaster.petalsearch.com/site/petalbot)" "brainbox.co.in"
35.237.225.237 - - [03/Nov/2022:11:09:47 -0700] "GET /robots.txt HTTP/1.1" 404 88 "-" "ZoominfoBot (zoominfobot at zoominfo dot com)" "www.brainbox.co.in"
35.237.225.237 - - [03/Nov/2022:11:09:47 -0700] "GET /robots.txt HTTP/1.1" 404 88 "-" "ZoominfoBot (zoominfobot at zoominfo dot com)" "www.brainbox.co.in"
35.237.225.237 - - [03/Nov/2022:11:09:48 -0700] "GET / HTTP/1.1" 200 432 "-" "ZoominfoBot (zoominfobot at zoominfo dot com)" "www.brainbox.co.in"
114.119.145.175 - - [03/Nov/2022:11:10:38 -0700] "GET /PDFContent/03%20CBSE/05%20Class%20X/English/?C=S%3BO%3DA HTTP/1.1" 200 353 "https://brainbox.co.in/PDFContent/03%20CBSE/05%20Class%20X/English/?C=M%3BO%3DA" "Mozilla/5.0 (Linux; Android 7.0;) AppleWebKit/537.36 (KHTML, like Gecko) Mobile Safari/537.36 (compatible; PetalBot;+https://webmaster.petalsearch.com/site/petalbot)" "brainbox.co.in"
114.119.135.132 - - [03/Nov/2022:11:15:38 -0700] "GET /PDFContent/04%20ICSE/01%20Class%20VI/Telugu/ HTTP/1.1" 200 354 "https://brainbox.co.in/PDFContent/04%20ICSE/01%20Class%20VI/?C=S%3BO%3DA" "Mozilla/5.0 (Linux; Android 7.0;) AppleWebKit/537.36 (KHTML, like Gecko) Mobile Safari/537.36 (compatible; PetalBot;+https://webmaster.petalsearch.com/site/petalbot)" "brainbox.co.in"
51.222.253.12 - - [03/Nov/2022:11:16:04 -0700] "GET /PDFContent/02%20APSB/04%20Class%20IX/Chemistry/?C=M;O=D HTTP/1.1" 200 353 "-" "Mozilla/5.0 (compatible; AhrefsBot/7.0; +http://ahrefs.com/robot/)" "brainbox.co.in"
114.119.145.187 - - [03/Nov/2022:11:20:40 -0700] "GET /PDFContent/02%20APSB/07%20Class%20XII/?C=M%3BO%3DA HTTP/1.1" 200 465 "https://brainbox.co.in/PDFContent/02%20APSB/07%20Class%20XII/?C=S%3BO%3DA" "Mozilla/5.0 (Linux; Android 7.0;) AppleWebKit/537.36 (KHTML, like Gecko) Mobile Safari/537.36 (compatible; PetalBot;+https://webmaster.petalsearch.com/site/petalbot)" "brainbox.co.in"
114.119.145.174 - - [03/Nov/2022:11:25:40 -0700] "GET /PDFContent/03%20CBSE/04%20Class%20IX/Biology/CBSE_lX_BIOLOGY_LS07_DIVERSTY%20IN%20LIVING%20ORGANISMS_ANIMALIA_P2.pdf HTTP/1.1" 200 295074 "https://brainbox.co.in/PDFContent/03%20CBSE/04%20Class%20IX/Biology/?C=N%3BO%3DD" "Mozilla/5.0 (Linux; Android 7.0;) AppleWebKit/537.36 (KHTML, like Gecko) Mobile Safari/537.36 (compatible; PetalBot;+https://webmaster.petalsearch.com/site/petalbot)" "brainbox.co.in"
114.119.145.160 - - [03/Nov/2022:11:30:41 -0700] "GET /PDFContent/01%20TSB/02%20Class%20VII/English/TSBoard_English_VII_LS1A_Introduction.pdf.pdf HTTP/1.1" 200 270998 "https://brainbox.co.in/PDFContent/01%20TSB/02%20Class%20VII/English/?C=D%3BO%3DA" "Mozilla/5.0 (Linux; Android 7.0;) AppleWebKit/537.36 (KHTML, like Gecko) Mobile Safari/537.36 (compatible; PetalBot;+https://webmaster.petalsearch.com/site/petalbot)" "brainbox.co.in"
114.119.145.175 - - [03/Nov/2022:11:35:56 -0700] "GET /PDFContent/01%20TSB/03%20Class%20VIII/Maths/?C=N%3BO%3DD HTTP/1.1" 200 353 "https://brainbox.co.in/PDFContent/01%20TSB/03%20Class%20VIII/Maths/?C=D%3BO%3DA" "Mozilla/5.0 (Linux; Android 7.0;) AppleWebKit/537.36 (KHTML, like Gecko) Mobile Safari/537.36 (compatible; PetalBot;+https://webmaster.petalsearch.com/site/petalbot)" "brainbox.co.in"
114.119.145.174 - - [03/Nov/2022:11:40:38 -0700] "GET /PDFContent/03%20CBSE/02%20Class%20VII/Science/TEXTBOOK%20EXAMPLES/CBSE_Science_VII_Weather,Climate%20And%20Adaptations%20Of%20Animals%20to%20Climate%20_D07.pdf HTTP/1.1" 200 379227 "https://brainbox.co.in/PDFContent/03%20CBSE/02%20Class%20VII/Science/TEXTBOOK%20EXAMPLES/?C=D%3BO%3DA" "Mozilla/5.0 (Linux; Android 7.0;) AppleWebKit/537.36 (KHTML, like Gecko) Mobile Safari/537.36 (compatible; PetalBot;+https://webmaster.petalsearch.com/site/petalbot)" "brainbox.co.in"
114.119.145.160 - - [03/Nov/2022:11:45:41 -0700] "GET /PDFContent/03%20CBSE/04%20Class%20IX/Biology/Tissues/CBSE_IX_Biology_Tissues_Complex%20permanent%20tissue HTTP/1.1" 200 422063 "https://brainboxschool.com/material/CBSE/IX/Biology/TISSUES.html" "Mozilla/5.0 (Linux; Android 7.0;) AppleWebKit/537.36 (KHTML, like Gecko) Mobile Safari/537.36 (compatible; PetalBot;+https://webmaster.petalsearch.com/site/petalbot)" "brainbox.co.in"
114.119.135.132 - - [03/Nov/2022:11:50:43 -0700] "GET /PDFContent/Beetle/CLASS%20V/SCIENCE/?C=M%3BO%3DA HTTP/1.1" 200 398 "https://brainbox.co.in/PDFContent/Beetle/CLASS%20V/SCIENCE/" "Mozilla/5.0 (Linux; Android 7.0;) AppleWebKit/537.36 (KHTML, like Gecko) Mobile Safari/537.36 (compatible; PetalBot;+https://webmaster.petalsearch.com/site/petalbot)" "brainbox.co.in"
51.222.253.14 - - [03/Nov/2022:11:54:31 -0700] "GET /PDFContent/02%20APSB/01%20Class%20VI/?C=M;O=A HTTP/1.1" 200 463 "-" "Mozilla/5.0 (compatible; AhrefsBot/7.0; +http://ahrefs.com/robot/)" "brainbox.co.in"
114.119.145.175 - - [03/Nov/2022:11:55:43 -0700] "GET /PDFContent/02%20APSB/03%20Class%20VIII/English/?C=S%3BO%3DA HTTP/1.1" 200 355 "https://brainbox.co.in/PDFContent/02%20APSB/03%20Class%20VIII/English/?C=N%3BO%3DD" "Mozilla/5.0 (Linux; Android 7.0;) AppleWebKit/537.36 (KHTML, like Gecko) Mobile Safari/537.36 (compatible; PetalBot;+https://webmaster.petalsearch.com/site/petalbot)" "brainbox.co.in"
51.222.253.17 - - [03/Nov/2022:11:56:12 -0700] "GET /PDFContent/02%20APSB/01%20Class%20VI/?C=S;O=A HTTP/1.1" 200 463 "-" "Mozilla/5.0 (compatible; AhrefsBot/7.0; +http://ahrefs.com/robot/)" "brainbox.co.in"
51.222.253.5 - - [03/Nov/2022:11:57:37 -0700] "GET /PDFContent/01%20TSB/06%20Class%20XI/Maths/LOCUS/?C=N;O=D HTTP/1.1" 200 777 "-" "Mozilla/5.0 (compatible; AhrefsBot/7.0; +http://ahrefs.com/robot/)" "brainbox.co.in"
51.222.253.3 - - [03/Nov/2022:11:58:41 -0700] "GET /PDFContent/01%20TSB/01%20Class%20VI/Telugu/SNEHABANDHAM/?C=N;O=D HTTP/1.1" 200 534 "-" "Mozilla/5.0 (compatible; AhrefsBot/7.0; +http://ahrefs.com/robot/)" "brainbox.co.in"
114.119.135.132 - - [03/Nov/2022:12:00:45 -0700] "GET /PDFContent/03%20CBSE/03%20Class%20VIII/Maths/PRACTICAL%20GEOMETRY/Practical%20Geometry_T11_To%20construct%20a%20parallelogram%20when%20its%20adjacent%20sides%20and%20a%20diagonal%20are%20given.pdf HTTP/1.1" 200 290800 "https://brainbox.co.in/PDFContent/03%20CBSE/03%20Class%20VIII/Maths/PRACTICAL%20GEOMETRY/?C=M%3BO%3DA" "Mozilla/5.0 (Linux; Android 7.0;) AppleWebKit/537.36 (KHTML, like Gecko) Mobile Safari/537.36 (compatible; PetalBot;+https://webmaster.petalsearch.com/site/petalbot)" "brainbox.co.in"
51.222.253.3 - - [03/Nov/2022:12:02:23 -0700] "GET /PDFContent/01%20TSB/02%20Class%20VII/English/01LS4B/ HTTP/1.1" 200 475 "-" "Mozilla/5.0 (compatible; AhrefsBot/7.0; +http://ahrefs.com/robot/)" "brainbox.co.in"
51.222.253.4 - - [03/Nov/2022:12:03:11 -0700] "GET /PDFContent/03%20CBSE/07%20Class%20XII/Physics/CURRENT%20ELECTRICITY/?C=D;O=A HTTP/1.1" 200 650 "-" "Mozilla/5.0 (compatible; AhrefsBot/7.0; +http://ahrefs.com/robot/)" "brainbox.co.in"
51.222.253.16 - - [03/Nov/2022:12:03:49 -0700] "GET /PDFContent/03%20CBSE/07%20Class%20XII/Physics/CURRENT%20ELECTRICITY/?C=M;O=A HTTP/1.1" 200 647 "-" "Mozilla/5.0 (compatible; AhrefsBot/7.0; +http://ahrefs.com/robot/)" "brainbox.co.in"
51.222.253.16 - - [03/Nov/2022:12:04:11 -0700] "GET /PDFContent/03%20CBSE/03%20Class%20VIII/Physics/?C=S;O=A HTTP/1.1" 200 918 "-" "Mozilla/5.0 (compatible; AhrefsBot/7.0; +http://ahrefs.com/robot/)" "brainbox.co.in"
51.222.253.5 - - [03/Nov/2022:12:04:25 -0700] "GET /PDFContent/03%20CBSE/03%20Class%20VIII/Physics/Light/ HTTP/1.1" 200 519 "-" "Mozilla/5.0 (compatible; AhrefsBot/7.0; +http://ahrefs.com/robot/)" "brainbox.co.in"
51.222.253.9 - - [03/Nov/2022:12:04:31 -0700] "GET /PDFContent/01%20TSB/02%20Class%20VII/Science/ANIMAL%20FIBRE/?C=M;O=D HTTP/1.1" 200 522 "-" "Mozilla/5.0 (compatible; AhrefsBot/7.0; +http://ahrefs.com/robot/)" "brainbox.co.in"
51.222.253.12 - - [03/Nov/2022:12:04:33 -0700] "GET /PDFContent/01%20TSB/02%20Class%20VII/Science/ANIMAL%20FIBRE/?C=S;O=D HTTP/1.1" 200 521 "-" "Mozilla/5.0 (compatible; AhrefsBot/7.0; +http://ahrefs.com/robot/)" "brainbox.co.in"
51.222.253.19 - - [03/Nov/2022:12:04:36 -0700] "GET /PDFContent/01%20TSB/02%20Class%20VII/Science/ELECTRICITY/?C=D;O=D HTTP/1.1" 200 575 "-" "Mozilla/5.0 (compatible; AhrefsBot/7.0; +http://ahrefs.com/robot/)" "brainbox.co.in"
51.222.253.20 - - [03/Nov/2022:12:04:38 -0700] "GET /PDFContent/01%20TSB/02%20Class%20VII/Science/ELECTRICITY/?C=M;O=D HTTP/1.1" 200 575 "-" "Mozilla/5.0 (compatible; AhrefsBot/7.0; +http://ahrefs.com/robot/)" "brainbox.co.in"
51.222.253.11 - - [03/Nov/2022:12:04:40 -0700] "GET /PDFContent/01%20TSB/02%20Class%20VII/Science/ELECTRICITY/?C=S;O=D HTTP/1.1" 200 570 "-" "Mozilla/5.0 (compatible; AhrefsBot/7.0; +http://ahrefs.com/robot/)" "brainbox.co.in"
51.222.253.16 - - [03/Nov/2022:12:04:44 -0700] "GET /PDFContent/03%20CBSE/06%20Class%20XI/Maths/SETS/?C=D;O=D HTTP/1.1" 200 603 "-" "Mozilla/5.0 (compatible; AhrefsBot/7.0; +http://ahrefs.com/robot/)" "brainbox.co.in"
51.222.253.9 - - [03/Nov/2022:12:04:53 -0700] "GET /PDFContent/03%20CBSE/06%20Class%20XI/Maths/SETS/?C=M;O=D HTTP/1.1" 200 598 "-" "Mozilla/5.0 (compatible; AhrefsBot/7.0; +http://ahrefs.com/robot/)" "brainbox.co.in"
51.222.253.3 - - [03/Nov/2022:12:05:11 -0700] "GET /PDFContent/03%20CBSE/06%20Class%20XI/Maths/SETS/?C=S;O=D HTTP/1.1" 200 605 "-" "Mozilla/5.0 (compatible; AhrefsBot/7.0; +http://ahrefs.com/robot/)" "brainbox.co.in"
51.222.253.2 - - [03/Nov/2022:12:05:18 -0700] "GET /PDFContent/03%20CBSE/03%20Class%20VIII/Physics/?C=N;O=D HTTP/1.1" 200 915 "-" "Mozilla/5.0 (compatible; AhrefsBot/7.0; +http://ahrefs.com/robot/)" "brainbox.co.in"
51.222.253.1 - - [03/Nov/2022:12:05:30 -0700] "GET /PDFContent/03%20CBSE/06%20Class%20XI/Physics/GRAVITATION/?C=D;O=A HTTP/1.1" 200 701 "-" "Mozilla/5.0 (compatible; AhrefsBot/7.0; +http://ahrefs.com/robot/)" "brainbox.co.in"
51.222.253.6 - - [03/Nov/2022:12:05:39 -0700] "GET /PDFContent/03%20CBSE/06%20Class%20XI/Physics/GRAVITATION/?C=M;O=A HTTP/1.1" 200 698 "-" "Mozilla/5.0 (compatible; AhrefsBot/7.0; +http://ahrefs.com/robot/)" "brainbox.co.in"
114.119.145.175 - - [03/Nov/2022:12:05:40 -0700] "GET /PDFContent/03%20CBSE/03%20Class%20VIII/Biology/Reproduction%20in%20Animals/Clone HTTP/1.1" 200 333448 "https://brainboxschool.com/material/CBSE/VIII/Biology/REPRODUCTION_IN_ANIMALS.html" "Mozilla/5.0 (Linux; Android 7.0;) AppleWebKit/537.36 (KHTML, like Gecko) Mobile Safari/537.36 (compatible; PetalBot;+https://webmaster.petalsearch.com/site/petalbot)" "brainbox.co.in"
51.222.253.5 - - [03/Nov/2022:12:05:57 -0700] "GET /PDFContent/03%20CBSE/06%20Class%20XI/Physics/GRAVITATION/?C=N;O=D HTTP/1.1" 200 697 "-" "Mozilla/5.0 (compatible; AhrefsBot/7.0; +http://ahrefs.com/robot/)" "brainbox.co.in"
51.222.253.7 - - [03/Nov/2022:12:06:08 -0700] "GET /PDFContent/03%20CBSE/06%20Class%20XI/Physics/GRAVITATION/?C=S;O=A HTTP/1.1" 200 703 "-" "Mozilla/5.0 (compatible; AhrefsBot/7.0; +http://ahrefs.com/robot/)" "brainbox.co.in"
114.119.145.174 - - [03/Nov/2022:12:10:40 -0700] "GET /PDFContent/04%20ICSE/02%20Class%20VII/Sanskrit/?C=D%3BO%3DA HTTP/1.1" 200 355 "https://brainbox.co.in/PDFContent/04%20ICSE/02%20Class%20VII/Sanskrit/?C=S%3BO%3DA" "Mozilla/5.0 (Linux; Android 7.0;) AppleWebKit/537.36 (KHTML, like Gecko) Mobile Safari/537.36 (compatible; PetalBot;+https://webmaster.petalsearch.com/site/petalbot)" "brainbox.co.in"
5.45.207.149 - - [03/Nov/2022:12:12:52 -0700] "GET /robots.txt HTTP/1.1" 404 73 "-" "Mozilla/5.0 (compatible; YandexBot/3.0; +http://yandex.com/bots)" "brainbox.co.in"
5.255.253.172 - - [03/Nov/2022:12:12:56 -0700] "GET /PDFContent/01%20TSB/02%20Class%20VII/English/TSBoard_English_VII_LS1C_Glossary.pdf HTTP/1.1" 200 266996 "-" "Mozilla/5.0 (compatible; YandexBot/3.0; +http://yandex.com/bots)" "brainbox.co.in"
51.222.253.9 - - [03/Nov/2022:12:13:13 -0700] "GET /PDFContent/02%20APSB/01%20Class%20VI/?C=D;O=A HTTP/1.1" 200 463 "-" "Mozilla/5.0 (compatible; AhrefsBot/7.0; +http://ahrefs.com/robot/)" "brainbox.co.in"
114.119.145.187 - - [03/Nov/2022:12:15:42 -0700] "GET /PDFContent/03%20CBSE/05%20Class%20X/Maths/CBSE_X_MATHS_LS04_QUADRATIC%20EQUATIONS_Relation%20Between%20The%20Roots%20And%20Coefficients_P11.pdf HTTP/1.1" 200 277661 "https://brainbox.co.in/PDFContent/03%20CBSE/05%20Class%20X/Maths/?C=D%3BO%3DA" "Mozilla/5.0 (Linux; Android 7.0;) AppleWebKit/537.36 (KHTML, like Gecko) Mobile Safari/537.36 (compatible; PetalBot;+https://webmaster.petalsearch.com/site/petalbot)" "brainbox.co.in"
114.119.145.174 - - [03/Nov/2022:12:20:38 -0700] "GET /PDFContent/03%20CBSE/03%20Class%20VIII/Chemistry/Combustion%20and%20Flames/CBSE_VIII_CHEMISTRY_COMBUSTION%20&%20FLAMES_Flame HTTP/1.1" 200 361560 "https://brainboxschool.com/material/CBSE/VIII/Chemistry/COMBUSTION_AND_FLAME.html" "Mozilla/5.0 (Linux; Android 7.0;) AppleWebKit/537.36 (KHTML, like Gecko) Mobile Safari/537.36 (compatible; PetalBot;+https://webmaster.petalsearch.com/site/petalbot)" "brainbox.co.in"
114.119.145.160 - - [03/Nov/2022:12:25:41 -0700] "GET /PDFContent/03%20CBSE/02%20Class%20VII/Science/WINDS%20STORMS%20AND%20CYCLONES/Introduction.pdf HTTP/1.1" 200 452740 "https://brainbox.co.in/PDFContent/03%20CBSE/02%20Class%20VII/Science/WINDS%20STORMS%20AND%20CYCLONES/?C=M%3BO%3DA" "Mozilla/5.0 (Linux; Android 7.0;) AppleWebKit/537.36 (KHTML, like Gecko) Mobile Safari/537.36 (compatible; PetalBot;+https://webmaster.petalsearch.com/site/petalbot)" "brainbox.co.in"
114.119.145.160 - - [03/Nov/2022:12:30:42 -0700] "GET /PDFContent/03%20CBSE/07%20Class%20XII/Biology/BIOTECHNOLOGY%20%20AND%20ITS%20APPLICATIONS/?C=N%3BO%3DD HTTP/1.1" 200 631 "https://brainbox.co.in/PDFContent/03%20CBSE/07%20Class%20XII/Biology/BIOTECHNOLOGY%20%20AND%20ITS%20APPLICATIONS/?C=M%3BO%3DA" "Mozilla/5.0 (Linux; Android 7.0;) AppleWebKit/537.36 (KHTML, like Gecko) Mobile Safari/537.36 (compatible; PetalBot;+https://webmaster.petalsearch.com/site/petalbot)" "brainbox.co.in"
114.119.145.160 - - [03/Nov/2022:12:35:39 -0700] "GET /PDFContent/01%20TSB/01%20Class%20VI/Chemistry/?C=M%3BO%3DA HTTP/1.1" 200 352 "https://brainbox.co.in/PDFContent/01%20TSB/01%20Class%20VI/Chemistry/?C=D%3BO%3DA" "Mozilla/5.0 (Linux; Android 7.0;) AppleWebKit/537.36 (KHTML, like Gecko) Mobile Safari/537.36 (compatible; PetalBot;+https://webmaster.petalsearch.com/site/petalbot)" "brainbox.co.in"
114.119.135.132 - - [03/Nov/2022:12:40:40 -0700] "GET /PDFContent/Beetle/CLASS%20II/MATHEMATICS%20SEM%202/Lesson%204.%20Money.pdf HTTP/1.1" 200 162104 "https://brainbox.co.in/PDFContent/Beetle/CLASS%20II/MATHEMATICS%20SEM%202/?C=S%3BO%3DA" "Mozilla/5.0 (Linux; Android 7.0;) AppleWebKit/537.36 (KHTML, like Gecko) Mobile Safari/537.36 (compatible; PetalBot;+https://webmaster.petalsearch.com/site/petalbot)" "brainbox.co.in"
114.119.145.187 - - [03/Nov/2022:12:45:40 -0700] "GET /PDFContent/Beetle/CLASS%20II/ENGLISH%20SEM%202/Lesson%202%20-%20My%20neighbour.pdf HTTP/1.1" 200 134439 "https://brainbox.co.in/PDFContent/Beetle/CLASS%20II/ENGLISH%20SEM%202/?C=M%3BO%3DA" "Mozilla/5.0 (Linux; Android 7.0;) AppleWebKit/537.36 (KHTML, like Gecko) Mobile Safari/537.36 (compatible; PetalBot;+https://webmaster.petalsearch.com/site/petalbot)" "brainbox.co.in"
65.108.142.143 - - [03/Nov/2022:12:46:38 -0700] "GET /robots.txt HTTP/1.1" 404 73 "-" "Mozilla/5.0 (compatible; MJ12bot/v1.4.8; http://mj12bot.com/)" "brainbox.co.in"
65.108.142.143 - - [03/Nov/2022:12:46:47 -0700] "GET /PDFContent/SPECIAL%20CROUSE/Part%201%20Grammar%20Essentials/STD_IV/UNIT%201%20%E2%80%93%20EKALAVYA.pdf HTTP/1.1" 200 494500 "-" "Mozilla/5.0 (compatible; MJ12bot/v1.4.8; http://mj12bot.com/)" "brainbox.co.in"
65.108.142.143 - - [03/Nov/2022:12:47:01 -0700] "GET /PDFContent/SPECIAL%20CROUSE/Part%201%20Grammar%20Essentials/STD_IV/UNIT%202%20%E2%80%93%20THE%20PANCAKE.pdf HTTP/1.1" 200 485215 "-" "Mozilla/5.0 (compatible; MJ12bot/v1.4.8; http://mj12bot.com/)" "brainbox.co.in"
65.108.142.143 - - [03/Nov/2022:12:47:15 -0700] "GET /PDFContent/SPECIAL%20CROUSE/Part%201%20Grammar%20Essentials/STD_IV/UNIT%203%20%E2%80%93%20WHAT%20IS%20A%20TREE.pdf HTTP/1.1" 200 690004 "-" "Mozilla/5.0 (compatible; MJ12bot/v1.4.8; http://mj12bot.com/)" "brainbox.co.in"
65.108.142.143 - - [03/Nov/2022:12:47:33 -0700] "GET /PDFContent/SPECIAL%20CROUSE/Part%201%20Grammar%20Essentials/STD_IV/UNIT%204%20%E2%80%93%20THE%20MILLER,%20HIS%20SON%20AND%20DONKEY.pdf HTTP/1.1" 200 491966 "-" "Mozilla/5.0 (compatible; MJ12bot/v1.4.8; http://mj12bot.com/)" "brainbox.co.in"
65.108.142.143 - - [03/Nov/2022:12:47:51 -0700] "GET /PDFContent/SPECIAL%20CROUSE/Part%201%20Grammar%20Essentials/STD_IV/UNIT%205%20%E2%80%93%20FUDI%E2%80%99s%20DESERT%20JOURNEY.pdf HTTP/1.1" 200 484885 "-" "Mozilla/5.0 (compatible; MJ12bot/v1.4.8; http://mj12bot.com/)" "brainbox.co.in"
65.108.142.143 - - [03/Nov/2022:12:48:06 -0700] "GET /PDFContent/SPECIAL%20CROUSE/Part%201%20Grammar%20Essentials/STD_IV/UNIT%206%20%E2%80%93%20HONESTY.pdf HTTP/1.1" 200 528824 "-" "Mozilla/5.0 (compatible; MJ12bot/v1.4.8; http://mj12bot.com/)" "brainbox.co.in"
65.108.142.143 - - [03/Nov/2022:12:48:25 -0700] "GET /PDFContent/SPECIAL%20CROUSE/Part%201%20Grammar%20Essentials/STD_IV/UNIT%207%20%E2%80%93%20THE%20BOY%20AND%20THE%20CATAPULT.pdf HTTP/1.1" 200 660874 "-" "Mozilla/5.0 (compatible; MJ12bot/v1.4.8; http://mj12bot.com/)" "brainbox.co.in"
65.108.142.143 - - [03/Nov/2022:12:48:41 -0700] "GET /PDFContent/SPECIAL%20CROUSE/Part%201%20Grammar%20Essentials/STD_IV/UNIT%208%20%E2%80%93%20THE%20UNLUCKY%20FACE.pdf HTTP/1.1" 200 471161 "-" "Mozilla/5.0 (compatible; MJ12bot/v1.4.8; http://mj12bot.com/)" "brainbox.co.in"
65.108.142.143 - - [03/Nov/2022:12:48:58 -0700] "GET /PDFContent/SPECIAL%20CROUSE/STD_III/UNIT%201%20%E2%80%93%20TALKING%20TRAIN.pdf HTTP/1.1" 404 88 "-" "Mozilla/5.0 (compatible; MJ12bot/v1.4.8; http://mj12bot.com/)" "brainbox.co.in"
65.108.142.143 - - [03/Nov/2022:12:49:12 -0700] "GET /PDFContent/SPECIAL%20CROUSE/STD_III/UNIT%202%20%E2%80%93%20SWAMY%20&%20THE%20MAGIC%20BEANS.pdf HTTP/1.1" 404 88 "-" "Mozilla/5.0 (compatible; MJ12bot/v1.4.8; http://mj12bot.com/)" "brainbox.co.in"
65.108.142.143 - - [03/Nov/2022:12:49:20 -0700] "GET /PDFContent/SPECIAL%20CROUSE/STD_III/UNIT%203%20%E2%80%93%20I%20LIKE%20IT%20THIS%20WAY.pdf HTTP/1.1" 404 88 "-" "Mozilla/5.0 (compatible; MJ12bot/v1.4.8; http://mj12bot.com/)" "brainbox.co.in"
65.108.142.143 - - [03/Nov/2022:12:49:33 -0700] "GET /PDFContent/SPECIAL%20CROUSE/STD_III/UNIT%204%20%E2%80%93%20THE%20MOUSE%20&%20THE%20PENCIL.pdf HTTP/1.1" 404 88 "-" "Mozilla/5.0 (compatible; MJ12bot/v1.4.8; http://mj12bot.com/)" "brainbox.co.in"
65.108.142.143 - - [03/Nov/2022:12:49:44 -0700] "GET /PDFContent/SPECIAL%20CROUSE/STD_III/UNIT%205%20%E2%80%93%20THE%20LITTLE%20RED%20HEN.pdf HTTP/1.1" 404 88 "-" "Mozilla/5.0 (compatible; MJ12bot/v1.4.8; http://mj12bot.com/)" "brainbox.co.in"
65.108.142.143 - - [03/Nov/2022:12:49:55 -0700] "GET /PDFContent/SPECIAL%20CROUSE/STD_III/UNIT%206%20%E2%80%93%20MARY%20&%20THE%20THREE%20BEARS.pdf HTTP/1.1" 404 88 "-" "Mozilla/5.0 (compatible; MJ12bot/v1.4.8; http://mj12bot.com/)" "brainbox.co.in"
65.108.142.143 - - [03/Nov/2022:12:50:05 -0700] "GET /PDFContent/SPECIAL%20CROUSE/STD_III/UNIT%207%20%E2%80%93%20THE%20ANIMAL%20SCHOOL.pdf HTTP/1.1" 404 88 "-" "Mozilla/5.0 (compatible; MJ12bot/v1.4.8; http://mj12bot.com/)" "brainbox.co.in"
65.108.142.143 - - [03/Nov/2022:12:50:13 -0700] "GET /PDFContent/SPECIAL%20CROUSE/STD_III/UNIT%208%20%E2%80%93%20BIRBAL%20OUTWITS%20THE%20CHEAT.pdf HTTP/1.1" 404 88 "-" "Mozilla/5.0 (compatible; MJ12bot/v1.4.8; http://mj12bot.com/)" "brainbox.co.in"
65.108.142.143 - - [03/Nov/2022:12:50:23 -0700] "GET /PDFContent/SPECIAL%20CROUSE/STD_IV/UNIT%201%20%E2%80%93%20EKALAVYA.pdf HTTP/1.1" 404 88 "-" "Mozilla/5.0 (compatible; MJ12bot/v1.4.8; http://mj12bot.com/)" "brainbox.co.in"
65.108.142.143 - - [03/Nov/2022:12:50:32 -0700] "GET /PDFContent/SPECIAL%20CROUSE/STD_IV/UNIT%202%20%E2%80%93%20THE%20PANCAKE.pdf HTTP/1.1" 404 88 "-" "Mozilla/5.0 (compatible; MJ12bot/v1.4.8; http://mj12bot.com/)" "brainbox.co.in"
65.108.142.143 - - [03/Nov/2022:12:50:37 -0700] "GET /PDFContent/SPECIAL%20CROUSE/STD_IV/UNIT%203%20%E2%80%93%20WHAT%20IS%20A%20TREE.pdf HTTP/1.1" 404 88 "-" "Mozilla/5.0 (compatible; MJ12bot/v1.4.8; http://mj12bot.com/)" "brainbox.co.in"
114.119.145.187 - - [03/Nov/2022:12:50:45 -0700] "GET /PDFContent/SPECIAL%20CROUSE/Part%201%20Grammar%20Essentials/STD_VII/?C=S%3BO%3DA HTTP/1.1" 200 501 "https://brainbox.co.in/PDFContent/SPECIAL%20CROUSE/Part%201%20Grammar%20Essentials/STD_VII/?C=N%3BO%3DD" "Mozilla/5.0 (Linux; Android 7.0;) AppleWebKit/537.36 (KHTML, like Gecko) Mobile Safari/537.36 (compatible; PetalBot;+https://webmaster.petalsearch.com/site/petalbot)" "brainbox.co.in"
65.108.142.143 - - [03/Nov/2022:12:50:47 -0700] "GET /PDFContent/SPECIAL%20CROUSE/STD_IV/UNIT%204%20%E2%80%93%20THE%20MILLER,%20HIS%20SON%20AND%20DONKEY.pdf HTTP/1.1" 404 88 "-" "Mozilla/5.0 (compatible; MJ12bot/v1.4.8; http://mj12bot.com/)" "brainbox.co.in"
65.108.142.143 - - [03/Nov/2022:12:50:53 -0700] "GET /PDFContent/SPECIAL%20CROUSE/STD_IV/UNIT%205%20%E2%80%93%20FUDI%E2%80%99s%20DESERT%20JOURNEY.pdf HTTP/1.1" 404 88 "-" "Mozilla/5.0 (compatible; MJ12bot/v1.4.8; http://mj12bot.com/)" "brainbox.co.in"
65.108.142.143 - - [03/Nov/2022:12:50:58 -0700] "GET /PDFContent/SPECIAL%20CROUSE/STD_IV/UNIT%206%20%E2%80%93%20HONESTY.pdf HTTP/1.1" 404 88 "-" "Mozilla/5.0 (compatible; MJ12bot/v1.4.8; http://mj12bot.com/)" "brainbox.co.in"
65.108.142.143 - - [03/Nov/2022:12:51:04 -0700] "GET /PDFContent/SPECIAL%20CROUSE/STD_IV/UNIT%207%20%E2%80%93%20THE%20BOY%20AND%20THE%20CATAPULT.pdf HTTP/1.1" 404 88 "-" "Mozilla/5.0 (compatible; MJ12bot/v1.4.8; http://mj12bot.com/)" "brainbox.co.in"
65.108.142.143 - - [03/Nov/2022:12:51:09 -0700] "GET /PDFContent/SPECIAL%20CROUSE/STD_IV/UNIT%208%20%E2%80%93%20THE%20UNLUCKY%20FACE.pdf HTTP/1.1" 404 88 "-" "Mozilla/5.0 (compatible; MJ12bot/v1.4.8; http://mj12bot.com/)" "brainbox.co.in"
65.108.142.143 - - [03/Nov/2022:12:51:22 -0700] "GET /robots.txt HTTP/1.1" 404 73 "-" "Mozilla/5.0 (compatible; MJ12bot/v1.4.8; http://mj12bot.com/)" "www.brainbox.co.in"
65.108.142.143 - - [03/Nov/2022:12:51:25 -0700] "GET /PDFContent/Beetle/CLASS%20I/ENGLISH%201-2/Lesson%204%20%E2%80%90%20Neha%20learns%20a%20lesson.pdf HTTP/1.1" 200 145295 "-" "Mozilla/5.0 (compatible; MJ12bot/v1.4.8; http://mj12bot.com/)" "www.brainbox.co.in"
65.108.142.143 - - [03/Nov/2022:12:51:32 -0700] "GET /PDFContent/Beetle/CLASS%20I/ENGLISH%201-2/Lesson%205%20%E2%80%90%20A%20birthday%20party.pdf HTTP/1.1" 200 144254 "-" "Mozilla/5.0 (compatible; MJ12bot/v1.4.8; http://mj12bot.com/)" "www.brainbox.co.in"
65.108.142.143 - - [03/Nov/2022:12:51:37 -0700] "GET /PDFContent/Beetle/CLASS%20I/ENGLISH/Lesson%205%20%E2%80%90%20Tenali%20Raman%20And%20The%20Thieves.pdf HTTP/1.1" 200 99880 "-" "Mozilla/5.0 (compatible; MJ12bot/v1.4.8; http://mj12bot.com/)" "www.brainbox.co.in"
65.108.142.143 - - [03/Nov/2022:12:51:41 -0700] "GET /PDFContent/Beetle/CLASS%20I/ENGLISH/Lesson%207%20%E2%80%90%20The%20wish.pdf HTTP/1.1" 200 76025 "-" "Mozilla/5.0 (compatible; MJ12bot/v1.4.8; http://mj12bot.com/)" "www.brainbox.co.in"
65.108.142.143 - - [03/Nov/2022:12:51:47 -0700] "GET /PDFContent/Beetle/CLASS%20IV/ENGLISH%20SEM%202/Lesson%203%20-%20The%20Emperor%E2%80%99s%20New%20Clothes.pdf HTTP/1.1" 200 155207 "-" "Mozilla/5.0 (compatible; MJ12bot/v1.4.8; http://mj12bot.com/)" "www.brainbox.co.in"
65.108.142.143 - - [03/Nov/2022:12:51:56 -0700] "GET /PDFContent/Beetle/CLASS%20IV/ENGLISH%20SEM%202/Lesson%205%20-%20Mother%E2%80%99s%20Love.pdf HTTP/1.1" 200 132907 "-" "Mozilla/5.0 (compatible; MJ12bot/v1.4.8; http://mj12bot.com/)" "www.brainbox.co.in"
65.108.142.143 - - [03/Nov/2022:12:52:06 -0700] "GET /PDFContent/Beetle/CLASS%20IV/ENGLISH/Lesson%205%20%E2%80%90%20Tenali%20Raman%20And%20The%20Thieves.pdf HTTP/1.1" 200 99880 "-" "Mozilla/5.0 (compatible; MJ12bot/v1.4.8; http://mj12bot.com/)" "www.brainbox.co.in"
65.108.142.143 - - [03/Nov/2022:12:52:12 -0700] "GET /PDFContent/Beetle/CLASS%20IV/ENGLISH/Lesson%207%20%E2%80%90%20The%20wish.pdf HTTP/1.1" 200 76025 "-" "Mozilla/5.0 (compatible; MJ12bot/v1.4.8; http://mj12bot.com/)" "www.brainbox.co.in"
114.119.145.160 - - [03/Nov/2022:12:55:40 -0700] "GET /PDFContent/SPECIAL%20CROUSE/Part%201%20Grammar%20Essentials/STD_VI/UNIT-6.pdf HTTP/1.1" 200 310816 "https://brainbox.co.in/PDFContent/SPECIAL%20CROUSE/Part%201%20Grammar%20Essentials/STD_VI/" "Mozilla/5.0 (Linux; Android 7.0;) AppleWebKit/537.36 (KHTML, like Gecko) Mobile Safari/537.36 (compatible; PetalBot;+https://webmaster.petalsearch.com/site/petalbot)" "brainbox.co.in"
65.108.142.143 - - [03/Nov/2022:12:58:30 -0700] "GET /PDFContent/Beetle/CLASS%20V/SOCIAL/SEM%201/LESSON%201.%20GLOBE%E2%80%90%20A%20MODEL%20OF%20THE%20EARTH.pdf HTTP/1.1" 200 52635 "-" "Mozilla/5.0 (compatible; MJ12bot/v1.4.8; http://mj12bot.com/)" "www.brainbox.co.in"
65.108.142.143 - - [03/Nov/2022:12:58:32 -0700] "GET /PDFContent/Beetle/CLASS%20V/SOCIAL/SEM%201/LESSON%204.%20EQUATORIAL%20CLIMATE%E2%80%90%20THE%20DEMOCRATIC%20REPUBLIC%20OF.pdf HTTP/1.1" 200 120271 "-" "Mozilla/5.0 (compatible; MJ12bot/v1.4.8; http://mj12bot.com/)" "www.brainbox.co.in"
65.108.142.143 - - [03/Nov/2022:12:58:35 -0700] "GET /PDFContent/Beetle/CLASS%20V/SOCIAL/SEM%201/LESSON%206.%20FRIGID%20CLIMATE%20%E2%80%93%20GREENLAND.pdf HTTP/1.1" 200 90607 "-" "Mozilla/5.0 (compatible; MJ12bot/v1.4.8; http://mj12bot.com/)" "www.brainbox.co.in"
65.108.142.143 - - [03/Nov/2022:12:58:37 -0700] "GET /PDFContent/Beetle/CLASS%20V/SOCIAL/SEM%201/LESSON%207.%20TEMPERATE%20CLIMATE%E2%80%90%20GRASSLANDS.pdf HTTP/1.1" 200 118420 "-" "Mozilla/5.0 (compatible; MJ12bot/v1.4.8; http://mj12bot.com/)" "www.brainbox.co.in"
114.119.145.187 - - [03/Nov/2022:13:00:40 -0700] "GET /PDFContent/Beetle/CLASS%20IV/SCIENCE/Lesson%204.%20Adaptions%20in%20animals.pdf HTTP/1.1" 200 125260 "https://brainbox.co.in/PDFContent/Beetle/CLASS%20IV/SCIENCE/?C=N%3BO%3DD" "Mozilla/5.0 (Linux; Android 7.0;) AppleWebKit/537.36 (KHTML, like Gecko) Mobile Safari/537.36 (compatible; PetalBot;+https://webmaster.petalsearch.com/site/petalbot)" "brainbox.co.in"
157.55.39.87 - - [03/Nov/2022:13:02:22 -0700] "GET /robots.txt HTTP/1.1" 404 88 "-" "Mozilla/5.0 (compatible; bingbot/2.0; +http://www.bing.com/bingbot.htm)" "brainbox.co.in"
157.55.39.87 - - [03/Nov/2022:13:02:24 -0700] "GET /robots.txt HTTP/1.1" 404 88 "-" "Mozilla/5.0 (compatible; bingbot/2.0; +http://www.bing.com/bingbot.htm)" "www.brainbox.co.in"
40.77.167.56 - - [03/Nov/2022:13:02:26 -0700] "GET /sitemap.xml HTTP/1.1" 404 88 "-" "Mozilla/5.0 (compatible; bingbot/2.0; +http://www.bing.com/bingbot.htm)" "brainbox.co.in"
157.55.39.21 - - [03/Nov/2022:13:02:31 -0700] "GET /sitemap.xml.gz HTTP/1.1" 404 88 "-" "Mozilla/5.0 (compatible; bingbot/2.0; +http://www.bing.com/bingbot.htm)" "brainbox.co.in"
157.55.39.21 - - [03/Nov/2022:13:02:31 -0700] "GET /sitemap.xml.gz HTTP/1.1" 404 88 "-" "Mozilla/5.0 AppleWebKit/537.36 (KHTML, like Gecko; compatible; bingbot/2.0; +http://www.bing.com/bingbot.htm) Chrome/103.0.5060.134 Safari/537.36" "www.brainbox.co.in"
40.77.167.56 - - [03/Nov/2022:13:02:36 -0700] "GET /sitemap.xml HTTP/1.1" 404 88 "-" "Mozilla/5.0 (compatible; bingbot/2.0; +http://www.bing.com/bingbot.htm)" "www.brainbox.co.in"
51.222.253.18 - - [03/Nov/2022:13:04:40 -0700] "GET /PDFContent/01%20TSB/01%20Class%20VI/Telugu/VARSHAM/?C=N;O=D HTTP/1.1" 200 461 "-" "Mozilla/5.0 (compatible; AhrefsBot/7.0; +http://ahrefs.com/robot/)" "brainbox.co.in"
114.119.145.160 - - [03/Nov/2022:13:05:42 -0700] "GET /PDFContent/04%20ICSE/03%20Class%20VIII/English/?C=D%3BO%3DA HTTP/1.1" 200 355 "https://brainbox.co.in/PDFContent/04%20ICSE/03%20Class%20VIII/English/?C=N%3BO%3DD" "Mozilla/5.0 (Linux; Android 7.0;) AppleWebKit/537.36 (KHTML, like Gecko) Mobile Safari/537.36 (compatible; PetalBot;+https://webmaster.petalsearch.com/site/petalbot)" "brainbox.co.in"
114.119.145.174 - - [03/Nov/2022:13:10:41 -0700] "GET /PDFContent/Beetle/CLASS%20II/ HTTP/1.1" 200 463 "https://brainbox.co.in/PDFContent/Beetle/CLASS%20II/EVS/?C=M%3BO%3DA" "Mozilla/5.0 (Linux; Android 7.0;) AppleWebKit/537.36 (KHTML, like Gecko) Mobile Safari/537.36 (compatible; PetalBot;+https://webmaster.petalsearch.com/site/petalbot)" "brainbox.co.in"
35.196.89.180 - - [03/Nov/2022:13:15:20 -0700] "GET /robots.txt HTTP/1.1" 404 88 "-" "ZoominfoBot (zoominfobot at zoominfo dot com)" "www.brainbox.co.in"
35.196.89.180 - - [03/Nov/2022:13:15:21 -0700] "GET /robots.txt HTTP/1.1" 404 88 "-" "ZoominfoBot (zoominfobot at zoominfo dot com)" "www.brainbox.co.in"
35.196.89.180 - - [03/Nov/2022:13:15:21 -0700] "GET / HTTP/1.1" 200 432 "-" "ZoominfoBot (zoominfobot at zoominfo dot com)" "www.brainbox.co.in"
114.119.145.160 - - [03/Nov/2022:13:15:39 -0700] "GET /PDFContent/03%20CBSE/05%20Class%20X/Maths/COORDINATE%20GEOMETRY/Coordinate%20Geometry_T01_Introduction.pdf HTTP/1.1" 200 246044 "https://brainbox.co.in/PDFContent/03%20CBSE/05%20Class%20X/Maths/COORDINATE%20GEOMETRY/?C=M%3BO%3DA" "Mozilla/5.0 (Linux; Android 7.0;) AppleWebKit/537.36 (KHTML, like Gecko) Mobile Safari/537.36 (compatible; PetalBot;+https://webmaster.petalsearch.com/site/petalbot)" "brainbox.co.in"
51.222.253.6 - - [03/Nov/2022:13:19:33 -0700] "GET /PDFContent/SPECIAL%20CROUSE/Part%201%20Grammar%20Essentials/STD_VI/?C=S;O=D HTTP/1.1" 200 507 "-" "Mozilla/5.0 (compatible; AhrefsBot/7.0; +http://ahrefs.com/robot/)" "brainbox.co.in"
114.119.145.174 - - [03/Nov/2022:13:20:39 -0700] "GET /PDFContent/01%20TSB/03%20Class%20VIII/English/LS7C/TSB_VIII_ENGLISH_LS07C_%20I%20CAN%20TAKE%20CARE%20OF%20MYSELF_Glossary.pdf HTTP/1.1" 200 323674 "https://brainbox.co.in/PDFContent/01%20TSB/03%20Class%20VIII/English/LS7C/?C=D%3BO%3DA" "Mozilla/5.0 (Linux; Android 7.0;) AppleWebKit/537.36 (KHTML, like Gecko) Mobile Safari/537.36 (compatible; PetalBot;+https://webmaster.petalsearch.com/site/petalbot)" "brainbox.co.in"
114.119.145.187 - - [03/Nov/2022:13:25:47 -0700] "GET /PDFContent/01%20TSB/03%20Class%20VIII/English/LS4B/TSB_VIII_ENGLISH_LS04B_PRETEEN%20PRETEXT_Glossary.pdf HTTP/1.1" 200 298765 "https://brainbox.co.in/PDFContent/01%20TSB/03%20Class%20VIII/English/LS4B/" "Mozilla/5.0 (Linux; Android 7.0;) AppleWebKit/537.36 (KHTML, like Gecko) Mobile Safari/537.36 (compatible; PetalBot;+https://webmaster.petalsearch.com/site/petalbot)" "brainbox.co.in"
114.119.145.175 - - [03/Nov/2022:13:30:40 -0700] "GET /PDFContent/03%20CBSE/04%20Class%20IX/Biology/Fundamental%20Unit%20of%20Life/Types%20of%20organisms%20on%20the%20basis%20of%20cells.pdf HTTP/1.1" 200 218449 "https://brainbox.co.in/PDFContent/03%20CBSE/04%20Class%20IX/Biology/Fundamental%20Unit%20of%20Life/?C=M%3BO%3DA" "Mozilla/5.0 (Linux; Android 7.0;) AppleWebKit/537.36 (KHTML, like Gecko) Mobile Safari/537.36 (compatible; PetalBot;+https://webmaster.petalsearch.com/site/petalbot)" "brainbox.co.in"
164.92.163.55 - - [03/Nov/2022:13:35:30 -0700] "POST / HTTP/1.1" 404 88 "-" "url" "brainbox.co.in"
164.92.163.55 - - [03/Nov/2022:13:35:33 -0700] "POST / HTTP/1.1" 404 88 "-" "url" "brainbox.co.in"
114.119.145.187 - - [03/Nov/2022:13:35:41 -0700] "GET /PDFContent/03%20CBSE/05%20Class%20X/Biology/How%20to%20do%20organsims%20reproduce/CBSE_X_BIOLOGY_HOW%20TO%20DO%20ORGANISMS%20REPRODUCE_Contraception.pdf HTTP/1.1" 200 235810 "https://brainbox.co.in/PDFContent/03%20CBSE/05%20Class%20X/Biology/How%20to%20do%20organsims%20reproduce/?C=M%3BO%3DA" "Mozilla/5.0 (Linux; Android 7.0;) AppleWebKit/537.36 (KHTML, like Gecko) Mobile Safari/537.36 (compatible; PetalBot;+https://webmaster.petalsearch.com/site/petalbot)" "brainbox.co.in"
51.222.253.18 - - [03/Nov/2022:13:36:07 -0700] "GET /PDFContent/01%20TSB/01%20Class%20VI/English/TELANGANA/?C=N;O=D HTTP/1.1" 200 490 "-" "Mozilla/5.0 (compatible; AhrefsBot/7.0; +http://ahrefs.com/robot/)" "brainbox.co.in"
114.119.145.175 - - [03/Nov/2022:13:40:43 -0700] "GET /PDFContent/02%20APSB/07%20Class%20XII/Maths/ HTTP/1.1" 200 354 "https://brainbox.co.in/PDFContent/02%20APSB/07%20Class%20XII/?C=M%3BO%3DA" "Mozilla/5.0 (Linux; Android 7.0;) AppleWebKit/537.36 (KHTML, like Gecko) Mobile Safari/537.36 (compatible; PetalBot;+https://webmaster.petalsearch.com/site/petalbot)" "brainbox.co.in"
3.138.156.226 - - [03/Nov/2022:13:41:01 -0700] "GET /~richard/templates/beez/US/uk/paypal/login.htm HTTP/1.1" 404 73 "-" "Mozilla/5.0 (Macintosh; Intel Mac OS X 10_10_5) AppleWebKit/537.36 (KHTML, like Gecko) Chrome/52.0.2743.116 Safari/537.36" "brainbox.co.in"
51.222.253.2 - - [03/Nov/2022:13:43:49 -0700] "GET /PDFContent/Beetle/CLASS%20V/SOCIAL/SEM%202/?C=N;O=A HTTP/1.1" 200 719 "-" "Mozilla/5.0 (compatible; AhrefsBot/7.0; +http://ahrefs.com/robot/)" "brainbox.co.in"
114.119.145.160 - - [03/Nov/2022:13:45:40 -0700] "GET /PDFContent/01%20TSB/03%20Class%20VIII/English/LS4C/?C=M%3BO%3DA HTTP/1.1" 200 539 "https://brainbox.co.in/PDFContent/01%20TSB/03%20Class%20VIII/English/LS4C/?C=S%3BO%3DA" "Mozilla/5.0 (Linux; Android 7.0;) AppleWebKit/537.36 (KHTML, like Gecko) Mobile Safari/537.36 (compatible; PetalBot;+https://webmaster.petalsearch.com/site/petalbot)" "brainbox.co.in"
51.222.253.9 - - [03/Nov/2022:13:49:43 -0700] "GET /PDFContent/03%20CBSE/03%20Class%20VIII/English/?C=S;O=D HTTP/1.1" 200 398 "-" "Mozilla/5.0 (compatible; AhrefsBot/7.0; +http://ahrefs.com/robot/)" "brainbox.co.in"
114.119.145.160 - - [03/Nov/2022:13:50:40 -0700] "GET /PDFContent/01%20TSB/01%20Class%20VI/Telugu/SNEHABANDHAM/TSB_LS02_SNEHABANDHAM_SVIYARACHANA%20JAWABULU.pdf HTTP/1.1" 200 256788 "https://brainbox.co.in/PDFContent/01%20TSB/01%20Class%20VI/Telugu/SNEHABANDHAM/?C=N%3BO%3DD" "Mozilla/5.0 (Linux; Android 7.0;) AppleWebKit/537.36 (KHTML, like Gecko) Mobile Safari/537.36 (compatible; PetalBot;+https://webmaster.petalsearch.com/site/petalbot)" "brainbox.co.in"
54.183.5.133 - - [03/Nov/2022:13:55:34 -0700] "GET /~richard/templates/beez/US/uk/paypal/login.htm HTTP/1.1" 404 73 "-" "Mozilla/5.0 (Macintosh; Intel Mac OS X 10_10_5) AppleWebKit/537.36 (KHTML, like Gecko) Chrome/52.0.2743.116 Safari/537.36" "brainbox.co.in"
114.119.145.160 - - [03/Nov/2022:13:55:42 -0700] "GET /PDFContent/01%20TSB/03%20Class%20VIII/English/LS2A/TSBoard_English_VIII_LS2A_Glossary2.pdf HTTP/1.1" 200 137806 "https://brainbox.co.in/PDFContent/01%20TSB/03%20Class%20VIII/English/LS2A/?C=M%3BO%3DA" "Mozilla/5.0 (Linux; Android 7.0;) AppleWebKit/537.36 (KHTML, like Gecko) Mobile Safari/537.36 (compatible; PetalBot;+https://webmaster.petalsearch.com/site/petalbot)" "brainbox.co.in"
51.222.253.19 - - [03/Nov/2022:13:58:47 -0700] "GET /PDFContent/01%20TSB/02%20Class%20VII/English/01LS4B/?C=N;O=D HTTP/1.1" 200 472 "-" "Mozilla/5.0 (compatible; AhrefsBot/7.0; +http://ahrefs.com/robot/)" "brainbox.co.in"
114.119.135.132 - - [03/Nov/2022:14:00:47 -0700] "GET /PDFContent/03%20CBSE/05%20Class%20X/Biology/Our%20Environment/Questions%20and%20Answers HTTP/1.1" 200 273899 "https://brainboxschool.com/material/CBSE/X/Biology/OUR_ENVIRONMENT.html" "Mozilla/5.0 (Linux; Android 7.0;) AppleWebKit/537.36 (KHTML, like Gecko) Mobile Safari/537.36 (compatible; PetalBot;+https://webmaster.petalsearch.com/site/petalbot)" "brainbox.co.in"
114.119.145.187 - - [03/Nov/2022:14:05:46 -0700] "GET /PDFContent/01%20TSB/01%20Class%20VI/Telugu/VARSHAM/ HTTP/1.1" 200 464 "https://brainbox.co.in/PDFContent/01%20TSB/01%20Class%20VI/Telugu/?C=S%3BO%3DA" "Mozilla/5.0 (Linux; Android 7.0;) AppleWebKit/537.36 (KHTML, like Gecko) Mobile Safari/537.36 (compatible; PetalBot;+https://webmaster.petalsearch.com/site/petalbot)" "brainbox.co.in"
114.119.145.175 - - [03/Nov/2022:14:10:40 -0700] "GET /PDFContent/03%20CBSE/04%20Class%20IX/Biology/CBSE_lX_BIOLOGY_LS07_DIVERSTY%20IN%20LIVING%20ORGANISMS_KINGDOM%20PROTISTA.pdf HTTP/1.1" 200 708080 "https://brainbox.co.in/PDFContent/03%20CBSE/04%20Class%20IX/Biology/?C=N%3BO%3DD" "Mozilla/5.0 (Linux; Android 7.0;) AppleWebKit/537.36 (KHTML, like Gecko) Mobile Safari/537.36 (compatible; PetalBot;+https://webmaster.petalsearch.com/site/petalbot)" "brainbox.co.in"
51.222.253.13 - - [03/Nov/2022:14:12:27 -0700] "GET /PDFContent/02%20APSB/06%20Class%20XI/Telugu/?C=M;O=D HTTP/1.1" 200 353 "-" "Mozilla/5.0 (compatible; AhrefsBot/7.0; +http://ahrefs.com/robot/)" "brainbox.co.in"
40.77.167.59 - - [03/Nov/2022:14:13:08 -0700] "GET /PDFContent/03%20CBSE/06%20Class%20XI/Physics/MOTION%20IN%20STRAIGHT%20LINE/CBSE_XI_PHYSCIS_LS10_MOTION%20IN%20A%20STRAIGHT%20LINE_Vertically%20Projected%20Body.pdf HTTP/1.1" 200 211248 "-" "Mozilla/5.0 AppleWebKit/537.36 (KHTML, like Gecko; compatible; bingbot/2.0; +http://www.bing.com/bingbot.htm) Chrome/103.0.5060.134 Safari/537.36" "brainbox.co.in"
114.119.135.132 - - [03/Nov/2022:14:15:40 -0700] "GET /PDFContent/01%20TSB/05%20Class%20X/English/?C=D%3BO%3DA HTTP/1.1" 200 610 "https://brainbox.co.in/PDFContent/01%20TSB/05%20Class%20X/English/?C=S%3BO%3DA" "Mozilla/5.0 (Linux; Android 7.0;) AppleWebKit/537.36 (KHTML, like Gecko) Mobile Safari/537.36 (compatible; PetalBot;+https://webmaster.petalsearch.com/site/petalbot)" "brainbox.co.in"
114.119.145.187 - - [03/Nov/2022:14:20:45 -0700] "GET /PDFContent/01%20TSB/02%20Class%20VII/Science/MOTION%20AND%20TIME/TSB_VII_SCIENCE_LS04_MOTION%20AND%20TIME_GLOSSARY.pdf HTTP/1.1" 200 429671 "https://brainbox.co.in/PDFContent/01%20TSB/02%20Class%20VII/Science/MOTION%20AND%20TIME/?C=D%3BO%3DA" "Mozilla/5.0 (Linux; Android 7.0;) AppleWebKit/537.36 (KHTML, like Gecko) Mobile Safari/537.36 (compatible; PetalBot;+https://webmaster.petalsearch.com/site/petalbot)" "brainbox.co.in"
207.46.13.24 - - [03/Nov/2022:14:20:52 -0700] "GET /PDFContent/03%20CBSE/04%20Class%20IX/Biology/CBSE_lX_BIOLOGY_LS07_DIVERSTY%20IN%20LIVING%20ORGANISMS_GYMNOSPERMS.pdf HTTP/1.1" 200 478841 "-" "Mozilla/5.0 (compatible; bingbot/2.0; +http://www.bing.com/bingbot.htm)" "brainbox.co.in"
51.222.253.8 - - [03/Nov/2022:14:25:35 -0700] "GET /PDFContent/01%20TSB/04%20Class%20IX/Physics/ HTTP/1.1" 200 353 "-" "Mozilla/5.0 (compatible; AhrefsBot/7.0; +http://ahrefs.com/robot/)" "brainbox.co.in"
114.119.145.160 - - [03/Nov/2022:14:25:45 -0700] "GET /PDFContent/03%20CBSE/04%20Class%20IX/Maths/LINEAR%20EQUATIONS%20IN%20TWO%20VARIABLES/CBSE_IX_MATHS_LS04_LINEAR%20EQUATIONS%20IN%20%20TWO%20VARIABLES_SOLUTIONS%20OF%20%20SIMULTANEOUS%20LINEAR%20EQUATIONS.pdf HTTP/1.1" 200 247719 "https://brainbox.co.in/PDFContent/03%20CBSE/04%20Class%20IX/Maths/LINEAR%20EQUATIONS%20IN%20TWO%20VARIABLES/?C=S%3BO%3DA" "Mozilla/5.0 (Linux; Android 7.0;) AppleWebKit/537.36 (KHTML, like Gecko) Mobile Safari/537.36 (compatible; PetalBot;+https://webmaster.petalsearch.com/site/petalbot)" "brainbox.co.in"
114.119.145.175 - - [03/Nov/2022:14:30:40 -0700] "GET /PDFContent/03%20CBSE/06%20Class%20XI/Physics/MOTION%20IN%20STRAIGHT%20LINE/CBSE_XI_PHYSCIS_LS10_MOTION%20IN%20A%20STRAIGHT%20LINE_Vertically%20Projected%20Body.pdf HTTP/1.1" 200 211248 "https://brainbox.co.in/PDFContent/03%20CBSE/06%20Class%20XI/Physics/MOTION%20IN%20STRAIGHT%20LINE/?C=S%3BO%3DA" "Mozilla/5.0 (Linux; Android 7.0;) AppleWebKit/537.36 (KHTML, like Gecko) Mobile Safari/537.36 (compatible; PetalBot;+https://webmaster.petalsearch.com/site/petalbot)" "brainbox.co.in"
114.119.145.174 - - [03/Nov/2022:14:35:40 -0700] "GET /PDFContent/03%20CBSE/04%20Class%20IX/Biology/Fundamental%20Unit%20of%20Life/Cell%20Division HTTP/1.1" 200 271051 "https://brainboxschool.com/material/CBSE/IX/Biology/THE_FUNDAMENTAL_UNIT_OF_LIFE.html" "Mozilla/5.0 (Linux; Android 7.0;) AppleWebKit/537.36 (KHTML, like Gecko) Mobile Safari/537.36 (compatible; PetalBot;+https://webmaster.petalsearch.com/site/petalbot)" "brainbox.co.in"
5.45.207.92 - - [03/Nov/2022:14:36:26 -0700] "GET /PDFContent/SPECIAL%20CROUSE/Part%201%20Grammar%20Essentials/STD_IV/UNIT%208%20%E2%80%93%20THE%20UNLUCKY%20FACE.pdf HTTP/1.1" 200 471161 "-" "Mozilla/5.0 (compatible; YandexBot/3.0; +http://yandex.com/bots)" "brainbox.co.in"
114.119.145.174 - - [03/Nov/2022:14:40:41 -0700] "GET /PDFContent/03%20CBSE/02%20Class%20VII/Science/LIGHT/?C=M%3BO%3DA HTTP/1.1" 200 520 "https://brainbox.co.in/PDFContent/03%20CBSE/02%20Class%20VII/Science/LIGHT/?C=N%3BO%3DD" "Mozilla/5.0 (Linux; Android 7.0;) AppleWebKit/537.36 (KHTML, like Gecko) Mobile Safari/537.36 (compatible; PetalBot;+https://webmaster.petalsearch.com/site/petalbot)" "brainbox.co.in"
114.119.135.132 - - [03/Nov/2022:14:45:41 -0700] "GET /PDFContent/02%20APSB/01%20Class%20VI/Sanskrit/ HTTP/1.1" 200 354 "https://brainbox.co.in/PDFContent/02%20APSB/01%20Class%20VI/?C=M%3BO%3DA" "Mozilla/5.0 (Linux; Android 7.0;) AppleWebKit/537.36 (KHTML, like Gecko) Mobile Safari/537.36 (compatible; PetalBot;+https://webmaster.petalsearch.com/site/petalbot)" "brainbox.co.in"
114.119.135.132 - - [03/Nov/2022:14:50:41 -0700] "GET /PDFContent/03%20CBSE/05%20Class%20X/Hindi/?C=M%3BO%3DA HTTP/1.1" 200 1378 "https://brainbox.co.in/PDFContent/03%20CBSE/05%20Class%20X/Hindi/" "Mozilla/5.0 (Linux; Android 7.0;) AppleWebKit/537.36 (KHTML, like Gecko) Mobile Safari/537.36 (compatible; PetalBot;+https://webmaster.petalsearch.com/site/petalbot)" "brainbox.co.in"
51.222.253.5 - - [03/Nov/2022:14:51:48 -0700] "GET /PDFContent/03%20CBSE/07%20Class%20XII/Chemistry/?C=N;O=D HTTP/1.1" 200 430 "-" "Mozilla/5.0 (compatible; AhrefsBot/7.0; +http://ahrefs.com/robot/)" "brainbox.co.in"
114.119.145.160 - - [03/Nov/2022:14:55:43 -0700] "GET /taskdiary/?C=D%3BO%3DA HTTP/1.1" 200 314 "https://brainbox.co.in/taskdiary/?C=N%3BO%3DD" "Mozilla/5.0 (Linux; Android 7.0;) AppleWebKit/537.36 (KHTML, like Gecko) Mobile Safari/537.36 (compatible; PetalBot;+https://webmaster.petalsearch.com/site/petalbot)" "brainbox.co.in"
114.119.145.187 - - [03/Nov/2022:15:00:41 -0700] "GET /PDFContent/04%20ICSE/03%20Class%20VIII/Telugu/?C=S%3BO%3DA HTTP/1.1" 200 355 "https://brainbox.co.in/PDFContent/04%20ICSE/03%20Class%20VIII/Telugu/?C=N%3BO%3DD" "Mozilla/5.0 (Linux; Android 7.0;) AppleWebKit/537.36 (KHTML, like Gecko) Mobile Safari/537.36 (compatible; PetalBot;+https://webmaster.petalsearch.com/site/petalbot)" "brainbox.co.in"
114.119.145.187 - - [03/Nov/2022:15:05:41 -0700] "GET /PDFContent/03%20CBSE/04%20Class%20IX/Maths/POLYNOMIALS/CBSE_IX_MATHS_LS02_POLYNOMIALS_DIFFERENCE%20BETWEEN%20ZERO%20POLYNOMIAL%20AND%20ZERO%20OF%20THE%20POLYNOMIAL.pdf HTTP/1.1" 200 245875 "https://brainbox.co.in/PDFContent/03%20CBSE/04%20Class%20IX/Maths/POLYNOMIALS/?C=N%3BO%3DD" "Mozilla/5.0 (Linux; Android 7.0;) AppleWebKit/537.36 (KHTML, like Gecko) Mobile Safari/537.36 (compatible; PetalBot;+https://webmaster.petalsearch.com/site/petalbot)" "brainbox.co.in"
51.222.253.9 - - [03/Nov/2022:15:06:29 -0700] "GET /PDFContent/SPECIAL%20CROUSE/Part%201%20Grammar%20Essentials/STD_X/?C=S;O=D HTTP/1.1" 200 496 "-" "Mozilla/5.0 (compatible; AhrefsBot/7.0; +http://ahrefs.com/robot/)" "brainbox.co.in"
