51.222.253.20 - - [02/Nov/2022:22:09:11 -0700] "GET /PDFContent/04%20ICSE/01%20Class%20VI/Chemistry/?C=S;O=A HTTP/1.1" 200 355 "-" "Mozilla/5.0 (compatible; AhrefsBot/7.0; +http://ahrefs.com/robot/)" "brainbox.co.in"
114.119.145.160 - - [02/Nov/2022:22:10:29 -0700] "GET /PDFContent/03%20CBSE/06%20Class%20XI/Chemistry/GENERAL%20ORGANIC%20CHEMISTRY/?C=M%3BO%3DA HTTP/1.1" 200 772 "https://brainbox.co.in/PDFContent/03%20CBSE/06%20Class%20XI/Chemistry/GENERAL%20ORGANIC%20CHEMISTRY/" "Mozilla/5.0 (Linux; Android 7.0;) AppleWebKit/537.36 (KHTML, like Gecko) Mobile Safari/537.36 (compatible; PetalBot;+https://webmaster.petalsearch.com/site/petalbot)" "brainbox.co.in"
51.222.253.9 - - [02/Nov/2022:22:11:51 -0700] "GET /PDFContent/02%20APSB/04%20Class%20IX/Sanskrit/?C=D;O=A HTTP/1.1" 200 355 "-" "Mozilla/5.0 (compatible; AhrefsBot/7.0; +http://ahrefs.com/robot/)" "brainbox.co.in"
51.222.253.11 - - [02/Nov/2022:22:14:29 -0700] "GET /PDFContent/04%20ICSE/01%20Class%20VI/Chemistry/?C=M;O=A HTTP/1.1" 200 355 "-" "Mozilla/5.0 (compatible; AhrefsBot/7.0; +http://ahrefs.com/robot/)" "brainbox.co.in"
114.119.145.174 - - [02/Nov/2022:22:15:29 -0700] "GET /PDFContent/02%20APSB/02%20Class%20VII/Chemistry/?C=D%3BO%3DA HTTP/1.1" 200 354 "https://brainbox.co.in/PDFContent/02%20APSB/02%20Class%20VII/Chemistry/?C=N%3BO%3DD" "Mozilla/5.0 (Linux; Android 7.0;) AppleWebKit/537.36 (KHTML, like Gecko) Mobile Safari/537.36 (compatible; PetalBot;+https://webmaster.petalsearch.com/site/petalbot)" "brainbox.co.in"
51.222.253.2 - - [02/Nov/2022:22:16:35 -0700] "GET /PDFContent/04%20ICSE/01%20Class%20VI/Chemistry/?C=D;O=A HTTP/1.1" 200 355 "-" "Mozilla/5.0 (compatible; AhrefsBot/7.0; +http://ahrefs.com/robot/)" "brainbox.co.in"
51.222.253.15 - - [02/Nov/2022:22:18:49 -0700] "GET /PDFContent/02%20APSB/06%20Class%20XI/Physics/?C=N;O=D HTTP/1.1" 200 352 "-" "Mozilla/5.0 (compatible; AhrefsBot/7.0; +http://ahrefs.com/robot/)" "brainbox.co.in"
5.45.207.149 - - [02/Nov/2022:22:20:19 -0700] "GET /robots.txt HTTP/1.1" 404 73 "-" "Mozilla/5.0 (compatible; YandexBot/3.0; +http://yandex.com/bots)" "brainbox.co.in"
5.255.253.105 - - [02/Nov/2022:22:20:24 -0700] "GET /PDFContent/01%20TSB/02%20Class%20VII/Hindi/ques%20&%20ans/TSB_VII_LS12_HAMARA%20TEWHAR%20_QUES%20&%20ANS.pdf HTTP/1.1" 200 228214 "-" "Mozilla/5.0 (compatible; YandexBot/3.0; +http://yandex.com/bots)" "brainbox.co.in"
114.119.145.160 - - [02/Nov/2022:22:20:29 -0700] "GET /PDFContent/Beetle/CLASS%20I/ENGLISH%201-2/?C=N%3BO%3DD HTTP/1.1" 200 623 "https://brainbox.co.in/PDFContent/Beetle/CLASS%20I/ENGLISH%201-2/" "Mozilla/5.0 (Linux; Android 7.0;) AppleWebKit/537.36 (KHTML, like Gecko) Mobile Safari/537.36 (compatible; PetalBot;+https://webmaster.petalsearch.com/site/petalbot)" "brainbox.co.in"
51.222.253.10 - - [02/Nov/2022:22:20:51 -0700] "GET /PDFContent/Beetle/CLASS%20IV/?C=M;O=A HTTP/1.1" 200 508 "-" "Mozilla/5.0 (compatible; AhrefsBot/7.0; +http://ahrefs.com/robot/)" "brainbox.co.in"
51.222.253.3 - - [02/Nov/2022:22:23:04 -0700] "GET /PDFContent/02%20APSB/06%20Class%20XI/English/?C=N;O=D HTTP/1.1" 200 352 "-" "Mozilla/5.0 (compatible; AhrefsBot/7.0; +http://ahrefs.com/robot/)" "brainbox.co.in"
114.119.145.175 - - [02/Nov/2022:22:25:29 -0700] "GET /PDFContent/Beetle/CLASS%20II/MATHEMATICS%20SEM%202/Lesson%207.%20Measurement%20of%20length.pdf HTTP/1.1" 200 - "https://brainbox.co.in/PDFContent/Beetle/CLASS%20II/MATHEMATICS%20SEM%202/?C=S%3BO%3DA" "Mozilla/5.0 (Linux; Android 7.0;) AppleWebKit/537.36 (KHTML, like Gecko) Mobile Safari/537.36 (compatible; PetalBot;+https://webmaster.petalsearch.com/site/petalbot)" "brainbox.co.in"
51.222.253.16 - - [02/Nov/2022:22:25:49 -0700] "GET /PDFContent/Beetle/CLASS%20IV/?C=S;O=A HTTP/1.1" 200 504 "-" "Mozilla/5.0 (compatible; AhrefsBot/7.0; +http://ahrefs.com/robot/)" "brainbox.co.in"
51.222.253.18 - - [02/Nov/2022:22:28:45 -0700] "GET /PDFContent/02%20APSB/04%20Class%20IX/Physics/?C=D;O=A HTTP/1.1" 200 354 "-" "Mozilla/5.0 (compatible; AhrefsBot/7.0; +http://ahrefs.com/robot/)" "brainbox.co.in"
114.119.145.174 - - [02/Nov/2022:22:30:29 -0700] "GET /PDFContent/01%20TSB/03%20Class%20VIII/Biology/THE%20WORLD%20OF%20MICRO%20ORGANISMS/The%20World%20of%20Microorganisms_T02_Harmful%20Microorganisms.pdf HTTP/1.1" 200 583972 "https://brainbox.co.in/PDFContent/01%20TSB/03%20Class%20VIII/Biology/THE%20WORLD%20OF%20MICRO%20ORGANISMS/" "Mozilla/5.0 (Linux; Android 7.0;) AppleWebKit/537.36 (KHTML, like Gecko) Mobile Safari/537.36 (compatible; PetalBot;+https://webmaster.petalsearch.com/site/petalbot)" "brainbox.co.in"
51.222.253.1 - - [02/Nov/2022:22:31:14 -0700] "GET /PDFContent/02%20APSB/06%20Class%20XI/Sanskrit/ HTTP/1.1" 200 355 "-" "Mozilla/5.0 (compatible; AhrefsBot/7.0; +http://ahrefs.com/robot/)" "brainbox.co.in"
51.222.253.14 - - [02/Nov/2022:22:34:05 -0700] "GET /PDFContent/01%20TSB/07%20Class%20XII/Physics/?C=S;O=A HTTP/1.1" 200 355 "-" "Mozilla/5.0 (compatible; AhrefsBot/7.0; +http://ahrefs.com/robot/)" "brainbox.co.in"
114.119.145.174 - - [02/Nov/2022:22:35:36 -0700] "GET /PDFContent/Beetle/CLASS%20II/EVS/ HTTP/1.1" 200 649 "https://brainbox.co.in/PDFContent/Beetle/CLASS%20II/?C=S%3BO%3DA" "Mozilla/5.0 (Linux; Android 7.0;) AppleWebKit/537.36 (KHTML, like Gecko) Mobile Safari/537.36 (compatible; PetalBot;+https://webmaster.petalsearch.com/site/petalbot)" "brainbox.co.in"
51.222.253.2 - - [02/Nov/2022:22:36:52 -0700] "GET /PDFContent/02%20APSB/06%20Class%20XI/Telugu/ HTTP/1.1" 200 355 "-" "Mozilla/5.0 (compatible; AhrefsBot/7.0; +http://ahrefs.com/robot/)" "brainbox.co.in"
51.222.253.20 - - [02/Nov/2022:22:39:47 -0700] "GET /PDFContent/04%20ICSE/05%20Class%20X/Maths/ HTTP/1.1" 200 351 "-" "Mozilla/5.0 (compatible; AhrefsBot/7.0; +http://ahrefs.com/robot/)" "brainbox.co.in"
114.119.145.160 - - [02/Nov/2022:22:40:28 -0700] "GET /PDFContent/03%20CBSE/01%20Class%20VI/Chemistry/?C=S%3BO%3DA HTTP/1.1" 200 407 "https://brainbox.co.in/PDFContent/03%20CBSE/01%20Class%20VI/Chemistry/" "Mozilla/5.0 (Linux; Android 7.0;) AppleWebKit/537.36 (KHTML, like Gecko) Mobile Safari/537.36 (compatible; PetalBot;+https://webmaster.petalsearch.com/site/petalbot)" "brainbox.co.in"
51.222.253.5 - - [02/Nov/2022:22:42:31 -0700] "GET /PDFContent/02%20APSB/06%20Class%20XI/Hindi/ HTTP/1.1" 200 353 "-" "Mozilla/5.0 (compatible; AhrefsBot/7.0; +http://ahrefs.com/robot/)" "brainbox.co.in"
51.222.253.5 - - [02/Nov/2022:22:45:23 -0700] "GET /PDFContent/02%20APSB/06%20Class%20XI/English/?C=D;O=A HTTP/1.1" 200 354 "-" "Mozilla/5.0 (compatible; AhrefsBot/7.0; +http://ahrefs.com/robot/)" "brainbox.co.in"
114.119.145.175 - - [02/Nov/2022:22:45:28 -0700] "GET /PDFContent/Beetle/CLASS%20II/ENGLISH%20SEM%202/?C=D%3BO%3DA HTTP/1.1" 200 615 "https://brainbox.co.in/PDFContent/Beetle/CLASS%20II/ENGLISH%20SEM%202/?C=M%3BO%3DA" "Mozilla/5.0 (Linux; Android 7.0;) AppleWebKit/537.36 (KHTML, like Gecko) Mobile Safari/537.36 (compatible; PetalBot;+https://webmaster.petalsearch.com/site/petalbot)" "brainbox.co.in"
51.222.253.11 - - [02/Nov/2022:22:48:14 -0700] "GET /PDFContent/01%20TSB/07%20Class%20XII/English/?C=S;O=A HTTP/1.1" 200 355 "-" "Mozilla/5.0 (compatible; AhrefsBot/7.0; +http://ahrefs.com/robot/)" "brainbox.co.in"
114.119.145.174 - - [02/Nov/2022:22:50:30 -0700] "GET /PDFContent/03%20CBSE/05%20Class%20X/Biology/LIFE%20PROCESSES/?C=N%3BO%3DD HTTP/1.1" 200 671 "https://brainbox.co.in/PDFContent/03%20CBSE/05%20Class%20X/Biology/LIFE%20PROCESSES/?C=D%3BO%3DA" "Mozilla/5.0 (Linux; Android 7.0;) AppleWebKit/537.36 (KHTML, like Gecko) Mobile Safari/537.36 (compatible; PetalBot;+https://webmaster.petalsearch.com/site/petalbot)" "brainbox.co.in"
51.222.253.2 - - [02/Nov/2022:22:51:07 -0700] "GET /PDFContent/02%20APSB/06%20Class%20XI/English/?C=S;O=A HTTP/1.1" 200 354 "-" "Mozilla/5.0 (compatible; AhrefsBot/7.0; +http://ahrefs.com/robot/)" "brainbox.co.in"
51.222.253.20 - - [02/Nov/2022:22:53:55 -0700] "GET /PDFContent/01%20TSB/07%20Class%20XII/Maths/?C=M;O=A HTTP/1.1" 200 433 "-" "Mozilla/5.0 (compatible; AhrefsBot/7.0; +http://ahrefs.com/robot/)" "brainbox.co.in"
114.119.145.160 - - [02/Nov/2022:22:55:28 -0700] "GET /PDFContent/Beetle/CLASS%20II/EVS%20SEM%202/ HTTP/1.1" 200 668 "https://brainbox.co.in/PDFContent/Beetle/CLASS%20II/?C=S%3BO%3DA" "Mozilla/5.0 (Linux; Android 7.0;) AppleWebKit/537.36 (KHTML, like Gecko) Mobile Safari/537.36 (compatible; PetalBot;+https://webmaster.petalsearch.com/site/petalbot)" "brainbox.co.in"
51.222.253.15 - - [02/Nov/2022:22:56:43 -0700] "GET /PDFContent/02%20APSB/06%20Class%20XI/Hindi/?C=N;O=D HTTP/1.1" 200 351 "-" "Mozilla/5.0 (compatible; AhrefsBot/7.0; +http://ahrefs.com/robot/)" "brainbox.co.in"
51.222.253.11 - - [02/Nov/2022:22:59:29 -0700] "GET /PDFContent/01%20TSB/07%20Class%20XII/Maths/?C=S;O=A HTTP/1.1" 200 433 "-" "Mozilla/5.0 (compatible; AhrefsBot/7.0; +http://ahrefs.com/robot/)" "brainbox.co.in"
114.119.145.175 - - [02/Nov/2022:23:00:33 -0700] "GET /PDFContent/03%20CBSE/05%20Class%20X/Physics/REFLECTION%20AND%20REFRACTION/CBSE_X_PHYSCIS_LS10_REFLECTION%20&%20REFRACTION_REFRACTION%20THROUGH%20A%20GLASS%20SLAB.pdf HTTP/1.1" 200 277102 "https://brainboxschool.com/material/CBSE/X/Physics/REFLECTION_&_REFRACTION.html" "Mozilla/5.0 (Linux; Android 7.0;) AppleWebKit/537.36 (KHTML, like Gecko) Mobile Safari/537.36 (compatible; PetalBot;+https://webmaster.petalsearch.com/site/petalbot)" "brainbox.co.in"
51.222.253.16 - - [02/Nov/2022:23:02:11 -0700] "GET /PDFContent/01%20TSB/07%20Class%20XII/Maths/?C=D;O=A HTTP/1.1" 200 433 "-" "Mozilla/5.0 (compatible; AhrefsBot/7.0; +http://ahrefs.com/robot/)" "brainbox.co.in"
51.222.253.4 - - [02/Nov/2022:23:04:38 -0700] "GET /PDFContent/02%20APSB/02%20Class%20VII/Physics/?C=N;O=D HTTP/1.1" 200 351 "-" "Mozilla/5.0 (compatible; AhrefsBot/7.0; +http://ahrefs.com/robot/)" "brainbox.co.in"
114.119.145.160 - - [02/Nov/2022:23:05:31 -0700] "GET /PDFContent/03%20CBSE/06%20Class%20XI/Chemistry/GENERAL%20ORGANIC%20CHEMISTRY/GENERAL%20ORGANIC%20CHEMISTRY_T01_Introduction.pdf HTTP/1.1" 200 243580 "https://brainbox.co.in/PDFContent/03%20CBSE/06%20Class%20XI/Chemistry/GENERAL%20ORGANIC%20CHEMISTRY/" "Mozilla/5.0 (Linux; Android 7.0;) AppleWebKit/537.36 (KHTML, like Gecko) Mobile Safari/537.36 (compatible; PetalBot;+https://webmaster.petalsearch.com/site/petalbot)" "brainbox.co.in"
51.222.253.19 - - [02/Nov/2022:23:07:19 -0700] "GET /PDFContent/02%20APSB/03%20Class%20VIII/English/ HTTP/1.1" 200 355 "-" "Mozilla/5.0 (compatible; AhrefsBot/7.0; +http://ahrefs.com/robot/)" "brainbox.co.in"
51.222.253.6 - - [02/Nov/2022:23:10:05 -0700] "GET /PDFContent/02%20APSB/02%20Class%20VII/Hindi/?C=S;O=D HTTP/1.1" 200 350 "-" "Mozilla/5.0 (compatible; AhrefsBot/7.0; +http://ahrefs.com/robot/)" "brainbox.co.in"
114.119.145.175 - - [02/Nov/2022:23:10:29 -0700] "GET /PDFContent/02%20APSB/02%20Class%20VII/Physics/?C=D%3BO%3DA HTTP/1.1" 200 353 "https://brainbox.co.in/PDFContent/02%20APSB/02%20Class%20VII/Physics/?C=N%3BO%3DD" "Mozilla/5.0 (Linux; Android 7.0;) AppleWebKit/537.36 (KHTML, like Gecko) Mobile Safari/537.36 (compatible; PetalBot;+https://webmaster.petalsearch.com/site/petalbot)" "brainbox.co.in"
51.222.253.13 - - [02/Nov/2022:23:12:32 -0700] "GET /PDFContent/02%20APSB/06%20Class%20XI/Telugu/?C=D;O=D HTTP/1.1" 200 353 "-" "Mozilla/5.0 (compatible; AhrefsBot/7.0; +http://ahrefs.com/robot/)" "brainbox.co.in"
207.46.13.56 - - [02/Nov/2022:23:14:59 -0700] "GET /PDFContent/04%20ICSE/01%20Class%20VI/English/ HTTP/1.1" 200 353 "-" "Mozilla/5.0 AppleWebKit/537.36 (KHTML, like Gecko; compatible; bingbot/2.0; +http://www.bing.com/bingbot.htm) Chrome/103.0.5060.134 Safari/537.36" "brainbox.co.in"
114.119.145.187 - - [02/Nov/2022:23:15:29 -0700] "GET /PDFContent/03%20CBSE/03%20Class%20VIII/Biology/Cell%20Structures/Plant%20and%20Animal%20Cell%20Difference.pdf HTTP/1.1" 200 249655 "https://brainbox.co.in/PDFContent/03%20CBSE/03%20Class%20VIII/Biology/Cell%20Structures/?C=M%3BO%3DA" "Mozilla/5.0 (Linux; Android 7.0;) AppleWebKit/537.36 (KHTML, like Gecko) Mobile Safari/537.36 (compatible; PetalBot;+https://webmaster.petalsearch.com/site/petalbot)" "brainbox.co.in"
51.222.253.19 - - [02/Nov/2022:23:17:17 -0700] "GET /PDFContent/03%20CBSE/01%20Class%20VI/Hindi/?C=D;O=D HTTP/1.1" 200 350 "-" "Mozilla/5.0 (compatible; AhrefsBot/7.0; +http://ahrefs.com/robot/)" "brainbox.co.in"
114.119.145.175 - - [02/Nov/2022:23:20:32 -0700] "GET /PDFContent/02%20APSB/07%20Class%20XII/Hindi/?C=S%3BO%3DA HTTP/1.1" 200 354 "https://brainbox.co.in/PDFContent/02%20APSB/07%20Class%20XII/Hindi/?C=M%3BO%3DA" "Mozilla/5.0 (Linux; Android 7.0;) AppleWebKit/537.36 (KHTML, like Gecko) Mobile Safari/537.36 (compatible; PetalBot;+https://webmaster.petalsearch.com/site/petalbot)" "brainbox.co.in"
114.119.135.132 - - [02/Nov/2022:23:25:33 -0700] "GET /PDFContent/03%20CBSE/04%20Class%20IX/Physics/Motion/Acceleration HTTP/1.1" 200 235985 "https://brainboxschool.com/material/CBSE/IX/Physics/MOTION.html" "Mozilla/5.0 (Linux; Android 7.0;) AppleWebKit/537.36 (KHTML, like Gecko) Mobile Safari/537.36 (compatible; PetalBot;+https://webmaster.petalsearch.com/site/petalbot)" "brainbox.co.in"
51.222.253.12 - - [02/Nov/2022:23:27:03 -0700] "GET /PDFContent/03%20CBSE/01%20Class%20VI/Hindi/?C=M;O=D HTTP/1.1" 200 350 "-" "Mozilla/5.0 (compatible; AhrefsBot/7.0; +http://ahrefs.com/robot/)" "brainbox.co.in"
114.119.145.187 - - [02/Nov/2022:23:30:34 -0700] "GET /PDFContent/03%20CBSE/05%20Class%20X/Hindi/Kshitij/LS02/CBSE_X_HINDI_LS02_TULASIDAS_Introduction.pdf HTTP/1.1" 200 609293 "https://brainbox.co.in/PDFContent/03%20CBSE/05%20Class%20X/Hindi/Kshitij/LS02/?C=D%3BO%3DA" "Mozilla/5.0 (Linux; Android 7.0;) AppleWebKit/537.36 (KHTML, like Gecko) Mobile Safari/537.36 (compatible; PetalBot;+https://webmaster.petalsearch.com/site/petalbot)" "brainbox.co.in"
114.119.145.160 - - [02/Nov/2022:23:35:30 -0700] "GET /PDFContent/03%20CBSE/05%20Class%20X/Chemistry/CHEMICAL%20REACTIONS%20&%20EQUATIONS/CHEMICAL%20REACTIONS%20&%20EQUATIONS_CHANGES%20AROUND%20US_PART%2001.pdf HTTP/1.1" 200 311859 "https://brainbox.co.in/PDFContent/03%20CBSE/05%20Class%20X/Chemistry/CHEMICAL%20REACTIONS%20&%20EQUATIONS/?C=D%3BO%3DA" "Mozilla/5.0 (Linux; Android 7.0;) AppleWebKit/537.36 (KHTML, like Gecko) Mobile Safari/537.36 (compatible; PetalBot;+https://webmaster.petalsearch.com/site/petalbot)" "brainbox.co.in"
114.119.135.132 - - [02/Nov/2022:23:40:33 -0700] "GET /PDFContent/03%20CBSE/04%20Class%20IX/Maths/LINEAR%20EQUATIONS%20IN%20TWO%20VARIABLES/?C=D%3BO%3DA HTTP/1.1" 200 846 "https://brainbox.co.in/PDFContent/03%20CBSE/04%20Class%20IX/Maths/LINEAR%20EQUATIONS%20IN%20TWO%20VARIABLES/?C=S%3BO%3DA" "Mozilla/5.0 (Linux; Android 7.0;) AppleWebKit/537.36 (KHTML, like Gecko) Mobile Safari/537.36 (compatible; PetalBot;+https://webmaster.petalsearch.com/site/petalbot)" "brainbox.co.in"
114.119.135.132 - - [02/Nov/2022:23:45:35 -0700] "GET /PDFContent/03%20CBSE/03%20Class%20VIII/English/?C=S%3BO%3DA HTTP/1.1" 200 400 "https://brainbox.co.in/PDFContent/03%20CBSE/03%20Class%20VIII/English/?C=M%3BO%3DA" "Mozilla/5.0 (Linux; Android 7.0;) AppleWebKit/537.36 (KHTML, like Gecko) Mobile Safari/537.36 (compatible; PetalBot;+https://webmaster.petalsearch.com/site/petalbot)" "brainbox.co.in"
51.222.253.5 - - [02/Nov/2022:23:47:01 -0700] "GET /PDFContent/02%20APSB/04%20Class%20IX/English/?C=N;O=D HTTP/1.1" 200 352 "-" "Mozilla/5.0 (compatible; AhrefsBot/7.0; +http://ahrefs.com/robot/)" "brainbox.co.in"
114.119.135.132 - - [02/Nov/2022:23:50:51 -0700] "GET /PDFContent/Beetle/CLASS%20V/ENGLISH/SEM%202/?C=N%3BO%3DD HTTP/1.1" 200 673 "https://brainbox.co.in/PDFContent/Beetle/CLASS%20V/ENGLISH/SEM%202/" "Mozilla/5.0 (Linux; Android 7.0;) AppleWebKit/537.36 (KHTML, like Gecko) Mobile Safari/537.36 (compatible; PetalBot;+https://webmaster.petalsearch.com/site/petalbot)" "brainbox.co.in"
114.119.145.175 - - [02/Nov/2022:23:55:29 -0700] "GET /PDFContent/03%20CBSE/02%20Class%20VII/Science/ACIDS%20BASES%20AND%20SALTS/ HTTP/1.1" 200 530 "https://brainbox.co.in/PDFContent/03%20CBSE/02%20Class%20VII/Science/?C=S%3BO%3DA" "Mozilla/5.0 (Linux; Android 7.0;) AppleWebKit/537.36 (KHTML, like Gecko) Mobile Safari/537.36 (compatible; PetalBot;+https://webmaster.petalsearch.com/site/petalbot)" "brainbox.co.in"
51.222.253.16 - - [02/Nov/2022:23:56:31 -0700] "GET /PDFContent/02%20APSB/06%20Class%20XI/English/?C=M;O=A HTTP/1.1" 200 354 "-" "Mozilla/5.0 (compatible; AhrefsBot/7.0; +http://ahrefs.com/robot/)" "brainbox.co.in"
51.222.253.17 - - [02/Nov/2022:23:57:58 -0700] "GET /PDFContent/02%20APSB/04%20Class%20IX/Physics/?C=M;O=A HTTP/1.1" 200 354 "-" "Mozilla/5.0 (compatible; AhrefsBot/7.0; +http://ahrefs.com/robot/)" "brainbox.co.in"
51.222.253.13 - - [02/Nov/2022:23:58:40 -0700] "GET /PDFContent/02%20APSB/03%20Class%20VIII/Physics/ HTTP/1.1" 200 355 "-" "Mozilla/5.0 (compatible; AhrefsBot/7.0; +http://ahrefs.com/robot/)" "brainbox.co.in"
51.222.253.1 - - [02/Nov/2022:23:59:16 -0700] "GET /PDFContent/01%20TSB/07%20Class%20XII/English/?C=D;O=A HTTP/1.1" 200 354 "-" "Mozilla/5.0 (compatible; AhrefsBot/7.0; +http://ahrefs.com/robot/)" "brainbox.co.in"
51.222.253.12 - - [02/Nov/2022:23:59:47 -0700] "GET /PDFContent/02%20APSB/04%20Class%20IX/Physics/?C=S;O=A HTTP/1.1" 200 354 "-" "Mozilla/5.0 (compatible; AhrefsBot/7.0; +http://ahrefs.com/robot/)" "brainbox.co.in"
114.119.145.175 - - [03/Nov/2022:00:00:30 -0700] "GET /PDFContent/03%20CBSE/03%20Class%20VIII/Maths/ALGEBRAIC%20EXPRESSIONS%20AND%20IDENTITIES/CBSE_VIII_MATHS_LS09_ALGEBRAIC%20EXPRESSION%20OF%20IDENTITIES_LIKE%20TERMS.pdf HTTP/1.1" 200 273779 "https://brainbox.co.in/PDFContent/03%20CBSE/03%20Class%20VIII/Maths/ALGEBRAIC%20EXPRESSIONS%20AND%20IDENTITIES/?C=S%3BO%3DA" "Mozilla/5.0 (Linux; Android 7.0;) AppleWebKit/537.36 (KHTML, like Gecko) Mobile Safari/537.36 (compatible; PetalBot;+https://webmaster.petalsearch.com/site/petalbot)" "brainbox.co.in"
87.250.224.50 - - [03/Nov/2022:00:01:46 -0700] "GET /PDFContent/Beetle/CLASS%20III/SOCIAL/SEM%202/Lesson%209.%20Some%20more%20cities.pdf HTTP/1.1" 200 133105 "-" "Mozilla/5.0 (compatible; YandexBot/3.0; +http://yandex.com/bots)" "brainbox.co.in"
114.119.145.174 - - [03/Nov/2022:00:05:29 -0700] "GET /PDFContent/04%20ICSE/02%20Class%20VII/Maths/?C=S%3BO%3DA HTTP/1.1" 200 353 "https://brainbox.co.in/PDFContent/04%20ICSE/02%20Class%20VII/Maths/?C=D%3BO%3DA" "Mozilla/5.0 (Linux; Android 7.0;) AppleWebKit/537.36 (KHTML, like Gecko) Mobile Safari/537.36 (compatible; PetalBot;+https://webmaster.petalsearch.com/site/petalbot)" "brainbox.co.in"
51.222.253.14 - - [03/Nov/2022:00:06:31 -0700] "GET /PDFContent/02%20APSB/06%20Class%20XI/Hindi/?C=S;O=A HTTP/1.1" 200 353 "-" "Mozilla/5.0 (compatible; AhrefsBot/7.0; +http://ahrefs.com/robot/)" "brainbox.co.in"
114.119.135.132 - - [03/Nov/2022:00:10:30 -0700] "GET /PDFContent/01%20TSB/02%20Class%20VII/Hindi/word%20meaning/TSV_VII_LS15_PYARI%20BITIYA_WORD%20MEANING.pdf HTTP/1.1" 200 210677 "https://brainbox.co.in/PDFContent/01%20TSB/02%20Class%20VII/Hindi/word%20meaning/" "Mozilla/5.0 (Linux; Android 7.0;) AppleWebKit/537.36 (KHTML, like Gecko) Mobile Safari/537.36 (compatible; PetalBot;+https://webmaster.petalsearch.com/site/petalbot)" "brainbox.co.in"
114.119.145.174 - - [03/Nov/2022:00:15:29 -0700] "GET /PDFContent/03%20CBSE/04%20Class%20IX/Chemistry/ATOMS%20AND%20MOLECULES/Atoms%20&%20Molecules_T08_Mole%20Concept.pdf HTTP/1.1" 200 165148 "https://brainbox.co.in/PDFContent/03%20CBSE/04%20Class%20IX/Chemistry/ATOMS%20AND%20MOLECULES/?C=N%3BO%3DD" "Mozilla/5.0 (Linux; Android 7.0;) AppleWebKit/537.36 (KHTML, like Gecko) Mobile Safari/537.36 (compatible; PetalBot;+https://webmaster.petalsearch.com/site/petalbot)" "brainbox.co.in"
114.119.145.187 - - [03/Nov/2022:00:20:31 -0700] "GET /PDFContent/03%20CBSE/06%20Class%20XI/Chemistry/GENERAL%20ORGANIC%20CHEMISTRY/GENERAL%20ORGANIC%20CHEMISTRY_T03_Classification%20of%20organic%20compounds.pdf HTTP/1.1" 200 308379 "https://brainbox.co.in/PDFContent/03%20CBSE/06%20Class%20XI/Chemistry/GENERAL%20ORGANIC%20CHEMISTRY/" "Mozilla/5.0 (Linux; Android 7.0;) AppleWebKit/537.36 (KHTML, like Gecko) Mobile Safari/537.36 (compatible; PetalBot;+https://webmaster.petalsearch.com/site/petalbot)" "brainbox.co.in"
114.119.145.187 - - [03/Nov/2022:00:25:40 -0700] "GET /PDFContent/03%20CBSE/03%20Class%20VIII/Chemistry/Combustion%20and%20Flames/?C=N%3BO%3DD HTTP/1.1" 200 612 "https://brainbox.co.in/PDFContent/03%20CBSE/03%20Class%20VIII/Chemistry/Combustion%20and%20Flames/?C=S%3BO%3DA" "Mozilla/5.0 (Linux; Android 7.0;) AppleWebKit/537.36 (KHTML, like Gecko) Mobile Safari/537.36 (compatible; PetalBot;+https://webmaster.petalsearch.com/site/petalbot)" "brainbox.co.in"
114.119.135.132 - - [03/Nov/2022:00:30:55 -0700] "GET /PDFContent/01%20TSB/03%20Class%20VIII/English/LS3A/TSB_VIII_ENGLISH_LS3A_%20THE%20SELFISH%20GIANT%20P1_CHARACTERS.pdf HTTP/1.1" 200 349357 "https://brainbox.co.in/PDFContent/01%20TSB/03%20Class%20VIII/English/LS3A/?C=M%3BO%3DA" "Mozilla/5.0 (Linux; Android 7.0;) AppleWebKit/537.36 (KHTML, like Gecko) Mobile Safari/537.36 (compatible; PetalBot;+https://webmaster.petalsearch.com/site/petalbot)" "brainbox.co.in"
114.119.145.187 - - [03/Nov/2022:00:35:34 -0700] "GET /PDFContent/01%20TSB/03%20Class%20VIII/English/LS1B/New/?C=N%3BO%3DD HTTP/1.1" 200 527 "https://brainbox.co.in/PDFContent/01%20TSB/03%20Class%20VIII/English/LS1B/New/?C=M%3BO%3DA" "Mozilla/5.0 (Linux; Android 7.0;) AppleWebKit/537.36 (KHTML, like Gecko) Mobile Safari/537.36 (compatible; PetalBot;+https://webmaster.petalsearch.com/site/petalbot)" "brainbox.co.in"
114.119.135.132 - - [03/Nov/2022:00:40:33 -0700] "GET /PDFContent/03%20CBSE/03%20Class%20VIII/Maths/PRACTICAL%20GEOMETRY/Practical%20Geometry_T03_To%20construct%20a%20quadrilateral%20when%20two%20diagonals%20(DDSSS).pdf HTTP/1.1" 200 301040 "https://brainbox.co.in/PDFContent/03%20CBSE/03%20Class%20VIII/Maths/PRACTICAL%20GEOMETRY/?C=N%3BO%3DD" "Mozilla/5.0 (Linux; Android 7.0;) AppleWebKit/537.36 (KHTML, like Gecko) Mobile Safari/537.36 (compatible; PetalBot;+https://webmaster.petalsearch.com/site/petalbot)" "brainbox.co.in"
114.119.145.174 - - [03/Nov/2022:00:45:33 -0700] "GET /PDFContent/03%20CBSE/03%20Class%20VIII/Biology/Fundamental%20Unit%20of%20Life/?C=N%3BO%3DD HTTP/1.1" 200 424 "https://brainbox.co.in/PDFContent/03%20CBSE/03%20Class%20VIII/Biology/Fundamental%20Unit%20of%20Life/?C=S%3BO%3DA" "Mozilla/5.0 (Linux; Android 7.0;) AppleWebKit/537.36 (KHTML, like Gecko) Mobile Safari/537.36 (compatible; PetalBot;+https://webmaster.petalsearch.com/site/petalbot)" "brainbox.co.in"
114.119.145.175 - - [03/Nov/2022:00:50:31 -0700] "GET /PDFContent/Beetle/CLASS%20IV/SOCIAL/LESSON%204.%20THE%20GREAT%20INDIAN%20DESERT.pdf HTTP/1.1" 200 114857 "https://brainbox.co.in/PDFContent/Beetle/CLASS%20IV/SOCIAL/?C=M%3BO%3DA" "Mozilla/5.0 (Linux; Android 7.0;) AppleWebKit/537.36 (KHTML, like Gecko) Mobile Safari/537.36 (compatible; PetalBot;+https://webmaster.petalsearch.com/site/petalbot)" "brainbox.co.in"
51.222.253.7 - - [03/Nov/2022:00:53:52 -0700] "GET /PDFContent/01%20TSB/07%20Class%20XII/English/?C=M;O=A HTTP/1.1" 200 355 "-" "Mozilla/5.0 (compatible; AhrefsBot/7.0; +http://ahrefs.com/robot/)" "brainbox.co.in"
114.119.145.175 - - [03/Nov/2022:00:55:31 -0700] "GET /PDFContent/03%20CBSE/02%20Class%20VII/Maths/?C=S%3BO%3DA HTTP/1.1" 200 353 "https://brainbox.co.in/PDFContent/03%20CBSE/02%20Class%20VII/Maths/" "Mozilla/5.0 (Linux; Android 7.0;) AppleWebKit/537.36 (KHTML, like Gecko) Mobile Safari/537.36 (compatible; PetalBot;+https://webmaster.petalsearch.com/site/petalbot)" "brainbox.co.in"
114.119.145.160 - - [03/Nov/2022:01:00:30 -0700] "GET /PDFContent/03%20CBSE/03%20Class%20VIII/Chemistry/Metals%20&%20Non-Metals/Physical%20properties%20of%20Metals HTTP/1.1" 200 223456 "https://brainboxschool.com/material/CBSE/VIII/Chemistry/METALS_&_NON-METALS.html" "Mozilla/5.0 (Linux; Android 7.0;) AppleWebKit/537.36 (KHTML, like Gecko) Mobile Safari/537.36 (compatible; PetalBot;+https://webmaster.petalsearch.com/site/petalbot)" "brainbox.co.in"
114.119.145.160 - - [03/Nov/2022:01:05:34 -0700] "GET /PDFContent/Beetle/CLASS%20I/EVS/?C=M%3BO%3DA HTTP/1.1" 200 620 "https://brainbox.co.in/PDFContent/Beetle/CLASS%20I/EVS/?C=N%3BO%3DD" "Mozilla/5.0 (Linux; Android 7.0;) AppleWebKit/537.36 (KHTML, like Gecko) Mobile Safari/537.36 (compatible; PetalBot;+https://webmaster.petalsearch.com/site/petalbot)" "brainbox.co.in"
104.196.99.0 - - [03/Nov/2022:01:10:21 -0700] "GET /robots.txt HTTP/1.1" 404 88 "-" "ZoominfoBot (zoominfobot at zoominfo dot com)" "brainbox.co.in"
104.196.99.0 - - [03/Nov/2022:01:10:21 -0700] "GET /robots.txt HTTP/1.1" 404 88 "-" "ZoominfoBot (zoominfobot at zoominfo dot com)" "brainbox.co.in"
104.196.99.0 - - [03/Nov/2022:01:10:22 -0700] "GET / HTTP/1.1" 200 432 "-" "ZoominfoBot (zoominfobot at zoominfo dot com)" "brainbox.co.in"
114.119.145.160 - - [03/Nov/2022:01:10:30 -0700] "GET /PDFContent/03%20CBSE/01%20Class%20VI/Telugu/ HTTP/1.1" 200 353 "https://brainbox.co.in/PDFContent/03%20CBSE/01%20Class%20VI/?C=S%3BO%3DA" "Mozilla/5.0 (Linux; Android 7.0;) AppleWebKit/537.36 (KHTML, like Gecko) Mobile Safari/537.36 (compatible; PetalBot;+https://webmaster.petalsearch.com/site/petalbot)" "brainbox.co.in"
114.119.135.132 - - [03/Nov/2022:01:15:30 -0700] "GET /PDFContent/01%20TSB/03%20Class%20VIII/English/LS4A/TSB_VIII_ENGLISH_LS4A_THE%20FUN%20THEY%20HAD_QUESTIONS%20AND%20ANSWERS.pdf HTTP/1.1" 200 349165 "https://brainbox.co.in/PDFContent/01%20TSB/03%20Class%20VIII/English/LS4A/?C=N%3BO%3DD" "Mozilla/5.0 (Linux; Android 7.0;) AppleWebKit/537.36 (KHTML, like Gecko) Mobile Safari/537.36 (compatible; PetalBot;+https://webmaster.petalsearch.com/site/petalbot)" "brainbox.co.in"
51.222.253.4 - - [03/Nov/2022:01:16:20 -0700] "GET /PDFContent/02%20APSB/02%20Class%20VII/Physics/?C=S;O=A HTTP/1.1" 200 353 "-" "Mozilla/5.0 (compatible; AhrefsBot/7.0; +http://ahrefs.com/robot/)" "brainbox.co.in"
114.119.145.160 - - [03/Nov/2022:01:20:31 -0700] "GET /PDFContent/03%20CBSE/05%20Class%20X/Hindi/ HTTP/1.1" 200 1378 "https://brainbox.co.in/PDFContent/03%20CBSE/05%20Class%20X/Hindi/Kshitij/" "Mozilla/5.0 (Linux; Android 7.0;) AppleWebKit/537.36 (KHTML, like Gecko) Mobile Safari/537.36 (compatible; PetalBot;+https://webmaster.petalsearch.com/site/petalbot)" "brainbox.co.in"
51.222.253.10 - - [03/Nov/2022:01:21:18 -0700] "GET /PDFContent/01%20TSB/07%20Class%20XII/Physics/?C=M;O=A HTTP/1.1" 200 355 "-" "Mozilla/5.0 (compatible; AhrefsBot/7.0; +http://ahrefs.com/robot/)" "brainbox.co.in"
51.222.253.6 - - [03/Nov/2022:01:22:28 -0700] "GET /PDFContent/01%20TSB/07%20Class%20XII/Physics/?C=D;O=A HTTP/1.1" 200 354 "-" "Mozilla/5.0 (compatible; AhrefsBot/7.0; +http://ahrefs.com/robot/)" "brainbox.co.in"
51.222.253.11 - - [03/Nov/2022:01:22:51 -0700] "GET /PDFContent/SPECIAL%20CROUSE/?C=N;O=D HTTP/1.1" 200 435 "-" "Mozilla/5.0 (compatible; AhrefsBot/7.0; +http://ahrefs.com/robot/)" "brainbox.co.in"
51.222.253.9 - - [03/Nov/2022:01:23:26 -0700] "GET /PDFContent/03%20CBSE/03%20Class%20VIII/?C=N;O=D HTTP/1.1" 200 551 "-" "Mozilla/5.0 (compatible; AhrefsBot/7.0; +http://ahrefs.com/robot/)" "brainbox.co.in"
51.222.253.19 - - [03/Nov/2022:01:23:51 -0700] "GET /PDFContent/03%20CBSE/01%20Class%20VI/?C=M;O=D HTTP/1.1" 200 470 "-" "Mozilla/5.0 (compatible; AhrefsBot/7.0; +http://ahrefs.com/robot/)" "brainbox.co.in"
51.222.253.11 - - [03/Nov/2022:01:24:17 -0700] "GET /PDFContent/01%20TSB/04%20Class%20IX/English/?C=D;O=D HTTP/1.1" 200 352 "-" "Mozilla/5.0 (compatible; AhrefsBot/7.0; +http://ahrefs.com/robot/)" "brainbox.co.in"
51.222.253.14 - - [03/Nov/2022:01:24:51 -0700] "GET /PDFContent/02%20APSB/04%20Class%20IX/Chemistry/?C=M;O=A HTTP/1.1" 200 355 "-" "Mozilla/5.0 (compatible; AhrefsBot/7.0; +http://ahrefs.com/robot/)" "brainbox.co.in"
51.222.253.12 - - [03/Nov/2022:01:25:24 -0700] "GET /PDFContent/02%20APSB/06%20Class%20XI/Physics/?C=D;O=A HTTP/1.1" 200 354 "-" "Mozilla/5.0 (compatible; AhrefsBot/7.0; +http://ahrefs.com/robot/)" "brainbox.co.in"
114.119.145.175 - - [03/Nov/2022:01:25:30 -0700] "GET /PDFContent/01%20TSB/03%20Class%20VIII/English/LS2A/New/TSB_VIII_ENGLISH_LS02A_OLIVER%20ASKS%20FOR%20MORE_INTRODUCTION.pdf HTTP/1.1" 200 348137 "https://brainbox.co.in/PDFContent/01%20TSB/03%20Class%20VIII/English/LS2A/New/?C=S%3BO%3DA" "Mozilla/5.0 (Linux; Android 7.0;) AppleWebKit/537.36 (KHTML, like Gecko) Mobile Safari/537.36 (compatible; PetalBot;+https://webmaster.petalsearch.com/site/petalbot)" "brainbox.co.in"
51.222.253.1 - - [03/Nov/2022:01:26:07 -0700] "GET /PDFContent/02%20APSB/06%20Class%20XI/Physics/?C=S;O=A HTTP/1.1" 200 354 "-" "Mozilla/5.0 (compatible; AhrefsBot/7.0; +http://ahrefs.com/robot/)" "brainbox.co.in"
51.222.253.7 - - [03/Nov/2022:01:26:59 -0700] "GET /PDFContent/02%20APSB/06%20Class%20XI/Physics/?C=M;O=A HTTP/1.1" 200 354 "-" "Mozilla/5.0 (compatible; AhrefsBot/7.0; +http://ahrefs.com/robot/)" "brainbox.co.in"
51.222.253.3 - - [03/Nov/2022:01:27:53 -0700] "GET /PDFContent/01%20TSB/04%20Class%20IX/Physics/?C=D;O=A HTTP/1.1" 200 353 "-" "Mozilla/5.0 (compatible; AhrefsBot/7.0; +http://ahrefs.com/robot/)" "brainbox.co.in"
51.222.253.6 - - [03/Nov/2022:01:28:38 -0700] "GET /PDFContent/02%20APSB/04%20Class%20IX/Chemistry/?C=S;O=A HTTP/1.1" 200 355 "-" "Mozilla/5.0 (compatible; AhrefsBot/7.0; +http://ahrefs.com/robot/)" "brainbox.co.in"
51.222.253.20 - - [03/Nov/2022:01:29:20 -0700] "GET /PDFContent/02%20APSB/03%20Class%20VIII/Maths/ HTTP/1.1" 200 353 "-" "Mozilla/5.0 (compatible; AhrefsBot/7.0; +http://ahrefs.com/robot/)" "brainbox.co.in"
51.222.253.9 - - [03/Nov/2022:01:30:02 -0700] "GET /PDFContent/04%20ICSE/02%20Class%20VII/Chemistry/?C=M;O=A HTTP/1.1" 200 355 "-" "Mozilla/5.0 (compatible; AhrefsBot/7.0; +http://ahrefs.com/robot/)" "brainbox.co.in"
51.222.253.4 - - [03/Nov/2022:01:30:22 -0700] "GET /PDFContent/01%20TSB/01%20Class%20VI/Telugu/?C=N;O=D HTTP/1.1" 200 420 "-" "Mozilla/5.0 (compatible; AhrefsBot/7.0; +http://ahrefs.com/robot/)" "brainbox.co.in"
114.119.145.174 - - [03/Nov/2022:01:30:30 -0700] "GET /PDFContent/03%20CBSE/01%20Class%20VI/Sanskrit/ HTTP/1.1" 200 354 "https://brainbox.co.in/PDFContent/03%20CBSE/01%20Class%20VI/?C=M%3BO%3DA" "Mozilla/5.0 (Linux; Android 7.0;) AppleWebKit/537.36 (KHTML, like Gecko) Mobile Safari/537.36 (compatible; PetalBot;+https://webmaster.petalsearch.com/site/petalbot)" "brainbox.co.in"
51.222.253.15 - - [03/Nov/2022:01:30:32 -0700] "GET /PDFContent/02%20APSB/04%20Class%20IX/Hindi/?C=S;O=D HTTP/1.1" 200 351 "-" "Mozilla/5.0 (compatible; AhrefsBot/7.0; +http://ahrefs.com/robot/)" "brainbox.co.in"
51.222.253.13 - - [03/Nov/2022:01:30:39 -0700] "GET /PDFContent/02%20APSB/04%20Class%20IX/Maths/?C=D;O=D HTTP/1.1" 200 350 "-" "Mozilla/5.0 (compatible; AhrefsBot/7.0; +http://ahrefs.com/robot/)" "brainbox.co.in"
51.222.253.3 - - [03/Nov/2022:01:30:56 -0700] "GET /PDFContent/02%20APSB/04%20Class%20IX/Maths/?C=M;O=D HTTP/1.1" 200 350 "-" "Mozilla/5.0 (compatible; AhrefsBot/7.0; +http://ahrefs.com/robot/)" "brainbox.co.in"
213.180.203.82 - - [03/Nov/2022:01:30:57 -0700] "GET /PDFContent/01%20TSB/02%20Class%20VII/English/TSBoard_English_VII_LS1A_Introduction.pdf.pdf HTTP/1.1" 200 270998 "-" "Mozilla/5.0 (compatible; YandexBot/3.0; +http://yandex.com/bots)" "brainbox.co.in"
51.222.253.19 - - [03/Nov/2022:01:31:19 -0700] "GET /PDFContent/02%20APSB/04%20Class%20IX/Maths/?C=S;O=D HTTP/1.1" 200 350 "-" "Mozilla/5.0 (compatible; AhrefsBot/7.0; +http://ahrefs.com/robot/)" "brainbox.co.in"
51.222.253.4 - - [03/Nov/2022:01:31:56 -0700] "GET /PDFContent/02%20APSB/06%20Class%20XI/Maths/?C=M;O=D HTTP/1.1" 200 351 "-" "Mozilla/5.0 (compatible; AhrefsBot/7.0; +http://ahrefs.com/robot/)" "brainbox.co.in"
51.222.253.11 - - [03/Nov/2022:01:33:17 -0700] "GET /PDFContent/02%20APSB/06%20Class%20XI/Maths/?C=S;O=D HTTP/1.1" 200 351 "-" "Mozilla/5.0 (compatible; AhrefsBot/7.0; +http://ahrefs.com/robot/)" "brainbox.co.in"
114.119.145.175 - - [03/Nov/2022:01:35:36 -0700] "GET /PDFContent/01%20TSB/03%20Class%20VIII/English/LS2B/New/?C=N%3BO%3DD HTTP/1.1" 200 516 "https://brainbox.co.in/PDFContent/01%20TSB/03%20Class%20VIII/English/LS2B/New/" "Mozilla/5.0 (Linux; Android 7.0;) AppleWebKit/537.36 (KHTML, like Gecko) Mobile Safari/537.36 (compatible; PetalBot;+https://webmaster.petalsearch.com/site/petalbot)" "brainbox.co.in"
114.119.145.175 - - [03/Nov/2022:01:40:34 -0700] "GET /PDFContent/03%20CBSE/05%20Class%20X/Hindi/Kshitij/LS01/ HTTP/1.1" 200 505 "https://brainbox.co.in/PDFContent/03%20CBSE/05%20Class%20X/Hindi/Kshitij/" "Mozilla/5.0 (Linux; Android 7.0;) AppleWebKit/537.36 (KHTML, like Gecko) Mobile Safari/537.36 (compatible; PetalBot;+https://webmaster.petalsearch.com/site/petalbot)" "brainbox.co.in"
114.119.145.174 - - [03/Nov/2022:01:45:34 -0700] "GET /PDFContent/01%20TSB/05%20Class%20X/Maths/?C=S%3BO%3DA HTTP/1.1" 200 351 "https://brainbox.co.in/PDFContent/01%20TSB/05%20Class%20X/Maths/" "Mozilla/5.0 (Linux; Android 7.0;) AppleWebKit/537.36 (KHTML, like Gecko) Mobile Safari/537.36 (compatible; PetalBot;+https://webmaster.petalsearch.com/site/petalbot)" "brainbox.co.in"
51.222.253.12 - - [03/Nov/2022:01:53:15 -0700] "GET /PDFContent/04%20ICSE/02%20Class%20VII/Chemistry/?C=D;O=A HTTP/1.1" 200 355 "-" "Mozilla/5.0 (compatible; AhrefsBot/7.0; +http://ahrefs.com/robot/)" "brainbox.co.in"
3.101.12.76 - - [03/Nov/2022:01:54:46 -0700] "GET /~richard/templates/beez/US/uk/paypal/login.htm HTTP/1.1" 404 73 "-" "Mozilla/5.0 (Macintosh; Intel Mac OS X 10_10_5) AppleWebKit/537.36 (KHTML, like Gecko) Chrome/52.0.2743.116 Safari/537.36" "brainbox.co.in"
114.119.145.187 - - [03/Nov/2022:01:55:32 -0700] "GET /PDFContent/03%20CBSE/02%20Class%20VII/English/CBSEBoard_English_VII_LS3_Lesson_explanation_part2.pdf HTTP/1.1" 200 198037 "https://brainbox.co.in/PDFContent/03%20CBSE/02%20Class%20VII/English/?C=M%3BO%3DA" "Mozilla/5.0 (Linux; Android 7.0;) AppleWebKit/537.36 (KHTML, like Gecko) Mobile Safari/537.36 (compatible; PetalBot;+https://webmaster.petalsearch.com/site/petalbot)" "brainbox.co.in"
114.119.135.132 - - [03/Nov/2022:02:00:36 -0700] "GET /PDFContent/04%20ICSE/05%20Class%20X/English/?C=M%3BO%3DA HTTP/1.1" 200 353 "https://brainbox.co.in/PDFContent/04%20ICSE/05%20Class%20X/English/" "Mozilla/5.0 (Linux; Android 7.0;) AppleWebKit/537.36 (KHTML, like Gecko) Mobile Safari/537.36 (compatible; PetalBot;+https://webmaster.petalsearch.com/site/petalbot)" "brainbox.co.in"
114.119.145.187 - - [03/Nov/2022:02:05:41 -0700] "GET /PDFContent/01%20TSB/03%20Class%20VIII/English/LS3B/TSB_VIII_ENGLISH_LS3B_THE%20SELFISH%20GIANT%20P2_GLOSSARY.pdf HTTP/1.1" 200 499869 "https://brainbox.co.in/PDFContent/01%20TSB/03%20Class%20VIII/English/LS3B/" "Mozilla/5.0 (Linux; Android 7.0;) AppleWebKit/537.36 (KHTML, like Gecko) Mobile Safari/537.36 (compatible; PetalBot;+https://webmaster.petalsearch.com/site/petalbot)" "brainbox.co.in"
114.119.145.187 - - [03/Nov/2022:02:10:31 -0700] "GET /PDFContent/02%20APSB/07%20Class%20XII/?C=S%3BO%3DA HTTP/1.1" 200 465 "https://brainbox.co.in/PDFContent/02%20APSB/07%20Class%20XII/?C=M%3BO%3DA" "Mozilla/5.0 (Linux; Android 7.0;) AppleWebKit/537.36 (KHTML, like Gecko) Mobile Safari/537.36 (compatible; PetalBot;+https://webmaster.petalsearch.com/site/petalbot)" "brainbox.co.in"
114.119.145.160 - - [03/Nov/2022:02:15:34 -0700] "GET /PDFContent/Beetle/CLASS%20V/ENGLISH/?C=M%3BO%3DA HTTP/1.1" 200 403 "https://brainbox.co.in/PDFContent/Beetle/CLASS%20V/ENGLISH/" "Mozilla/5.0 (Linux; Android 7.0;) AppleWebKit/537.36 (KHTML, like Gecko) Mobile Safari/537.36 (compatible; PetalBot;+https://webmaster.petalsearch.com/site/petalbot)" "brainbox.co.in"
114.119.145.174 - - [03/Nov/2022:02:20:32 -0700] "GET /PDFContent/02%20APSB/07%20Class%20XII/English/ HTTP/1.1" 200 355 "https://brainbox.co.in/PDFContent/02%20APSB/07%20Class%20XII/?C=M%3BO%3DA" "Mozilla/5.0 (Linux; Android 7.0;) AppleWebKit/537.36 (KHTML, like Gecko) Mobile Safari/537.36 (compatible; PetalBot;+https://webmaster.petalsearch.com/site/petalbot)" "brainbox.co.in"
114.119.135.132 - - [03/Nov/2022:02:25:36 -0700] "GET /PDFContent/01%20TSB/03%20Class%20VIII/English/LS3B/TSB_VIII_ENGLISH_LS3B_THE%20SELFISH%20GIANT%20P2_QUESTIONS%20&%20ANSWERS.pdf HTTP/1.1" 200 366884 "https://brainbox.co.in/PDFContent/01%20TSB/03%20Class%20VIII/English/LS3B/?C=S%3BO%3DA" "Mozilla/5.0 (Linux; Android 7.0;) AppleWebKit/537.36 (KHTML, like Gecko) Mobile Safari/537.36 (compatible; PetalBot;+https://webmaster.petalsearch.com/site/petalbot)" "brainbox.co.in"
114.119.135.132 - - [03/Nov/2022:02:35:34 -0700] "GET /PDFContent/01%20TSB/03%20Class%20VIII/English/LS8A/?C=N%3BO%3DD HTTP/1.1" 200 527 "https://brainbox.co.in/PDFContent/01%20TSB/03%20Class%20VIII/English/LS8A/?C=M%3BO%3DA" "Mozilla/5.0 (Linux; Android 7.0;) AppleWebKit/537.36 (KHTML, like Gecko) Mobile Safari/537.36 (compatible; PetalBot;+https://webmaster.petalsearch.com/site/petalbot)" "brainbox.co.in"
114.119.135.132 - - [03/Nov/2022:02:40:32 -0700] "GET /PDFContent/03%20CBSE/05%20Class%20X/Biology/How%20to%20do%20organsims%20reproduce/CBSE_X_BIOLOGY_HOW%20TO%20DO%20ORGANISMS%20REPRODUCE_Male%20Reproductive%20System.pdf HTTP/1.1" 200 429412 "https://brainbox.co.in/PDFContent/03%20CBSE/05%20Class%20X/Biology/How%20to%20do%20organsims%20reproduce/?C=M%3BO%3DA" "Mozilla/5.0 (Linux; Android 7.0;) AppleWebKit/537.36 (KHTML, like Gecko) Mobile Safari/537.36 (compatible; PetalBot;+https://webmaster.petalsearch.com/site/petalbot)" "brainbox.co.in"
114.119.135.132 - - [03/Nov/2022:02:45:32 -0700] "GET /PDFContent/03%20CBSE/05%20Class%20X/Biology/CBSE_X_BIOLOGY_LS07_CONTROL%20AND%20CO-ORDINATION_HORMONES.pdf HTTP/1.1" 200 691677 "https://brainbox.co.in/PDFContent/03%20CBSE/05%20Class%20X/Biology/?C=M%3BO%3DA" "Mozilla/5.0 (Linux; Android 7.0;) AppleWebKit/537.36 (KHTML, like Gecko) Mobile Safari/537.36 (compatible; PetalBot;+https://webmaster.petalsearch.com/site/petalbot)" "brainbox.co.in"
114.119.145.160 - - [03/Nov/2022:02:50:35 -0700] "GET /PDFContent/03%20CBSE/05%20Class%20X/Biology/CBSE_X_BIOLOGY_LS07_CONTROL%20AND%20CO-ORDINATION_QUESTION%20AND%20ANSWERS.pdf HTTP/1.1" 200 486600 "https://brainbox.co.in/PDFContent/03%20CBSE/05%20Class%20X/Biology/?C=M%3BO%3DA" "Mozilla/5.0 (Linux; Android 7.0;) AppleWebKit/537.36 (KHTML, like Gecko) Mobile Safari/537.36 (compatible; PetalBot;+https://webmaster.petalsearch.com/site/petalbot)" "brainbox.co.in"
114.119.145.175 - - [03/Nov/2022:02:55:32 -0700] "GET /PDFContent/03%20CBSE/03%20Class%20VIII/Sup%20English/ HTTP/1.1" 200 430 "https://brainbox.co.in/PDFContent/03%20CBSE/03%20Class%20VIII/Sup%20English/HOW%20THE%20CAMEL%20GOT%20HIS%20HUMP/?C=S%3BO%3DA" "Mozilla/5.0 (Linux; Android 7.0;) AppleWebKit/537.36 (KHTML, like Gecko) Mobile Safari/537.36 (compatible; PetalBot;+https://webmaster.petalsearch.com/site/petalbot)" "brainbox.co.in"
114.119.145.174 - - [03/Nov/2022:03:00:33 -0700] "GET /PDFContent/01%20TSB/03%20Class%20VIII/Biology/THE%20WORLD%20OF%20MICRO%20ORGANISMS/The%20World%20of%20Microorganisms_T01_Microorganisms.pdf HTTP/1.1" 200 769693 "https://brainbox.co.in/PDFContent/01%20TSB/03%20Class%20VIII/Biology/THE%20WORLD%20OF%20MICRO%20ORGANISMS/" "Mozilla/5.0 (Linux; Android 7.0;) AppleWebKit/537.36 (KHTML, like Gecko) Mobile Safari/537.36 (compatible; PetalBot;+https://webmaster.petalsearch.com/site/petalbot)" "brainbox.co.in"
114.119.145.175 - - [03/Nov/2022:03:05:35 -0700] "GET /PDFContent/Beetle/CLASS%20I/MATHEMATICS%201-2/?C=M%3BO%3DA HTTP/1.1" 200 640 "https://brainbox.co.in/PDFContent/Beetle/CLASS%20I/MATHEMATICS%201-2/?C=D%3BO%3DA" "Mozilla/5.0 (Linux; Android 7.0;) AppleWebKit/537.36 (KHTML, like Gecko) Mobile Safari/537.36 (compatible; PetalBot;+https://webmaster.petalsearch.com/site/petalbot)" "brainbox.co.in"
114.119.135.132 - - [03/Nov/2022:03:10:36 -0700] "GET /PDFContent/02%20APSB/02%20Class%20VII/Physics/ HTTP/1.1" 200 353 "https://brainbox.co.in/PDFContent/02%20APSB/02%20Class%20VII/?C=S%3BO%3DA" "Mozilla/5.0 (Linux; Android 7.0;) AppleWebKit/537.36 (KHTML, like Gecko) Mobile Safari/537.36 (compatible; PetalBot;+https://webmaster.petalsearch.com/site/petalbot)" "brainbox.co.in"
54.36.148.30 - - [03/Nov/2022:03:15:05 -0700] "GET /robots.txt HTTP/1.1" 404 88 "-" "Mozilla/5.0 (compatible; AhrefsBot/7.0; +http://ahrefs.com/robot/)" "brainbox.co.in"
51.222.253.3 - - [03/Nov/2022:03:15:07 -0700] "GET /PDFContent/02%20APSB/03%20Class%20VIII/Sanskrit/ HTTP/1.1" 200 356 "-" "Mozilla/5.0 (compatible; AhrefsBot/7.0; +http://ahrefs.com/robot/)" "brainbox.co.in"
114.119.145.187 - - [03/Nov/2022:03:15:34 -0700] "GET /PDFContent/Beetle/CLASS%20V/MATHEMATICS/SEM%201/?C=D%3BO%3DA HTTP/1.1" 200 542 "https://brainbox.co.in/PDFContent/Beetle/CLASS%20V/MATHEMATICS/SEM%201/" "Mozilla/5.0 (Linux; Android 7.0;) AppleWebKit/537.36 (KHTML, like Gecko) Mobile Safari/537.36 (compatible; PetalBot;+https://webmaster.petalsearch.com/site/petalbot)" "brainbox.co.in"
114.119.135.132 - - [03/Nov/2022:03:20:33 -0700] "GET /PDFContent/Beetle/CLASS%20V/SCIENCE/ HTTP/1.1" 200 398 "https://brainbox.co.in/PDFContent/Beetle/CLASS%20V/?C=M%3BO%3DA" "Mozilla/5.0 (Linux; Android 7.0;) AppleWebKit/537.36 (KHTML, like Gecko) Mobile Safari/537.36 (compatible; PetalBot;+https://webmaster.petalsearch.com/site/petalbot)" "brainbox.co.in"
114.119.135.132 - - [03/Nov/2022:03:25:34 -0700] "GET /PDFContent/04%20ICSE/06%20Class%20XI/Sanskrit/?C=D%3BO%3DA HTTP/1.1" 200 355 "https://brainbox.co.in/PDFContent/04%20ICSE/06%20Class%20XI/Sanskrit/?C=M%3BO%3DA" "Mozilla/5.0 (Linux; Android 7.0;) AppleWebKit/537.36 (KHTML, like Gecko) Mobile Safari/537.36 (compatible; PetalBot;+https://webmaster.petalsearch.com/site/petalbot)" "brainbox.co.in"
114.119.135.132 - - [03/Nov/2022:03:30:33 -0700] "GET /PDFContent/03%20CBSE/02%20Class%20VII/Science/TEXTBOOK%20EXAMPLES/?C=D%3BO%3DA HTTP/1.1" 200 734 "https://brainbox.co.in/PDFContent/03%20CBSE/02%20Class%20VII/Science/TEXTBOOK%20EXAMPLES/?C=N%3BO%3DD" "Mozilla/5.0 (Linux; Android 7.0;) AppleWebKit/537.36 (KHTML, like Gecko) Mobile Safari/537.36 (compatible; PetalBot;+https://webmaster.petalsearch.com/site/petalbot)" "brainbox.co.in"
114.119.145.160 - - [03/Nov/2022:03:35:32 -0700] "GET /PDFContent/01%20TSB/?C=S%3BO%3DA HTTP/1.1" 200 504 "https://brainbox.co.in/PDFContent/01%20TSB/?C=M%3BO%3DA" "Mozilla/5.0 (Linux; Android 7.0;) AppleWebKit/537.36 (KHTML, like Gecko) Mobile Safari/537.36 (compatible; PetalBot;+https://webmaster.petalsearch.com/site/petalbot)" "brainbox.co.in"
114.119.145.175 - - [03/Nov/2022:03:40:32 -0700] "GET /PDFContent/03%20CBSE/07%20Class%20XII/Biology/?C=S%3BO%3DA HTTP/1.1" 200 1044 "https://brainbox.co.in/PDFContent/03%20CBSE/07%20Class%20XII/Biology/?C=D%3BO%3DA" "Mozilla/5.0 (Linux; Android 7.0;) AppleWebKit/537.36 (KHTML, like Gecko) Mobile Safari/537.36 (compatible; PetalBot;+https://webmaster.petalsearch.com/site/petalbot)" "brainbox.co.in"
114.119.145.187 - - [03/Nov/2022:03:45:38 -0700] "GET /PDFContent/03%20CBSE/03%20Class%20VIII/Physics/Stars%20&%20Evolution/CBSE_VIII_PHYSICS_STARS%20&%20EVOLUTION_Moon%20&%20Star HTTP/1.1" 200 208556 "https://brainboxschool.com/material/CBSE/VIII/Physics/STARS_AND_EVOLUTION.html" "Mozilla/5.0 (Linux; Android 7.0;) AppleWebKit/537.36 (KHTML, like Gecko) Mobile Safari/537.36 (compatible; PetalBot;+https://webmaster.petalsearch.com/site/petalbot)" "brainbox.co.in"
114.119.135.132 - - [03/Nov/2022:03:50:33 -0700] "GET /PDFContent/01%20TSB/02%20Class%20VII/Hindi/ques%20&%20ans/TSB_VII_LS06_AASMAN%20GIRA_QUES%20&%20ANS.pdf HTTP/1.1" 200 563793 "https://brainbox.co.in/PDFContent/01%20TSB/02%20Class%20VII/Hindi/ques%20&%20ans/?C=D%3BO%3DA" "Mozilla/5.0 (Linux; Android 7.0;) AppleWebKit/537.36 (KHTML, like Gecko) Mobile Safari/537.36 (compatible; PetalBot;+https://webmaster.petalsearch.com/site/petalbot)" "brainbox.co.in"
114.119.145.174 - - [03/Nov/2022:03:55:32 -0700] "GET /PDFContent/03%20CBSE/04%20Class%20IX/Maths/LINEAR%20EQUATIONS%20IN%20TWO%20VARIABLES/CBSE_IX_MATHS_LS04_LINEAR%20EQUATIONS%20IN%20%20TWO%20VARIABLES_GRAPH%20OF%20LINEAR%20EQVATION%20IN%20TWO%20VARIABLES.pdf HTTP/1.1" 200 490464 "https://brainbox.co.in/PDFContent/03%20CBSE/04%20Class%20IX/Maths/LINEAR%20EQUATIONS%20IN%20TWO%20VARIABLES/?C=S%3BO%3DA" "Mozilla/5.0 (Linux; Android 7.0;) AppleWebKit/537.36 (KHTML, like Gecko) Mobile Safari/537.36 (compatible; PetalBot;+https://webmaster.petalsearch.com/site/petalbot)" "brainbox.co.in"
114.119.145.174 - - [03/Nov/2022:04:00:35 -0700] "GET /PDFContent/01%20TSB/03%20Class%20VIII/English/LS5B/TSB_VIII_ENGLISH_LS05B_THE%20TREASURE%20WITHIN_P2_Questions%20And%20Answers.1.pdf HTTP/1.1" 200 425310 "https://brainbox.co.in/PDFContent/01%20TSB/03%20Class%20VIII/English/LS5B/?C=D%3BO%3DA" "Mozilla/5.0 (Linux; Android 7.0;) AppleWebKit/537.36 (KHTML, like Gecko) Mobile Safari/537.36 (compatible; PetalBot;+https://webmaster.petalsearch.com/site/petalbot)" "brainbox.co.in"
114.119.135.132 - - [03/Nov/2022:04:05:33 -0700] "GET /PDFContent/03%20CBSE/03%20Class%20VIII/Hindi/?C=S%3BO%3DA HTTP/1.1" 200 351 "https://brainbox.co.in/PDFContent/03%20CBSE/03%20Class%20VIII/Hindi/?C=M%3BO%3DA" "Mozilla/5.0 (Linux; Android 7.0;) AppleWebKit/537.36 (KHTML, like Gecko) Mobile Safari/537.36 (compatible; PetalBot;+https://webmaster.petalsearch.com/site/petalbot)" "brainbox.co.in"
114.119.145.175 - - [03/Nov/2022:04:10:33 -0700] "GET /PDFContent/04%20ICSE/03%20Class%20VIII/Maths/?C=D%3BO%3DA HTTP/1.1" 200 353 "https://brainbox.co.in/PDFContent/04%20ICSE/03%20Class%20VIII/Maths/?C=N%3BO%3DD" "Mozilla/5.0 (Linux; Android 7.0;) AppleWebKit/537.36 (KHTML, like Gecko) Mobile Safari/537.36 (compatible; PetalBot;+https://webmaster.petalsearch.com/site/petalbot)" "brainbox.co.in"
114.119.145.160 - - [03/Nov/2022:04:15:34 -0700] "GET /PDFContent/03%20CBSE/03%20Class%20VIII/English/SUPPLEMENTARY/ HTTP/1.1" 200 441 "https://brainbox.co.in/PDFContent/03%20CBSE/03%20Class%20VIII/English/?C=M%3BO%3DA" "Mozilla/5.0 (Linux; Android 7.0;) AppleWebKit/537.36 (KHTML, like Gecko) Mobile Safari/537.36 (compatible; PetalBot;+https://webmaster.petalsearch.com/site/petalbot)" "brainbox.co.in"
114.119.145.175 - - [03/Nov/2022:04:20:33 -0700] "GET /PDFContent/01%20TSB/06%20Class%20XI/Maths/LOCUS/Locus_T11_Solved%20Problem_Distance%20of%20'P'.pdf HTTP/1.1" 200 332121 "https://brainbox.co.in/PDFContent/01%20TSB/06%20Class%20XI/Maths/LOCUS/?C=N%3BO%3DD" "Mozilla/5.0 (Linux; Android 7.0;) AppleWebKit/537.36 (KHTML, like Gecko) Mobile Safari/537.36 (compatible; PetalBot;+https://webmaster.petalsearch.com/site/petalbot)" "brainbox.co.in"
114.119.145.175 - - [03/Nov/2022:04:25:33 -0700] "GET /PDFContent/04%20ICSE/01%20Class%20VI/Sanskrit/ HTTP/1.1" 200 354 "https://brainbox.co.in/PDFContent/04%20ICSE/01%20Class%20VI/?C=S%3BO%3DA" "Mozilla/5.0 (Linux; Android 7.0;) AppleWebKit/537.36 (KHTML, like Gecko) Mobile Safari/537.36 (compatible; PetalBot;+https://webmaster.petalsearch.com/site/petalbot)" "brainbox.co.in"
114.119.145.160 - - [03/Nov/2022:04:30:33 -0700] "GET /PDFContent/03%20CBSE/04%20Class%20IX/Maths/LINEAR%20EQUATIONS%20IN%20TWO%20VARIABLES/CBSE_IX_MATHS_LS04_LINEAR%20EQUATIONS%20IN%20%20TWO%20VARIABLES_GRAPHICAL%20SOLUTION%20OF%20%20A%20PAIR%20OF%20%20LINEAR%20SIMULTANEOUS%20EQUATIONS.pdf HTTP/1.1" 200 607207 "https://brainbox.co.in/PDFContent/03%20CBSE/04%20Class%20IX/Maths/LINEAR%20EQUATIONS%20IN%20TWO%20VARIABLES/?C=S%3BO%3DA" "Mozilla/5.0 (Linux; Android 7.0;) AppleWebKit/537.36 (KHTML, like Gecko) Mobile Safari/537.36 (compatible; PetalBot;+https://webmaster.petalsearch.com/site/petalbot)" "brainbox.co.in"
114.119.145.175 - - [03/Nov/2022:04:35:36 -0700] "GET /PDFContent/03%20CBSE/03%20Class%20VIII/Maths/?C=N%3BO%3DD HTTP/1.1" 200 905 "https://brainbox.co.in/PDFContent/03%20CBSE/03%20Class%20VIII/Maths/?C=D%3BO%3DA" "Mozilla/5.0 (Linux; Android 7.0;) AppleWebKit/537.36 (KHTML, like Gecko) Mobile Safari/537.36 (compatible; PetalBot;+https://webmaster.petalsearch.com/site/petalbot)" "brainbox.co.in"
114.119.145.187 - - [03/Nov/2022:04:40:35 -0700] "GET /PDFContent/02%20APSB/06%20Class%20XI/Chemistry/?C=N%3BO%3DD HTTP/1.1" 200 356 "https://brainbox.co.in/PDFContent/02%20APSB/06%20Class%20XI/Chemistry/?C=M%3BO%3DA" "Mozilla/5.0 (Linux; Android 7.0;) AppleWebKit/537.36 (KHTML, like Gecko) Mobile Safari/537.36 (compatible; PetalBot;+https://webmaster.petalsearch.com/site/petalbot)" "brainbox.co.in"
114.119.145.160 - - [03/Nov/2022:04:45:40 -0700] "GET /PDFContent/03%20CBSE/03%20Class%20VIII/Chemistry/Metals%20&%20Non-Metals/Chemical%20properties%20of%20Metals HTTP/1.1" 200 293270 "https://brainboxschool.com/material/CBSE/VIII/Chemistry/METALS_&_NON-METALS.html" "Mozilla/5.0 (Linux; Android 7.0;) AppleWebKit/537.36 (KHTML, like Gecko) Mobile Safari/537.36 (compatible; PetalBot;+https://webmaster.petalsearch.com/site/petalbot)" "brainbox.co.in"
51.222.253.5 - - [03/Nov/2022:04:47:48 -0700] "GET / HTTP/1.1" 200 432 "-" "Mozilla/5.0 (compatible; AhrefsBot/7.0; +http://ahrefs.com/robot/)" "brainbox.co.in"
114.119.135.132 - - [03/Nov/2022:04:50:36 -0700] "GET /PDFContent/01%20TSB/03%20Class%20VIII/English/LS6A/TSB_VIII_ENGLISH_LS06A_THE%20STORY%20OF%20IKAT_Lesson%20explanation.pdf HTTP/1.1" 200 331171 "https://brainbox.co.in/PDFContent/01%20TSB/03%20Class%20VIII/English/LS6A/" "Mozilla/5.0 (Linux; Android 7.0;) AppleWebKit/537.36 (KHTML, like Gecko) Mobile Safari/537.36 (compatible; PetalBot;+https://webmaster.petalsearch.com/site/petalbot)" "brainbox.co.in"
51.222.253.11 - - [03/Nov/2022:04:53:24 -0700] "GET /PDFContent/02%20APSB/04%20Class%20IX/Chemistry/?C=D;O=A HTTP/1.1" 200 355 "-" "Mozilla/5.0 (compatible; AhrefsBot/7.0; +http://ahrefs.com/robot/)" "brainbox.co.in"
114.119.145.175 - - [03/Nov/2022:04:55:36 -0700] "GET /PDFContent/01%20TSB/03%20Class%20VIII/English/LS5A/?C=M%3BO%3DA HTTP/1.1" 200 536 "https://brainbox.co.in/PDFContent/01%20TSB/03%20Class%20VIII/English/LS5A/?C=N%3BO%3DD" "Mozilla/5.0 (Linux; Android 7.0;) AppleWebKit/537.36 (KHTML, like Gecko) Mobile Safari/537.36 (compatible; PetalBot;+https://webmaster.petalsearch.com/site/petalbot)" "brainbox.co.in"
51.222.253.6 - - [03/Nov/2022:04:56:47 -0700] "GET /PDFContent/01%20TSB/01%20Class%20VI/Telugu/?C=D;O=A HTTP/1.1" 200 423 "-" "Mozilla/5.0 (compatible; AhrefsBot/7.0; +http://ahrefs.com/robot/)" "brainbox.co.in"
