51.222.253.16 - - [03/Nov/2022:05:00:00 -0700] "GET /PDFContent/01%20TSB/01%20Class%20VI/Telugu/?C=M;O=A HTTP/1.1" 200 423 "-" "Mozilla/5.0 (compatible; AhrefsBot/7.0; +http://ahrefs.com/robot/)" "brainbox.co.in"
114.119.145.175 - - [03/Nov/2022:05:00:37 -0700] "GET /PDFContent/03%20CBSE/05%20Class%20X/Biology/How%20to%20do%20organsims%20reproduce/CBSE_X_BIOLOGY_HOW%20TO%20DO%20ORGANISMS%20REPRODUCE_Female%20Reproductive%20system.pdf HTTP/1.1" 200 316823 "https://brainbox.co.in/PDFContent/03%20CBSE/05%20Class%20X/Biology/How%20to%20do%20organsims%20reproduce/?C=M%3BO%3DA" "Mozilla/5.0 (Linux; Android 7.0;) AppleWebKit/537.36 (KHTML, like Gecko) Mobile Safari/537.36 (compatible; PetalBot;+https://webmaster.petalsearch.com/site/petalbot)" "brainbox.co.in"
51.222.253.7 - - [03/Nov/2022:05:00:42 -0700] "GET /PDFContent/01%20TSB/01%20Class%20VI/Telugu/?C=S;O=A HTTP/1.1" 200 423 "-" "Mozilla/5.0 (compatible; AhrefsBot/7.0; +http://ahrefs.com/robot/)" "brainbox.co.in"
51.222.253.14 - - [03/Nov/2022:05:00:56 -0700] "GET /PDFContent/04%20ICSE/03%20Class%20VIII/Chemistry/?C=M;O=A HTTP/1.1" 200 356 "-" "Mozilla/5.0 (compatible; AhrefsBot/7.0; +http://ahrefs.com/robot/)" "brainbox.co.in"
51.222.253.4 - - [03/Nov/2022:05:01:03 -0700] "GET /PDFContent/02%20APSB/04%20Class%20IX/Chemistry/?C=N;O=D HTTP/1.1" 200 353 "-" "Mozilla/5.0 (compatible; AhrefsBot/7.0; +http://ahrefs.com/robot/)" "brainbox.co.in"
51.222.253.13 - - [03/Nov/2022:05:01:05 -0700] "GET /PDFContent/02%20APSB/03%20Class%20VIII/Hindi/ HTTP/1.1" 200 353 "-" "Mozilla/5.0 (compatible; AhrefsBot/7.0; +http://ahrefs.com/robot/)" "brainbox.co.in"
51.222.253.8 - - [03/Nov/2022:05:01:08 -0700] "GET /PDFContent/04%20ICSE/03%20Class%20VIII/Chemistry/?C=S;O=A HTTP/1.1" 200 356 "-" "Mozilla/5.0 (compatible; AhrefsBot/7.0; +http://ahrefs.com/robot/)" "brainbox.co.in"
51.222.253.1 - - [03/Nov/2022:05:01:10 -0700] "GET /PDFContent/03%20CBSE/01%20Class%20VI/Chemistry/?C=N;O=D HTTP/1.1" 200 404 "-" "Mozilla/5.0 (compatible; AhrefsBot/7.0; +http://ahrefs.com/robot/)" "brainbox.co.in"
51.222.253.17 - - [03/Nov/2022:05:01:10 -0700] "GET /PDFContent/04%20ICSE/01%20Class%20VI/Telugu/ HTTP/1.1" 200 354 "-" "Mozilla/5.0 (compatible; AhrefsBot/7.0; +http://ahrefs.com/robot/)" "brainbox.co.in"
51.222.253.13 - - [03/Nov/2022:05:01:12 -0700] "GET /PDFContent/01%20TSB/04%20Class%20IX/Physics/?C=M;O=A HTTP/1.1" 200 353 "-" "Mozilla/5.0 (compatible; AhrefsBot/7.0; +http://ahrefs.com/robot/)" "brainbox.co.in"
51.222.253.9 - - [03/Nov/2022:05:01:12 -0700] "GET /PDFContent/03%20CBSE/02%20Class%20VII/?C=M;O=D HTTP/1.1" 200 493 "-" "Mozilla/5.0 (compatible; AhrefsBot/7.0; +http://ahrefs.com/robot/)" "brainbox.co.in"
51.222.253.15 - - [03/Nov/2022:05:01:14 -0700] "GET /PDFContent/01%20TSB/02%20Class%20VII/Hindi/?C=N;O=D HTTP/1.1" 200 457 "-" "Mozilla/5.0 (compatible; AhrefsBot/7.0; +http://ahrefs.com/robot/)" "brainbox.co.in"
51.222.253.20 - - [03/Nov/2022:05:01:15 -0700] "GET /PDFContent/04%20ICSE/02%20Class%20VII/Sanskrit/?C=N;O=D HTTP/1.1" 200 353 "-" "Mozilla/5.0 (compatible; AhrefsBot/7.0; +http://ahrefs.com/robot/)" "brainbox.co.in"
51.222.253.14 - - [03/Nov/2022:05:01:16 -0700] "GET /PDFContent/01%20TSB/04%20Class%20IX/Physics/?C=S;O=A HTTP/1.1" 200 353 "-" "Mozilla/5.0 (compatible; AhrefsBot/7.0; +http://ahrefs.com/robot/)" "brainbox.co.in"
51.222.253.15 - - [03/Nov/2022:05:01:17 -0700] "GET /PDFContent/01%20TSB/04%20Class%20IX/Chemistry/?C=D;O=D HTTP/1.1" 200 353 "-" "Mozilla/5.0 (compatible; AhrefsBot/7.0; +http://ahrefs.com/robot/)" "brainbox.co.in"
51.222.253.20 - - [03/Nov/2022:05:01:17 -0700] "GET /PDFContent/02%20APSB/01%20Class%20VI/Sanskrit/?C=N;O=D HTTP/1.1" 200 352 "-" "Mozilla/5.0 (compatible; AhrefsBot/7.0; +http://ahrefs.com/robot/)" "brainbox.co.in"
51.222.253.10 - - [03/Nov/2022:05:01:18 -0700] "GET /PDFContent/02%20APSB/07%20Class%20XII/?C=M;O=D HTTP/1.1" 200 463 "-" "Mozilla/5.0 (compatible; AhrefsBot/7.0; +http://ahrefs.com/robot/)" "brainbox.co.in"
51.222.253.5 - - [03/Nov/2022:05:01:18 -0700] "GET /PDFContent/03%20CBSE/07%20Class%20XII/?C=M;O=D HTTP/1.1" 200 512 "-" "Mozilla/5.0 (compatible; AhrefsBot/7.0; +http://ahrefs.com/robot/)" "brainbox.co.in"
51.222.253.4 - - [03/Nov/2022:05:01:20 -0700] "GET /PDFContent/?C=N;O=D HTTP/1.1" 200 1022 "-" "Mozilla/5.0 (compatible; AhrefsBot/7.0; +http://ahrefs.com/robot/)" "brainbox.co.in"
51.222.253.3 - - [03/Nov/2022:05:01:20 -0700] "GET /PDFContent/02%20APSB/06%20Class%20XI/Chemistry/ HTTP/1.1" 200 356 "-" "Mozilla/5.0 (compatible; AhrefsBot/7.0; +http://ahrefs.com/robot/)" "brainbox.co.in"
51.222.253.14 - - [03/Nov/2022:05:01:21 -0700] "GET /PDFContent/03%20CBSE/04%20Class%20IX/Telugu/?C=S;O=D HTTP/1.1" 200 353 "-" "Mozilla/5.0 (compatible; AhrefsBot/7.0; +http://ahrefs.com/robot/)" "brainbox.co.in"
51.222.253.4 - - [03/Nov/2022:05:01:21 -0700] "GET /PDFContent/04%20ICSE/01%20Class%20VI/Hindi/?C=D;O=D HTTP/1.1" 200 350 "-" "Mozilla/5.0 (compatible; AhrefsBot/7.0; +http://ahrefs.com/robot/)" "brainbox.co.in"
51.222.253.8 - - [03/Nov/2022:05:01:21 -0700] "GET /PDFContent/04%20ICSE/01%20Class%20VI/Hindi/?C=M;O=D HTTP/1.1" 200 350 "-" "Mozilla/5.0 (compatible; AhrefsBot/7.0; +http://ahrefs.com/robot/)" "brainbox.co.in"
51.222.253.20 - - [03/Nov/2022:05:01:22 -0700] "GET /PDFContent/04%20ICSE/01%20Class%20VI/Hindi/?C=S;O=D HTTP/1.1" 200 350 "-" "Mozilla/5.0 (compatible; AhrefsBot/7.0; +http://ahrefs.com/robot/)" "brainbox.co.in"
51.222.253.10 - - [03/Nov/2022:05:01:22 -0700] "GET /PDFContent/03%20CBSE/03%20Class%20VIII/Biology/?C=N;O=A HTTP/1.1" 200 838 "-" "Mozilla/5.0 (compatible; AhrefsBot/7.0; +http://ahrefs.com/robot/)" "brainbox.co.in"
51.222.253.3 - - [03/Nov/2022:05:01:23 -0700] "GET /PDFContent/02%20APSB/01%20Class%20VI/Maths/?C=D;O=D HTTP/1.1" 200 350 "-" "Mozilla/5.0 (compatible; AhrefsBot/7.0; +http://ahrefs.com/robot/)" "brainbox.co.in"
51.222.253.18 - - [03/Nov/2022:05:01:23 -0700] "GET /PDFContent/02%20APSB/01%20Class%20VI/Maths/?C=M;O=D HTTP/1.1" 200 350 "-" "Mozilla/5.0 (compatible; AhrefsBot/7.0; +http://ahrefs.com/robot/)" "brainbox.co.in"
51.222.253.14 - - [03/Nov/2022:05:01:25 -0700] "GET /PDFContent/02%20APSB/06%20Class%20XI/Hindi/?C=S;O=D HTTP/1.1" 200 351 "-" "Mozilla/5.0 (compatible; AhrefsBot/7.0; +http://ahrefs.com/robot/)" "brainbox.co.in"
51.222.253.7 - - [03/Nov/2022:05:02:12 -0700] "GET /PDFContent/04%20ICSE/02%20Class%20VII/Hindi/?C=D;O=D HTTP/1.1" 200 352 "-" "Mozilla/5.0 (compatible; AhrefsBot/7.0; +http://ahrefs.com/robot/)" "brainbox.co.in"
51.222.253.15 - - [03/Nov/2022:05:05:08 -0700] "GET /PDFContent/04%20ICSE/02%20Class%20VII/Hindi/?C=S;O=D HTTP/1.1" 200 352 "-" "Mozilla/5.0 (compatible; AhrefsBot/7.0; +http://ahrefs.com/robot/)" "brainbox.co.in"
114.119.145.174 - - [03/Nov/2022:05:05:35 -0700] "GET /MyERP/?C=S%3BO%3DA HTTP/1.1" 200 312 "https://brainbox.co.in/MyERP/?C=M%3BO%3DA" "Mozilla/5.0 (Linux; Android 7.0;) AppleWebKit/537.36 (KHTML, like Gecko) Mobile Safari/537.36 (compatible; PetalBot;+https://webmaster.petalsearch.com/site/petalbot)" "brainbox.co.in"
51.222.253.8 - - [03/Nov/2022:05:06:39 -0700] "GET /PDFContent/04%20ICSE/02%20Class%20VII/Maths/?C=D;O=D HTTP/1.1" 200 351 "-" "Mozilla/5.0 (compatible; AhrefsBot/7.0; +http://ahrefs.com/robot/)" "brainbox.co.in"
51.222.253.5 - - [03/Nov/2022:05:10:32 -0700] "GET /PDFContent/04%20ICSE/02%20Class%20VII/Maths/?C=S;O=D HTTP/1.1" 200 351 "-" "Mozilla/5.0 (compatible; AhrefsBot/7.0; +http://ahrefs.com/robot/)" "brainbox.co.in"
114.119.135.132 - - [03/Nov/2022:05:10:34 -0700] "GET /PDFContent/03%20CBSE/05%20Class%20X/Hindi/SPARSH/LS12/CBSE_X_HINDI_10B_LS12_TANTARA%20VAMIRO%20KATHA_TRANSCRIPT.pdf HTTP/1.1" 200 464867 "https://brainbox.co.in/PDFContent/03%20CBSE/05%20Class%20X/Hindi/SPARSH/LS12/" "Mozilla/5.0 (Linux; Android 7.0;) AppleWebKit/537.36 (KHTML, like Gecko) Mobile Safari/537.36 (compatible; PetalBot;+https://webmaster.petalsearch.com/site/petalbot)" "brainbox.co.in"
51.222.253.20 - - [03/Nov/2022:05:13:05 -0700] "GET /PDFContent/04%20ICSE/01%20Class%20VI/?C=D;O=D HTTP/1.1" 200 462 "-" "Mozilla/5.0 (compatible; AhrefsBot/7.0; +http://ahrefs.com/robot/)" "brainbox.co.in"
51.222.253.11 - - [03/Nov/2022:05:15:21 -0700] "GET /PDFContent/04%20ICSE/01%20Class%20VI/?C=M;O=D HTTP/1.1" 200 462 "-" "Mozilla/5.0 (compatible; AhrefsBot/7.0; +http://ahrefs.com/robot/)" "brainbox.co.in"
114.119.135.132 - - [03/Nov/2022:05:15:34 -0700] "GET /PDFContent/03%20CBSE/06%20Class%20XI/Biology/Cell-The%20unit%20of%20life/T15%20Prokaryotic%20Cell.pdf HTTP/1.1" 200 469137 "https://brainbox.co.in/PDFContent/03%20CBSE/06%20Class%20XI/Biology/Cell-The%20unit%20of%20life/?C=S%3BO%3DA" "Mozilla/5.0 (Linux; Android 7.0;) AppleWebKit/537.36 (KHTML, like Gecko) Mobile Safari/537.36 (compatible; PetalBot;+https://webmaster.petalsearch.com/site/petalbot)" "brainbox.co.in"
51.222.253.14 - - [03/Nov/2022:05:16:35 -0700] "GET /PDFContent/04%20ICSE/06%20Class%20XI/?C=D;O=D HTTP/1.1" 200 462 "-" "Mozilla/5.0 (compatible; AhrefsBot/7.0; +http://ahrefs.com/robot/)" "brainbox.co.in"
51.222.253.18 - - [03/Nov/2022:05:17:25 -0700] "GET /PDFContent/01%20TSB/05%20Class%20X/English/A%20TALE%20OF%20THREE%20VILLAGES/?C=M;O=D HTTP/1.1" 200 543 "-" "Mozilla/5.0 (compatible; AhrefsBot/7.0; +http://ahrefs.com/robot/)" "brainbox.co.in"
51.222.253.5 - - [03/Nov/2022:05:18:17 -0700] "GET /PDFContent/01%20TSB/05%20Class%20X/English/A%20TALE%20OF%20THREE%20VILLAGES/?C=S;O=D HTTP/1.1" 200 542 "-" "Mozilla/5.0 (compatible; AhrefsBot/7.0; +http://ahrefs.com/robot/)" "brainbox.co.in"
114.119.135.132 - - [03/Nov/2022:05:20:36 -0700] "GET /PDFContent/Beetle/?C=M%3BO%3DA HTTP/1.1" 200 428 "https://brainbox.co.in/PDFContent/Beetle/?C=S%3BO%3DA" "Mozilla/5.0 (Linux; Android 7.0;) AppleWebKit/537.36 (KHTML, like Gecko) Mobile Safari/537.36 (compatible; PetalBot;+https://webmaster.petalsearch.com/site/petalbot)" "brainbox.co.in"
114.119.145.175 - - [03/Nov/2022:05:25:34 -0700] "GET /PDFContent/03%20CBSE/04%20Class%20IX/Biology/Improvement%20in%20Food%20resources/CBSE_IX_BIOLOGY_IMPROVEMENT%20IN%20FOOD%20RESOURCES_Animal%20Husbandary.pdf HTTP/1.1" 200 297798 "https://brainbox.co.in/PDFContent/03%20CBSE/04%20Class%20IX/Biology/Improvement%20in%20Food%20resources/?C=N%3BO%3DD" "Mozilla/5.0 (Linux; Android 7.0;) AppleWebKit/537.36 (KHTML, like Gecko) Mobile Safari/537.36 (compatible; PetalBot;+https://webmaster.petalsearch.com/site/petalbot)" "brainbox.co.in"
5.255.253.105 - - [03/Nov/2022:05:28:51 -0700] "GET /robots.txt HTTP/1.1" 404 73 "-" "Mozilla/5.0 (compatible; YandexBot/3.0; +http://yandex.com/bots)" "brainbox.co.in"
213.180.203.65 - - [03/Nov/2022:05:28:55 -0700] "GET /PDFContent/01%20TSB/02%20Class%20VII/English/TSBoard_English_VII_LS1A_Lesson_explanation_part2.pdf HTTP/1.1" 200 285482 "-" "Mozilla/5.0 (compatible; YandexBot/3.0; +http://yandex.com/bots)" "brainbox.co.in"
114.119.145.187 - - [03/Nov/2022:05:30:37 -0700] "GET /PDFContent/03%20CBSE/06%20Class%20XI/Maths/QUADRATIC%20EQUATIONS/ HTTP/1.1" 200 781 "https://brainbox.co.in/PDFContent/03%20CBSE/06%20Class%20XI/Maths/?C=N%3BO%3DD" "Mozilla/5.0 (Linux; Android 7.0;) AppleWebKit/537.36 (KHTML, like Gecko) Mobile Safari/537.36 (compatible; PetalBot;+https://webmaster.petalsearch.com/site/petalbot)" "brainbox.co.in"
114.119.145.187 - - [03/Nov/2022:05:35:35 -0700] "GET /PDFContent/01%20TSB/04%20Class%20IX/Telugu/?C=D%3BO%3DA HTTP/1.1" 200 353 "https://brainbox.co.in/PDFContent/01%20TSB/04%20Class%20IX/Telugu/?C=M%3BO%3DA" "Mozilla/5.0 (Linux; Android 7.0;) AppleWebKit/537.36 (KHTML, like Gecko) Mobile Safari/537.36 (compatible; PetalBot;+https://webmaster.petalsearch.com/site/petalbot)" "brainbox.co.in"
114.119.145.175 - - [03/Nov/2022:05:40:37 -0700] "GET /PDFContent/03%20CBSE/05%20Class%20X/Sanskrit/?C=S%3BO%3DA HTTP/1.1" 200 354 "https://brainbox.co.in/PDFContent/03%20CBSE/05%20Class%20X/Sanskrit/" "Mozilla/5.0 (Linux; Android 7.0;) AppleWebKit/537.36 (KHTML, like Gecko) Mobile Safari/537.36 (compatible; PetalBot;+https://webmaster.petalsearch.com/site/petalbot)" "brainbox.co.in"
114.119.145.174 - - [03/Nov/2022:05:45:34 -0700] "GET /PDFContent/02%20APSB/06%20Class%20XI/Maths/?C=M%3BO%3DA HTTP/1.1" 200 352 "https://brainbox.co.in/PDFContent/02%20APSB/06%20Class%20XI/Maths/?C=D%3BO%3DA" "Mozilla/5.0 (Linux; Android 7.0;) AppleWebKit/537.36 (KHTML, like Gecko) Mobile Safari/537.36 (compatible; PetalBot;+https://webmaster.petalsearch.com/site/petalbot)" "brainbox.co.in"
114.119.145.174 - - [03/Nov/2022:05:50:36 -0700] "GET /PDFContent/01%20TSB/06%20Class%20XI/English/?C=D%3BO%3DA HTTP/1.1" 200 354 "https://brainbox.co.in/PDFContent/01%20TSB/06%20Class%20XI/English/?C=N%3BO%3DD" "Mozilla/5.0 (Linux; Android 7.0;) AppleWebKit/537.36 (KHTML, like Gecko) Mobile Safari/537.36 (compatible; PetalBot;+https://webmaster.petalsearch.com/site/petalbot)" "brainbox.co.in"
54.177.95.201 - - [03/Nov/2022:05:54:41 -0700] "GET /~richard/templates/beez/US/uk/paypal/login.htm HTTP/1.1" 404 73 "-" "Mozilla/5.0 (Macintosh; Intel Mac OS X 10_10_5) AppleWebKit/537.36 (KHTML, like Gecko) Chrome/52.0.2743.116 Safari/537.36" "brainbox.co.in"
114.119.145.160 - - [03/Nov/2022:05:55:36 -0700] "GET /PDFContent/04%20ICSE/07%20Class%20XII/?C=D%3BO%3DA HTTP/1.1" 200 464 "https://brainbox.co.in/PDFContent/04%20ICSE/07%20Class%20XII/" "Mozilla/5.0 (Linux; Android 7.0;) AppleWebKit/537.36 (KHTML, like Gecko) Mobile Safari/537.36 (compatible; PetalBot;+https://webmaster.petalsearch.com/site/petalbot)" "brainbox.co.in"
114.119.145.175 - - [03/Nov/2022:06:00:36 -0700] "GET /PDFContent/03%20CBSE/05%20Class%20X/Physics/Electricity/CBSE_X_PHYSICS_Electric%20Fuse HTTP/1.1" 200 157922 "https://brainboxschool.com/material/CBSE/X/Physics/ELECTRICITY.html" "Mozilla/5.0 (Linux; Android 7.0;) AppleWebKit/537.36 (KHTML, like Gecko) Mobile Safari/537.36 (compatible; PetalBot;+https://webmaster.petalsearch.com/site/petalbot)" "brainbox.co.in"
114.119.145.175 - - [03/Nov/2022:06:05:37 -0700] "GET /PDFContent/03%20CBSE/02%20Class%20VII/English/CBSEBoard_English_VII_LS2_KEYPOINTS.pdf HTTP/1.1" 200 198858 "https://brainbox.co.in/PDFContent/03%20CBSE/02%20Class%20VII/English/?C=M%3BO%3DA" "Mozilla/5.0 (Linux; Android 7.0;) AppleWebKit/537.36 (KHTML, like Gecko) Mobile Safari/537.36 (compatible; PetalBot;+https://webmaster.petalsearch.com/site/petalbot)" "brainbox.co.in"
34.73.217.74 - - [03/Nov/2022:06:07:11 -0700] "GET /robots.txt HTTP/1.1" 404 88 "-" "ZoominfoBot (zoominfobot at zoominfo dot com)" "www.brainbox.co.in"
34.73.217.74 - - [03/Nov/2022:06:07:12 -0700] "GET /robots.txt HTTP/1.1" 404 88 "-" "ZoominfoBot (zoominfobot at zoominfo dot com)" "www.brainbox.co.in"
34.73.217.74 - - [03/Nov/2022:06:07:12 -0700] "GET / HTTP/1.1" 200 432 "-" "ZoominfoBot (zoominfobot at zoominfo dot com)" "www.brainbox.co.in"
114.119.145.187 - - [03/Nov/2022:06:10:34 -0700] "GET /PDFContent/03%20CBSE/02%20Class%20VII/English/CBSEBoard_English_VII_LS2_GLOSSARY_PART2.pdf HTTP/1.1" 200 390283 "https://brainbox.co.in/PDFContent/03%20CBSE/02%20Class%20VII/English/?C=M%3BO%3DA" "Mozilla/5.0 (Linux; Android 7.0;) AppleWebKit/537.36 (KHTML, like Gecko) Mobile Safari/537.36 (compatible; PetalBot;+https://webmaster.petalsearch.com/site/petalbot)" "brainbox.co.in"
3.15.153.27 - - [03/Nov/2022:06:13:08 -0700] "GET /~richard/templates/beez/US/uk/paypal/login.htm HTTP/1.1" 404 73 "-" "Mozilla/5.0 (Macintosh; Intel Mac OS X 10_10_5) AppleWebKit/537.36 (KHTML, like Gecko) Chrome/52.0.2743.116 Safari/537.36" "brainbox.co.in"
114.119.145.174 - - [03/Nov/2022:06:15:35 -0700] "GET /PDFContent/03%20CBSE/07%20Class%20XII/Biology/CBSE_XII_BIOLOGY_LS03_%20HUMAN%20REPRODUCTION_SECONDARY%20SEX%20ORGANS_SEMEN.pdf HTTP/1.1" 200 461120 "https://brainbox.co.in/PDFContent/03%20CBSE/07%20Class%20XII/Biology/?C=D%3BO%3DA" "Mozilla/5.0 (Linux; Android 7.0;) AppleWebKit/537.36 (KHTML, like Gecko) Mobile Safari/537.36 (compatible; PetalBot;+https://webmaster.petalsearch.com/site/petalbot)" "brainbox.co.in"
114.119.145.160 - - [03/Nov/2022:06:20:36 -0700] "GET /PDFContent/01%20TSB/05%20Class%20X/Biology/RESPIRATION/?C=M%3BO%3DA HTTP/1.1" 200 497 "https://brainbox.co.in/PDFContent/01%20TSB/05%20Class%20X/Biology/RESPIRATION/" "Mozilla/5.0 (Linux; Android 7.0;) AppleWebKit/537.36 (KHTML, like Gecko) Mobile Safari/537.36 (compatible; PetalBot;+https://webmaster.petalsearch.com/site/petalbot)" "brainbox.co.in"
114.119.145.160 - - [03/Nov/2022:06:25:34 -0700] "GET /PDFContent/03%20CBSE/04%20Class%20IX/Biology/Fundamental%20Unit%20of%20Life/Shape%20and%20Size%20of%20Cell HTTP/1.1" 200 244467 "https://brainboxschool.com/material/CBSE/IX/Biology/THE_FUNDAMENTAL_UNIT_OF_LIFE.html" "Mozilla/5.0 (Linux; Android 7.0;) AppleWebKit/537.36 (KHTML, like Gecko) Mobile Safari/537.36 (compatible; PetalBot;+https://webmaster.petalsearch.com/site/petalbot)" "brainbox.co.in"
114.119.145.187 - - [03/Nov/2022:06:30:36 -0700] "GET /PDFContent/Beetle/CLASS%20I/?C=N%3BO%3DD HTTP/1.1" 200 469 "https://brainbox.co.in/PDFContent/Beetle/CLASS%20I/?C=M%3BO%3DA" "Mozilla/5.0 (Linux; Android 7.0;) AppleWebKit/537.36 (KHTML, like Gecko) Mobile Safari/537.36 (compatible; PetalBot;+https://webmaster.petalsearch.com/site/petalbot)" "brainbox.co.in"
114.119.135.132 - - [03/Nov/2022:06:35:39 -0700] "GET /PDFContent/03%20CBSE/03%20Class%20VIII/Biology/Cell%20Structures/?C=M%3BO%3DA HTTP/1.1" 200 768 "https://brainbox.co.in/PDFContent/03%20CBSE/03%20Class%20VIII/Biology/Cell%20Structures/?C=D%3BO%3DA" "Mozilla/5.0 (Linux; Android 7.0;) AppleWebKit/537.36 (KHTML, like Gecko) Mobile Safari/537.36 (compatible; PetalBot;+https://webmaster.petalsearch.com/site/petalbot)" "brainbox.co.in"
114.119.145.174 - - [03/Nov/2022:06:40:35 -0700] "GET /PDFContent/03%20CBSE/05%20Class%20X/Hindi/CBSE_X_HINDI_LS02_RAM%20VRAKSH%20BENEPURI-BALGOBINDH%20BHAGAT_CUE%20WORDS.pdf HTTP/1.1" 200 397984 "https://brainbox.co.in/PDFContent/03%20CBSE/05%20Class%20X/Hindi/?C=M%3BO%3DA" "Mozilla/5.0 (Linux; Android 7.0;) AppleWebKit/537.36 (KHTML, like Gecko) Mobile Safari/537.36 (compatible; PetalBot;+https://webmaster.petalsearch.com/site/petalbot)" "brainbox.co.in"
114.119.135.132 - - [03/Nov/2022:06:45:34 -0700] "GET /PDFContent/01%20TSB/01%20Class%20VI/Maths/01%20KNOWING%20OUR%20NUMBERS/?C=S%3BO%3DA HTTP/1.1" 200 596 "https://brainbox.co.in/PDFContent/01%20TSB/01%20Class%20VI/Maths/01%20KNOWING%20OUR%20NUMBERS/" "Mozilla/5.0 (Linux; Android 7.0;) AppleWebKit/537.36 (KHTML, like Gecko) Mobile Safari/537.36 (compatible; PetalBot;+https://webmaster.petalsearch.com/site/petalbot)" "brainbox.co.in"
114.119.145.175 - - [03/Nov/2022:06:50:35 -0700] "GET /PDFContent/Beetle/CLASS%20IV/SCIENCE/Lesson%206.%20Digestion%20of%20food.pdf HTTP/1.1" 200 93104 "https://brainbox.co.in/PDFContent/Beetle/CLASS%20IV/SCIENCE/?C=N%3BO%3DD" "Mozilla/5.0 (Linux; Android 7.0;) AppleWebKit/537.36 (KHTML, like Gecko) Mobile Safari/537.36 (compatible; PetalBot;+https://webmaster.petalsearch.com/site/petalbot)" "brainbox.co.in"
51.222.253.15 - - [03/Nov/2022:06:55:15 -0700] "GET /PDFContent/02%20APSB/06%20Class%20XI/Chemistry/?C=D;O=A HTTP/1.1" 200 356 "-" "Mozilla/5.0 (compatible; AhrefsBot/7.0; +http://ahrefs.com/robot/)" "brainbox.co.in"
114.119.145.175 - - [03/Nov/2022:06:55:36 -0700] "GET /PDFContent/04%20ICSE/05%20Class%20X/Hindi/?C=D%3BO%3DA HTTP/1.1" 200 351 "https://brainbox.co.in/PDFContent/04%20ICSE/05%20Class%20X/Hindi/?C=M%3BO%3DA" "Mozilla/5.0 (Linux; Android 7.0;) AppleWebKit/537.36 (KHTML, like Gecko) Mobile Safari/537.36 (compatible; PetalBot;+https://webmaster.petalsearch.com/site/petalbot)" "brainbox.co.in"
51.222.253.13 - - [03/Nov/2022:06:56:18 -0700] "GET /PDFContent/02%20APSB/06%20Class%20XI/Chemistry/?C=S;O=A HTTP/1.1" 200 356 "-" "Mozilla/5.0 (compatible; AhrefsBot/7.0; +http://ahrefs.com/robot/)" "brainbox.co.in"
51.222.253.15 - - [03/Nov/2022:06:56:49 -0700] "GET /PDFContent/02%20APSB/06%20Class%20XI/Chemistry/?C=M;O=A HTTP/1.1" 200 356 "-" "Mozilla/5.0 (compatible; AhrefsBot/7.0; +http://ahrefs.com/robot/)" "brainbox.co.in"
51.222.253.11 - - [03/Nov/2022:06:57:05 -0700] "GET /PDFContent/02%20APSB/01%20Class%20VI/Sanskrit/?C=D;O=A HTTP/1.1" 200 354 "-" "Mozilla/5.0 (compatible; AhrefsBot/7.0; +http://ahrefs.com/robot/)" "brainbox.co.in"
51.222.253.6 - - [03/Nov/2022:06:57:13 -0700] "GET /PDFContent/02%20APSB/01%20Class%20VI/Sanskrit/?C=M;O=A HTTP/1.1" 200 354 "-" "Mozilla/5.0 (compatible; AhrefsBot/7.0; +http://ahrefs.com/robot/)" "brainbox.co.in"
51.222.253.11 - - [03/Nov/2022:06:57:17 -0700] "GET /PDFContent/02%20APSB/01%20Class%20VI/Sanskrit/?C=S;O=A HTTP/1.1" 200 354 "-" "Mozilla/5.0 (compatible; AhrefsBot/7.0; +http://ahrefs.com/robot/)" "brainbox.co.in"
51.222.253.4 - - [03/Nov/2022:06:57:18 -0700] "GET /PDFContent/01%20TSB/07%20Class%20XII/?C=N;O=D HTTP/1.1" 200 477 "-" "Mozilla/5.0 (compatible; AhrefsBot/7.0; +http://ahrefs.com/robot/)" "brainbox.co.in"
51.222.253.7 - - [03/Nov/2022:06:57:20 -0700] "GET /PDFContent/01%20TSB/03%20Class%20VIII/Biology/?C=N;O=D HTTP/1.1" 200 429 "-" "Mozilla/5.0 (compatible; AhrefsBot/7.0; +http://ahrefs.com/robot/)" "brainbox.co.in"
51.222.253.3 - - [03/Nov/2022:06:57:21 -0700] "GET /PDFContent/04%20ICSE/01%20Class%20VI/Hindi/ HTTP/1.1" 200 352 "-" "Mozilla/5.0 (compatible; AhrefsBot/7.0; +http://ahrefs.com/robot/)" "brainbox.co.in"
51.222.253.17 - - [03/Nov/2022:06:57:21 -0700] "GET /PDFContent/02%20APSB/06%20Class%20XI/Maths/ HTTP/1.1" 200 352 "-" "Mozilla/5.0 (compatible; AhrefsBot/7.0; +http://ahrefs.com/robot/)" "brainbox.co.in"
51.222.253.10 - - [03/Nov/2022:06:57:22 -0700] "GET /PDFContent/Beetle/CLASS%20V/SOCIAL/SEM%201/?C=D;O=A HTTP/1.1" 200 776 "-" "Mozilla/5.0 (compatible; AhrefsBot/7.0; +http://ahrefs.com/robot/)" "brainbox.co.in"
51.222.253.3 - - [03/Nov/2022:06:57:22 -0700] "GET /PDFContent/Beetle/CLASS%20V/SOCIAL/SEM%201/?C=M;O=A HTTP/1.1" 200 774 "-" "Mozilla/5.0 (compatible; AhrefsBot/7.0; +http://ahrefs.com/robot/)" "brainbox.co.in"
51.222.253.15 - - [03/Nov/2022:06:57:23 -0700] "GET /PDFContent/Beetle/CLASS%20V/SOCIAL/SEM%201/?C=S;O=A HTTP/1.1" 200 775 "-" "Mozilla/5.0 (compatible; AhrefsBot/7.0; +http://ahrefs.com/robot/)" "brainbox.co.in"
51.222.253.8 - - [03/Nov/2022:06:57:24 -0700] "GET /PDFContent/01%20TSB/02%20Class%20VII/Science/ACIDS%20AND%20BASES/?C=M;O=D HTTP/1.1" 200 510 "-" "Mozilla/5.0 (compatible; AhrefsBot/7.0; +http://ahrefs.com/robot/)" "brainbox.co.in"
51.222.253.17 - - [03/Nov/2022:06:57:24 -0700] "GET /PDFContent/01%20TSB/02%20Class%20VII/Science/HEAT%20-%20MEASUREMENT/?C=D;O=D HTTP/1.1" 200 497 "-" "Mozilla/5.0 (compatible; AhrefsBot/7.0; +http://ahrefs.com/robot/)" "brainbox.co.in"
51.222.253.17 - - [03/Nov/2022:06:57:25 -0700] "GET /PDFContent/01%20TSB/02%20Class%20VII/Science/HEAT%20-%20MEASUREMENT/?C=S;O=D HTTP/1.1" 200 498 "-" "Mozilla/5.0 (compatible; AhrefsBot/7.0; +http://ahrefs.com/robot/)" "brainbox.co.in"
51.222.253.15 - - [03/Nov/2022:06:57:25 -0700] "GET /PDFContent/01%20TSB/02%20Class%20VII/Science/MOTION%20AND%20TIME/?C=S;O=D HTTP/1.1" 200 497 "-" "Mozilla/5.0 (compatible; AhrefsBot/7.0; +http://ahrefs.com/robot/)" "brainbox.co.in"
51.222.253.10 - - [03/Nov/2022:06:57:26 -0700] "GET /PDFContent/03%20CBSE/03%20Class%20VIII/Chemistry/COAL%20AND%20PETROLEUM/?C=S;O=D HTTP/1.1" 200 520 "-" "Mozilla/5.0 (compatible; AhrefsBot/7.0; +http://ahrefs.com/robot/)" "brainbox.co.in"
51.222.253.16 - - [03/Nov/2022:06:57:26 -0700] "GET /PDFContent/Beetle/CLASS%20V/SOCIAL/SEM%201/?C=N;O=D HTTP/1.1" 200 773 "-" "Mozilla/5.0 (compatible; AhrefsBot/7.0; +http://ahrefs.com/robot/)" "brainbox.co.in"
51.222.253.14 - - [03/Nov/2022:06:57:26 -0700] "GET /PDFContent/03%20CBSE/05%20Class%20X/Physics/REFLECTION%20AND%20REFRACTION/?C=S;O=D HTTP/1.1" 200 826 "-" "Mozilla/5.0 (compatible; AhrefsBot/7.0; +http://ahrefs.com/robot/)" "brainbox.co.in"
114.119.145.187 - - [03/Nov/2022:07:00:35 -0700] "GET /PDFContent/03%20CBSE/07%20Class%20XII/Maths/CBSE_XII_MATHS_LS07_INDEFINITE%20INTEGRALS_NOTES_4.pdf HTTP/1.1" 200 358040 "https://brainbox.co.in/PDFContent/03%20CBSE/07%20Class%20XII/Maths/?C=N%3BO%3DD" "Mozilla/5.0 (Linux; Android 7.0;) AppleWebKit/537.36 (KHTML, like Gecko) Mobile Safari/537.36 (compatible; PetalBot;+https://webmaster.petalsearch.com/site/petalbot)" "brainbox.co.in"
51.222.253.6 - - [03/Nov/2022:07:05:27 -0700] "GET /PDFContent/03%20CBSE/06%20Class%20XI/Physics/?C=D;O=A HTTP/1.1" 200 452 "-" "Mozilla/5.0 (compatible; AhrefsBot/7.0; +http://ahrefs.com/robot/)" "brainbox.co.in"
114.119.145.175 - - [03/Nov/2022:07:05:35 -0700] "GET /PDFContent/03%20CBSE/06%20Class%20XI/Chemistry/CHEMICAL%20BONDING/CHEMICAL%20BONDING_LIMITATIONS%20OF%20KOSSEL%20LEWIS%20APPROACH.pdf HTTP/1.1" 200 402700 "https://brainbox.co.in/PDFContent/03%20CBSE/06%20Class%20XI/Chemistry/CHEMICAL%20BONDING/?C=D%3BO%3DA" "Mozilla/5.0 (Linux; Android 7.0;) AppleWebKit/537.36 (KHTML, like Gecko) Mobile Safari/537.36 (compatible; PetalBot;+https://webmaster.petalsearch.com/site/petalbot)" "brainbox.co.in"
114.119.145.160 - - [03/Nov/2022:07:10:35 -0700] "GET /PDFContent/01%20TSB/05%20Class%20X/Hindi/BARASTE%20BADAL/?C=N%3BO%3DD HTTP/1.1" 200 469 "https://brainbox.co.in/PDFContent/01%20TSB/05%20Class%20X/Hindi/BARASTE%20BADAL/?C=D%3BO%3DA" "Mozilla/5.0 (Linux; Android 7.0;) AppleWebKit/537.36 (KHTML, like Gecko) Mobile Safari/537.36 (compatible; PetalBot;+https://webmaster.petalsearch.com/site/petalbot)" "brainbox.co.in"
114.119.135.132 - - [03/Nov/2022:07:15:35 -0700] "GET /PDFContent/03%20CBSE/?C=N%3BO%3DD HTTP/1.1" 200 501 "https://brainbox.co.in/PDFContent/03%20CBSE/" "Mozilla/5.0 (Linux; Android 7.0;) AppleWebKit/537.36 (KHTML, like Gecko) Mobile Safari/537.36 (compatible; PetalBot;+https://webmaster.petalsearch.com/site/petalbot)" "brainbox.co.in"
114.119.135.132 - - [03/Nov/2022:07:20:37 -0700] "GET /PDFContent/03%20CBSE/05%20Class%20X/Hindi/Kshitij/LS08/?C=S%3BO%3DA HTTP/1.1" 200 493 "https://brainbox.co.in/PDFContent/03%20CBSE/05%20Class%20X/Hindi/Kshitij/LS08/?C=M%3BO%3DA" "Mozilla/5.0 (Linux; Android 7.0;) AppleWebKit/537.36 (KHTML, like Gecko) Mobile Safari/537.36 (compatible; PetalBot;+https://webmaster.petalsearch.com/site/petalbot)" "brainbox.co.in"
95.108.213.38 - - [03/Nov/2022:07:23:43 -0700] "GET /PDFContent/Beetle/CLASS%20III/SOCIAL/SEM%202/Lesson%206.%20Mumbai.pdf HTTP/1.1" 200 132641 "-" "Mozilla/5.0 (compatible; YandexBot/3.0; +http://yandex.com/bots)" "brainbox.co.in"
114.119.145.175 - - [03/Nov/2022:07:25:35 -0700] "GET /PDFContent/Beetle/CLASS%20V/MATHEMATICS/SEM%202/?C=D%3BO%3DA HTTP/1.1" 200 608 "https://brainbox.co.in/PDFContent/Beetle/CLASS%20V/MATHEMATICS/SEM%202/?C=S%3BO%3DA" "Mozilla/5.0 (Linux; Android 7.0;) AppleWebKit/537.36 (KHTML, like Gecko) Mobile Safari/537.36 (compatible; PetalBot;+https://webmaster.petalsearch.com/site/petalbot)" "brainbox.co.in"
114.119.145.187 - - [03/Nov/2022:07:30:35 -0700] "GET /PDFContent/03%20CBSE/03%20Class%20VIII/Maths/ALGEBRAIC%20EXPRESSIONS%20AND%20IDENTITIES/CBSE_VIII_MATHS_LS09_ALGEBRAIC%20EXPRESSION%20OF%20IDENTITIES_STANDARD_IDENTITY_03.pdf HTTP/1.1" 200 266135 "https://brainbox.co.in/PDFContent/03%20CBSE/03%20Class%20VIII/Maths/ALGEBRAIC%20EXPRESSIONS%20AND%20IDENTITIES/?C=S%3BO%3DA" "Mozilla/5.0 (Linux; Android 7.0;) AppleWebKit/537.36 (KHTML, like Gecko) Mobile Safari/537.36 (compatible; PetalBot;+https://webmaster.petalsearch.com/site/petalbot)" "brainbox.co.in"
114.119.145.175 - - [03/Nov/2022:07:35:37 -0700] "GET /PDFContent/01%20TSB/03%20Class%20VIII/English/LS1C/?C=N%3BO%3DD HTTP/1.1" 200 518 "https://brainbox.co.in/PDFContent/01%20TSB/03%20Class%20VIII/English/LS1C/?C=D%3BO%3DA" "Mozilla/5.0 (Linux; Android 7.0;) AppleWebKit/537.36 (KHTML, like Gecko) Mobile Safari/537.36 (compatible; PetalBot;+https://webmaster.petalsearch.com/site/petalbot)" "brainbox.co.in"
157.55.39.179 - - [03/Nov/2022:07:40:06 -0700] "GET /PDFContent/04%20ICSE/01%20Class%20VI/Maths/ HTTP/1.1" 200 352 "-" "Mozilla/5.0 (compatible; bingbot/2.0; +http://www.bing.com/bingbot.htm)" "brainbox.co.in"
114.119.145.160 - - [03/Nov/2022:07:40:36 -0700] "GET /PDFContent/03%20CBSE/03%20Class%20VIII/Maths/PRACTICAL%20GEOMETRY/?C=S%3BO%3DA HTTP/1.1" 200 748 "https://brainbox.co.in/PDFContent/03%20CBSE/03%20Class%20VIII/Maths/PRACTICAL%20GEOMETRY/?C=M%3BO%3DA" "Mozilla/5.0 (Linux; Android 7.0;) AppleWebKit/537.36 (KHTML, like Gecko) Mobile Safari/537.36 (compatible; PetalBot;+https://webmaster.petalsearch.com/site/petalbot)" "brainbox.co.in"
114.119.145.160 - - [03/Nov/2022:07:45:35 -0700] "GET /PDFContent/03%20CBSE/07%20Class%20XII/Chemistry/SOLID%20STATE/Solid%20State_T06_VOIDS%20OR%20HOLES.pdf HTTP/1.1" 200 296200 "https://brainbox.co.in/PDFContent/03%20CBSE/07%20Class%20XII/Chemistry/SOLID%20STATE/?C=D%3BO%3DA" "Mozilla/5.0 (Linux; Android 7.0;) AppleWebKit/537.36 (KHTML, like Gecko) Mobile Safari/537.36 (compatible; PetalBot;+https://webmaster.petalsearch.com/site/petalbot)" "brainbox.co.in"
51.222.253.10 - - [03/Nov/2022:07:48:15 -0700] "GET /PDFContent/03%20CBSE/06%20Class%20XI/Physics/?C=M;O=A HTTP/1.1" 200 452 "-" "Mozilla/5.0 (compatible; AhrefsBot/7.0; +http://ahrefs.com/robot/)" "brainbox.co.in"
114.119.145.174 - - [03/Nov/2022:07:50:43 -0700] "GET /PDFContent/03%20CBSE/06%20Class%20XI/Maths/?C=N%3BO%3DD HTTP/1.1" 200 944 "https://brainbox.co.in/PDFContent/03%20CBSE/06%20Class%20XI/Maths/" "Mozilla/5.0 (Linux; Android 7.0;) AppleWebKit/537.36 (KHTML, like Gecko) Mobile Safari/537.36 (compatible; PetalBot;+https://webmaster.petalsearch.com/site/petalbot)" "brainbox.co.in"
114.119.145.160 - - [03/Nov/2022:07:55:36 -0700] "GET /PDFContent/Beetle/CLASS%20II/?C=D%3BO%3DA HTTP/1.1" 200 463 "https://brainbox.co.in/PDFContent/Beetle/CLASS%20II/?C=S%3BO%3DA" "Mozilla/5.0 (Linux; Android 7.0;) AppleWebKit/537.36 (KHTML, like Gecko) Mobile Safari/537.36 (compatible; PetalBot;+https://webmaster.petalsearch.com/site/petalbot)" "brainbox.co.in"
114.119.145.174 - - [03/Nov/2022:08:00:36 -0700] "GET /PDFContent/01%20TSB/03%20Class%20VIII/English/LS6B/?C=M%3BO%3DA HTTP/1.1" 200 523 "https://brainbox.co.in/PDFContent/01%20TSB/03%20Class%20VIII/English/LS6B/?C=S%3BO%3DA" "Mozilla/5.0 (Linux; Android 7.0;) AppleWebKit/537.36 (KHTML, like Gecko) Mobile Safari/537.36 (compatible; PetalBot;+https://webmaster.petalsearch.com/site/petalbot)" "brainbox.co.in"
114.119.145.160 - - [03/Nov/2022:08:05:37 -0700] "GET /PDFContent/SPECIAL%20CROUSE/Part%204%20MECHANICS%20OF%20WRITING/4_ITALICS.pdf HTTP/1.1" 200 339687 "https://brainbox.co.in/PDFContent/SPECIAL%20CROUSE/Part%204%20MECHANICS%20OF%20WRITING/?C=M%3BO%3DA" "Mozilla/5.0 (Linux; Android 7.0;) AppleWebKit/537.36 (KHTML, like Gecko) Mobile Safari/537.36 (compatible; PetalBot;+https://webmaster.petalsearch.com/site/petalbot)" "brainbox.co.in"
51.222.253.8 - - [03/Nov/2022:08:08:49 -0700] "GET /PDFContent/03%20CBSE/06%20Class%20XI/?C=N;O=D HTTP/1.1" 200 519 "-" "Mozilla/5.0 (compatible; AhrefsBot/7.0; +http://ahrefs.com/robot/)" "brainbox.co.in"
114.119.145.175 - - [03/Nov/2022:08:10:37 -0700] "GET /PDFContent/03%20CBSE/04%20Class%20IX/Biology/Fundamental%20Unit%20of%20Life/Cytoplasm HTTP/1.1" 200 224100 "https://brainboxschool.com/material/CBSE/IX/Biology/THE_FUNDAMENTAL_UNIT_OF_LIFE.html" "Mozilla/5.0 (Linux; Android 7.0;) AppleWebKit/537.36 (KHTML, like Gecko) Mobile Safari/537.36 (compatible; PetalBot;+https://webmaster.petalsearch.com/site/petalbot)" "brainbox.co.in"
114.119.135.132 - - [03/Nov/2022:08:15:36 -0700] "GET /PDFContent/02%20APSB/01%20Class%20VI/Physics/?C=M%3BO%3DA HTTP/1.1" 200 353 "https://brainbox.co.in/PDFContent/02%20APSB/01%20Class%20VI/Physics/?C=D%3BO%3DA" "Mozilla/5.0 (Linux; Android 7.0;) AppleWebKit/537.36 (KHTML, like Gecko) Mobile Safari/537.36 (compatible; PetalBot;+https://webmaster.petalsearch.com/site/petalbot)" "brainbox.co.in"
51.222.253.17 - - [03/Nov/2022:08:19:06 -0700] "GET /PDFContent/03%20CBSE/01%20Class%20VI/Sanskrit/?C=D;O=D HTTP/1.1" 200 352 "-" "Mozilla/5.0 (compatible; AhrefsBot/7.0; +http://ahrefs.com/robot/)" "brainbox.co.in"
5.45.207.149 - - [03/Nov/2022:08:19:44 -0700] "GET /robots.txt HTTP/1.1" 404 73 "-" "Mozilla/5.0 (compatible; YandexBot/3.0; +http://yandex.com/bots)" "brainbox.co.in"
213.180.203.82 - - [03/Nov/2022:08:19:55 -0700] "GET /robots.txt HTTP/1.1" 404 73 "-" "Mozilla/5.0 (compatible; YandexBot/3.0; +http://yandex.com/bots)" "brainbox.co.in"
5.255.253.172 - - [03/Nov/2022:08:20:00 -0700] "GET / HTTP/1.1" 200 432 "-" "Mozilla/5.0 (compatible; YandexBot/3.0; +http://yandex.com/bots)" "brainbox.co.in"
114.119.145.174 - - [03/Nov/2022:08:20:36 -0700] "GET /PDFContent/SPECIAL%20CROUSE/Part%201%20Grammar%20Essentials/STD_VII/UNIT-5.pdf HTTP/1.1" 200 236367 "https://brainbox.co.in/PDFContent/SPECIAL%20CROUSE/Part%201%20Grammar%20Essentials/STD_VII/?C=N%3BO%3DD" "Mozilla/5.0 (Linux; Android 7.0;) AppleWebKit/537.36 (KHTML, like Gecko) Mobile Safari/537.36 (compatible; PetalBot;+https://webmaster.petalsearch.com/site/petalbot)" "brainbox.co.in"
5.255.253.105 - - [03/Nov/2022:08:21:03 -0700] "GET / HTTP/1.1" 200 432 "-" "Mozilla/5.0 (compatible; YandexBot/3.0; +http://yandex.com/bots)" "brainbox.co.in"
51.222.253.1 - - [03/Nov/2022:08:24:24 -0700] "GET /PDFContent/03%20CBSE/06%20Class%20XI/Physics/?C=S;O=A HTTP/1.1" 200 452 "-" "Mozilla/5.0 (compatible; AhrefsBot/7.0; +http://ahrefs.com/robot/)" "brainbox.co.in"
114.119.135.132 - - [03/Nov/2022:08:25:39 -0700] "GET /PDFContent/03%20CBSE/04%20Class%20IX/Maths/POLYNOMIALS/1.%20CBSE_IX_MATHS_LS02_POLYNOMIALS_Main%20content.pdf HTTP/1.1" 200 982976 "https://brainbox.co.in/PDFContent/03%20CBSE/04%20Class%20IX/Maths/POLYNOMIALS/?C=M%3BO%3DA" "Mozilla/5.0 (Linux; Android 7.0;) AppleWebKit/537.36 (KHTML, like Gecko) Mobile Safari/537.36 (compatible; PetalBot;+https://webmaster.petalsearch.com/site/petalbot)" "brainbox.co.in"
51.222.253.19 - - [03/Nov/2022:08:27:05 -0700] "GET /PDFContent/01%20TSB/02%20Class%20VII/Science/ACIDS%20AND%20BASES/?C=S;O=D HTTP/1.1" 200 510 "-" "Mozilla/5.0 (compatible; AhrefsBot/7.0; +http://ahrefs.com/robot/)" "brainbox.co.in"
51.222.253.7 - - [03/Nov/2022:08:27:26 -0700] "GET /PDFContent/01%20TSB/02%20Class%20VII/Science/MOTION%20AND%20TIME/?C=M;O=D HTTP/1.1" 200 496 "-" "Mozilla/5.0 (compatible; AhrefsBot/7.0; +http://ahrefs.com/robot/)" "brainbox.co.in"
51.222.253.1 - - [03/Nov/2022:08:27:53 -0700] "GET /PDFContent/03%20CBSE/03%20Class%20VIII/Physics/?C=M;O=A HTTP/1.1" 200 905 "-" "Mozilla/5.0 (compatible; AhrefsBot/7.0; +http://ahrefs.com/robot/)" "brainbox.co.in"
51.222.253.11 - - [03/Nov/2022:08:27:59 -0700] "GET /PDFContent/03%20CBSE/07%20Class%20XII/Physics/CURRENT%20ELECTRICITY/?C=S;O=A HTTP/1.1" 200 653 "-" "Mozilla/5.0 (compatible; AhrefsBot/7.0; +http://ahrefs.com/robot/)" "brainbox.co.in"
51.222.253.10 - - [03/Nov/2022:08:28:12 -0700] "GET /PDFContent/01%20TSB/03%20Class%20VIII/English/LS1A/New/?C=M;O=D HTTP/1.1" 200 504 "-" "Mozilla/5.0 (compatible; AhrefsBot/7.0; +http://ahrefs.com/robot/)" "brainbox.co.in"
51.222.253.9 - - [03/Nov/2022:08:28:36 -0700] "GET /PDFContent/Beetle/CLASS%20III/MATHEMATICS/SEM%201/?C=N;O=D HTTP/1.1" 200 617 "-" "Mozilla/5.0 (compatible; AhrefsBot/7.0; +http://ahrefs.com/robot/)" "brainbox.co.in"
51.222.253.7 - - [03/Nov/2022:08:29:31 -0700] "GET /PDFContent/03%20CBSE/03%20Class%20VIII/Maths/?C=N;O=A HTTP/1.1" 200 905 "-" "Mozilla/5.0 (compatible; AhrefsBot/7.0; +http://ahrefs.com/robot/)" "brainbox.co.in"
51.222.253.2 - - [03/Nov/2022:08:29:45 -0700] "GET /PDFContent/01%20TSB/05%20Class%20X/Physics/LS04%20Refraction%20of%20light%20at%20curved%20surfaces/ HTTP/1.1" 200 726 "-" "Mozilla/5.0 (compatible; AhrefsBot/7.0; +http://ahrefs.com/robot/)" "brainbox.co.in"
51.222.253.8 - - [03/Nov/2022:08:30:05 -0700] "GET /PDFContent/01%20TSB/01%20Class%20VI/Maths/01%20KNOWING%20OUR%20NUMBERS/?C=N;O=D HTTP/1.1" 200 594 "-" "Mozilla/5.0 (compatible; AhrefsBot/7.0; +http://ahrefs.com/robot/)" "brainbox.co.in"
51.222.253.13 - - [03/Nov/2022:08:30:27 -0700] "GET /PDFContent/03%20CBSE/03%20Class%20VIII/Biology/Fundamental%20Unit%20of%20Life/?C=S;O=D HTTP/1.1" 200 422 "-" "Mozilla/5.0 (compatible; AhrefsBot/7.0; +http://ahrefs.com/robot/)" "brainbox.co.in"
114.119.135.132 - - [03/Nov/2022:08:30:36 -0700] "GET /PDFContent/02%20APSB/03%20Class%20VIII/Sanskrit/?C=M%3BO%3DA HTTP/1.1" 200 356 "https://brainbox.co.in/PDFContent/02%20APSB/03%20Class%20VIII/Sanskrit/?C=S%3BO%3DA" "Mozilla/5.0 (Linux; Android 7.0;) AppleWebKit/537.36 (KHTML, like Gecko) Mobile Safari/537.36 (compatible; PetalBot;+https://webmaster.petalsearch.com/site/petalbot)" "brainbox.co.in"
51.222.253.4 - - [03/Nov/2022:08:35:31 -0700] "GET /PDFContent/02%20APSB/06%20Class%20XI/Chemistry/?C=S;O=D HTTP/1.1" 200 354 "-" "Mozilla/5.0 (compatible; AhrefsBot/7.0; +http://ahrefs.com/robot/)" "brainbox.co.in"
114.119.135.132 - - [03/Nov/2022:08:35:37 -0700] "GET /PDFContent/SPECIAL%20CROUSE/Part%201%20Grammar%20Essentials/STD_VIII/?C=S%3BO%3DA HTTP/1.1" 200 512 "https://brainbox.co.in/PDFContent/SPECIAL%20CROUSE/Part%201%20Grammar%20Essentials/STD_VIII/?C=N%3BO%3DD" "Mozilla/5.0 (Linux; Android 7.0;) AppleWebKit/537.36 (KHTML, like Gecko) Mobile Safari/537.36 (compatible; PetalBot;+https://webmaster.petalsearch.com/site/petalbot)" "brainbox.co.in"
114.119.145.174 - - [03/Nov/2022:08:40:36 -0700] "GET /PDFContent/03%20CBSE/05%20Class%20X/Biology/Our%20Environment/ HTTP/1.1" 200 552 "https://brainbox.co.in/PDFContent/03%20CBSE/05%20Class%20X/Biology/?C=M%3BO%3DA" "Mozilla/5.0 (Linux; Android 7.0;) AppleWebKit/537.36 (KHTML, like Gecko) Mobile Safari/537.36 (compatible; PetalBot;+https://webmaster.petalsearch.com/site/petalbot)" "brainbox.co.in"
114.119.145.175 - - [03/Nov/2022:08:45:36 -0700] "GET /PDFContent/02%20APSB/05%20Class%20X/English/ HTTP/1.1" 200 354 "https://brainbox.co.in/PDFContent/02%20APSB/05%20Class%20X/?C=D%3BO%3DA" "Mozilla/5.0 (Linux; Android 7.0;) AppleWebKit/537.36 (KHTML, like Gecko) Mobile Safari/537.36 (compatible; PetalBot;+https://webmaster.petalsearch.com/site/petalbot)" "brainbox.co.in"
114.119.145.160 - - [03/Nov/2022:08:50:37 -0700] "GET /PDFContent/03%20CBSE/03%20Class%20VIII/Physics/Stars%20&%20Evolution/CBSE_VIII_PHYSICS_STARS%20&%20EVOLUTION_Universe%20&%20Galaxy HTTP/1.1" 200 203810 "https://brainboxschool.com/material/CBSE/VIII/Physics/STARS_AND_EVOLUTION.html" "Mozilla/5.0 (Linux; Android 7.0;) AppleWebKit/537.36 (KHTML, like Gecko) Mobile Safari/537.36 (compatible; PetalBot;+https://webmaster.petalsearch.com/site/petalbot)" "brainbox.co.in"
51.222.253.3 - - [03/Nov/2022:08:51:31 -0700] "GET /PDFContent/02%20APSB/07%20Class%20XII/Telugu/?C=N;O=D HTTP/1.1" 200 354 "-" "Mozilla/5.0 (compatible; AhrefsBot/7.0; +http://ahrefs.com/robot/)" "brainbox.co.in"
114.119.145.187 - - [03/Nov/2022:08:55:38 -0700] "GET /PDFContent/03%20CBSE/02%20Class%20VII/Science/REPRODUCTION%20IN%20PLANTS/?C=D%3BO%3DA HTTP/1.1" 200 450 "https://brainbox.co.in/PDFContent/03%20CBSE/02%20Class%20VII/Science/REPRODUCTION%20IN%20PLANTS/" "Mozilla/5.0 (Linux; Android 7.0;) AppleWebKit/537.36 (KHTML, like Gecko) Mobile Safari/537.36 (compatible; PetalBot;+https://webmaster.petalsearch.com/site/petalbot)" "brainbox.co.in"
114.119.145.160 - - [03/Nov/2022:09:00:38 -0700] "GET /PDFContent/Beetle/CLASS%20IV/SCIENCE%202/Lesson%205.%20Matter.pdf HTTP/1.1" 200 135919 "https://brainbox.co.in/PDFContent/Beetle/CLASS%20IV/SCIENCE%202/?C=S%3BO%3DA" "Mozilla/5.0 (Linux; Android 7.0;) AppleWebKit/537.36 (KHTML, like Gecko) Mobile Safari/537.36 (compatible; PetalBot;+https://webmaster.petalsearch.com/site/petalbot)" "brainbox.co.in"
114.119.145.160 - - [03/Nov/2022:09:05:36 -0700] "GET /PDFContent/02%20APSB/?C=M%3BO%3DA HTTP/1.1" 200 458 "https://brainbox.co.in/PDFContent/02%20APSB/" "Mozilla/5.0 (Linux; Android 7.0;) AppleWebKit/537.36 (KHTML, like Gecko) Mobile Safari/537.36 (compatible; PetalBot;+https://webmaster.petalsearch.com/site/petalbot)" "brainbox.co.in"
114.119.145.175 - - [03/Nov/2022:09:10:36 -0700] "GET /PDFContent/01%20TSB/02%20Class%20VII/Hindi/word%20meaning/TSV_VII_LS02_SACHHA%20DOST_WORD%20MEANING.pdf HTTP/1.1" 200 210436 "https://brainbox.co.in/PDFContent/01%20TSB/02%20Class%20VII/Hindi/word%20meaning/" "Mozilla/5.0 (Linux; Android 7.0;) AppleWebKit/537.36 (KHTML, like Gecko) Mobile Safari/537.36 (compatible; PetalBot;+https://webmaster.petalsearch.com/site/petalbot)" "brainbox.co.in"
114.119.145.174 - - [03/Nov/2022:09:15:54 -0700] "GET /PDFContent/03%20CBSE/03%20Class%20VIII/Chemistry/CHEMICAL%20EFFECTS%20OF%20ELECTRIC%20CURRENT/?C=N%3BO%3DD HTTP/1.1" 200 550 "https://brainbox.co.in/PDFContent/03%20CBSE/03%20Class%20VIII/Chemistry/CHEMICAL%20EFFECTS%20OF%20ELECTRIC%20CURRENT/" "Mozilla/5.0 (Linux; Android 7.0;) AppleWebKit/537.36 (KHTML, like Gecko) Mobile Safari/537.36 (compatible; PetalBot;+https://webmaster.petalsearch.com/site/petalbot)" "brainbox.co.in"
114.119.145.175 - - [03/Nov/2022:09:20:37 -0700] "GET /PDFContent/03%20CBSE/07%20Class%20XII/Biology/BIOTECHNOLOGY%20%20AND%20ITS%20APPLICATIONS/Biotechnology%20&%20It's%20applications_T07A_Ethical%20issues.pdf HTTP/1.1" 200 124786 "https://brainbox.co.in/PDFContent/03%20CBSE/07%20Class%20XII/Biology/BIOTECHNOLOGY%20%20AND%20ITS%20APPLICATIONS/?C=M%3BO%3DA" "Mozilla/5.0 (Linux; Android 7.0;) AppleWebKit/537.36 (KHTML, like Gecko) Mobile Safari/537.36 (compatible; PetalBot;+https://webmaster.petalsearch.com/site/petalbot)" "brainbox.co.in"
51.222.253.16 - - [03/Nov/2022:09:21:10 -0700] "GET /PDFContent/01%20TSB/04%20Class%20IX/Hindi/ HTTP/1.1" 200 352 "-" "Mozilla/5.0 (compatible; AhrefsBot/7.0; +http://ahrefs.com/robot/)" "brainbox.co.in"
114.119.145.175 - - [03/Nov/2022:09:25:41 -0700] "GET /PDFContent/03%20CBSE/03%20Class%20VIII/Maths/PRACTICAL%20GEOMETRY/Practical%20Geometry_T02_To%20construct%20a%20quadrilateral%20(SSSSD).pdf HTTP/1.1" 200 302347 "https://brainbox.co.in/PDFContent/03%20CBSE/03%20Class%20VIII/Maths/PRACTICAL%20GEOMETRY/?C=N%3BO%3DD" "Mozilla/5.0 (Linux; Android 7.0;) AppleWebKit/537.36 (KHTML, like Gecko) Mobile Safari/537.36 (compatible; PetalBot;+https://webmaster.petalsearch.com/site/petalbot)" "brainbox.co.in"
114.119.145.187 - - [03/Nov/2022:09:30:40 -0700] "GET /PDFContent/01%20TSB/02%20Class%20VII/English/TSBoard_English_VII_LS1A_Lesson_explanation1.pdf.pdf HTTP/1.1" 200 286289 "https://brainbox.co.in/PDFContent/01%20TSB/02%20Class%20VII/English/?C=D%3BO%3DA" "Mozilla/5.0 (Linux; Android 7.0;) AppleWebKit/537.36 (KHTML, like Gecko) Mobile Safari/537.36 (compatible; PetalBot;+https://webmaster.petalsearch.com/site/petalbot)" "brainbox.co.in"
167.94.138.60 - - [03/Nov/2022:09:33:27 -0700] "GET / HTTP/1.1" 200 432 "-" "Mozilla/5.0 (compatible; CensysInspect/1.1; +https://about.censys.io/)" "brainbox.co.in"
167.94.138.60 - - [03/Nov/2022:09:33:28 -0700] "GET / HTTP/1.1" 200 432 "-" "Mozilla/5.0 (compatible; CensysInspect/1.1; +https://about.censys.io/)" "brainbox.co.in"
167.94.138.60 - - [03/Nov/2022:09:33:28 -0700] "GET /favicon.ico HTTP/1.1" 404 88 "-" "Mozilla/5.0 (compatible; CensysInspect/1.1; +https://about.censys.io/)" "brainbox.co.in"
167.94.138.60 - - [03/Nov/2022:09:33:28 -0700] "GET /favicon.ico HTTP/1.1" 404 88 "-" "Mozilla/5.0 (compatible; CensysInspect/1.1; +https://about.censys.io/)" "brainbox.co.in"
114.119.135.132 - - [03/Nov/2022:09:35:41 -0700] "GET /PDFContent/Beetle/CLASS%20II/MATHEMATICS%20SEM%202/?C=S%3BO%3DA HTTP/1.1" 200 676 "https://brainbox.co.in/PDFContent/Beetle/CLASS%20II/MATHEMATICS%20SEM%202/?C=M%3BO%3DA" "Mozilla/5.0 (Linux; Android 7.0;) AppleWebKit/537.36 (KHTML, like Gecko) Mobile Safari/537.36 (compatible; PetalBot;+https://webmaster.petalsearch.com/site/petalbot)" "brainbox.co.in"
114.119.145.174 - - [03/Nov/2022:09:40:38 -0700] "GET /PDFContent/03%20CBSE/05%20Class%20X/Physics/REFLECTION%20AND%20REFRACTION/CBSE_X_PHYSCIS_LS10_REFLECTION%20&%20REFRACTION_POWER%20OF%20LENS.pdf HTTP/1.1" 200 375957 "https://brainboxschool.com/material/CBSE/X/Physics/REFLECTION_&_REFRACTION.html" "Mozilla/5.0 (Linux; Android 7.0;) AppleWebKit/537.36 (KHTML, like Gecko) Mobile Safari/537.36 (compatible; PetalBot;+https://webmaster.petalsearch.com/site/petalbot)" "brainbox.co.in"
114.119.145.175 - - [03/Nov/2022:09:45:38 -0700] "GET /PDFContent/03%20CBSE/03%20Class%20VIII/Maths/CBSE_VIII_MATHS_LS02_LINEAR%20EQUATIONS%20IN%20ONE%20VARIABLE_EQUATION.pdf HTTP/1.1" 200 451460 "https://brainbox.co.in/PDFContent/03%20CBSE/03%20Class%20VIII/Maths/?C=D%3BO%3DA" "Mozilla/5.0 (Linux; Android 7.0;) AppleWebKit/537.36 (KHTML, like Gecko) Mobile Safari/537.36 (compatible; PetalBot;+https://webmaster.petalsearch.com/site/petalbot)" "brainbox.co.in"
114.119.145.175 - - [03/Nov/2022:09:50:40 -0700] "GET /PDFContent/01%20TSB/03%20Class%20VIII/English/LS2A/New/TSB_VIII_ENGLISH_LS02A_OLIVER%20ASKS%20FOR%20MORE_CHARACTERS%20EXPLAINED.pdf HTTP/1.1" 200 349007 "https://brainbox.co.in/PDFContent/01%20TSB/03%20Class%20VIII/English/LS2A/New/?C=S%3BO%3DA" "Mozilla/5.0 (Linux; Android 7.0;) AppleWebKit/537.36 (KHTML, like Gecko) Mobile Safari/537.36 (compatible; PetalBot;+https://webmaster.petalsearch.com/site/petalbot)" "brainbox.co.in"
51.222.253.10 - - [03/Nov/2022:09:52:16 -0700] "GET /PDFContent/02%20APSB/04%20Class%20IX/Physics/?C=N;O=D HTTP/1.1" 200 352 "-" "Mozilla/5.0 (compatible; AhrefsBot/7.0; +http://ahrefs.com/robot/)" "brainbox.co.in"
54.219.175.151 - - [03/Nov/2022:09:54:16 -0700] "GET /~richard/templates/beez/US/uk/paypal/login.htm HTTP/1.1" 404 73 "-" "Mozilla/5.0 (Macintosh; Intel Mac OS X 10_10_5) AppleWebKit/537.36 (KHTML, like Gecko) Chrome/52.0.2743.116 Safari/537.36" "brainbox.co.in"
114.119.145.160 - - [03/Nov/2022:09:55:52 -0700] "GET /PDFContent/04%20ICSE/05%20Class%20X/Sanskrit/?C=N%3BO%3DD HTTP/1.1" 200 354 "https://brainbox.co.in/PDFContent/04%20ICSE/05%20Class%20X/Sanskrit/" "Mozilla/5.0 (Linux; Android 7.0;) AppleWebKit/537.36 (KHTML, like Gecko) Mobile Safari/537.36 (compatible; PetalBot;+https://webmaster.petalsearch.com/site/petalbot)" "brainbox.co.in"
114.119.145.175 - - [03/Nov/2022:10:00:37 -0700] "GET /PDFContent/03%20CBSE/06%20Class%20XI/Chemistry/GENERAL%20ORGANIC%20CHEMISTRY/GENERAL%20ORGANIC%20CHEMISTRY_T05_Rules%20for%20naming%20organic%20compound.pdf HTTP/1.1" 200 244569 "https://brainbox.co.in/PDFContent/03%20CBSE/06%20Class%20XI/Chemistry/GENERAL%20ORGANIC%20CHEMISTRY/" "Mozilla/5.0 (Linux; Android 7.0;) AppleWebKit/537.36 (KHTML, like Gecko) Mobile Safari/537.36 (compatible; PetalBot;+https://webmaster.petalsearch.com/site/petalbot)" "brainbox.co.in"
51.222.253.3 - - [03/Nov/2022:10:02:53 -0700] "GET /PDFContent/01%20TSB/02%20Class%20VII/?C=S;O=D HTTP/1.1" 200 505 "-" "Mozilla/5.0 (compatible; AhrefsBot/7.0; +http://ahrefs.com/robot/)" "brainbox.co.in"
51.222.253.11 - - [03/Nov/2022:10:05:30 -0700] "GET /PDFContent/Beetle/CLASS%20V/SOCIAL/SEM%201/?C=N;O=A HTTP/1.1" 200 776 "-" "Mozilla/5.0 (compatible; AhrefsBot/7.0; +http://ahrefs.com/robot/)" "brainbox.co.in"
114.119.145.187 - - [03/Nov/2022:10:05:38 -0700] "GET /PDFContent/03%20CBSE/03%20Class%20VIII/Biology/Reproduction%20in%20Animals/Female%20Reproductive%20system HTTP/1.1" 200 450125 "https://brainboxschool.com/material/CBSE/VIII/Biology/REPRODUCTION_IN_ANIMALS.html" "Mozilla/5.0 (Linux; Android 7.0;) AppleWebKit/537.36 (KHTML, like Gecko) Mobile Safari/537.36 (compatible; PetalBot;+https://webmaster.petalsearch.com/site/petalbot)" "brainbox.co.in"
51.222.253.9 - - [03/Nov/2022:10:06:16 -0700] "GET /PDFContent/01%20TSB/02%20Class%20VII/Science/ACIDS%20AND%20BASES/?C=D;O=D HTTP/1.1" 200 512 "-" "Mozilla/5.0 (compatible; AhrefsBot/7.0; +http://ahrefs.com/robot/)" "brainbox.co.in"
51.222.253.5 - - [03/Nov/2022:10:07:57 -0700] "GET /PDFContent/01%20TSB/02%20Class%20VII/Science/ANIMAL%20FIBRE/?C=D;O=D HTTP/1.1" 200 520 "-" "Mozilla/5.0 (compatible; AhrefsBot/7.0; +http://ahrefs.com/robot/)" "brainbox.co.in"
51.222.253.5 - - [03/Nov/2022:10:10:03 -0700] "GET /PDFContent/01%20TSB/02%20Class%20VII/Science/HEAT%20-%20MEASUREMENT/?C=M;O=D HTTP/1.1" 200 498 "-" "Mozilla/5.0 (compatible; AhrefsBot/7.0; +http://ahrefs.com/robot/)" "brainbox.co.in"
114.119.145.160 - - [03/Nov/2022:10:10:37 -0700] "GET /PDFContent/01%20TSB/02%20Class%20VII/Science/MOTION%20AND%20TIME/TSB_VII_SCIENCE_LS04_MOTION%20AND%20TIME_EXERCISES.pdf HTTP/1.1" 200 520091 "https://brainbox.co.in/PDFContent/01%20TSB/02%20Class%20VII/Science/MOTION%20AND%20TIME/?C=D%3BO%3DA" "Mozilla/5.0 (Linux; Android 7.0;) AppleWebKit/537.36 (KHTML, like Gecko) Mobile Safari/537.36 (compatible; PetalBot;+https://webmaster.petalsearch.com/site/petalbot)" "brainbox.co.in"
51.222.253.5 - - [03/Nov/2022:10:13:00 -0700] "GET /PDFContent/01%20TSB/02%20Class%20VII/Science/MOTION%20AND%20TIME/?C=D;O=D HTTP/1.1" 200 496 "-" "Mozilla/5.0 (compatible; AhrefsBot/7.0; +http://ahrefs.com/robot/)" "brainbox.co.in"
51.222.253.16 - - [03/Nov/2022:10:14:26 -0700] "GET /PDFContent/01%20TSB/04%20Class%20IX/Biology/ANIMAL%20BEHAVIOUR/?C=D;O=D HTTP/1.1" 200 529 "-" "Mozilla/5.0 (compatible; AhrefsBot/7.0; +http://ahrefs.com/robot/)" "brainbox.co.in"
51.222.253.9 - - [03/Nov/2022:10:15:09 -0700] "GET /PDFContent/01%20TSB/04%20Class%20IX/Biology/ANIMAL%20BEHAVIOUR/?C=M;O=D HTTP/1.1" 200 530 "-" "Mozilla/5.0 (compatible; AhrefsBot/7.0; +http://ahrefs.com/robot/)" "brainbox.co.in"
114.119.145.187 - - [03/Nov/2022:10:15:39 -0700] "GET /PDFContent/03%20CBSE/05%20Class%20X/Physics/REFLECTION%20AND%20REFRACTION/CBSE_X_PHYSCIS_LS10_REFLECTION%20&%20REFRACTION_REFLECTION%20&%20REFRACTION_B.pdf HTTP/1.1" 200 421795 "https://brainboxschool.com/material/CBSE/X/Physics/REFLECTION_&_REFRACTION.html" "Mozilla/5.0 (Linux; Android 7.0;) AppleWebKit/537.36 (KHTML, like Gecko) Mobile Safari/537.36 (compatible; PetalBot;+https://webmaster.petalsearch.com/site/petalbot)" "brainbox.co.in"
51.222.253.3 - - [03/Nov/2022:10:15:55 -0700] "GET /PDFContent/01%20TSB/04%20Class%20IX/Biology/ANIMAL%20BEHAVIOUR/?C=S;O=D HTTP/1.1" 200 531 "-" "Mozilla/5.0 (compatible; AhrefsBot/7.0; +http://ahrefs.com/robot/)" "brainbox.co.in"
51.222.253.8 - - [03/Nov/2022:10:16:32 -0700] "GET /PDFContent/03%20CBSE/03%20Class%20VIII/Chemistry/COAL%20AND%20PETROLEUM/?C=M;O=D HTTP/1.1" 200 520 "-" "Mozilla/5.0 (compatible; AhrefsBot/7.0; +http://ahrefs.com/robot/)" "brainbox.co.in"
