114.119.135.132 - - [02/Nov/2022:17:01:08 -0700] "GET /PDFContent/03%20CBSE/04%20Class%20IX/Maths/LINEAR%20EQUATIONS%20IN%20TWO%20VARIABLES/?C=N%3BO%3DD HTTP/1.1" 200 846 "https://brainbox.co.in/PDFContent/03%20CBSE/04%20Class%20IX/Maths/LINEAR%20EQUATIONS%20IN%20TWO%20VARIABLES/?C=S%3BO%3DA" "Mozilla/5.0 (Linux; Android 7.0;) AppleWebKit/537.36 (KHTML, like Gecko) Mobile Safari/537.36 (compatible; PetalBot;+https://webmaster.petalsearch.com/site/petalbot)" "brainbox.co.in"
114.119.145.160 - - [02/Nov/2022:17:06:31 -0700] "GET /PDFContent/Beetle/CLASS%20V/ENGLISH/ HTTP/1.1" 200 403 "https://brainbox.co.in/PDFContent/Beetle/CLASS%20V/?C=M%3BO%3DA" "Mozilla/5.0 (Linux; Android 7.0;) AppleWebKit/537.36 (KHTML, like Gecko) Mobile Safari/537.36 (compatible; PetalBot;+https://webmaster.petalsearch.com/site/petalbot)" "brainbox.co.in"
51.222.253.12 - - [02/Nov/2022:17:11:11 -0700] "GET /PDFContent/03%20CBSE/04%20Class%20IX/Telugu/?C=M;O=A HTTP/1.1" 200 354 "-" "Mozilla/5.0 (compatible; AhrefsBot/7.0; +http://ahrefs.com/robot/)" "brainbox.co.in"
114.119.145.160 - - [02/Nov/2022:17:12:04 -0700] "GET /PDFContent/03%20CBSE/07%20Class%20XII/Biology/CBSE_XII_BIOLOGY_LS03_%20HUMAN%20REPRODUCTION_SECONDARY%20SEX%20ORGANS_SEMINAL%20VESICLE.pdf HTTP/1.1" 200 465593 "https://brainbox.co.in/PDFContent/03%20CBSE/07%20Class%20XII/Biology/?C=D%3BO%3DA" "Mozilla/5.0 (Linux; Android 7.0;) AppleWebKit/537.36 (KHTML, like Gecko) Mobile Safari/537.36 (compatible; PetalBot;+https://webmaster.petalsearch.com/site/petalbot)" "brainbox.co.in"
51.222.253.13 - - [02/Nov/2022:17:16:04 -0700] "GET /PDFContent/02%20APSB/02%20Class%20VII/Telugu/?C=M;O=A HTTP/1.1" 200 353 "-" "Mozilla/5.0 (compatible; AhrefsBot/7.0; +http://ahrefs.com/robot/)" "brainbox.co.in"
114.119.145.175 - - [02/Nov/2022:17:17:33 -0700] "GET /PDFContent/04%20ICSE/01%20Class%20VI/ HTTP/1.1" 200 463 "https://brainbox.co.in/PDFContent/04%20ICSE/01%20Class%20VI/Sanskrit/" "Mozilla/5.0 (Linux; Android 7.0;) AppleWebKit/537.36 (KHTML, like Gecko) Mobile Safari/537.36 (compatible; PetalBot;+https://webmaster.petalsearch.com/site/petalbot)" "brainbox.co.in"
51.222.253.6 - - [02/Nov/2022:17:21:09 -0700] "GET /PDFContent/01%20TSB/05%20Class%20X/Biology/EXCRETION/?C=D;O=A HTTP/1.1" 200 467 "-" "Mozilla/5.0 (compatible; AhrefsBot/7.0; +http://ahrefs.com/robot/)" "brainbox.co.in"
114.119.145.174 - - [02/Nov/2022:17:23:05 -0700] "GET /PDFContent/01%20TSB/02%20Class%20VII/English/01LS4B/TSBoard_English_Vll-LS04B_Introduction.pdf HTTP/1.1" 200 198618 "https://brainbox.co.in/PDFContent/01%20TSB/02%20Class%20VII/English/01LS4B/?C=D%3BO%3DA" "Mozilla/5.0 (Linux; Android 7.0;) AppleWebKit/537.36 (KHTML, like Gecko) Mobile Safari/537.36 (compatible; PetalBot;+https://webmaster.petalsearch.com/site/petalbot)" "brainbox.co.in"
51.222.253.4 - - [02/Nov/2022:17:26:48 -0700] "GET /PDFContent/03%20CBSE/01%20Class%20VI/Physics/?C=S;O=A HTTP/1.1" 200 353 "-" "Mozilla/5.0 (compatible; AhrefsBot/7.0; +http://ahrefs.com/robot/)" "brainbox.co.in"
114.119.145.174 - - [02/Nov/2022:17:29:03 -0700] "GET /PDFContent/SPECIAL%20CROUSE/?C=M%3BO%3DA HTTP/1.1" 200 436 "https://brainbox.co.in/PDFContent/SPECIAL%20CROUSE/?C=S%3BO%3DA" "Mozilla/5.0 (Linux; Android 7.0;) AppleWebKit/537.36 (KHTML, like Gecko) Mobile Safari/537.36 (compatible; PetalBot;+https://webmaster.petalsearch.com/site/petalbot)" "brainbox.co.in"
51.222.253.19 - - [02/Nov/2022:17:32:50 -0700] "GET /PDFContent/03%20CBSE/01%20Class%20VI/Physics/?C=M;O=A HTTP/1.1" 200 353 "-" "Mozilla/5.0 (compatible; AhrefsBot/7.0; +http://ahrefs.com/robot/)" "brainbox.co.in"
114.119.145.174 - - [02/Nov/2022:17:35:06 -0700] "GET /PDFContent/Beetle/CLASS%20V/SOCIAL/?C=D%3BO%3DA HTTP/1.1" 200 395 "https://brainbox.co.in/PDFContent/Beetle/CLASS%20V/SOCIAL/?C=N%3BO%3DD" "Mozilla/5.0 (Linux; Android 7.0;) AppleWebKit/537.36 (KHTML, like Gecko) Mobile Safari/537.36 (compatible; PetalBot;+https://webmaster.petalsearch.com/site/petalbot)" "brainbox.co.in"
51.222.253.18 - - [02/Nov/2022:17:38:24 -0700] "GET /PDFContent/01%20TSB/05%20Class%20X/Sanskrit/?C=D;O=A HTTP/1.1" 200 353 "-" "Mozilla/5.0 (compatible; AhrefsBot/7.0; +http://ahrefs.com/robot/)" "brainbox.co.in"
114.119.145.175 - - [02/Nov/2022:17:40:52 -0700] "GET /PDFContent/01%20TSB/02%20Class%20VII/ HTTP/1.1" 200 505 "https://brainbox.co.in/PDFContent/01%20TSB/02%20Class%20VII/Hindi/" "Mozilla/5.0 (Linux; Android 7.0;) AppleWebKit/537.36 (KHTML, like Gecko) Mobile Safari/537.36 (compatible; PetalBot;+https://webmaster.petalsearch.com/site/petalbot)" "brainbox.co.in"
51.222.253.9 - - [02/Nov/2022:17:43:48 -0700] "GET /PDFContent/01%20TSB/05%20Class%20X/Sanskrit/?C=S;O=A HTTP/1.1" 200 353 "-" "Mozilla/5.0 (compatible; AhrefsBot/7.0; +http://ahrefs.com/robot/)" "brainbox.co.in"
34.139.139.80 - - [02/Nov/2022:17:46:55 -0700] "GET /robots.txt HTTP/1.1" 404 88 "-" "ZoominfoBot (zoominfobot at zoominfo dot com)" "brainbox.co.in"
34.139.139.80 - - [02/Nov/2022:17:46:55 -0700] "GET /robots.txt HTTP/1.1" 404 88 "-" "ZoominfoBot (zoominfobot at zoominfo dot com)" "brainbox.co.in"
34.139.139.80 - - [02/Nov/2022:17:46:56 -0700] "GET / HTTP/1.1" 200 432 "-" "ZoominfoBot (zoominfobot at zoominfo dot com)" "brainbox.co.in"
114.119.135.132 - - [02/Nov/2022:17:47:00 -0700] "GET /PDFContent/03%20CBSE/04%20Class%20IX/Maths/POLYNOMIALS/?C=N%3BO%3DD HTTP/1.1" 200 1152 "https://brainbox.co.in/PDFContent/03%20CBSE/04%20Class%20IX/Maths/POLYNOMIALS/?C=M%3BO%3DA" "Mozilla/5.0 (Linux; Android 7.0;) AppleWebKit/537.36 (KHTML, like Gecko) Mobile Safari/537.36 (compatible; PetalBot;+https://webmaster.petalsearch.com/site/petalbot)" "brainbox.co.in"
51.222.253.7 - - [02/Nov/2022:17:48:59 -0700] "GET /PDFContent/01%20TSB/05%20Class%20X/Telugu/?C=M;O=A HTTP/1.1" 200 352 "-" "Mozilla/5.0 (compatible; AhrefsBot/7.0; +http://ahrefs.com/robot/)" "brainbox.co.in"
114.119.145.160 - - [02/Nov/2022:17:53:04 -0700] "GET /PDFContent/03%20CBSE/03%20Class%20VIII/Maths/PRACTICAL%20GEOMETRY/?C=N%3BO%3DD HTTP/1.1" 200 748 "https://brainbox.co.in/PDFContent/03%20CBSE/03%20Class%20VIII/Maths/PRACTICAL%20GEOMETRY/?C=M%3BO%3DA" "Mozilla/5.0 (Linux; Android 7.0;) AppleWebKit/537.36 (KHTML, like Gecko) Mobile Safari/537.36 (compatible; PetalBot;+https://webmaster.petalsearch.com/site/petalbot)" "brainbox.co.in"
54.176.108.177 - - [02/Nov/2022:17:53:53 -0700] "GET /~richard/templates/beez/US/uk/paypal/login.htm HTTP/1.1" 404 73 "-" "Mozilla/5.0 (Macintosh; Intel Mac OS X 10_10_5) AppleWebKit/537.36 (KHTML, like Gecko) Chrome/52.0.2743.116 Safari/537.36" "brainbox.co.in"
51.222.253.3 - - [02/Nov/2022:17:54:22 -0700] "GET /PDFContent/01%20TSB/05%20Class%20X/Telugu/?C=S;O=A HTTP/1.1" 200 352 "-" "Mozilla/5.0 (compatible; AhrefsBot/7.0; +http://ahrefs.com/robot/)" "brainbox.co.in"
51.222.253.12 - - [02/Nov/2022:17:59:49 -0700] "GET /PDFContent/01%20TSB/05%20Class%20X/Sanskrit/?C=M;O=A HTTP/1.1" 200 353 "-" "Mozilla/5.0 (compatible; AhrefsBot/7.0; +http://ahrefs.com/robot/)" "brainbox.co.in"
51.222.253.12 - - [02/Nov/2022:18:02:29 -0700] "GET /PDFContent/01%20TSB/05%20Class%20X/Telugu/?C=D;O=A HTTP/1.1" 200 352 "-" "Mozilla/5.0 (compatible; AhrefsBot/7.0; +http://ahrefs.com/robot/)" "brainbox.co.in"
114.119.145.187 - - [02/Nov/2022:18:04:38 -0700] "GET /PDFContent/01%20TSB/02%20Class%20VII/Hindi/Glossary/TSB_VII_LS18_GHANTE%20KI%20AAWAJ_GLOSSARY.pdf HTTP/1.1" 200 883039 "https://brainbox.co.in/PDFContent/01%20TSB/02%20Class%20VII/Hindi/Glossary/?C=D%3BO%3DA" "Mozilla/5.0 (Linux; Android 7.0;) AppleWebKit/537.36 (KHTML, like Gecko) Mobile Safari/537.36 (compatible; PetalBot;+https://webmaster.petalsearch.com/site/petalbot)" "brainbox.co.in"
51.222.253.18 - - [02/Nov/2022:18:04:58 -0700] "GET /PDFContent/01%20TSB/05%20Class%20X/Biology/ HTTP/1.1" 200 463 "-" "Mozilla/5.0 (compatible; AhrefsBot/7.0; +http://ahrefs.com/robot/)" "brainbox.co.in"
51.222.253.14 - - [02/Nov/2022:18:07:20 -0700] "GET /PDFContent/02%20APSB/04%20Class%20IX/Chemistry/ HTTP/1.1" 200 355 "-" "Mozilla/5.0 (compatible; AhrefsBot/7.0; +http://ahrefs.com/robot/)" "brainbox.co.in"
51.222.253.15 - - [02/Nov/2022:18:09:56 -0700] "GET /PDFContent/02%20APSB/04%20Class%20IX/Sanskrit/ HTTP/1.1" 200 355 "-" "Mozilla/5.0 (compatible; AhrefsBot/7.0; +http://ahrefs.com/robot/)" "brainbox.co.in"
114.119.135.132 - - [02/Nov/2022:18:10:23 -0700] "GET /PDFContent/01%20TSB/07%20Class%20XII/Telugu/?C=D%3BO%3DA HTTP/1.1" 200 355 "https://brainbox.co.in/PDFContent/01%20TSB/07%20Class%20XII/Telugu/?C=N%3BO%3DD" "Mozilla/5.0 (Linux; Android 7.0;) AppleWebKit/537.36 (KHTML, like Gecko) Mobile Safari/537.36 (compatible; PetalBot;+https://webmaster.petalsearch.com/site/petalbot)" "brainbox.co.in"
51.222.253.7 - - [02/Nov/2022:18:12:30 -0700] "GET /PDFContent/03%20CBSE/03%20Class%20VIII/Biology/?C=N;O=D HTTP/1.1" 200 826 "-" "Mozilla/5.0 (compatible; AhrefsBot/7.0; +http://ahrefs.com/robot/)" "brainbox.co.in"
51.222.253.18 - - [02/Nov/2022:18:15:56 -0700] "GET /PDFContent/02%20APSB/04%20Class%20IX/Maths/ HTTP/1.1" 200 352 "-" "Mozilla/5.0 (compatible; AhrefsBot/7.0; +http://ahrefs.com/robot/)" "brainbox.co.in"
114.119.145.160 - - [02/Nov/2022:18:16:25 -0700] "GET /PDFContent/03%20CBSE/03%20Class%20VIII/Biology/ HTTP/1.1" 200 838 "https://brainbox.co.in/PDFContent/03%20CBSE/03%20Class%20VIII/Biology/Fundamental%20Unit%20of%20Life/?C=S%3BO%3DA" "Mozilla/5.0 (Linux; Android 7.0;) AppleWebKit/537.36 (KHTML, like Gecko) Mobile Safari/537.36 (compatible; PetalBot;+https://webmaster.petalsearch.com/site/petalbot)" "brainbox.co.in"
51.222.253.10 - - [02/Nov/2022:18:18:42 -0700] "GET /PDFContent/03%20CBSE/02%20Class%20VII/Telugu/ HTTP/1.1" 200 354 "-" "Mozilla/5.0 (compatible; AhrefsBot/7.0; +http://ahrefs.com/robot/)" "brainbox.co.in"
51.222.253.14 - - [02/Nov/2022:18:21:34 -0700] "GET /PDFContent/03%20CBSE/02%20Class%20VII/Chemistry/?C=D;O=A HTTP/1.1" 200 355 "-" "Mozilla/5.0 (compatible; AhrefsBot/7.0; +http://ahrefs.com/robot/)" "brainbox.co.in"
114.119.145.175 - - [02/Nov/2022:18:22:48 -0700] "GET /PDFContent/03%20CBSE/06%20Class%20XI/Maths/CBSE_XI_MATHS_LS07_PERMUTATION%20&COMBINATION_COMBINATION.pdf HTTP/1.1" 200 357676 "https://brainbox.co.in/PDFContent/03%20CBSE/06%20Class%20XI/Maths/?C=N%3BO%3DD" "Mozilla/5.0 (Linux; Android 7.0;) AppleWebKit/537.36 (KHTML, like Gecko) Mobile Safari/537.36 (compatible; PetalBot;+https://webmaster.petalsearch.com/site/petalbot)" "brainbox.co.in"
51.222.253.7 - - [02/Nov/2022:18:24:08 -0700] "GET /PDFContent/03%20CBSE/02%20Class%20VII/Chemistry/ HTTP/1.1" 200 355 "-" "Mozilla/5.0 (compatible; AhrefsBot/7.0; +http://ahrefs.com/robot/)" "brainbox.co.in"
51.222.253.11 - - [02/Nov/2022:18:26:52 -0700] "GET /PDFContent/01%20TSB/04%20Class%20IX/Hindi/?C=D;O=A HTTP/1.1" 200 352 "-" "Mozilla/5.0 (compatible; AhrefsBot/7.0; +http://ahrefs.com/robot/)" "brainbox.co.in"
114.119.145.160 - - [02/Nov/2022:18:29:03 -0700] "GET /?C=M%3BO%3DA HTTP/1.1" 200 432 "https://brainbox.co.in?C=D%3BO%3DA" "Mozilla/5.0 (Linux; Android 7.0;) AppleWebKit/537.36 (KHTML, like Gecko) Mobile Safari/537.36 (compatible; PetalBot;+https://webmaster.petalsearch.com/site/petalbot)" "brainbox.co.in"
51.222.253.7 - - [02/Nov/2022:18:29:18 -0700] "GET /PDFContent/01%20TSB/01%20Class%20VI/Chemistry/?C=M;O=A HTTP/1.1" 200 353 "-" "Mozilla/5.0 (compatible; AhrefsBot/7.0; +http://ahrefs.com/robot/)" "brainbox.co.in"
51.222.253.16 - - [02/Nov/2022:18:31:51 -0700] "GET /PDFContent/03%20CBSE/02%20Class%20VII/Chemistry/?C=M;O=A HTTP/1.1" 200 355 "-" "Mozilla/5.0 (compatible; AhrefsBot/7.0; +http://ahrefs.com/robot/)" "brainbox.co.in"
51.222.253.10 - - [02/Nov/2022:18:33:19 -0700] "GET /PDFContent/02%20APSB/04%20Class%20IX/Maths/?C=N;O=D HTTP/1.1" 200 350 "-" "Mozilla/5.0 (compatible; AhrefsBot/7.0; +http://ahrefs.com/robot/)" "brainbox.co.in"
114.119.145.187 - - [02/Nov/2022:18:34:04 -0700] "GET /PDFContent/03%20CBSE/02%20Class%20VII/Science/ELECTRIC%20CURRENT%20AND%20ITS%20EFFECTS/?C=D%3BO%3DA HTTP/1.1" 200 630 "https://brainbox.co.in/PDFContent/03%20CBSE/02%20Class%20VII/Science/ELECTRIC%20CURRENT%20AND%20ITS%20EFFECTS/" "Mozilla/5.0 (Linux; Android 7.0;) AppleWebKit/537.36 (KHTML, like Gecko) Mobile Safari/537.36 (compatible; PetalBot;+https://webmaster.petalsearch.com/site/petalbot)" "brainbox.co.in"
51.222.253.7 - - [02/Nov/2022:18:36:31 -0700] "GET /PDFContent/SPECIAL%20CROUSE/Part%204%20MECHANICS%20OF%20WRITING/ HTTP/1.1" 200 570 "-" "Mozilla/5.0 (compatible; AhrefsBot/7.0; +http://ahrefs.com/robot/)" "brainbox.co.in"
5.45.207.92 - - [02/Nov/2022:18:39:12 -0700] "GET /PDFContent/Beetle/CLASS%20V/SCIENCE/SEM%201/Lesson%202.%20Animals%20-%20Their%20life%20styles.pdf HTTP/1.1" 200 118757 "-" "Mozilla/5.0 (compatible; YandexBot/3.0; +http://yandex.com/bots)" "brainbox.co.in"
114.119.135.132 - - [02/Nov/2022:18:39:22 -0700] "GET /PDFContent/03%20CBSE/03%20Class%20VIII/Physics/?C=D%3BO%3DA HTTP/1.1" 200 917 "https://brainbox.co.in/PDFContent/03%20CBSE/03%20Class%20VIII/Physics/?C=S%3BO%3DA" "Mozilla/5.0 (Linux; Android 7.0;) AppleWebKit/537.36 (KHTML, like Gecko) Mobile Safari/537.36 (compatible; PetalBot;+https://webmaster.petalsearch.com/site/petalbot)" "brainbox.co.in"
51.222.253.1 - - [02/Nov/2022:18:39:37 -0700] "GET /PDFContent/01%20TSB/07%20Class%20XII/Chemistry/?C=D;O=A HTTP/1.1" 200 356 "-" "Mozilla/5.0 (compatible; AhrefsBot/7.0; +http://ahrefs.com/robot/)" "brainbox.co.in"
51.222.253.1 - - [02/Nov/2022:18:43:13 -0700] "GET /PDFContent/01%20TSB/07%20Class%20XII/Sanskrit/?C=S;O=A HTTP/1.1" 200 355 "-" "Mozilla/5.0 (compatible; AhrefsBot/7.0; +http://ahrefs.com/robot/)" "brainbox.co.in"
114.119.145.175 - - [02/Nov/2022:18:44:47 -0700] "GET /PDFContent/03%20CBSE/06%20Class%20XI/Maths/CBSE_XI_MATHS_LS07_PERMUTATION%20&COMBINATION_PROPERTIES__D%20&%20D__%20EXAMPLE.pdf HTTP/1.1" 200 292633 "https://brainbox.co.in/PDFContent/03%20CBSE/06%20Class%20XI/Maths/?C=N%3BO%3DD" "Mozilla/5.0 (Linux; Android 7.0;) AppleWebKit/537.36 (KHTML, like Gecko) Mobile Safari/537.36 (compatible; PetalBot;+https://webmaster.petalsearch.com/site/petalbot)" "brainbox.co.in"
51.222.253.9 - - [02/Nov/2022:18:46:43 -0700] "GET /PDFContent/01%20TSB/04%20Class%20IX/Hindi/?C=S;O=A HTTP/1.1" 200 352 "-" "Mozilla/5.0 (compatible; AhrefsBot/7.0; +http://ahrefs.com/robot/)" "brainbox.co.in"
114.119.145.175 - - [02/Nov/2022:18:49:53 -0700] "GET /PDFContent/Beetle/CLASS%20I/MATHEMATICS/Lesson%202%20-%20Addition%20and%20Subtraction%20upto%2010.pdf HTTP/1.1" 200 567367 "https://brainbox.co.in/PDFContent/Beetle/CLASS%20I/MATHEMATICS/?C=M%3BO%3DA" "Mozilla/5.0 (Linux; Android 7.0;) AppleWebKit/537.36 (KHTML, like Gecko) Mobile Safari/537.36 (compatible; PetalBot;+https://webmaster.petalsearch.com/site/petalbot)" "brainbox.co.in"
51.222.253.14 - - [02/Nov/2022:18:50:11 -0700] "GET /PDFContent/01%20TSB/01%20Class%20VI/English/TELANGANA/?C=D;O=A HTTP/1.1" 200 492 "-" "Mozilla/5.0 (compatible; AhrefsBot/7.0; +http://ahrefs.com/robot/)" "brainbox.co.in"
51.222.253.1 - - [02/Nov/2022:18:53:45 -0700] "GET /PDFContent/01%20TSB/07%20Class%20XII/Sanskrit/?C=D;O=A HTTP/1.1" 200 355 "-" "Mozilla/5.0 (compatible; AhrefsBot/7.0; +http://ahrefs.com/robot/)" "brainbox.co.in"
114.119.145.187 - - [02/Nov/2022:18:55:08 -0700] "GET /PDFContent/03%20CBSE/05%20Class%20X/Biology/Our%20Environment/Ecology.pdf HTTP/1.1" 200 507125 "https://brainbox.co.in/PDFContent/03%20CBSE/05%20Class%20X/Biology/Our%20Environment/" "Mozilla/5.0 (Linux; Android 7.0;) AppleWebKit/537.36 (KHTML, like Gecko) Mobile Safari/537.36 (compatible; PetalBot;+https://webmaster.petalsearch.com/site/petalbot)" "brainbox.co.in"
207.46.13.24 - - [02/Nov/2022:18:57:22 -0700] "GET /PDFContent/04%20ICSE/06%20Class%20XI/Maths/ HTTP/1.1" 200 353 "-" "Mozilla/5.0 AppleWebKit/537.36 (KHTML, like Gecko; compatible; bingbot/2.0; +http://www.bing.com/bingbot.htm) Chrome/103.0.5060.134 Safari/537.36" "brainbox.co.in"
51.222.253.15 - - [02/Nov/2022:18:57:23 -0700] "GET /PDFContent/02%20APSB/03%20Class%20VIII/Chemistry/ HTTP/1.1" 200 356 "-" "Mozilla/5.0 (compatible; AhrefsBot/7.0; +http://ahrefs.com/robot/)" "brainbox.co.in"
114.119.145.174 - - [02/Nov/2022:19:00:24 -0700] "GET /PDFContent/01%20TSB/03%20Class%20VIII/English/LS3C/ HTTP/1.1" 200 509 "https://brainbox.co.in/PDFContent/01%20TSB/03%20Class%20VIII/English/" "Mozilla/5.0 (Linux; Android 7.0;) AppleWebKit/537.36 (KHTML, like Gecko) Mobile Safari/537.36 (compatible; PetalBot;+https://webmaster.petalsearch.com/site/petalbot)" "brainbox.co.in"
51.222.253.5 - - [02/Nov/2022:19:01:15 -0700] "GET /PDFContent/04%20ICSE/01%20Class%20VI/English/ HTTP/1.1" 200 353 "-" "Mozilla/5.0 (compatible; AhrefsBot/7.0; +http://ahrefs.com/robot/)" "brainbox.co.in"
51.222.253.8 - - [02/Nov/2022:19:04:45 -0700] "GET /PDFContent/01%20TSB/05%20Class%20X/Chemistry/ HTTP/1.1" 200 354 "-" "Mozilla/5.0 (compatible; AhrefsBot/7.0; +http://ahrefs.com/robot/)" "brainbox.co.in"
114.119.145.174 - - [02/Nov/2022:19:05:26 -0700] "GET /PDFContent/02%20APSB/04%20Class%20IX/Sanskrit/ HTTP/1.1" 200 355 "https://brainbox.co.in/PDFContent/02%20APSB/04%20Class%20IX/?C=M%3BO%3DA" "Mozilla/5.0 (Linux; Android 7.0;) AppleWebKit/537.36 (KHTML, like Gecko) Mobile Safari/537.36 (compatible; PetalBot;+https://webmaster.petalsearch.com/site/petalbot)" "brainbox.co.in"
51.222.253.9 - - [02/Nov/2022:19:08:18 -0700] "GET /PDFContent/01%20TSB/07%20Class%20XII/Sanskrit/?C=M;O=A HTTP/1.1" 200 355 "-" "Mozilla/5.0 (compatible; AhrefsBot/7.0; +http://ahrefs.com/robot/)" "brainbox.co.in"
114.119.145.187 - - [02/Nov/2022:19:10:26 -0700] "GET /PDFContent/01%20TSB/03%20Class%20VIII/English/LS6B/?C=N%3BO%3DD HTTP/1.1" 200 523 "https://brainbox.co.in/PDFContent/01%20TSB/03%20Class%20VIII/English/LS6B/?C=S%3BO%3DA" "Mozilla/5.0 (Linux; Android 7.0;) AppleWebKit/537.36 (KHTML, like Gecko) Mobile Safari/537.36 (compatible; PetalBot;+https://webmaster.petalsearch.com/site/petalbot)" "brainbox.co.in"
51.222.253.6 - - [02/Nov/2022:19:11:54 -0700] "GET /PDFContent/01%20TSB/05%20Class%20X/Maths/ HTTP/1.1" 200 351 "-" "Mozilla/5.0 (compatible; AhrefsBot/7.0; +http://ahrefs.com/robot/)" "brainbox.co.in"
114.119.145.160 - - [02/Nov/2022:19:15:27 -0700] "GET /PDFContent/01%20TSB/05%20Class%20X/Hindi/BARASTE%20BADAL/?C=M%3BO%3DA HTTP/1.1" 200 469 "https://brainbox.co.in/PDFContent/01%20TSB/05%20Class%20X/Hindi/BARASTE%20BADAL/?C=N%3BO%3DD" "Mozilla/5.0 (Linux; Android 7.0;) AppleWebKit/537.36 (KHTML, like Gecko) Mobile Safari/537.36 (compatible; PetalBot;+https://webmaster.petalsearch.com/site/petalbot)" "brainbox.co.in"
51.222.253.14 - - [02/Nov/2022:19:15:34 -0700] "GET /PDFContent/01%20TSB/05%20Class%20X/Maths/?C=D;O=A HTTP/1.1" 200 351 "-" "Mozilla/5.0 (compatible; AhrefsBot/7.0; +http://ahrefs.com/robot/)" "brainbox.co.in"
51.222.253.12 - - [02/Nov/2022:19:19:39 -0700] "GET /PDFContent/02%20APSB/07%20Class%20XII/Hindi/ HTTP/1.1" 200 354 "-" "Mozilla/5.0 (compatible; AhrefsBot/7.0; +http://ahrefs.com/robot/)" "brainbox.co.in"
114.119.145.187 - - [02/Nov/2022:19:20:26 -0700] "GET /PDFContent/Beetle/CLASS%20V/MATHEMATICS/SEM%202/Lesson%205.%20Volume%20and%20Nets.pdf HTTP/1.1" 200 79441 "https://brainbox.co.in/PDFContent/Beetle/CLASS%20V/MATHEMATICS/SEM%202/?C=S%3BO%3DA" "Mozilla/5.0 (Linux; Android 7.0;) AppleWebKit/537.36 (KHTML, like Gecko) Mobile Safari/537.36 (compatible; PetalBot;+https://webmaster.petalsearch.com/site/petalbot)" "brainbox.co.in"
51.222.253.12 - - [02/Nov/2022:19:22:35 -0700] "GET /PDFContent/01%20TSB/04%20Class%20IX/Chemistry/ HTTP/1.1" 200 354 "-" "Mozilla/5.0 (compatible; AhrefsBot/7.0; +http://ahrefs.com/robot/)" "brainbox.co.in"
114.119.135.132 - - [02/Nov/2022:19:25:27 -0700] "GET /PDFContent/03%20CBSE/05%20Class%20X/Biology/How%20to%20do%20organsims%20reproduce/?C=M%3BO%3DA HTTP/1.1" 200 679 "https://brainbox.co.in/PDFContent/03%20CBSE/05%20Class%20X/Biology/How%20to%20do%20organsims%20reproduce/?C=S%3BO%3DA" "Mozilla/5.0 (Linux; Android 7.0;) AppleWebKit/537.36 (KHTML, like Gecko) Mobile Safari/537.36 (compatible; PetalBot;+https://webmaster.petalsearch.com/site/petalbot)" "brainbox.co.in"
51.222.253.2 - - [02/Nov/2022:19:25:28 -0700] "GET /PDFContent/03%20CBSE/05%20Class%20X/?C=N;O=D HTTP/1.1" 200 522 "-" "Mozilla/5.0 (compatible; AhrefsBot/7.0; +http://ahrefs.com/robot/)" "brainbox.co.in"
51.222.253.20 - - [02/Nov/2022:19:28:23 -0700] "GET /PDFContent/01%20TSB/05%20Class%20X/English/OR%20WILL%20THE%20DREAMER%20WAKE/?C=S;O=D HTTP/1.1" 200 542 "-" "Mozilla/5.0 (compatible; AhrefsBot/7.0; +http://ahrefs.com/robot/)" "brainbox.co.in"
51.222.253.8 - - [02/Nov/2022:19:31:32 -0700] "GET /PDFContent/01%20TSB/04%20Class%20IX/Hindi/?C=M;O=A HTTP/1.1" 200 352 "-" "Mozilla/5.0 (compatible; AhrefsBot/7.0; +http://ahrefs.com/robot/)" "brainbox.co.in"
51.222.253.9 - - [02/Nov/2022:19:34:40 -0700] "GET /PDFContent/01%20TSB/01%20Class%20VI/English/TELANGANA/?C=S;O=A HTTP/1.1" 200 492 "-" "Mozilla/5.0 (compatible; AhrefsBot/7.0; +http://ahrefs.com/robot/)" "brainbox.co.in"
114.119.145.175 - - [02/Nov/2022:19:35:27 -0700] "GET /PDFContent/04%20ICSE/06%20Class%20XI/Telugu/?C=S%3BO%3DA HTTP/1.1" 200 355 "https://brainbox.co.in/PDFContent/04%20ICSE/06%20Class%20XI/Telugu/?C=N%3BO%3DD" "Mozilla/5.0 (Linux; Android 7.0;) AppleWebKit/537.36 (KHTML, like Gecko) Mobile Safari/537.36 (compatible; PetalBot;+https://webmaster.petalsearch.com/site/petalbot)" "brainbox.co.in"
51.222.253.8 - - [02/Nov/2022:19:37:50 -0700] "GET /PDFContent/02%20APSB/04%20Class%20IX/Hindi/?C=D;O=A HTTP/1.1" 200 352 "-" "Mozilla/5.0 (compatible; AhrefsBot/7.0; +http://ahrefs.com/robot/)" "brainbox.co.in"
114.119.145.160 - - [02/Nov/2022:19:40:27 -0700] "GET /PDFContent/Beetle/CLASS%20V/MATHEMATICS/SEM%202/ HTTP/1.1" 200 608 "https://brainbox.co.in/PDFContent/Beetle/CLASS%20V/MATHEMATICS/?C=S%3BO%3DA" "Mozilla/5.0 (Linux; Android 7.0;) AppleWebKit/537.36 (KHTML, like Gecko) Mobile Safari/537.36 (compatible; PetalBot;+https://webmaster.petalsearch.com/site/petalbot)" "brainbox.co.in"
51.222.253.2 - - [02/Nov/2022:19:41:15 -0700] "GET /PDFContent/04%20ICSE/01%20Class%20VI/Maths/ HTTP/1.1" 200 352 "-" "Mozilla/5.0 (compatible; AhrefsBot/7.0; +http://ahrefs.com/robot/)" "brainbox.co.in"
51.222.253.4 - - [02/Nov/2022:19:44:24 -0700] "GET /PDFContent/01%20TSB/05%20Class%20X/Chemistry/?C=S;O=A HTTP/1.1" 200 354 "-" "Mozilla/5.0 (compatible; AhrefsBot/7.0; +http://ahrefs.com/robot/)" "brainbox.co.in"
114.119.145.160 - - [02/Nov/2022:19:45:26 -0700] "GET /PDFContent/01%20TSB/02%20Class%20VII/English/01LS4C/?C=M%3BO%3DA HTTP/1.1" 200 480 "https://brainbox.co.in/PDFContent/01%20TSB/02%20Class%20VII/English/01LS4C/?C=N%3BO%3DD" "Mozilla/5.0 (Linux; Android 7.0;) AppleWebKit/537.36 (KHTML, like Gecko) Mobile Safari/537.36 (compatible; PetalBot;+https://webmaster.petalsearch.com/site/petalbot)" "brainbox.co.in"
51.222.253.15 - - [02/Nov/2022:19:47:36 -0700] "GET /PDFContent/01%20TSB/01%20Class%20VI/English/TELANGANA/?C=M;O=A HTTP/1.1" 200 489 "-" "Mozilla/5.0 (compatible; AhrefsBot/7.0; +http://ahrefs.com/robot/)" "brainbox.co.in"
114.119.138.177 - - [02/Nov/2022:19:49:32 -0700] "GET /robots.txt HTTP/1.1" 404 88 "-" "Mozilla/5.0 (compatible;PetalBot;+https://webmaster.petalsearch.com/site/petalbot)" "brainbox.co.in"
51.222.253.4 - - [02/Nov/2022:19:49:35 -0700] "GET /PDFContent/02%20APSB/07%20Class%20XII/English/ HTTP/1.1" 200 355 "-" "Mozilla/5.0 (compatible; AhrefsBot/7.0; +http://ahrefs.com/robot/)" "brainbox.co.in"
114.119.145.160 - - [02/Nov/2022:19:50:27 -0700] "GET /PDFContent/03%20CBSE/03%20Class%20VIII/Sup%20English/HOW%20THE%20CAMEL%20GOT%20HIS%20HUMP/?C=N%3BO%3DD HTTP/1.1" 200 387 "https://brainbox.co.in/PDFContent/03%20CBSE/03%20Class%20VIII/Sup%20English/HOW%20THE%20CAMEL%20GOT%20HIS%20HUMP/?C=S%3BO%3DA" "Mozilla/5.0 (Linux; Android 7.0;) AppleWebKit/537.36 (KHTML, like Gecko) Mobile Safari/537.36 (compatible; PetalBot;+https://webmaster.petalsearch.com/site/petalbot)" "brainbox.co.in"
51.222.253.7 - - [02/Nov/2022:19:51:05 -0700] "GET /PDFContent/01%20TSB/01%20Class%20VI/Sanskrit/ HTTP/1.1" 200 352 "-" "Mozilla/5.0 (compatible; AhrefsBot/7.0; +http://ahrefs.com/robot/)" "brainbox.co.in"
51.222.253.18 - - [02/Nov/2022:19:52:18 -0700] "GET /PDFContent/04%20ICSE/05%20Class%20X/English/ HTTP/1.1" 200 353 "-" "Mozilla/5.0 (compatible; AhrefsBot/7.0; +http://ahrefs.com/robot/)" "brainbox.co.in"
51.222.253.18 - - [02/Nov/2022:19:53:15 -0700] "GET /PDFContent/02%20APSB/07%20Class%20XII/Physics/ HTTP/1.1" 200 355 "-" "Mozilla/5.0 (compatible; AhrefsBot/7.0; +http://ahrefs.com/robot/)" "brainbox.co.in"
51.222.253.9 - - [02/Nov/2022:19:54:08 -0700] "GET /PDFContent/01%20TSB/05%20Class%20X/Chemistry/?C=M;O=A HTTP/1.1" 200 354 "-" "Mozilla/5.0 (compatible; AhrefsBot/7.0; +http://ahrefs.com/robot/)" "brainbox.co.in"
51.222.253.19 - - [02/Nov/2022:19:55:20 -0700] "GET /PDFContent/SPECIAL%20CROUSE/Part%201%20Grammar%20Essentials/?C=N;O=D HTTP/1.1" 200 456 "-" "Mozilla/5.0 (compatible; AhrefsBot/7.0; +http://ahrefs.com/robot/)" "brainbox.co.in"
114.119.145.160 - - [02/Nov/2022:19:55:28 -0700] "GET /PDFContent/03%20CBSE/01%20Class%20VI/?C=D%3BO%3DA HTTP/1.1" 200 471 "https://brainbox.co.in/PDFContent/03%20CBSE/01%20Class%20VI/?C=S%3BO%3DA" "Mozilla/5.0 (Linux; Android 7.0;) AppleWebKit/537.36 (KHTML, like Gecko) Mobile Safari/537.36 (compatible; PetalBot;+https://webmaster.petalsearch.com/site/petalbot)" "brainbox.co.in"
51.222.253.8 - - [02/Nov/2022:19:56:24 -0700] "GET /PDFContent/01%20TSB/04%20Class%20IX/English/ HTTP/1.1" 200 353 "-" "Mozilla/5.0 (compatible; AhrefsBot/7.0; +http://ahrefs.com/robot/)" "brainbox.co.in"
51.222.253.10 - - [02/Nov/2022:19:57:11 -0700] "GET /PDFContent/02%20APSB/07%20Class%20XII/Sanskrit/ HTTP/1.1" 200 356 "-" "Mozilla/5.0 (compatible; AhrefsBot/7.0; +http://ahrefs.com/robot/)" "brainbox.co.in"
51.222.253.5 - - [02/Nov/2022:19:57:58 -0700] "GET /PDFContent/03%20CBSE/02%20Class%20VII/Chemistry/?C=S;O=A HTTP/1.1" 200 355 "-" "Mozilla/5.0 (compatible; AhrefsBot/7.0; +http://ahrefs.com/robot/)" "brainbox.co.in"
51.222.253.16 - - [02/Nov/2022:19:58:45 -0700] "GET /PDFContent/04%20ICSE/01%20Class%20VI/Physics/ HTTP/1.1" 200 353 "-" "Mozilla/5.0 (compatible; AhrefsBot/7.0; +http://ahrefs.com/robot/)" "brainbox.co.in"
51.222.253.18 - - [02/Nov/2022:19:59:30 -0700] "GET /PDFContent/02%20APSB/07%20Class%20XII/Telugu/ HTTP/1.1" 200 356 "-" "Mozilla/5.0 (compatible; AhrefsBot/7.0; +http://ahrefs.com/robot/)" "brainbox.co.in"
51.222.253.17 - - [02/Nov/2022:20:00:10 -0700] "GET /PDFContent/04%20ICSE/01%20Class%20VI/Chemistry/ HTTP/1.1" 200 355 "-" "Mozilla/5.0 (compatible; AhrefsBot/7.0; +http://ahrefs.com/robot/)" "brainbox.co.in"
114.119.145.187 - - [02/Nov/2022:20:00:29 -0700] "GET /PDFContent/03%20CBSE/04%20Class%20IX/Biology/Tissues/CBSE_IX_Biology_Tissues_Simple%20permanent%20tissue HTTP/1.1" 200 325562 "https://brainboxschool.com/material/CBSE/IX/Biology/TISSUES.html" "Mozilla/5.0 (Linux; Android 7.0;) AppleWebKit/537.36 (KHTML, like Gecko) Mobile Safari/537.36 (compatible; PetalBot;+https://webmaster.petalsearch.com/site/petalbot)" "brainbox.co.in"
51.222.253.20 - - [02/Nov/2022:20:01:53 -0700] "GET /PDFContent/02%20APSB/03%20Class%20VIII/Telugu/ HTTP/1.1" 200 355 "-" "Mozilla/5.0 (compatible; AhrefsBot/7.0; +http://ahrefs.com/robot/)" "brainbox.co.in"
51.222.253.10 - - [02/Nov/2022:20:02:12 -0700] "GET /PDFContent/01%20TSB/01%20Class%20VI/Chemistry/?C=D;O=A HTTP/1.1" 200 352 "-" "Mozilla/5.0 (compatible; AhrefsBot/7.0; +http://ahrefs.com/robot/)" "brainbox.co.in"
51.222.253.19 - - [02/Nov/2022:20:02:31 -0700] "GET /PDFContent/01%20TSB/05%20Class%20X/Maths/?C=S;O=A HTTP/1.1" 200 351 "-" "Mozilla/5.0 (compatible; AhrefsBot/7.0; +http://ahrefs.com/robot/)" "brainbox.co.in"
51.222.253.1 - - [02/Nov/2022:20:02:51 -0700] "GET /PDFContent/01%20TSB/07%20Class%20XII/Chemistry/?C=M;O=A HTTP/1.1" 200 356 "-" "Mozilla/5.0 (compatible; AhrefsBot/7.0; +http://ahrefs.com/robot/)" "brainbox.co.in"
51.222.253.4 - - [02/Nov/2022:20:03:21 -0700] "GET /PDFContent/02%20APSB/07%20Class%20XII/Chemistry/ HTTP/1.1" 200 356 "-" "Mozilla/5.0 (compatible; AhrefsBot/7.0; +http://ahrefs.com/robot/)" "brainbox.co.in"
51.222.253.17 - - [02/Nov/2022:20:03:39 -0700] "GET /PDFContent/01%20TSB/07%20Class%20XII/Chemistry/?C=S;O=A HTTP/1.1" 200 356 "-" "Mozilla/5.0 (compatible; AhrefsBot/7.0; +http://ahrefs.com/robot/)" "brainbox.co.in"
51.222.253.5 - - [02/Nov/2022:20:03:58 -0700] "GET /PDFContent/01%20TSB/05%20Class%20X/Maths/?C=M;O=A HTTP/1.1" 200 351 "-" "Mozilla/5.0 (compatible; AhrefsBot/7.0; +http://ahrefs.com/robot/)" "brainbox.co.in"
114.119.145.187 - - [02/Nov/2022:20:05:30 -0700] "GET /PDFContent/SPECIAL%20CROUSE/Part%201%20Grammar%20Essentials/STD_V/?C=S%3BO%3DA HTTP/1.1" 200 501 "https://brainbox.co.in/PDFContent/SPECIAL%20CROUSE/Part%201%20Grammar%20Essentials/STD_V/?C=D%3BO%3DA" "Mozilla/5.0 (Linux; Android 7.0;) AppleWebKit/537.36 (KHTML, like Gecko) Mobile Safari/537.36 (compatible; PetalBot;+https://webmaster.petalsearch.com/site/petalbot)" "brainbox.co.in"
114.119.135.132 - - [02/Nov/2022:20:10:27 -0700] "GET /PDFContent/03%20CBSE/04%20Class%20IX/Biology/Tissues/?C=N%3BO%3DD HTTP/1.1" 200 638 "https://brainbox.co.in/PDFContent/03%20CBSE/04%20Class%20IX/Biology/Tissues/?C=M%3BO%3DA" "Mozilla/5.0 (Linux; Android 7.0;) AppleWebKit/537.36 (KHTML, like Gecko) Mobile Safari/537.36 (compatible; PetalBot;+https://webmaster.petalsearch.com/site/petalbot)" "brainbox.co.in"
51.222.253.12 - - [02/Nov/2022:20:13:38 -0700] "GET /PDFContent/01%20TSB/05%20Class%20X/Chemistry/?C=D;O=A HTTP/1.1" 200 354 "-" "Mozilla/5.0 (compatible; AhrefsBot/7.0; +http://ahrefs.com/robot/)" "brainbox.co.in"
114.119.135.132 - - [02/Nov/2022:20:15:27 -0700] "GET /PDFContent/02%20APSB/04%20Class%20IX/Hindi/?C=S%3BO%3DA HTTP/1.1" 200 352 "https://brainbox.co.in/PDFContent/02%20APSB/04%20Class%20IX/Hindi/?C=N%3BO%3DD" "Mozilla/5.0 (Linux; Android 7.0;) AppleWebKit/537.36 (KHTML, like Gecko) Mobile Safari/537.36 (compatible; PetalBot;+https://webmaster.petalsearch.com/site/petalbot)" "brainbox.co.in"
51.222.253.5 - - [02/Nov/2022:20:15:55 -0700] "GET /PDFContent/02%20APSB/04%20Class%20IX/Hindi/?C=M;O=A HTTP/1.1" 200 353 "-" "Mozilla/5.0 (compatible; AhrefsBot/7.0; +http://ahrefs.com/robot/)" "brainbox.co.in"
51.222.253.1 - - [02/Nov/2022:20:18:12 -0700] "GET /PDFContent/02%20APSB/04%20Class%20IX/Hindi/?C=S;O=A HTTP/1.1" 200 353 "-" "Mozilla/5.0 (compatible; AhrefsBot/7.0; +http://ahrefs.com/robot/)" "brainbox.co.in"
114.119.145.175 - - [02/Nov/2022:20:20:28 -0700] "GET /PDFContent/02%20APSB/04%20Class%20IX/Telugu/?C=M%3BO%3DA HTTP/1.1" 200 354 "https://brainbox.co.in/PDFContent/02%20APSB/04%20Class%20IX/Telugu/" "Mozilla/5.0 (Linux; Android 7.0;) AppleWebKit/537.36 (KHTML, like Gecko) Mobile Safari/537.36 (compatible; PetalBot;+https://webmaster.petalsearch.com/site/petalbot)" "brainbox.co.in"
51.222.253.11 - - [02/Nov/2022:20:20:38 -0700] "GET /PDFContent/02%20APSB/04%20Class%20IX/Maths/?C=D;O=A HTTP/1.1" 200 352 "-" "Mozilla/5.0 (compatible; AhrefsBot/7.0; +http://ahrefs.com/robot/)" "brainbox.co.in"
51.222.253.6 - - [02/Nov/2022:20:24:08 -0700] "GET /PDFContent/02%20APSB/04%20Class%20IX/Maths/?C=S;O=A HTTP/1.1" 200 352 "-" "Mozilla/5.0 (compatible; AhrefsBot/7.0; +http://ahrefs.com/robot/)" "brainbox.co.in"
114.119.145.174 - - [02/Nov/2022:20:25:27 -0700] "GET /PDFContent/SPECIAL%20CROUSE/Part%201%20Grammar%20Essentials/STD_VI/UNIT-2.pdf HTTP/1.1" 200 330029 "https://brainbox.co.in/PDFContent/SPECIAL%20CROUSE/Part%201%20Grammar%20Essentials/STD_VI/" "Mozilla/5.0 (Linux; Android 7.0;) AppleWebKit/537.36 (KHTML, like Gecko) Mobile Safari/537.36 (compatible; PetalBot;+https://webmaster.petalsearch.com/site/petalbot)" "brainbox.co.in"
51.222.253.2 - - [02/Nov/2022:20:26:54 -0700] "GET /PDFContent/02%20APSB/03%20Class%20VIII/Chemistry/?C=D;O=A HTTP/1.1" 200 356 "-" "Mozilla/5.0 (compatible; AhrefsBot/7.0; +http://ahrefs.com/robot/)" "brainbox.co.in"
51.222.253.5 - - [02/Nov/2022:20:30:15 -0700] "GET /PDFContent/02%20APSB/04%20Class%20IX/Maths/?C=M;O=A HTTP/1.1" 200 352 "-" "Mozilla/5.0 (compatible; AhrefsBot/7.0; +http://ahrefs.com/robot/)" "brainbox.co.in"
114.119.135.132 - - [02/Nov/2022:20:30:27 -0700] "GET /PDFContent/01%20TSB/02%20Class%20VII/Hindi/?C=M%3BO%3DA HTTP/1.1" 200 458 "https://brainbox.co.in/PDFContent/01%20TSB/02%20Class%20VII/Hindi/" "Mozilla/5.0 (Linux; Android 7.0;) AppleWebKit/537.36 (KHTML, like Gecko) Mobile Safari/537.36 (compatible; PetalBot;+https://webmaster.petalsearch.com/site/petalbot)" "brainbox.co.in"
51.222.253.9 - - [02/Nov/2022:20:31:57 -0700] "GET /PDFContent/02%20APSB/03%20Class%20VIII/Chemistry/?C=M;O=A HTTP/1.1" 200 357 "-" "Mozilla/5.0 (compatible; AhrefsBot/7.0; +http://ahrefs.com/robot/)" "brainbox.co.in"
51.222.253.4 - - [02/Nov/2022:20:33:41 -0700] "GET /PDFContent/02%20APSB/03%20Class%20VIII/Chemistry/?C=S;O=A HTTP/1.1" 200 357 "-" "Mozilla/5.0 (compatible; AhrefsBot/7.0; +http://ahrefs.com/robot/)" "brainbox.co.in"
51.222.253.20 - - [02/Nov/2022:20:35:21 -0700] "GET /PDFContent/04%20ICSE/01%20Class%20VI/English/?C=N;O=D HTTP/1.1" 200 352 "-" "Mozilla/5.0 (compatible; AhrefsBot/7.0; +http://ahrefs.com/robot/)" "brainbox.co.in"
114.119.145.187 - - [02/Nov/2022:20:35:35 -0700] "GET /PDFContent/04%20ICSE/03%20Class%20VIII/?C=D%3BO%3DA HTTP/1.1" 200 465 "https://brainbox.co.in/PDFContent/04%20ICSE/03%20Class%20VIII/?C=M%3BO%3DA" "Mozilla/5.0 (Linux; Android 7.0;) AppleWebKit/537.36 (KHTML, like Gecko) Mobile Safari/537.36 (compatible; PetalBot;+https://webmaster.petalsearch.com/site/petalbot)" "brainbox.co.in"
51.222.253.13 - - [02/Nov/2022:20:36:55 -0700] "GET /PDFContent/04%20ICSE/01%20Class%20VI/Chemistry/?C=N;O=D HTTP/1.1" 200 353 "-" "Mozilla/5.0 (compatible; AhrefsBot/7.0; +http://ahrefs.com/robot/)" "brainbox.co.in"
51.222.253.20 - - [02/Nov/2022:20:38:49 -0700] "GET /PDFContent/01%20TSB/01%20Class%20VI/Sanskrit/?C=M;O=A HTTP/1.1" 200 352 "-" "Mozilla/5.0 (compatible; AhrefsBot/7.0; +http://ahrefs.com/robot/)" "brainbox.co.in"
114.119.145.175 - - [02/Nov/2022:20:40:28 -0700] "GET /PDFContent/03%20CBSE/06%20Class%20XI/Maths/CBSE_XI_MATHS_LS07_PERMUTATION%20&COMBINATION_THEOREM_1.pdf HTTP/1.1" 200 369077 "https://brainbox.co.in/PDFContent/03%20CBSE/06%20Class%20XI/Maths/?C=N%3BO%3DD" "Mozilla/5.0 (Linux; Android 7.0;) AppleWebKit/537.36 (KHTML, like Gecko) Mobile Safari/537.36 (compatible; PetalBot;+https://webmaster.petalsearch.com/site/petalbot)" "brainbox.co.in"
51.222.253.4 - - [02/Nov/2022:20:40:29 -0700] "GET /PDFContent/01%20TSB/01%20Class%20VI/Sanskrit/?C=S;O=A HTTP/1.1" 200 352 "-" "Mozilla/5.0 (compatible; AhrefsBot/7.0; +http://ahrefs.com/robot/)" "brainbox.co.in"
51.222.253.20 - - [02/Nov/2022:20:41:59 -0700] "GET /PDFContent/01%20TSB/01%20Class%20VI/Sanskrit/?C=D;O=A HTTP/1.1" 200 352 "-" "Mozilla/5.0 (compatible; AhrefsBot/7.0; +http://ahrefs.com/robot/)" "brainbox.co.in"
51.222.253.12 - - [02/Nov/2022:20:43:30 -0700] "GET /PDFContent/02%20APSB/02%20Class%20VII/Hindi/?C=M;O=A HTTP/1.1" 200 352 "-" "Mozilla/5.0 (compatible; AhrefsBot/7.0; +http://ahrefs.com/robot/)" "brainbox.co.in"
207.46.13.56 - - [02/Nov/2022:20:44:46 -0700] "GET /PDFContent/01%20TSB/04%20Class%20IX/Biology/Challenging%20in%20Improving%20Agricultural/TS_IX_BIOLOGY_CHALLENGES%20%20IN%20IMPROVING%20AGRICULTURAL_Crop%20Variety%20Improvement HTTP/1.1" 200 434641 "-" "Mozilla/5.0 AppleWebKit/537.36 (KHTML, like Gecko; compatible; bingbot/2.0; +http://www.bing.com/bingbot.htm) Chrome/103.0.5060.134 Safari/537.36" "brainbox.co.in"
51.222.253.13 - - [02/Nov/2022:20:45:00 -0700] "GET /PDFContent/02%20APSB/02%20Class%20VII/Hindi/?C=D;O=A HTTP/1.1" 200 352 "-" "Mozilla/5.0 (compatible; AhrefsBot/7.0; +http://ahrefs.com/robot/)" "brainbox.co.in"
114.119.135.132 - - [02/Nov/2022:20:45:28 -0700] "GET /PDFContent/03%20CBSE/05%20Class%20X/Hindi/CBSE_X_HINDI_LS02_BALGOBIN%20BHAGAT_IMPORTANT%20CHARACTERS.pdf HTTP/1.1" 200 410111 "https://brainbox.co.in/PDFContent/03%20CBSE/05%20Class%20X/Hindi/?C=M%3BO%3DA" "Mozilla/5.0 (Linux; Android 7.0;) AppleWebKit/537.36 (KHTML, like Gecko) Mobile Safari/537.36 (compatible; PetalBot;+https://webmaster.petalsearch.com/site/petalbot)" "brainbox.co.in"
51.222.253.17 - - [02/Nov/2022:20:46:37 -0700] "GET /PDFContent/Beetle/CLASS%20II/MATHEMATICS/?C=N;O=D HTTP/1.1" 200 490 "-" "Mozilla/5.0 (compatible; AhrefsBot/7.0; +http://ahrefs.com/robot/)" "brainbox.co.in"
51.222.253.14 - - [02/Nov/2022:20:48:08 -0700] "GET /PDFContent/02%20APSB/02%20Class%20VII/Hindi/?C=S;O=A HTTP/1.1" 200 352 "-" "Mozilla/5.0 (compatible; AhrefsBot/7.0; +http://ahrefs.com/robot/)" "brainbox.co.in"
51.222.253.20 - - [02/Nov/2022:20:49:49 -0700] "GET /PDFContent/01%20TSB/07%20Class%20XII/Hindi/?C=S;O=A HTTP/1.1" 200 353 "-" "Mozilla/5.0 (compatible; AhrefsBot/7.0; +http://ahrefs.com/robot/)" "brainbox.co.in"
114.119.135.132 - - [02/Nov/2022:20:50:28 -0700] "GET /PDFContent/01%20TSB/03%20Class%20VIII/English/LS2C/?C=M%3BO%3DA HTTP/1.1" 200 542 "https://brainbox.co.in/PDFContent/01%20TSB/03%20Class%20VIII/English/LS2C/?C=D%3BO%3DA" "Mozilla/5.0 (Linux; Android 7.0;) AppleWebKit/537.36 (KHTML, like Gecko) Mobile Safari/537.36 (compatible; PetalBot;+https://webmaster.petalsearch.com/site/petalbot)" "brainbox.co.in"
51.222.253.15 - - [02/Nov/2022:20:51:57 -0700] "GET /PDFContent/01%20TSB/07%20Class%20XII/Telugu/?C=M;O=A HTTP/1.1" 200 355 "-" "Mozilla/5.0 (compatible; AhrefsBot/7.0; +http://ahrefs.com/robot/)" "brainbox.co.in"
51.222.253.7 - - [02/Nov/2022:20:54:22 -0700] "GET /PDFContent/Beetle/CLASS%20IV/?C=D;O=A HTTP/1.1" 200 504 "-" "Mozilla/5.0 (compatible; AhrefsBot/7.0; +http://ahrefs.com/robot/)" "brainbox.co.in"
114.119.145.175 - - [02/Nov/2022:20:55:28 -0700] "GET /PDFContent/03%20CBSE/05%20Class%20X/Hindi/SPARSH/LS15/CBSE_X_HINDI_10B_LS15_AB%20KAHAN%20DOOSRON%20KE%20DUKH%20SE%20DUKHI%20HONEVALE_ABOUT%20WRITER.pdf HTTP/1.1" 200 611309 "https://brainbox.co.in/PDFContent/03%20CBSE/05%20Class%20X/Hindi/SPARSH/LS15/?C=M%3BO%3DA" "Mozilla/5.0 (Linux; Android 7.0;) AppleWebKit/537.36 (KHTML, like Gecko) Mobile Safari/537.36 (compatible; PetalBot;+https://webmaster.petalsearch.com/site/petalbot)" "brainbox.co.in"
51.222.253.11 - - [02/Nov/2022:20:55:59 -0700] "GET /PDFContent/01%20TSB/07%20Class%20XII/Telugu/?C=S;O=A HTTP/1.1" 200 355 "-" "Mozilla/5.0 (compatible; AhrefsBot/7.0; +http://ahrefs.com/robot/)" "brainbox.co.in"
3.139.55.102 - - [02/Nov/2022:20:56:31 -0700] "GET /~richard/templates/beez/US/uk/paypal/login.htm HTTP/1.1" 404 73 "-" "Mozilla/5.0 (Macintosh; Intel Mac OS X 10_10_5) AppleWebKit/537.36 (KHTML, like Gecko) Chrome/52.0.2743.116 Safari/537.36" "brainbox.co.in"
51.222.253.17 - - [02/Nov/2022:20:57:31 -0700] "GET /PDFContent/02%20APSB/04%20Class%20IX/Sanskrit/?C=N;O=D HTTP/1.1" 200 353 "-" "Mozilla/5.0 (compatible; AhrefsBot/7.0; +http://ahrefs.com/robot/)" "brainbox.co.in"
51.222.253.9 - - [02/Nov/2022:20:59:04 -0700] "GET /PDFContent/01%20TSB/07%20Class%20XII/Telugu/?C=D;O=A HTTP/1.1" 200 355 "-" "Mozilla/5.0 (compatible; AhrefsBot/7.0; +http://ahrefs.com/robot/)" "brainbox.co.in"
114.119.145.174 - - [02/Nov/2022:21:00:28 -0700] "GET /PDFContent/01%20TSB/05%20Class%20X/Physics/ HTTP/1.1" 200 488 "https://brainbox.co.in/PDFContent/01%20TSB/05%20Class%20X/" "Mozilla/5.0 (Linux; Android 7.0;) AppleWebKit/537.36 (KHTML, like Gecko) Mobile Safari/537.36 (compatible; PetalBot;+https://webmaster.petalsearch.com/site/petalbot)" "brainbox.co.in"
51.222.253.5 - - [02/Nov/2022:21:00:40 -0700] "GET /PDFContent/02%20APSB/04%20Class%20IX/English/?C=S;O=A HTTP/1.1" 200 354 "-" "Mozilla/5.0 (compatible; AhrefsBot/7.0; +http://ahrefs.com/robot/)" "brainbox.co.in"
51.222.253.10 - - [02/Nov/2022:21:02:14 -0700] "GET /PDFContent/02%20APSB/04%20Class%20IX/Hindi/?C=N;O=D HTTP/1.1" 200 351 "-" "Mozilla/5.0 (compatible; AhrefsBot/7.0; +http://ahrefs.com/robot/)" "brainbox.co.in"
51.222.253.8 - - [02/Nov/2022:21:03:47 -0700] "GET /PDFContent/02%20APSB/07%20Class%20XII/Maths/ HTTP/1.1" 200 354 "-" "Mozilla/5.0 (compatible; AhrefsBot/7.0; +http://ahrefs.com/robot/)" "brainbox.co.in"
51.222.253.15 - - [02/Nov/2022:21:05:22 -0700] "GET /PDFContent/03%20CBSE/03%20Class%20VIII/Maths/?C=D;O=A HTTP/1.1" 200 905 "-" "Mozilla/5.0 (compatible; AhrefsBot/7.0; +http://ahrefs.com/robot/)" "brainbox.co.in"
114.119.145.174 - - [02/Nov/2022:21:05:28 -0700] "GET /PDFContent/01%20TSB/02%20Class%20VII/English/?C=D%3BO%3DA HTTP/1.1" 200 944 "https://brainbox.co.in/PDFContent/01%20TSB/02%20Class%20VII/English/?C=S%3BO%3DA" "Mozilla/5.0 (Linux; Android 7.0;) AppleWebKit/537.36 (KHTML, like Gecko) Mobile Safari/537.36 (compatible; PetalBot;+https://webmaster.petalsearch.com/site/petalbot)" "brainbox.co.in"
51.222.253.15 - - [02/Nov/2022:21:07:24 -0700] "GET /PDFContent/03%20CBSE/03%20Class%20VIII/Maths/?C=M;O=A HTTP/1.1" 200 907 "-" "Mozilla/5.0 (compatible; AhrefsBot/7.0; +http://ahrefs.com/robot/)" "brainbox.co.in"
51.222.253.15 - - [02/Nov/2022:21:09:26 -0700] "GET /PDFContent/03%20CBSE/03%20Class%20VIII/Maths/?C=N;O=D HTTP/1.1" 200 905 "-" "Mozilla/5.0 (compatible; AhrefsBot/7.0; +http://ahrefs.com/robot/)" "brainbox.co.in"
114.119.145.187 - - [02/Nov/2022:21:10:28 -0700] "GET /PDFContent/01%20TSB/03%20Class%20VIII/English/LS8C/TSB_VIII_ENGLISH_LS08C_THE%20DEAD%20RAT_EXPLANATION.pdf HTTP/1.1" 200 333229 "https://brainbox.co.in/PDFContent/01%20TSB/03%20Class%20VIII/English/LS8C/?C=N%3BO%3DD" "Mozilla/5.0 (Linux; Android 7.0;) AppleWebKit/537.36 (KHTML, like Gecko) Mobile Safari/537.36 (compatible; PetalBot;+https://webmaster.petalsearch.com/site/petalbot)" "brainbox.co.in"
51.222.253.19 - - [02/Nov/2022:21:11:22 -0700] "GET /PDFContent/03%20CBSE/03%20Class%20VIII/Maths/?C=S;O=A HTTP/1.1" 200 911 "-" "Mozilla/5.0 (compatible; AhrefsBot/7.0; +http://ahrefs.com/robot/)" "brainbox.co.in"
51.222.253.11 - - [02/Nov/2022:21:12:37 -0700] "GET /PDFContent/03%20CBSE/03%20Class%20VIII/Maths/ALGEBRAIC%20EXPRESSIONS%20AND%20IDENTITIES/ HTTP/1.1" 200 1122 "-" "Mozilla/5.0 (compatible; AhrefsBot/7.0; +http://ahrefs.com/robot/)" "brainbox.co.in"
51.222.253.3 - - [02/Nov/2022:21:13:17 -0700] "GET /PDFContent/03%20CBSE/03%20Class%20VIII/Maths/INTRODUCTION%20TO%20GRAPHS/ HTTP/1.1" 200 660 "-" "Mozilla/5.0 (compatible; AhrefsBot/7.0; +http://ahrefs.com/robot/)" "brainbox.co.in"
51.222.253.12 - - [02/Nov/2022:21:13:50 -0700] "GET /PDFContent/03%20CBSE/03%20Class%20VIII/Maths/PRACTICAL%20GEOMETRY/ HTTP/1.1" 200 748 "-" "Mozilla/5.0 (compatible; AhrefsBot/7.0; +http://ahrefs.com/robot/)" "brainbox.co.in"
51.222.253.9 - - [02/Nov/2022:21:14:21 -0700] "GET /PDFContent/01%20TSB/01%20Class%20VI/Maths/?C=S;O=A HTTP/1.1" 200 414 "-" "Mozilla/5.0 (compatible; AhrefsBot/7.0; +http://ahrefs.com/robot/)" "brainbox.co.in"
51.222.253.11 - - [02/Nov/2022:21:14:51 -0700] "GET /PDFContent/01%20TSB/07%20Class%20XII/Hindi/?C=D;O=A HTTP/1.1" 200 353 "-" "Mozilla/5.0 (compatible; AhrefsBot/7.0; +http://ahrefs.com/robot/)" "brainbox.co.in"
51.222.253.8 - - [02/Nov/2022:21:15:24 -0700] "GET /PDFContent/02%20APSB/06%20Class%20XI/English/ HTTP/1.1" 200 354 "-" "Mozilla/5.0 (compatible; AhrefsBot/7.0; +http://ahrefs.com/robot/)" "brainbox.co.in"
114.119.145.175 - - [02/Nov/2022:21:15:29 -0700] "GET /PDFContent/03%20CBSE/03%20Class%20VIII/Biology/Cell%20Structures/Nucleus.pdf HTTP/1.1" 200 195612 "https://brainbox.co.in/PDFContent/03%20CBSE/03%20Class%20VIII/Biology/Cell%20Structures/?C=M%3BO%3DA" "Mozilla/5.0 (Linux; Android 7.0;) AppleWebKit/537.36 (KHTML, like Gecko) Mobile Safari/537.36 (compatible; PetalBot;+https://webmaster.petalsearch.com/site/petalbot)" "brainbox.co.in"
51.222.253.14 - - [02/Nov/2022:21:15:53 -0700] "GET /PDFContent/01%20TSB/07%20Class%20XII/Hindi/?C=M;O=A HTTP/1.1" 200 353 "-" "Mozilla/5.0 (compatible; AhrefsBot/7.0; +http://ahrefs.com/robot/)" "brainbox.co.in"
51.222.253.8 - - [02/Nov/2022:21:16:28 -0700] "GET /PDFContent/02%20APSB/04%20Class%20IX/English/?C=M;O=A HTTP/1.1" 200 354 "-" "Mozilla/5.0 (compatible; AhrefsBot/7.0; +http://ahrefs.com/robot/)" "brainbox.co.in"
51.222.253.6 - - [02/Nov/2022:21:16:58 -0700] "GET /PDFContent/02%20APSB/06%20Class%20XI/Physics/ HTTP/1.1" 200 354 "-" "Mozilla/5.0 (compatible; AhrefsBot/7.0; +http://ahrefs.com/robot/)" "brainbox.co.in"
51.222.253.2 - - [02/Nov/2022:21:17:24 -0700] "GET /PDFContent/02%20APSB/04%20Class%20IX/English/?C=D;O=A HTTP/1.1" 200 354 "-" "Mozilla/5.0 (compatible; AhrefsBot/7.0; +http://ahrefs.com/robot/)" "brainbox.co.in"
51.222.253.11 - - [02/Nov/2022:21:17:47 -0700] "GET /PDFContent/01%20TSB/01%20Class%20VI/Maths/?C=D;O=A HTTP/1.1" 200 414 "-" "Mozilla/5.0 (compatible; AhrefsBot/7.0; +http://ahrefs.com/robot/)" "brainbox.co.in"
114.119.145.187 - - [02/Nov/2022:21:20:30 -0700] "GET /PDFContent/01%20TSB/02%20Class%20VII/English/01LS4B/ HTTP/1.1" 200 475 "https://brainbox.co.in/PDFContent/01%20TSB/02%20Class%20VII/English/?C=D%3BO%3DA" "Mozilla/5.0 (Linux; Android 7.0;) AppleWebKit/537.36 (KHTML, like Gecko) Mobile Safari/537.36 (compatible; PetalBot;+https://webmaster.petalsearch.com/site/petalbot)" "brainbox.co.in"
114.119.145.174 - - [02/Nov/2022:21:25:28 -0700] "GET /PDFContent/03%20CBSE/05%20Class%20X/Hindi/CBSE_X_HINDI_LS12_YASHPAL-LAKHNAVI%20ANDAAZ_INTRODUCTION.pdf HTTP/1.1" 200 540814 "https://brainbox.co.in/PDFContent/03%20CBSE/05%20Class%20X/Hindi/?C=M%3BO%3DA" "Mozilla/5.0 (Linux; Android 7.0;) AppleWebKit/537.36 (KHTML, like Gecko) Mobile Safari/537.36 (compatible; PetalBot;+https://webmaster.petalsearch.com/site/petalbot)" "brainbox.co.in"
114.119.145.174 - - [02/Nov/2022:21:30:31 -0700] "GET /PDFContent/03%20CBSE/02%20Class%20VII/Hindi/Word%20Meaning/CBSC_VII_LS01_CHIDIYA%20AUR%20CHURUNGUN_WORD%20MEANING.pdf HTTP/1.1" 200 610818 "https://brainbox.co.in/PDFContent/03%20CBSE/02%20Class%20VII/Hindi/Word%20Meaning/?C=N%3BO%3DD" "Mozilla/5.0 (Linux; Android 7.0;) AppleWebKit/537.36 (KHTML, like Gecko) Mobile Safari/537.36 (compatible; PetalBot;+https://webmaster.petalsearch.com/site/petalbot)" "brainbox.co.in"
114.119.145.160 - - [02/Nov/2022:21:35:28 -0700] "GET /PDFContent/03%20CBSE/03%20Class%20VIII/Maths/ALGEBRAIC%20EXPRESSIONS%20AND%20IDENTITIES/CBSE_VIII_MATHS_LS09_ALGEBRAIC%20EXPRESSION%20OF%20IDENTITIES_SOME%20PROBLEM%20ON%20SUBTRACTION_02.pdf HTTP/1.1" 200 272449 "https://brainbox.co.in/PDFContent/03%20CBSE/03%20Class%20VIII/Maths/ALGEBRAIC%20EXPRESSIONS%20AND%20IDENTITIES/?C=S%3BO%3DA" "Mozilla/5.0 (Linux; Android 7.0;) AppleWebKit/537.36 (KHTML, like Gecko) Mobile Safari/537.36 (compatible; PetalBot;+https://webmaster.petalsearch.com/site/petalbot)" "brainbox.co.in"
114.119.135.132 - - [02/Nov/2022:21:40:28 -0700] "GET /PDFContent/01%20TSB/05%20Class%20X/English/THE%20STOREYED%20HOUSE%20P1/ HTTP/1.1" 200 548 "https://brainbox.co.in/PDFContent/01%20TSB/05%20Class%20X/English/?C=S%3BO%3DA" "Mozilla/5.0 (Linux; Android 7.0;) AppleWebKit/537.36 (KHTML, like Gecko) Mobile Safari/537.36 (compatible; PetalBot;+https://webmaster.petalsearch.com/site/petalbot)" "brainbox.co.in"
114.119.145.187 - - [02/Nov/2022:21:45:28 -0700] "GET /PDFContent/Beetle/CLASS%20I/MATHEMATICS%201-2/Lesson%206%20-%20Time.pdf HTTP/1.1" 200 248733 "https://brainbox.co.in/PDFContent/Beetle/CLASS%20I/MATHEMATICS%201-2/?C=D%3BO%3DA" "Mozilla/5.0 (Linux; Android 7.0;) AppleWebKit/537.36 (KHTML, like Gecko) Mobile Safari/537.36 (compatible; PetalBot;+https://webmaster.petalsearch.com/site/petalbot)" "brainbox.co.in"
114.119.135.132 - - [02/Nov/2022:21:50:29 -0700] "GET /PDFContent/01%20TSB/03%20Class%20VIII/English/TSBoard_English_VIII_LS3B_Question_And_Answers.pdf.pdf HTTP/1.1" 200 203241 "https://brainbox.co.in/PDFContent/01%20TSB/03%20Class%20VIII/English/" "Mozilla/5.0 (Linux; Android 7.0;) AppleWebKit/537.36 (KHTML, like Gecko) Mobile Safari/537.36 (compatible; PetalBot;+https://webmaster.petalsearch.com/site/petalbot)" "brainbox.co.in"
18.144.2.190 - - [02/Nov/2022:21:54:00 -0700] "GET /~richard/templates/beez/US/uk/paypal/login.htm HTTP/1.1" 404 73 "-" "Mozilla/5.0 (Macintosh; Intel Mac OS X 10_10_5) AppleWebKit/537.36 (KHTML, like Gecko) Chrome/52.0.2743.116 Safari/537.36" "brainbox.co.in"
114.119.145.160 - - [02/Nov/2022:21:55:28 -0700] "GET /PDFContent/03%20CBSE/02%20Class%20VII/English/CBSEBoard_English_VII_LS2_part2_lesson_explanation.pdf HTTP/1.1" 200 199148 "https://brainbox.co.in/PDFContent/03%20CBSE/02%20Class%20VII/English/?C=M%3BO%3DA" "Mozilla/5.0 (Linux; Android 7.0;) AppleWebKit/537.36 (KHTML, like Gecko) Mobile Safari/537.36 (compatible; PetalBot;+https://webmaster.petalsearch.com/site/petalbot)" "brainbox.co.in"
114.119.145.187 - - [02/Nov/2022:22:00:29 -0700] "GET /PDFContent/03%20CBSE/07%20Class%20XII/Biology/CBSE_XII_BIOLOGY_LS03_HUMAN%20REPRODUCTION_GASTRULATION.pdf HTTP/1.1" 200 789093 "https://brainbox.co.in/PDFContent/03%20CBSE/07%20Class%20XII/Biology/?C=D%3BO%3DA" "Mozilla/5.0 (Linux; Android 7.0;) AppleWebKit/537.36 (KHTML, like Gecko) Mobile Safari/537.36 (compatible; PetalBot;+https://webmaster.petalsearch.com/site/petalbot)" "brainbox.co.in"
51.222.253.19 - - [02/Nov/2022:22:01:41 -0700] "GET /PDFContent/01%20TSB/01%20Class%20VI/Maths/?C=M;O=A HTTP/1.1" 200 414 "-" "Mozilla/5.0 (compatible; AhrefsBot/7.0; +http://ahrefs.com/robot/)" "brainbox.co.in"
51.222.253.13 - - [02/Nov/2022:22:04:06 -0700] "GET /PDFContent/02%20APSB/04%20Class%20IX/Sanskrit/?C=S;O=A HTTP/1.1" 200 355 "-" "Mozilla/5.0 (compatible; AhrefsBot/7.0; +http://ahrefs.com/robot/)" "brainbox.co.in"
114.119.145.160 - - [02/Nov/2022:22:05:33 -0700] "GET /PDFContent/03%20CBSE/05%20Class%20X/Biology/How%20to%20do%20organsims%20reproduce/?C=S%3BO%3DA HTTP/1.1" 200 679 "https://brainbox.co.in/PDFContent/03%20CBSE/05%20Class%20X/Biology/How%20to%20do%20organsims%20reproduce/?C=M%3BO%3DA" "Mozilla/5.0 (Linux; Android 7.0;) AppleWebKit/537.36 (KHTML, like Gecko) Mobile Safari/537.36 (compatible; PetalBot;+https://webmaster.petalsearch.com/site/petalbot)" "brainbox.co.in"
51.222.253.14 - - [02/Nov/2022:22:06:37 -0700] "GET /PDFContent/02%20APSB/04%20Class%20IX/Sanskrit/?C=M;O=A HTTP/1.1" 200 355 "-" "Mozilla/5.0 (compatible; AhrefsBot/7.0; +http://ahrefs.com/robot/)" "brainbox.co.in"
