54.215.253.31 - - [23/Oct/2022:05:53:11 -0700] "GET /~richard/templates/beez/US/uk/paypal/login.htm HTTP/1.1" 404 73 "-" "Mozilla/5.0 (Macintosh; Intel Mac OS X 10_10_5) AppleWebKit/537.36 (KHTML, like Gecko) Chrome/52.0.2743.116 Safari/537.36" "brainbox.co.in"
114.119.145.174 - - [23/Oct/2022:05:55:50 -0700] "GET /PDFContent/03%20CBSE/02%20Class%20VII/Science/TEXTBOOK%20EXAMPLES/?C=N%3BO%3DD HTTP/1.1" 200 734 "https://brainbox.co.in/PDFContent/03%20CBSE/02%20Class%20VII/Science/TEXTBOOK%20EXAMPLES/?C=D%3BO%3DA" "Mozilla/5.0 (Linux; Android 7.0;) AppleWebKit/537.36 (KHTML, like Gecko) Mobile Safari/537.36 (compatible; PetalBot;+https://webmaster.petalsearch.com/site/petalbot)" "brainbox.co.in"
114.119.145.175 - - [23/Oct/2022:06:02:00 -0700] "GET /PDFContent/03%20CBSE/01%20Class%20VI/English/ HTTP/1.1" 200 353 "https://brainbox.co.in/PDFContent/03%20CBSE/01%20Class%20VI/?C=D%3BO%3DA" "Mozilla/5.0 (Linux; Android 7.0;) AppleWebKit/537.36 (KHTML, like Gecko) Mobile Safari/537.36 (compatible; PetalBot;+https://webmaster.petalsearch.com/site/petalbot)" "brainbox.co.in"
114.119.145.175 - - [23/Oct/2022:06:08:07 -0700] "GET /PDFContent/03%20CBSE/05%20Class%20X/Biology/How%20to%20do%20organsims%20reproduce/CBSE_X_BIOLOGY_HOW%20TO%20DO%20ORGANISMS%20REPRODUCE_Menstrual HTTP/1.1" 200 263203 "https://brainboxschool.com/material/CBSE/X/Biology/HOW_DO_ORGANISMS_REPRODUCE.html" "Mozilla/5.0 (Linux; Android 7.0;) AppleWebKit/537.36 (KHTML, like Gecko) Mobile Safari/537.36 (compatible; PetalBot;+https://webmaster.petalsearch.com/site/petalbot)" "brainbox.co.in"
51.222.253.13 - - [23/Oct/2022:06:13:02 -0700] "GET /PDFContent/04%20ICSE/06%20Class%20XI/Sanskrit/?C=S;O=D HTTP/1.1" 200 353 "-" "Mozilla/5.0 (compatible; AhrefsBot/7.0; +http://ahrefs.com/robot/)" "brainbox.co.in"
114.119.145.187 - - [23/Oct/2022:06:14:13 -0700] "GET /PDFContent/03%20CBSE/03%20Class%20VIII/Physics/Light/CBSE_VIII_PHYSICS_LIGHT_Laws%20of%20Reflection%20&%20Refraction HTTP/1.1" 200 268197 "https://brainboxschool.com/material/CBSE/VIII/Physics/LIGHT.html" "Mozilla/5.0 (Linux; Android 7.0;) AppleWebKit/537.36 (KHTML, like Gecko) Mobile Safari/537.36 (compatible; PetalBot;+https://webmaster.petalsearch.com/site/petalbot)" "brainbox.co.in"
114.119.145.187 - - [23/Oct/2022:06:20:29 -0700] "GET /PDFContent/01%20TSB/01%20Class%20VI/Hindi/?C=S%3BO%3DA HTTP/1.1" 200 350 "https://brainbox.co.in/PDFContent/01%20TSB/01%20Class%20VI/Hindi/?C=N%3BO%3DD" "Mozilla/5.0 (Linux; Android 7.0;) AppleWebKit/537.36 (KHTML, like Gecko) Mobile Safari/537.36 (compatible; PetalBot;+https://webmaster.petalsearch.com/site/petalbot)" "brainbox.co.in"
114.119.145.174 - - [23/Oct/2022:06:26:20 -0700] "GET /PDFContent/03%20CBSE/04%20Class%20IX/English/?C=D%3BO%3DA HTTP/1.1" 200 354 "https://brainbox.co.in/PDFContent/03%20CBSE/04%20Class%20IX/English/?C=N%3BO%3DD" "Mozilla/5.0 (Linux; Android 7.0;) AppleWebKit/537.36 (KHTML, like Gecko) Mobile Safari/537.36 (compatible; PetalBot;+https://webmaster.petalsearch.com/site/petalbot)" "brainbox.co.in"
114.119.145.175 - - [23/Oct/2022:06:31:48 -0700] "GET /PDFContent/Beetle/CLASS%20IV/SOCAIL%20SEM%202/LESSON%202.%20MINERAL%20RESOUCES%20OF%20INDIA.pdf HTTP/1.1" 200 82967 "https://brainbox.co.in/PDFContent/Beetle/CLASS%20IV/SOCAIL%20SEM%202/?C=D%3BO%3DA" "Mozilla/5.0 (Linux; Android 7.0;) AppleWebKit/537.36 (KHTML, like Gecko) Mobile Safari/537.36 (compatible; PetalBot;+https://webmaster.petalsearch.com/site/petalbot)" "brainbox.co.in"
114.119.145.187 - - [23/Oct/2022:06:37:13 -0700] "GET /PDFContent/01%20TSB/03%20Class%20VIII/English/LS1A/New/TSB_VIII_ENGLISH_LS01_TATTERD%20BLANKET_Introduction.pdf HTTP/1.1" 200 442631 "https://brainbox.co.in/PDFContent/01%20TSB/03%20Class%20VIII/English/LS1A/New/?C=N%3BO%3DD" "Mozilla/5.0 (Linux; Android 7.0;) AppleWebKit/537.36 (KHTML, like Gecko) Mobile Safari/537.36 (compatible; PetalBot;+https://webmaster.petalsearch.com/site/petalbot)" "brainbox.co.in"
114.119.145.175 - - [23/Oct/2022:06:42:37 -0700] "GET /PDFContent/03%20CBSE/05%20Class%20X/Biology/ HTTP/1.1" 200 643 "https://brainbox.co.in/PDFContent/03%20CBSE/05%20Class%20X/Biology/How%20to%20do%20organsims%20reproduce/?C=N%3BO%3DD" "Mozilla/5.0 (Linux; Android 7.0;) AppleWebKit/537.36 (KHTML, like Gecko) Mobile Safari/537.36 (compatible; PetalBot;+https://webmaster.petalsearch.com/site/petalbot)" "brainbox.co.in"
114.119.145.187 - - [23/Oct/2022:06:47:58 -0700] "GET /PDFContent/01%20TSB/03%20Class%20VIII/English/LS7C/TSB_VIII_ENGLISH_LS07C_%20I%20CAN%20TAKE%20CARE%20OF%20MYSELF_Introduction.pdf HTTP/1.1" 200 393020 "https://brainbox.co.in/PDFContent/01%20TSB/03%20Class%20VIII/English/LS7C/?C=M%3BO%3DA" "Mozilla/5.0 (Linux; Android 7.0;) AppleWebKit/537.36 (KHTML, like Gecko) Mobile Safari/537.36 (compatible; PetalBot;+https://webmaster.petalsearch.com/site/petalbot)" "brainbox.co.in"
51.222.253.5 - - [23/Oct/2022:06:48:48 -0700] "GET /PDFContent/Beetle/?C=N;O=A HTTP/1.1" 200 428 "-" "Mozilla/5.0 (compatible; AhrefsBot/7.0; +http://ahrefs.com/robot/)" "brainbox.co.in"
114.119.145.174 - - [23/Oct/2022:06:53:22 -0700] "GET /PDFContent/SPECIAL%20CROUSE/Part%201%20Grammar%20Essentials/STD_X/?C=N%3BO%3DD HTTP/1.1" 200 498 "https://brainbox.co.in/PDFContent/SPECIAL%20CROUSE/Part%201%20Grammar%20Essentials/STD_X/?C=M%3BO%3DA" "Mozilla/5.0 (Linux; Android 7.0;) AppleWebKit/537.36 (KHTML, like Gecko) Mobile Safari/537.36 (compatible; PetalBot;+https://webmaster.petalsearch.com/site/petalbot)" "brainbox.co.in"
114.119.145.160 - - [23/Oct/2022:06:58:47 -0700] "GET /PDFContent/Beetle/CLASS%20II/MATHEMATICS%20SEM%202/Lesson%204.%20Money.pdf HTTP/1.1" 200 162104 "https://brainbox.co.in/PDFContent/Beetle/CLASS%20II/MATHEMATICS%20SEM%202/?C=N%3BO%3DD" "Mozilla/5.0 (Linux; Android 7.0;) AppleWebKit/537.36 (KHTML, like Gecko) Mobile Safari/537.36 (compatible; PetalBot;+https://webmaster.petalsearch.com/site/petalbot)" "brainbox.co.in"
114.119.135.132 - - [23/Oct/2022:07:04:10 -0700] "GET /PDFContent/03%20CBSE/03%20Class%20VIII/Maths/PRACTICAL%20GEOMETRY/Practical%20Geometry_T07_Construction%20of%20special%20quadrilaterals.pdf HTTP/1.1" 200 151989 "https://brainbox.co.in/PDFContent/03%20CBSE/03%20Class%20VIII/Maths/PRACTICAL%20GEOMETRY/?C=M%3BO%3DA" "Mozilla/5.0 (Linux; Android 7.0;) AppleWebKit/537.36 (KHTML, like Gecko) Mobile Safari/537.36 (compatible; PetalBot;+https://webmaster.petalsearch.com/site/petalbot)" "brainbox.co.in"
114.119.145.160 - - [23/Oct/2022:07:09:33 -0700] "GET /PDFContent/01%20TSB/01%20Class%20VI/Telugu/VARSHAM/?C=S%3BO%3DA HTTP/1.1" 200 464 "https://brainbox.co.in/PDFContent/01%20TSB/01%20Class%20VI/Telugu/VARSHAM/" "Mozilla/5.0 (Linux; Android 7.0;) AppleWebKit/537.36 (KHTML, like Gecko) Mobile Safari/537.36 (compatible; PetalBot;+https://webmaster.petalsearch.com/site/petalbot)" "brainbox.co.in"
114.119.145.174 - - [23/Oct/2022:07:14:58 -0700] "GET /PDFContent/01%20TSB/05%20Class%20X/English/ABANDONED/TSB_X_ENGLISH_LS05C_ABANDONED_GLOSSARY.pdf HTTP/1.1" 200 252000 "https://brainbox.co.in/PDFContent/01%20TSB/05%20Class%20X/English/ABANDONED/" "Mozilla/5.0 (Linux; Android 7.0;) AppleWebKit/537.36 (KHTML, like Gecko) Mobile Safari/537.36 (compatible; PetalBot;+https://webmaster.petalsearch.com/site/petalbot)" "brainbox.co.in"
114.119.145.174 - - [23/Oct/2022:07:20:24 -0700] "GET /PDFContent/03%20CBSE/04%20Class%20IX/Chemistry/ATOMS%20AND%20MOLECULES/Atoms%20&%20Molecules_Molecular%20Mass%20and%20Formula%20Mass_P9.pdf HTTP/1.1" 404 88 "https://brainbox.co.in/PDFContent/03%20CBSE/04%20Class%20IX/Chemistry/ATOMS%20AND%20MOLECULES/" "Mozilla/5.0 (Linux; Android 7.0;) AppleWebKit/537.36 (KHTML, like Gecko) Mobile Safari/537.36 (compatible; PetalBot;+https://webmaster.petalsearch.com/site/petalbot)" "brainbox.co.in"
114.119.145.175 - - [23/Oct/2022:07:25:49 -0700] "GET /PDFContent/02%20APSB/01%20Class%20VI/Maths/ HTTP/1.1" 200 352 "https://brainbox.co.in/PDFContent/02%20APSB/01%20Class%20VI/" "Mozilla/5.0 (Linux; Android 7.0;) AppleWebKit/537.36 (KHTML, like Gecko) Mobile Safari/537.36 (compatible; PetalBot;+https://webmaster.petalsearch.com/site/petalbot)" "brainbox.co.in"
114.119.135.132 - - [23/Oct/2022:07:31:14 -0700] "GET /PDFContent/01%20TSB/06%20Class%20XI/Physics/?C=N%3BO%3DD HTTP/1.1" 200 354 "https://brainbox.co.in/PDFContent/01%20TSB/06%20Class%20XI/Physics/?C=D%3BO%3DA" "Mozilla/5.0 (Linux; Android 7.0;) AppleWebKit/537.36 (KHTML, like Gecko) Mobile Safari/537.36 (compatible; PetalBot;+https://webmaster.petalsearch.com/site/petalbot)" "brainbox.co.in"
114.119.145.160 - - [23/Oct/2022:07:36:38 -0700] "GET /PDFContent/03%20CBSE/07%20Class%20XII/Chemistry/SOLUTIONS/?C=M%3BO%3DA HTTP/1.1" 200 696 "https://brainbox.co.in/PDFContent/03%20CBSE/07%20Class%20XII/Chemistry/SOLUTIONS/?C=D%3BO%3DA" "Mozilla/5.0 (Linux; Android 7.0;) AppleWebKit/537.36 (KHTML, like Gecko) Mobile Safari/537.36 (compatible; PetalBot;+https://webmaster.petalsearch.com/site/petalbot)" "brainbox.co.in"
114.119.145.187 - - [23/Oct/2022:07:42:05 -0700] "GET /PDFContent/01%20TSB/05%20Class%20X/Biology/NUTRITION/Nutrition_T03_Chlorophyll%20and%20Stomata.pdf HTTP/1.1" 200 255067 "https://brainbox.co.in/PDFContent/01%20TSB/05%20Class%20X/Biology/NUTRITION/?C=M%3BO%3DA" "Mozilla/5.0 (Linux; Android 7.0;) AppleWebKit/537.36 (KHTML, like Gecko) Mobile Safari/537.36 (compatible; PetalBot;+https://webmaster.petalsearch.com/site/petalbot)" "brainbox.co.in"
185.181.60.189 - - [23/Oct/2022:07:46:56 -0700] "GET / HTTP/1.1" 200 432 "-" "Mozilla/5.0 (Windows NT 10.0; Win64; x64) AppleWebKit/537.36 (KHTML, like Gecko) Chrome/91.0.4472.114 Safari/537.36 Edg/91.0.864.54" "brainbox.co.in"
51.222.253.10 - - [23/Oct/2022:07:51:07 -0700] "GET /PDFContent/01%20TSB/03%20Class%20VIII/English/LS8B/?C=N;O=D HTTP/1.1" 200 512 "-" "Mozilla/5.0 (compatible; AhrefsBot/7.0; +http://ahrefs.com/robot/)" "brainbox.co.in"
114.119.135.132 - - [23/Oct/2022:07:53:03 -0700] "GET /PDFContent/03%20CBSE/04%20Class%20IX/Hindi/?C=M%3BO%3DA HTTP/1.1" 200 393 "https://brainbox.co.in/PDFContent/03%20CBSE/04%20Class%20IX/Hindi/?C=N%3BO%3DD" "Mozilla/5.0 (Linux; Android 7.0;) AppleWebKit/537.36 (KHTML, like Gecko) Mobile Safari/537.36 (compatible; PetalBot;+https://webmaster.petalsearch.com/site/petalbot)" "brainbox.co.in"
114.119.145.187 - - [23/Oct/2022:07:58:35 -0700] "GET /PDFContent/01%20TSB/03%20Class%20VIII/English/LS1B/?C=M%3BO%3DA HTTP/1.1" 200 538 "https://brainbox.co.in/PDFContent/01%20TSB/03%20Class%20VIII/English/LS1B/" "Mozilla/5.0 (Linux; Android 7.0;) AppleWebKit/537.36 (KHTML, like Gecko) Mobile Safari/537.36 (compatible; PetalBot;+https://webmaster.petalsearch.com/site/petalbot)" "brainbox.co.in"
114.119.135.132 - - [23/Oct/2022:08:04:08 -0700] "GET /PDFContent/01%20TSB/01%20Class%20VI/Telugu/VARSHAM/TSB_VI_TELUGU_LS03_VARSHAM_Question%20and%20answers.pdf HTTP/1.1" 200 1403121 "https://brainbox.co.in/PDFContent/01%20TSB/01%20Class%20VI/Telugu/VARSHAM/" "Mozilla/5.0 (Linux; Android 7.0;) AppleWebKit/537.36 (KHTML, like Gecko) Mobile Safari/537.36 (compatible; PetalBot;+https://webmaster.petalsearch.com/site/petalbot)" "brainbox.co.in"
114.119.145.175 - - [23/Oct/2022:08:09:41 -0700] "GET /PDFContent/03%20CBSE/03%20Class%20VIII/Maths/CBSE_VIII_MATHS_LS02_LINEAR%20EQUATIONS%20IN%20ONE%20VARIABLE_METHOD_1B.pdf HTTP/1.1" 200 387247 "https://brainbox.co.in/PDFContent/03%20CBSE/03%20Class%20VIII/Maths/?C=N%3BO%3DD" "Mozilla/5.0 (Linux; Android 7.0;) AppleWebKit/537.36 (KHTML, like Gecko) Mobile Safari/537.36 (compatible; PetalBot;+https://webmaster.petalsearch.com/site/petalbot)" "brainbox.co.in"
3.131.153.157 - - [23/Oct/2022:08:13:25 -0700] "GET /~richard/templates/beez/US/uk/paypal/login.htm HTTP/1.1" 404 73 "-" "Mozilla/5.0 (Macintosh; Intel Mac OS X 10_10_5) AppleWebKit/537.36 (KHTML, like Gecko) Chrome/52.0.2743.116 Safari/537.36" "brainbox.co.in"
114.119.145.175 - - [23/Oct/2022:08:15:07 -0700] "GET /PDFContent/01%20TSB/04%20Class%20IX/Telugu/?C=N%3BO%3DD HTTP/1.1" 200 353 "https://brainbox.co.in/PDFContent/01%20TSB/04%20Class%20IX/Telugu/?C=M%3BO%3DA" "Mozilla/5.0 (Linux; Android 7.0;) AppleWebKit/537.36 (KHTML, like Gecko) Mobile Safari/537.36 (compatible; PetalBot;+https://webmaster.petalsearch.com/site/petalbot)" "brainbox.co.in"
114.119.135.132 - - [23/Oct/2022:08:20:37 -0700] "GET /PDFContent/03%20CBSE/04%20Class%20IX/Physics/Motion/Prob-09 HTTP/1.1" 200 301176 "https://brainboxschool.com/material/CBSE/IX/Physics/MOTION.html" "Mozilla/5.0 (Linux; Android 7.0;) AppleWebKit/537.36 (KHTML, like Gecko) Mobile Safari/537.36 (compatible; PetalBot;+https://webmaster.petalsearch.com/site/petalbot)" "brainbox.co.in"
114.119.145.175 - - [23/Oct/2022:08:26:10 -0700] "GET /PDFContent/03%20CBSE/04%20Class%20IX/Maths/POLYNOMIALS/?C=M%3BO%3DA HTTP/1.1" 200 1152 "https://brainbox.co.in/PDFContent/03%20CBSE/04%20Class%20IX/Maths/POLYNOMIALS/?C=N%3BO%3DD" "Mozilla/5.0 (Linux; Android 7.0;) AppleWebKit/537.36 (KHTML, like Gecko) Mobile Safari/537.36 (compatible; PetalBot;+https://webmaster.petalsearch.com/site/petalbot)" "brainbox.co.in"
114.119.145.187 - - [23/Oct/2022:08:31:41 -0700] "GET /MyERP/ HTTP/1.1" 200 312 "https://brainbox.co.in/?C=M%3BO%3DA" "Mozilla/5.0 (Linux; Android 7.0;) AppleWebKit/537.36 (KHTML, like Gecko) Mobile Safari/537.36 (compatible; PetalBot;+https://webmaster.petalsearch.com/site/petalbot)" "brainbox.co.in"
114.119.145.174 - - [23/Oct/2022:08:37:16 -0700] "GET /PDFContent/03%20CBSE/06%20Class%20XI/Biology/T06%20CBSE_XI_BIOLOGY_LS16_DIGESTIVE%20SYSTEM_HISTOLOGY%20OF%20ALIMENTARY%20CANAL.pdf HTTP/1.1" 200 515403 "https://brainbox.co.in/PDFContent/03%20CBSE/06%20Class%20XI/Biology/?C=S%3BO%3DA" "Mozilla/5.0 (Linux; Android 7.0;) AppleWebKit/537.36 (KHTML, like Gecko) Mobile Safari/537.36 (compatible; PetalBot;+https://webmaster.petalsearch.com/site/petalbot)" "brainbox.co.in"
114.119.145.175 - - [23/Oct/2022:08:42:48 -0700] "GET /PDFContent/01%20TSB/06%20Class%20XI/Chemistry/?C=M%3BO%3DA HTTP/1.1" 200 355 "https://brainbox.co.in/PDFContent/01%20TSB/06%20Class%20XI/Chemistry/?C=D%3BO%3DA" "Mozilla/5.0 (Linux; Android 7.0;) AppleWebKit/537.36 (KHTML, like Gecko) Mobile Safari/537.36 (compatible; PetalBot;+https://webmaster.petalsearch.com/site/petalbot)" "brainbox.co.in"
65.109.26.102 - - [23/Oct/2022:08:46:17 -0700] "GET /robots.txt HTTP/1.1" 404 73 "-" "Mozilla/5.0 (compatible; MJ12bot/v1.4.8; http://mj12bot.com/)" "www.brainbox.co.in"
65.109.26.102 - - [23/Oct/2022:08:46:28 -0700] "GET /PDFContent/01%20TSB/07%20Class%20XII/Maths/LS02A_De%20Moivre%E2%80%99s%20theorem/TSB_XII_MATHS_LS02A_De%20Moivre%E2%80%99s%20theorem_T01_Definition%20of%20De%20Moivre%E2%80%99s%20theorem.pdf HTTP/1.1" 200 258445 "-" "Mozilla/5.0 (compatible; MJ12bot/v1.4.8; http://mj12bot.com/)" "www.brainbox.co.in"
65.109.26.102 - - [23/Oct/2022:08:46:41 -0700] "GET /PDFContent/01%20TSB/07%20Class%20XII/Maths/LS02A_De%20Moivre%E2%80%99s%20theorem/TSB_XII_MATHS_LS02A_De%20Moivre%E2%80%99s%20theorem_T02_Problem%201.pdf HTTP/1.1" 200 266264 "-" "Mozilla/5.0 (compatible; MJ12bot/v1.4.8; http://mj12bot.com/)" "www.brainbox.co.in"
65.109.26.102 - - [23/Oct/2022:08:46:49 -0700] "GET /PDFContent/01%20TSB/07%20Class%20XII/Maths/LS02A_De%20Moivre%E2%80%99s%20theorem/TSB_XII_MATHS_LS02A_De%20Moivre%E2%80%99s%20theorem_T03_Problem%202.pdf HTTP/1.1" 200 279956 "-" "Mozilla/5.0 (compatible; MJ12bot/v1.4.8; http://mj12bot.com/)" "www.brainbox.co.in"
114.119.135.132 - - [23/Oct/2022:08:48:19 -0700] "GET /PDFContent/Beetle/CLASS%20II/MATHEMATICS%20SEM%202/Lesson%201.%20Multiplication.pdf HTTP/1.1" 200 217047 "https://brainbox.co.in/PDFContent/Beetle/CLASS%20II/MATHEMATICS%20SEM%202/?C=N%3BO%3DD" "Mozilla/5.0 (Linux; Android 7.0;) AppleWebKit/537.36 (KHTML, like Gecko) Mobile Safari/537.36 (compatible; PetalBot;+https://webmaster.petalsearch.com/site/petalbot)" "brainbox.co.in"
114.119.145.175 - - [23/Oct/2022:08:53:49 -0700] "GET /PDFContent/03%20CBSE/07%20Class%20XII/Chemistry/SOLUTIONS/Solutions_T08_Colligative%20properties.pdf HTTP/1.1" 200 222770 "https://brainbox.co.in/PDFContent/03%20CBSE/07%20Class%20XII/Chemistry/SOLUTIONS/" "Mozilla/5.0 (Linux; Android 7.0;) AppleWebKit/537.36 (KHTML, like Gecko) Mobile Safari/537.36 (compatible; PetalBot;+https://webmaster.petalsearch.com/site/petalbot)" "brainbox.co.in"
5.255.231.115 - - [23/Oct/2022:08:57:51 -0700] "GET /robots.txt HTTP/1.1" 404 73 "-" "Mozilla/5.0 (compatible; YandexBot/3.0; +http://yandex.com/bots)" "brainbox.co.in"
87.250.224.193 - - [23/Oct/2022:08:57:55 -0700] "GET /PDFContent/01%20TSB/05%20Class%20X/English/THE%20STOREYED%20HOUSE%20P2/TSB_X_ENGLISH_LS05B_THE%20STOREYED%20HOUSE%20P2_ASSIGNMENT.pdf HTTP/1.1" 200 332678 "-" "Mozilla/5.0 (compatible; YandexBot/3.0; +http://yandex.com/bots)" "brainbox.co.in"
114.119.135.132 - - [23/Oct/2022:08:59:23 -0700] "GET /PDFContent/03%20CBSE/06%20Class%20XI/Chemistry/GENERAL%20ORGANIC%20CHEMISTRY/GENERAL%20ORGANIC%20CHEMISTRY_T10%20_Types%20of%20Organic%20reactions.pdf HTTP/1.1" 200 167154 "https://brainbox.co.in/PDFContent/03%20CBSE/06%20Class%20XI/Chemistry/GENERAL%20ORGANIC%20CHEMISTRY/?C=S%3BO%3DA" "Mozilla/5.0 (Linux; Android 7.0;) AppleWebKit/537.36 (KHTML, like Gecko) Mobile Safari/537.36 (compatible; PetalBot;+https://webmaster.petalsearch.com/site/petalbot)" "brainbox.co.in"
114.119.145.174 - - [23/Oct/2022:09:04:58 -0700] "GET /PDFContent/02%20APSB/05%20Class%20X/Sanskrit/?C=S%3BO%3DA HTTP/1.1" 200 353 "https://brainbox.co.in/PDFContent/02%20APSB/05%20Class%20X/Sanskrit/?C=D%3BO%3DA" "Mozilla/5.0 (Linux; Android 7.0;) AppleWebKit/537.36 (KHTML, like Gecko) Mobile Safari/537.36 (compatible; PetalBot;+https://webmaster.petalsearch.com/site/petalbot)" "brainbox.co.in"
114.119.135.132 - - [23/Oct/2022:09:10:29 -0700] "GET /PDFContent/03%20CBSE/03%20Class%20VIII/Physics/Light/ HTTP/1.1" 200 519 "https://brainbox.co.in/PDFContent/03%20CBSE/03%20Class%20VIII/Physics/?C=S%3BO%3DA" "Mozilla/5.0 (Linux; Android 7.0;) AppleWebKit/537.36 (KHTML, like Gecko) Mobile Safari/537.36 (compatible; PetalBot;+https://webmaster.petalsearch.com/site/petalbot)" "brainbox.co.in"
185.191.171.24 - - [23/Oct/2022:09:14:56 -0700] "GET /robots.txt HTTP/1.1" 404 88 "-" "Mozilla/5.0 (compatible; SemrushBot/7~bl; +http://www.semrush.com/bot.html)" "brainbox.co.in"
185.191.171.2 - - [23/Oct/2022:09:14:56 -0700] "GET /PDFContent/01%20TSB/03%20Class%20VIII/Maths/?C=N%3BO%3DD HTTP/1.1" 200 353 "-" "Mozilla/5.0 (compatible; SemrushBot/7~bl; +http://www.semrush.com/bot.html)" "brainbox.co.in"
114.119.145.187 - - [23/Oct/2022:09:16:03 -0700] "GET /PDFContent/03%20CBSE/03%20Class%20VIII/Maths/PRACTICAL%20GEOMETRY/Practical%20Geometry_T08_To%20construct%20a%20square%20when%20its%20side%20is%20given.pdf HTTP/1.1" 200 303058 "https://brainbox.co.in/PDFContent/03%20CBSE/03%20Class%20VIII/Maths/PRACTICAL%20GEOMETRY/?C=M%3BO%3DA" "Mozilla/5.0 (Linux; Android 7.0;) AppleWebKit/537.36 (KHTML, like Gecko) Mobile Safari/537.36 (compatible; PetalBot;+https://webmaster.petalsearch.com/site/petalbot)" "brainbox.co.in"
114.119.145.174 - - [23/Oct/2022:09:21:37 -0700] "GET /PDFContent/01%20TSB/03%20Class%20VIII/English/LS7C/TSB_VIII_ENGLISH_LS07C_%20I%20CAN%20TAKE%20CARE%20OF%20MYSELF_Glossary.pdf HTTP/1.1" 200 323674 "https://brainbox.co.in/PDFContent/01%20TSB/03%20Class%20VIII/English/LS7C/?C=M%3BO%3DA" "Mozilla/5.0 (Linux; Android 7.0;) AppleWebKit/537.36 (KHTML, like Gecko) Mobile Safari/537.36 (compatible; PetalBot;+https://webmaster.petalsearch.com/site/petalbot)" "brainbox.co.in"
185.191.171.9 - - [23/Oct/2022:09:25:52 -0700] "GET /PDFContent/01%20TSB/03%20Class%20VIII/English/?C=S%3BO%3DA HTTP/1.1" 200 1132 "-" "Mozilla/5.0 (compatible; SemrushBot/7~bl; +http://www.semrush.com/bot.html)" "brainbox.co.in"
51.222.253.20 - - [23/Oct/2022:09:25:57 -0700] "GET /PDFContent/Beetle/CLASS%20II/MATHEMATICS%20SEM%202/?C=M;O=D HTTP/1.1" 200 674 "-" "Mozilla/5.0 (compatible; AhrefsBot/7.0; +http://ahrefs.com/robot/)" "brainbox.co.in"
114.119.145.174 - - [23/Oct/2022:09:27:11 -0700] "GET /PDFContent/03%20CBSE/05%20Class%20X/Chemistry/CHEMICAL%20REACTIONS%20&%20EQUATIONS/CHEMICAL%20REACTIONS%20&%20EQUATIONS_EFFECTS%20OF%20OXIDATION%20REACTIONS_PART%2007.pdf HTTP/1.1" 200 370639 "https://brainbox.co.in/PDFContent/03%20CBSE/05%20Class%20X/Chemistry/CHEMICAL%20REACTIONS%20&%20EQUATIONS/?C=N%3BO%3DD" "Mozilla/5.0 (Linux; Android 7.0;) AppleWebKit/537.36 (KHTML, like Gecko) Mobile Safari/537.36 (compatible; PetalBot;+https://webmaster.petalsearch.com/site/petalbot)" "brainbox.co.in"
114.119.145.174 - - [23/Oct/2022:09:32:47 -0700] "GET /PDFContent/03%20CBSE/06%20Class%20XI/Biology/Cell-The%20unit%20of%20life/?C=S%3BO%3DA HTTP/1.1" 200 805 "https://brainbox.co.in/PDFContent/03%20CBSE/06%20Class%20XI/Biology/Cell-The%20unit%20of%20life/?C=D%3BO%3DA" "Mozilla/5.0 (Linux; Android 7.0;) AppleWebKit/537.36 (KHTML, like Gecko) Mobile Safari/537.36 (compatible; PetalBot;+https://webmaster.petalsearch.com/site/petalbot)" "brainbox.co.in"
114.119.145.174 - - [23/Oct/2022:09:38:24 -0700] "GET /PDFContent/Beetle/CLASS%20II/ENGLISH%20SEM%202/Lesson%204%20-%20Unity%20is%20strength.pdf HTTP/1.1" 200 134049 "https://brainbox.co.in/PDFContent/Beetle/CLASS%20II/ENGLISH%20SEM%202/" "Mozilla/5.0 (Linux; Android 7.0;) AppleWebKit/537.36 (KHTML, like Gecko) Mobile Safari/537.36 (compatible; PetalBot;+https://webmaster.petalsearch.com/site/petalbot)" "brainbox.co.in"
114.119.145.187 - - [23/Oct/2022:09:43:57 -0700] "GET /PDFContent/03%20CBSE/06%20Class%20XI/Maths/CBSE_XI_MATHS_LS07_PERMUTATION%20&COMBINATION_%20CIRCULAR%20ARRANGEMENT.pdf HTTP/1.1" 200 575327 "https://brainbox.co.in/PDFContent/03%20CBSE/06%20Class%20XI/Maths/?C=N%3BO%3DD" "Mozilla/5.0 (Linux; Android 7.0;) AppleWebKit/537.36 (KHTML, like Gecko) Mobile Safari/537.36 (compatible; PetalBot;+https://webmaster.petalsearch.com/site/petalbot)" "brainbox.co.in"
34.223.42.248 - - [23/Oct/2022:09:45:04 -0700] "GET / HTTP/1.1" 200 432 "-" "Mozilla/5.0 (Macintosh; Intel Mac OS X 10_8_3) AppleWebKit/537.31 (KHTML, like Gecko) Chrome/26.0.1410.65 Safari/537.31" "brainbox.co.in"
114.119.145.187 - - [23/Oct/2022:09:49:30 -0700] "GET /PDFContent/03%20CBSE/05%20Class%20X/Biology/CBSE_X_BIOLOGY_LS07_CONTROL%20AND%20CO-ORDINATION_SUMMARY.pdf HTTP/1.1" 200 364372 "https://brainbox.co.in/PDFContent/03%20CBSE/05%20Class%20X/Biology/" "Mozilla/5.0 (Linux; Android 7.0;) AppleWebKit/537.36 (KHTML, like Gecko) Mobile Safari/537.36 (compatible; PetalBot;+https://webmaster.petalsearch.com/site/petalbot)" "brainbox.co.in"
13.57.214.44 - - [23/Oct/2022:09:53:17 -0700] "GET /~richard/templates/beez/US/uk/paypal/login.htm HTTP/1.1" 404 73 "-" "Mozilla/5.0 (Macintosh; Intel Mac OS X 10_10_5) AppleWebKit/537.36 (KHTML, like Gecko) Chrome/52.0.2743.116 Safari/537.36" "brainbox.co.in"
114.119.145.174 - - [23/Oct/2022:09:55:08 -0700] "GET /PDFContent/02%20APSB/04%20Class%20IX/Telugu/ HTTP/1.1" 200 354 "https://brainbox.co.in/PDFContent/02%20APSB/04%20Class%20IX/?C=M%3BO%3DA" "Mozilla/5.0 (Linux; Android 7.0;) AppleWebKit/537.36 (KHTML, like Gecko) Mobile Safari/537.36 (compatible; PetalBot;+https://webmaster.petalsearch.com/site/petalbot)" "brainbox.co.in"
185.191.171.25 - - [23/Oct/2022:09:57:40 -0700] "GET /PDFContent/01%20TSB/03%20Class%20VIII/English/LS1C/ HTTP/1.1" 200 518 "-" "Mozilla/5.0 (compatible; SemrushBot/7~bl; +http://www.semrush.com/bot.html)" "brainbox.co.in"
114.119.145.174 - - [23/Oct/2022:10:00:41 -0700] "GET /PDFContent/03%20CBSE/03%20Class%20VIII/Physics/FRICTION/ HTTP/1.1" 200 587 "https://brainbox.co.in/PDFContent/03%20CBSE/03%20Class%20VIII/Physics/?C=S%3BO%3DA" "Mozilla/5.0 (Linux; Android 7.0;) AppleWebKit/537.36 (KHTML, like Gecko) Mobile Safari/537.36 (compatible; PetalBot;+https://webmaster.petalsearch.com/site/petalbot)" "brainbox.co.in"
185.191.171.2 - - [23/Oct/2022:10:04:16 -0700] "GET /PDFContent/01%20TSB/03%20Class%20VIII/English/LS6B/ HTTP/1.1" 200 523 "-" "Mozilla/5.0 (compatible; SemrushBot/7~bl; +http://www.semrush.com/bot.html)" "brainbox.co.in"
87.250.224.2 - - [23/Oct/2022:10:04:17 -0700] "GET /robots.txt HTTP/1.1" 404 73 "-" "Mozilla/5.0 (compatible; YandexBot/3.0; +http://yandex.com/bots)" "brainbox.co.in"
114.119.145.174 - - [23/Oct/2022:10:06:16 -0700] "GET /PDFContent/03%20CBSE/03%20Class%20VIII/English/SUPPLEMENTARY/?C=D%3BO%3DA HTTP/1.1" 200 441 "https://brainbox.co.in/PDFContent/03%20CBSE/03%20Class%20VIII/English/SUPPLEMENTARY/" "Mozilla/5.0 (Linux; Android 7.0;) AppleWebKit/537.36 (KHTML, like Gecko) Mobile Safari/537.36 (compatible; PetalBot;+https://webmaster.petalsearch.com/site/petalbot)" "brainbox.co.in"
51.222.253.5 - - [23/Oct/2022:10:09:01 -0700] "GET /PDFContent/01%20TSB/03%20Class%20VIII/English/LS1C/?C=N;O=D HTTP/1.1" 200 516 "-" "Mozilla/5.0 (compatible; AhrefsBot/7.0; +http://ahrefs.com/robot/)" "brainbox.co.in"
114.119.145.187 - - [23/Oct/2022:10:11:50 -0700] "GET /PDFContent/03%20CBSE/03%20Class%20VIII/Maths/CBSE_VIII_MATHS_LS02_LINEAR%20EQUATIONS%20IN%20ONE%20VARIABLE_VARIABLE.pdf HTTP/1.1" 200 443422 "https://brainbox.co.in/PDFContent/03%20CBSE/03%20Class%20VIII/Maths/?C=N%3BO%3DD" "Mozilla/5.0 (Linux; Android 7.0;) AppleWebKit/537.36 (KHTML, like Gecko) Mobile Safari/537.36 (compatible; PetalBot;+https://webmaster.petalsearch.com/site/petalbot)" "brainbox.co.in"
185.191.171.33 - - [23/Oct/2022:10:13:38 -0700] "GET /PDFContent/01%20TSB/03%20Class%20VIII/Sanskrit/?C=N%3BO%3DD HTTP/1.1" 200 355 "-" "Mozilla/5.0 (compatible; SemrushBot/7~bl; +http://www.semrush.com/bot.html)" "brainbox.co.in"
114.119.145.187 - - [23/Oct/2022:10:17:24 -0700] "GET /PDFContent/03%20CBSE/04%20Class%20IX/Chemistry/ATOMS%20AND%20MOLECULES/ HTTP/1.1" 200 611 "https://brainbox.co.in/PDFContent/03%20CBSE/04%20Class%20IX/Chemistry/?C=S%3BO%3DA" "Mozilla/5.0 (Linux; Android 7.0;) AppleWebKit/537.36 (KHTML, like Gecko) Mobile Safari/537.36 (compatible; PetalBot;+https://webmaster.petalsearch.com/site/petalbot)" "brainbox.co.in"
34.73.170.131 - - [23/Oct/2022:10:18:59 -0700] "GET /robots.txt HTTP/1.1" 404 88 "-" "ZoominfoBot (zoominfobot at zoominfo dot com)" "www.brainbox.co.in"
34.73.170.131 - - [23/Oct/2022:10:19:00 -0700] "GET /robots.txt HTTP/1.1" 404 88 "-" "ZoominfoBot (zoominfobot at zoominfo dot com)" "www.brainbox.co.in"
34.73.170.131 - - [23/Oct/2022:10:19:00 -0700] "GET / HTTP/1.1" 200 432 "-" "ZoominfoBot (zoominfobot at zoominfo dot com)" "www.brainbox.co.in"
114.119.145.174 - - [23/Oct/2022:10:22:59 -0700] "GET /PDFContent/03%20CBSE/04%20Class%20IX/Chemistry/STRUCTURE%20OF%20ATOM/ HTTP/1.1" 200 616 "https://brainbox.co.in/PDFContent/03%20CBSE/04%20Class%20IX/Chemistry/?C=S%3BO%3DA" "Mozilla/5.0 (Linux; Android 7.0;) AppleWebKit/537.36 (KHTML, like Gecko) Mobile Safari/537.36 (compatible; PetalBot;+https://webmaster.petalsearch.com/site/petalbot)" "brainbox.co.in"
114.119.145.175 - - [23/Oct/2022:10:28:30 -0700] "GET /PDFContent/03%20CBSE/05%20Class%20X/Hindi/SPARSH/LS12/CBSE_X_HINDI_10B_LS12_TANTARA%20VAMIRO%20KATHA_SUMMARY.pdf HTTP/1.1" 200 371265 "https://brainbox.co.in/PDFContent/03%20CBSE/05%20Class%20X/Hindi/SPARSH/LS12/" "Mozilla/5.0 (Linux; Android 7.0;) AppleWebKit/537.36 (KHTML, like Gecko) Mobile Safari/537.36 (compatible; PetalBot;+https://webmaster.petalsearch.com/site/petalbot)" "brainbox.co.in"
114.119.145.187 - - [23/Oct/2022:10:34:05 -0700] "GET /PDFContent/03%20CBSE/04%20Class%20IX/Biology/?C=N%3BO%3DD HTTP/1.1" 200 917 "https://brainbox.co.in/PDFContent/03%20CBSE/04%20Class%20IX/Biology/?C=D%3BO%3DA" "Mozilla/5.0 (Linux; Android 7.0;) AppleWebKit/537.36 (KHTML, like Gecko) Mobile Safari/537.36 (compatible; PetalBot;+https://webmaster.petalsearch.com/site/petalbot)" "brainbox.co.in"
51.222.253.6 - - [23/Oct/2022:10:35:27 -0700] "GET /PDFContent/01%20TSB/03%20Class%20VIII/English/LS6A/?C=N;O=D HTTP/1.1" 200 536 "-" "Mozilla/5.0 (compatible; AhrefsBot/7.0; +http://ahrefs.com/robot/)" "brainbox.co.in"
185.191.171.21 - - [23/Oct/2022:10:38:55 -0700] "GET /robots.txt HTTP/1.1" 404 88 "-" "Mozilla/5.0 (compatible; SemrushBot/7~bl; +http://www.semrush.com/bot.html)" "brainbox.co.in"
185.191.171.4 - - [23/Oct/2022:10:38:55 -0700] "GET /PDFContent/01%20TSB/03%20Class%20VIII/English/LS6C/ HTTP/1.1" 200 531 "-" "Mozilla/5.0 (compatible; SemrushBot/7~bl; +http://www.semrush.com/bot.html)" "brainbox.co.in"
114.119.145.187 - - [23/Oct/2022:10:39:41 -0700] "GET /PDFContent/01%20TSB/03%20Class%20VIII/English/TSB_VIII_LS4A_THE%20FUN%20THEY%20HAD_Introduction.pdf HTTP/1.1" 200 100194 "https://brainbox.co.in/PDFContent/01%20TSB/03%20Class%20VIII/English/" "Mozilla/5.0 (Linux; Android 7.0;) AppleWebKit/537.36 (KHTML, like Gecko) Mobile Safari/537.36 (compatible; PetalBot;+https://webmaster.petalsearch.com/site/petalbot)" "brainbox.co.in"
114.119.135.132 - - [23/Oct/2022:10:45:19 -0700] "GET /PDFContent/Beetle/CLASS%20V/SOCIAL/SEM%201/LESSON%205.%20DESERT%20CLIMATE%20-%20SAUDI%20ARABIA.pdf HTTP/1.1" 200 121049 "https://brainbox.co.in/PDFContent/Beetle/CLASS%20V/SOCIAL/SEM%201/?C=D%3BO%3DA" "Mozilla/5.0 (Linux; Android 7.0;) AppleWebKit/537.36 (KHTML, like Gecko) Mobile Safari/537.36 (compatible; PetalBot;+https://webmaster.petalsearch.com/site/petalbot)" "brainbox.co.in"
114.119.145.175 - - [23/Oct/2022:10:50:49 -0700] "GET /PDFContent/04%20ICSE/05%20Class%20X/Chemistry/?C=N%3BO%3DD HTTP/1.1" 200 354 "https://brainbox.co.in/PDFContent/04%20ICSE/05%20Class%20X/Chemistry/?C=S%3BO%3DA" "Mozilla/5.0 (Linux; Android 7.0;) AppleWebKit/537.36 (KHTML, like Gecko) Mobile Safari/537.36 (compatible; PetalBot;+https://webmaster.petalsearch.com/site/petalbot)" "brainbox.co.in"
114.119.145.160 - - [23/Oct/2022:10:56:24 -0700] "GET /PDFContent/Beetle/CLASS%20II/MATHEMATICS%20SEM%202/Lesson%203.%20Patterns%20and%20shapes.pdf HTTP/1.1" 200 119952 "https://brainbox.co.in/PDFContent/Beetle/CLASS%20II/MATHEMATICS%20SEM%202/?C=N%3BO%3DD" "Mozilla/5.0 (Linux; Android 7.0;) AppleWebKit/537.36 (KHTML, like Gecko) Mobile Safari/537.36 (compatible; PetalBot;+https://webmaster.petalsearch.com/site/petalbot)" "brainbox.co.in"
114.119.145.175 - - [23/Oct/2022:11:01:58 -0700] "GET /PDFContent/03%20CBSE/02%20Class%20VII/Hindi/Ques%20&%20Ans/CBSC_VII_LS02_SABSE%20SUNDAR%20LADKI%20_QUES%20&%20ANS.pdf HTTP/1.1" 200 718686 "https://brainbox.co.in/PDFContent/03%20CBSE/02%20Class%20VII/Hindi/Ques%20&%20Ans/?C=D%3BO%3DA" "Mozilla/5.0 (Linux; Android 7.0;) AppleWebKit/537.36 (KHTML, like Gecko) Mobile Safari/537.36 (compatible; PetalBot;+https://webmaster.petalsearch.com/site/petalbot)" "brainbox.co.in"
114.119.145.175 - - [23/Oct/2022:11:07:35 -0700] "GET /PDFContent/Beetle/CLASS%20IV/MATHEMATICS%202/?C=N%3BO%3DD HTTP/1.1" 200 579 "https://brainbox.co.in/PDFContent/Beetle/CLASS%20IV/MATHEMATICS%202/?C=S%3BO%3DA" "Mozilla/5.0 (Linux; Android 7.0;) AppleWebKit/537.36 (KHTML, like Gecko) Mobile Safari/537.36 (compatible; PetalBot;+https://webmaster.petalsearch.com/site/petalbot)" "brainbox.co.in"
114.119.145.187 - - [23/Oct/2022:11:13:12 -0700] "GET /PDFContent/03%20CBSE/03%20Class%20VIII/Biology/Definitions1.pdf HTTP/1.1" 200 487903 "https://brainbox.co.in/PDFContent/03%20CBSE/03%20Class%20VIII/Biology/" "Mozilla/5.0 (Linux; Android 7.0;) AppleWebKit/537.36 (KHTML, like Gecko) Mobile Safari/537.36 (compatible; PetalBot;+https://webmaster.petalsearch.com/site/petalbot)" "brainbox.co.in"
5.255.253.185 - - [23/Oct/2022:11:13:27 -0700] "GET / HTTP/1.1" 200 432 "-" "Mozilla/5.0 (compatible; YandexBot/3.0; +http://yandex.com/bots)" "brainbox.co.in"
95.108.213.23 - - [23/Oct/2022:11:18:15 -0700] "GET / HTTP/1.1" 200 432 "-" "Mozilla/5.0 (compatible; YandexBot/3.0; +http://yandex.com/bots)" "brainbox.co.in"
114.119.135.132 - - [23/Oct/2022:11:18:49 -0700] "GET /PDFContent/01%20TSB/04%20Class%20IX/Biology/Challenging%20in%20Improving%20Agricultural/TS_IX_BIOLOGY_CHALLENGES%20%20IN%20IMPROVING%20AGRICULTURAL_Every%20living%20organism%20need.pdf HTTP/1.1" 200 230709 "https://brainbox.co.in/PDFContent/01%20TSB/04%20Class%20IX/Biology/Challenging%20in%20Improving%20Agricultural/?C=S%3BO%3DA" "Mozilla/5.0 (Linux; Android 7.0;) AppleWebKit/537.36 (KHTML, like Gecko) Mobile Safari/537.36 (compatible; PetalBot;+https://webmaster.petalsearch.com/site/petalbot)" "brainbox.co.in"
114.119.135.132 - - [23/Oct/2022:11:24:21 -0700] "GET /PDFContent/03%20CBSE/04%20Class%20IX/Biology/Fundamental%20Unit%20of%20Life/Endoplasmic%20Reticulum.pdf HTTP/1.1" 200 346262 "https://brainbox.co.in/PDFContent/03%20CBSE/04%20Class%20IX/Biology/Fundamental%20Unit%20of%20Life/?C=S%3BO%3DA" "Mozilla/5.0 (Linux; Android 7.0;) AppleWebKit/537.36 (KHTML, like Gecko) Mobile Safari/537.36 (compatible; PetalBot;+https://webmaster.petalsearch.com/site/petalbot)" "brainbox.co.in"
114.119.145.174 - - [23/Oct/2022:11:29:56 -0700] "GET /PDFContent/03%20CBSE/07%20Class%20XII/Chemistry/SOLID%20STATE/Solid%20State_T06_VOIDS%20OR%20HOLES.pdf HTTP/1.1" 200 296200 "https://brainbox.co.in/PDFContent/03%20CBSE/07%20Class%20XII/Chemistry/SOLID%20STATE/?C=D%3BO%3DA" "Mozilla/5.0 (Linux; Android 7.0;) AppleWebKit/537.36 (KHTML, like Gecko) Mobile Safari/537.36 (compatible; PetalBot;+https://webmaster.petalsearch.com/site/petalbot)" "brainbox.co.in"
114.119.145.160 - - [23/Oct/2022:11:35:31 -0700] "GET /PDFContent/03%20CBSE/04%20Class%20IX/Biology/WHY%20DO%20WE%20FALL%20ILL/?C=D%3BO%3DA HTTP/1.1" 200 524 "https://brainbox.co.in/PDFContent/03%20CBSE/04%20Class%20IX/Biology/WHY%20DO%20WE%20FALL%20ILL/?C=M%3BO%3DA" "Mozilla/5.0 (Linux; Android 7.0;) AppleWebKit/537.36 (KHTML, like Gecko) Mobile Safari/537.36 (compatible; PetalBot;+https://webmaster.petalsearch.com/site/petalbot)" "brainbox.co.in"
51.222.253.1 - - [23/Oct/2022:11:39:41 -0700] "GET /PDFContent/01%20TSB/03%20Class%20VIII/English/LS2C/?C=N;O=A HTTP/1.1" 200 542 "-" "Mozilla/5.0 (compatible; AhrefsBot/7.0; +http://ahrefs.com/robot/)" "brainbox.co.in"
114.119.135.132 - - [23/Oct/2022:11:41:05 -0700] "GET /PDFContent/Beetle/CLASS%20V/SCIENCE/SEM2/Lesson%206.%20Pollution%20in%20the%20environment.pdf HTTP/1.1" 200 134642 "https://brainbox.co.in/PDFContent/Beetle/CLASS%20V/SCIENCE/SEM2/?C=N%3BO%3DD" "Mozilla/5.0 (Linux; Android 7.0;) AppleWebKit/537.36 (KHTML, like Gecko) Mobile Safari/537.36 (compatible; PetalBot;+https://webmaster.petalsearch.com/site/petalbot)" "brainbox.co.in"
114.119.145.174 - - [23/Oct/2022:11:46:37 -0700] "GET /PDFContent/02%20APSB/05%20Class%20X/Physics/?C=D%3BO%3DA HTTP/1.1" 200 354 "https://brainbox.co.in/PDFContent/02%20APSB/05%20Class%20X/Physics/?C=M%3BO%3DA" "Mozilla/5.0 (Linux; Android 7.0;) AppleWebKit/537.36 (KHTML, like Gecko) Mobile Safari/537.36 (compatible; PetalBot;+https://webmaster.petalsearch.com/site/petalbot)" "brainbox.co.in"
51.222.253.8 - - [23/Oct/2022:11:48:21 -0700] "GET /PDFContent/03%20CBSE/04%20Class%20IX/Chemistry/?C=N;O=D HTTP/1.1" 200 447 "-" "Mozilla/5.0 (compatible; AhrefsBot/7.0; +http://ahrefs.com/robot/)" "brainbox.co.in"
114.119.135.132 - - [23/Oct/2022:11:52:12 -0700] "GET /PDFContent/Beetle/CLASS%20I/EVS/?C=D%3BO%3DA HTTP/1.1" 200 620 "https://brainbox.co.in/PDFContent/Beetle/CLASS%20I/EVS/?C=N%3BO%3DD" "Mozilla/5.0 (Linux; Android 7.0;) AppleWebKit/537.36 (KHTML, like Gecko) Mobile Safari/537.36 (compatible; PetalBot;+https://webmaster.petalsearch.com/site/petalbot)" "brainbox.co.in"
114.119.145.175 - - [23/Oct/2022:11:57:46 -0700] "GET /PDFContent/03%20CBSE/06%20Class%20XI/Chemistry/CHEMICAL%20BONDING/?C=D%3BO%3DA HTTP/1.1" 200 667 "https://brainbox.co.in/PDFContent/03%20CBSE/06%20Class%20XI/Chemistry/CHEMICAL%20BONDING/?C=N%3BO%3DD" "Mozilla/5.0 (Linux; Android 7.0;) AppleWebKit/537.36 (KHTML, like Gecko) Mobile Safari/537.36 (compatible; PetalBot;+https://webmaster.petalsearch.com/site/petalbot)" "brainbox.co.in"
114.119.145.175 - - [23/Oct/2022:12:03:21 -0700] "GET /PDFContent/03%20CBSE/07%20Class%20XII/Physics/ELECTRIC%20CHARGES%20AND%20FIELDS/?C=S%3BO%3DA HTTP/1.1" 200 687 "https://brainbox.co.in/PDFContent/03%20CBSE/07%20Class%20XII/Physics/ELECTRIC%20CHARGES%20AND%20FIELDS/" "Mozilla/5.0 (Linux; Android 7.0;) AppleWebKit/537.36 (KHTML, like Gecko) Mobile Safari/537.36 (compatible; PetalBot;+https://webmaster.petalsearch.com/site/petalbot)" "brainbox.co.in"
114.119.135.132 - - [23/Oct/2022:12:09:01 -0700] "GET /PDFContent/SPECIAL%20CROUSE/Part%201%20Grammar%20Essentials/?C=N%3BO%3DD HTTP/1.1" 200 456 "https://brainbox.co.in/PDFContent/SPECIAL%20CROUSE/Part%201%20Grammar%20Essentials/?C=M%3BO%3DA" "Mozilla/5.0 (Linux; Android 7.0;) AppleWebKit/537.36 (KHTML, like Gecko) Mobile Safari/537.36 (compatible; PetalBot;+https://webmaster.petalsearch.com/site/petalbot)" "brainbox.co.in"
114.119.145.174 - - [23/Oct/2022:12:14:30 -0700] "GET /PDFContent/01%20TSB/03%20Class%20VIII/English/LS3B/ HTTP/1.1" 200 542 "https://brainbox.co.in/PDFContent/01%20TSB/03%20Class%20VIII/English/" "Mozilla/5.0 (Linux; Android 7.0;) AppleWebKit/537.36 (KHTML, like Gecko) Mobile Safari/537.36 (compatible; PetalBot;+https://webmaster.petalsearch.com/site/petalbot)" "brainbox.co.in"
114.119.145.187 - - [23/Oct/2022:12:20:07 -0700] "GET /PDFContent/02%20APSB/07%20Class%20XII/Hindi/?C=S%3BO%3DA HTTP/1.1" 200 354 "https://brainbox.co.in/PDFContent/02%20APSB/07%20Class%20XII/Hindi/?C=M%3BO%3DA" "Mozilla/5.0 (Linux; Android 7.0;) AppleWebKit/537.36 (KHTML, like Gecko) Mobile Safari/537.36 (compatible; PetalBot;+https://webmaster.petalsearch.com/site/petalbot)" "brainbox.co.in"
114.119.145.174 - - [23/Oct/2022:12:25:39 -0700] "GET /PDFContent/01%20TSB/03%20Class%20VIII/English/LS7B/TSB_VIII_ENGLISH_LS07B_BONSAI%20LIFE_P2_Assignment.pdf HTTP/1.1" 200 231879 "https://brainbox.co.in/PDFContent/01%20TSB/03%20Class%20VIII/English/LS7B/?C=D%3BO%3DA" "Mozilla/5.0 (Linux; Android 7.0;) AppleWebKit/537.36 (KHTML, like Gecko) Mobile Safari/537.36 (compatible; PetalBot;+https://webmaster.petalsearch.com/site/petalbot)" "brainbox.co.in"
185.191.171.18 - - [23/Oct/2022:12:40:41 -0700] "GET /robots.txt HTTP/1.1" 404 88 "-" "Mozilla/5.0 (compatible; SemrushBot/7~bl; +http://www.semrush.com/bot.html)" "brainbox.co.in"
185.191.171.8 - - [23/Oct/2022:12:40:42 -0700] "GET /PDFContent/01%20TSB/03%20Class%20VIII/Biology/?C=S%3BO%3DA HTTP/1.1" 200 431 "-" "Mozilla/5.0 (compatible; SemrushBot/7~bl; +http://www.semrush.com/bot.html)" "brainbox.co.in"
185.191.171.19 - - [23/Oct/2022:12:40:46 -0700] "GET /PDFContent/01%20TSB/03%20Class%20VIII/Chemistry/?C=D%3BO%3DA HTTP/1.1" 200 458 "-" "Mozilla/5.0 (compatible; SemrushBot/7~bl; +http://www.semrush.com/bot.html)" "brainbox.co.in"
114.119.145.174 - - [23/Oct/2022:12:42:31 -0700] "GET /PDFContent/Beetle/CLASS%20II/ENGLISH/?C=S%3BO%3DA HTTP/1.1" 200 624 "https://brainbox.co.in/PDFContent/Beetle/CLASS%20II/ENGLISH/?C=N%3BO%3DD" "Mozilla/5.0 (Linux; Android 7.0;) AppleWebKit/537.36 (KHTML, like Gecko) Mobile Safari/537.36 (compatible; PetalBot;+https://webmaster.petalsearch.com/site/petalbot)" "brainbox.co.in"
114.119.135.132 - - [23/Oct/2022:12:48:03 -0700] "GET /PDFContent/03%20CBSE/04%20Class%20IX/Maths/LINEAR%20EQUATIONS%20IN%20TWO%20VARIABLES/?C=D%3BO%3DA HTTP/1.1" 200 846 "https://brainbox.co.in/PDFContent/03%20CBSE/04%20Class%20IX/Maths/LINEAR%20EQUATIONS%20IN%20TWO%20VARIABLES/?C=N%3BO%3DD" "Mozilla/5.0 (Linux; Android 7.0;) AppleWebKit/537.36 (KHTML, like Gecko) Mobile Safari/537.36 (compatible; PetalBot;+https://webmaster.petalsearch.com/site/petalbot)" "brainbox.co.in"
20.166.75.185 - - [23/Oct/2022:12:54:22 -0700] "GET /wp-includes/wlwmanifest.xml HTTP/1.1" 404 73 "-" "Mozilla/5.0 (Windows NT 10.0; Win64; x64) AppleWebKit/537.36 (KHTML, like Gecko) Chrome/80.0.3987.149 Safari/537.36" "brainbox.co.in"
20.166.75.185 - - [23/Oct/2022:12:54:23 -0700] "GET /xmlrpc.php?rsd HTTP/1.1" 500 5325 "-" "Mozilla/5.0 (Windows NT 10.0; Win64; x64) AppleWebKit/537.36 (KHTML, like Gecko) Chrome/80.0.3987.149 Safari/537.36" "brainbox.co.in"
20.166.75.185 - - [23/Oct/2022:12:54:25 -0700] "GET /web/wp-includes/wlwmanifest.xml HTTP/1.1" 404 73 "-" "Mozilla/5.0 (Windows NT 10.0; Win64; x64) AppleWebKit/537.36 (KHTML, like Gecko) Chrome/80.0.3987.149 Safari/537.36" "brainbox.co.in"
20.166.75.185 - - [23/Oct/2022:12:54:25 -0700] "GET /wordpress/wp-includes/wlwmanifest.xml HTTP/1.1" 404 73 "-" "Mozilla/5.0 (Windows NT 10.0; Win64; x64) AppleWebKit/537.36 (KHTML, like Gecko) Chrome/80.0.3987.149 Safari/537.36" "brainbox.co.in"
20.166.75.185 - - [23/Oct/2022:12:54:26 -0700] "GET /website/wp-includes/wlwmanifest.xml HTTP/1.1" 404 73 "-" "Mozilla/5.0 (Windows NT 10.0; Win64; x64) AppleWebKit/537.36 (KHTML, like Gecko) Chrome/80.0.3987.149 Safari/537.36" "brainbox.co.in"
20.166.75.185 - - [23/Oct/2022:12:54:26 -0700] "GET /wp/wp-includes/wlwmanifest.xml HTTP/1.1" 404 73 "-" "Mozilla/5.0 (Windows NT 10.0; Win64; x64) AppleWebKit/537.36 (KHTML, like Gecko) Chrome/80.0.3987.149 Safari/537.36" "brainbox.co.in"
20.166.75.185 - - [23/Oct/2022:12:54:27 -0700] "GET /news/wp-includes/wlwmanifest.xml HTTP/1.1" 404 73 "-" "Mozilla/5.0 (Windows NT 10.0; Win64; x64) AppleWebKit/537.36 (KHTML, like Gecko) Chrome/80.0.3987.149 Safari/537.36" "brainbox.co.in"
20.166.75.185 - - [23/Oct/2022:12:54:28 -0700] "GET /2018/wp-includes/wlwmanifest.xml HTTP/1.1" 404 73 "-" "Mozilla/5.0 (Windows NT 10.0; Win64; x64) AppleWebKit/537.36 (KHTML, like Gecko) Chrome/80.0.3987.149 Safari/537.36" "brainbox.co.in"
20.166.75.185 - - [23/Oct/2022:12:54:29 -0700] "GET /wp1/wp-includes/wlwmanifest.xml HTTP/1.1" 404 73 "-" "Mozilla/5.0 (Windows NT 10.0; Win64; x64) AppleWebKit/537.36 (KHTML, like Gecko) Chrome/80.0.3987.149 Safari/537.36" "brainbox.co.in"
20.166.75.185 - - [23/Oct/2022:12:54:30 -0700] "GET /test/wp-includes/wlwmanifest.xml HTTP/1.1" 404 73 "-" "Mozilla/5.0 (Windows NT 10.0; Win64; x64) AppleWebKit/537.36 (KHTML, like Gecko) Chrome/80.0.3987.149 Safari/537.36" "brainbox.co.in"
20.166.75.185 - - [23/Oct/2022:12:54:30 -0700] "GET /media/wp-includes/wlwmanifest.xml HTTP/1.1" 404 73 "-" "Mozilla/5.0 (Windows NT 10.0; Win64; x64) AppleWebKit/537.36 (KHTML, like Gecko) Chrome/80.0.3987.149 Safari/537.36" "brainbox.co.in"
20.166.75.185 - - [23/Oct/2022:12:54:32 -0700] "GET /cms/wp-includes/wlwmanifest.xml HTTP/1.1" 404 73 "-" "Mozilla/5.0 (Windows NT 10.0; Win64; x64) AppleWebKit/537.36 (KHTML, like Gecko) Chrome/80.0.3987.149 Safari/537.36" "brainbox.co.in"
51.222.253.13 - - [23/Oct/2022:13:06:05 -0700] "GET /PDFContent/01%20TSB/01%20Class%20VI/Sanskrit/?C=N;O=D HTTP/1.1" 200 350 "-" "Mozilla/5.0 (compatible; AhrefsBot/7.0; +http://ahrefs.com/robot/)" "brainbox.co.in"
114.119.145.175 - - [23/Oct/2022:13:10:14 -0700] "GET /PDFContent/01%20TSB/02%20Class%20VII/Hindi/word%20meaning/TSV_VII_LS03_AGAR%20PED%20BHI%20CHALTE%20HOTE_WORD%20MEANING.pdf HTTP/1.1" 200 218301 "https://brainbox.co.in/PDFContent/01%20TSB/02%20Class%20VII/Hindi/word%20meaning/" "Mozilla/5.0 (Linux; Android 7.0;) AppleWebKit/537.36 (KHTML, like Gecko) Mobile Safari/537.36 (compatible; PetalBot;+https://webmaster.petalsearch.com/site/petalbot)" "brainbox.co.in"
185.191.171.42 - - [23/Oct/2022:13:23:51 -0700] "GET /PDFContent/01%20TSB/03%20Class%20VIII/English/LS2B/ HTTP/1.1" 200 597 "-" "Mozilla/5.0 (compatible; SemrushBot/7~bl; +http://www.semrush.com/bot.html)" "brainbox.co.in"
114.119.145.175 - - [23/Oct/2022:13:26:56 -0700] "GET /PDFContent/03%20CBSE/04%20Class%20IX/Chemistry/STRUCTURE%20OF%20ATOM/?C=S%3BO%3DA HTTP/1.1" 200 616 "https://brainbox.co.in/PDFContent/03%20CBSE/04%20Class%20IX/Chemistry/STRUCTURE%20OF%20ATOM/" "Mozilla/5.0 (Linux; Android 7.0;) AppleWebKit/537.36 (KHTML, like Gecko) Mobile Safari/537.36 (compatible; PetalBot;+https://webmaster.petalsearch.com/site/petalbot)" "brainbox.co.in"
114.119.145.187 - - [23/Oct/2022:13:32:33 -0700] "GET /PDFContent/03%20CBSE/02%20Class%20VII/Hindi/Word%20Meaning/CBSC_VII_LS09_VISHWESWARAIYA_WORD%20MEANING.pdf HTTP/1.1" 200 273463 "https://brainbox.co.in/PDFContent/03%20CBSE/02%20Class%20VII/Hindi/Word%20Meaning/?C=N%3BO%3DD" "Mozilla/5.0 (Linux; Android 7.0;) AppleWebKit/537.36 (KHTML, like Gecko) Mobile Safari/537.36 (compatible; PetalBot;+https://webmaster.petalsearch.com/site/petalbot)" "brainbox.co.in"
114.119.145.160 - - [23/Oct/2022:13:38:06 -0700] "GET /PDFContent/03%20CBSE/03%20Class%20VIII/Chemistry/ HTTP/1.1" 200 631 "https://brainbox.co.in/PDFContent/03%20CBSE/03%20Class%20VIII/Chemistry/CHEMICAL%20EFFECTS%20OF%20ELECTRIC%20CURRENT/?C=M%3BO%3DA" "Mozilla/5.0 (Linux; Android 7.0;) AppleWebKit/537.36 (KHTML, like Gecko) Mobile Safari/537.36 (compatible; PetalBot;+https://webmaster.petalsearch.com/site/petalbot)" "brainbox.co.in"
51.222.253.6 - - [23/Oct/2022:13:40:49 -0700] "GET /PDFContent/01%20TSB/05%20Class%20X/English/OR%20WILL%20THE%20DREAMER%20WAKE/?C=D;O=D HTTP/1.1" 200 542 "-" "Mozilla/5.0 (compatible; AhrefsBot/7.0; +http://ahrefs.com/robot/)" "brainbox.co.in"
114.119.145.175 - - [23/Oct/2022:13:43:41 -0700] "GET /PDFContent/03%20CBSE/07%20Class%20XII/Chemistry/?C=S%3BO%3DA HTTP/1.1" 200 432 "https://brainbox.co.in/PDFContent/03%20CBSE/07%20Class%20XII/Chemistry/" "Mozilla/5.0 (Linux; Android 7.0;) AppleWebKit/537.36 (KHTML, like Gecko) Mobile Safari/537.36 (compatible; PetalBot;+https://webmaster.petalsearch.com/site/petalbot)" "brainbox.co.in"
185.191.171.22 - - [23/Oct/2022:13:50:21 -0700] "GET /robots.txt HTTP/1.1" 404 88 "-" "Mozilla/5.0 (compatible; SemrushBot/7~bl; +http://www.semrush.com/bot.html)" "brainbox.co.in"
185.191.171.37 - - [23/Oct/2022:13:50:21 -0700] "GET /PDFContent/01%20TSB/03%20Class%20VIII/Biology/?C=M%3BO%3DA HTTP/1.1" 200 431 "-" "Mozilla/5.0 (compatible; SemrushBot/7~bl; +http://www.semrush.com/bot.html)" "brainbox.co.in"
185.191.171.1 - - [23/Oct/2022:13:51:48 -0700] "GET /PDFContent/01%20TSB/03%20Class%20VIII/Biology/?C=D%3BO%3DA HTTP/1.1" 200 431 "-" "Mozilla/5.0 (compatible; SemrushBot/7~bl; +http://www.semrush.com/bot.html)" "brainbox.co.in"
13.52.252.180 - - [23/Oct/2022:13:53:04 -0700] "GET /~richard/templates/beez/US/uk/paypal/login.htm HTTP/1.1" 404 73 "-" "Mozilla/5.0 (Macintosh; Intel Mac OS X 10_10_5) AppleWebKit/537.36 (KHTML, like Gecko) Chrome/52.0.2743.116 Safari/537.36" "brainbox.co.in"
114.119.145.187 - - [23/Oct/2022:13:54:54 -0700] "GET /PDFContent/03%20CBSE/05%20Class%20X/Physics/REFLECTION%20AND%20REFRACTION/CBSE_X_PHYSCIS_LS10_REFLECTION%20&%20REFRACTION_FORMATION%20OF%20IMAGE.pdf HTTP/1.1" 200 361788 "https://brainboxschool.com/material/CBSE/X/Physics/REFLECTION_&_REFRACTION.html" "Mozilla/5.0 (Linux; Android 7.0;) AppleWebKit/537.36 (KHTML, like Gecko) Mobile Safari/537.36 (compatible; PetalBot;+https://webmaster.petalsearch.com/site/petalbot)" "brainbox.co.in"
114.119.135.132 - - [23/Oct/2022:14:00:34 -0700] "GET /PDFContent/03%20CBSE/04%20Class%20IX/Maths/POLYNOMIALS/CBSE_IX_MATHS_LS02_POLYNOMIALS_DEGREE%20OF%20POLYNOMIAL%20IN%20ONE%20VARIABLE.pdf HTTP/1.1" 200 359663 "https://brainbox.co.in/PDFContent/03%20CBSE/04%20Class%20IX/Maths/POLYNOMIALS/?C=N%3BO%3DD" "Mozilla/5.0 (Linux; Android 7.0;) AppleWebKit/537.36 (KHTML, like Gecko) Mobile Safari/537.36 (compatible; PetalBot;+https://webmaster.petalsearch.com/site/petalbot)" "brainbox.co.in"
114.119.135.132 - - [23/Oct/2022:14:11:48 -0700] "GET /PDFContent/03%20CBSE/06%20Class%20XI/Physics/GRAVITATION/?C=N%3BO%3DD HTTP/1.1" 200 701 "https://brainbox.co.in/PDFContent/03%20CBSE/06%20Class%20XI/Physics/GRAVITATION/" "Mozilla/5.0 (Linux; Android 7.0;) AppleWebKit/537.36 (KHTML, like Gecko) Mobile Safari/537.36 (compatible; PetalBot;+https://webmaster.petalsearch.com/site/petalbot)" "brainbox.co.in"
114.119.145.174 - - [23/Oct/2022:14:17:25 -0700] "GET /PDFContent/03%20CBSE/05%20Class%20X/Hindi/SPARSH/?C=N%3BO%3DD HTTP/1.1" 200 452 "https://brainbox.co.in/PDFContent/03%20CBSE/05%20Class%20X/Hindi/SPARSH/?C=D%3BO%3DA" "Mozilla/5.0 (Linux; Android 7.0;) AppleWebKit/537.36 (KHTML, like Gecko) Mobile Safari/537.36 (compatible; PetalBot;+https://webmaster.petalsearch.com/site/petalbot)" "brainbox.co.in"
54.36.148.125 - - [23/Oct/2022:14:18:24 -0700] "GET /robots.txt HTTP/1.1" 404 88 "-" "Mozilla/5.0 (compatible; AhrefsBot/7.0; +http://ahrefs.com/robot/)" "brainbox.co.in"
51.222.253.1 - - [23/Oct/2022:14:18:26 -0700] "GET /PDFContent/01%20TSB/04%20Class%20IX/English/?C=N;O=A HTTP/1.1" 200 353 "-" "Mozilla/5.0 (compatible; AhrefsBot/7.0; +http://ahrefs.com/robot/)" "brainbox.co.in"
114.119.145.160 - - [23/Oct/2022:14:28:45 -0700] "GET /PDFContent/01%20TSB/03%20Class%20VIII/English/LS4C/?C=D%3BO%3DA HTTP/1.1" 200 539 "https://brainbox.co.in/PDFContent/01%20TSB/03%20Class%20VIII/English/LS4C/?C=M%3BO%3DA" "Mozilla/5.0 (Linux; Android 7.0;) AppleWebKit/537.36 (KHTML, like Gecko) Mobile Safari/537.36 (compatible; PetalBot;+https://webmaster.petalsearch.com/site/petalbot)" "brainbox.co.in"
66.249.79.86 - - [23/Oct/2022:14:36:34 -0700] "GET /robots.txt HTTP/1.1" 404 88 "-" "Mozilla/5.0 (compatible; Googlebot/2.1; +http://www.google.com/bot.html)" "brainbox.co.in"
114.119.145.160 - - [23/Oct/2022:14:40:08 -0700] "GET /PDFContent/02%20APSB/04%20Class%20IX/?C=M%3BO%3DA HTTP/1.1" 200 463 "https://brainbox.co.in/PDFContent/02%20APSB/04%20Class%20IX/?C=M%3BO%3DA" "Mozilla/5.0 (Linux; Android 7.0;) AppleWebKit/537.36 (KHTML, like Gecko) Mobile Safari/537.36 (compatible; PetalBot;+https://webmaster.petalsearch.com/site/petalbot)" "brainbox.co.in"
95.108.213.68 - - [23/Oct/2022:14:41:56 -0700] "GET /robots.txt HTTP/1.1" 404 73 "-" "Mozilla/5.0 (compatible; YandexBot/3.0; +http://yandex.com/bots)" "brainbox.co.in"
87.250.224.26 - - [23/Oct/2022:14:42:00 -0700] "GET /PDFContent/Beetle/CLASS%20II/EVS%20SEM%202/Lesson%208.%20Transport%20and%20communication.pdf HTTP/1.1" 200 - "-" "Mozilla/5.0 (compatible; YandexBot/3.0; +http://yandex.com/bots)" "brainbox.co.in"
114.119.135.132 - - [23/Oct/2022:14:45:50 -0700] "GET /PDFContent/Beetle/CLASS%20IV/ENGLISH/?C=S%3BO%3DA HTTP/1.1" 200 686 "https://brainbox.co.in/PDFContent/Beetle/CLASS%20IV/ENGLISH/?C=M%3BO%3DA" "Mozilla/5.0 (Linux; Android 7.0;) AppleWebKit/537.36 (KHTML, like Gecko) Mobile Safari/537.36 (compatible; PetalBot;+https://webmaster.petalsearch.com/site/petalbot)" "brainbox.co.in"
34.148.55.177 - - [23/Oct/2022:14:48:23 -0700] "GET /robots.txt HTTP/1.1" 404 88 "-" "ZoominfoBot (zoominfobot at zoominfo dot com)" "www.brainbox.co.in"
