114.119.145.175 - - [22/Oct/2022:17:03:48 -0700] "GET /PDFContent/01%20TSB/01%20Class%20VI/Telugu/SNEHABANDHAM/?C=N%3BO%3DD HTTP/1.1" 200 537 "https://brainbox.co.in/PDFContent/01%20TSB/01%20Class%20VI/Telugu/SNEHABANDHAM/" "Mozilla/5.0 (Linux; Android 7.0;) AppleWebKit/537.36 (KHTML, like Gecko) Mobile Safari/537.36 (compatible; PetalBot;+https://webmaster.petalsearch.com/site/petalbot)" "brainbox.co.in"
114.119.135.132 - - [22/Oct/2022:17:09:42 -0700] "GET /PDFContent/01%20TSB/02%20Class%20VII/English/01LS4A/?C=S%3BO%3DA HTTP/1.1" 200 474 "https://brainbox.co.in/PDFContent/01%20TSB/02%20Class%20VII/English/01LS4A/?C=N%3BO%3DD" "Mozilla/5.0 (Linux; Android 7.0;) AppleWebKit/537.36 (KHTML, like Gecko) Mobile Safari/537.36 (compatible; PetalBot;+https://webmaster.petalsearch.com/site/petalbot)" "brainbox.co.in"
5.255.231.115 - - [22/Oct/2022:17:13:14 -0700] "GET /PDFContent/Beetle/CLASS%20III/MATHEMATICS/SEM%202/Lesson%201.%20Money.pdf HTTP/1.1" 200 174457 "-" "Mozilla/5.0 (compatible; YandexBot/3.0; +http://yandex.com/bots)" "brainbox.co.in"
114.119.135.132 - - [22/Oct/2022:17:15:29 -0700] "GET /PDFContent/03%20CBSE/05%20Class%20X/Chemistry/Metals%20&%20Non%20Metals/CBSE_X_CHEMISTRY_METAL%20&%20NON%20METALS_Reaction%20of%20metals%20non%20metals.pdf HTTP/1.1" 200 385378 "https://brainbox.co.in/PDFContent/03%20CBSE/05%20Class%20X/Chemistry/Metals%20&%20Non%20Metals/?C=D%3BO%3DA" "Mozilla/5.0 (Linux; Android 7.0;) AppleWebKit/537.36 (KHTML, like Gecko) Mobile Safari/537.36 (compatible; PetalBot;+https://webmaster.petalsearch.com/site/petalbot)" "brainbox.co.in"
87.250.224.193 - - [22/Oct/2022:17:15:34 -0700] "GET /PDFContent/01%20TSB/02%20Class%20VII/Hindi/ques%20&%20ans/TSB_VII_LS04_HINDI%20DIWAS_QUES%20&%20ANS.pdf HTTP/1.1" 200 103374 "-" "Mozilla/5.0 (compatible; YandexBot/3.0; +http://yandex.com/bots)" "brainbox.co.in"
114.119.145.174 - - [22/Oct/2022:17:21:16 -0700] "GET /PDFContent/01%20TSB/01%20Class%20VI/Telugu/VARSHAM/?C=N%3BO%3DD HTTP/1.1" 200 464 "https://brainbox.co.in/PDFContent/01%20TSB/01%20Class%20VI/Telugu/VARSHAM/" "Mozilla/5.0 (Linux; Android 7.0;) AppleWebKit/537.36 (KHTML, like Gecko) Mobile Safari/537.36 (compatible; PetalBot;+https://webmaster.petalsearch.com/site/petalbot)" "brainbox.co.in"
114.119.145.160 - - [22/Oct/2022:17:27:03 -0700] "GET /PDFContent/03%20CBSE/04%20Class%20IX/Hindi/Biology/?C=S%3BO%3DA HTTP/1.1" 200 358 "https://brainbox.co.in/PDFContent/03%20CBSE/04%20Class%20IX/Hindi/Biology/?C=N%3BO%3DD" "Mozilla/5.0 (Linux; Android 7.0;) AppleWebKit/537.36 (KHTML, like Gecko) Mobile Safari/537.36 (compatible; PetalBot;+https://webmaster.petalsearch.com/site/petalbot)" "brainbox.co.in"
114.119.145.174 - - [22/Oct/2022:17:32:59 -0700] "GET /PDFContent/Beetle/CLASS%20II/EVS/Lesson%209.%20Festivals.pdf HTTP/1.1" 200 117600 "https://brainbox.co.in/PDFContent/Beetle/CLASS%20II/EVS/?C=M%3BO%3DA" "Mozilla/5.0 (Linux; Android 7.0;) AppleWebKit/537.36 (KHTML, like Gecko) Mobile Safari/537.36 (compatible; PetalBot;+https://webmaster.petalsearch.com/site/petalbot)" "brainbox.co.in"
114.119.145.175 - - [22/Oct/2022:17:38:50 -0700] "GET /PDFContent/01%20TSB/03%20Class%20VIII/English/LS2A/New/TSB_VIII_ENGLISH_LS02A_OLIVER%20ASKS%20FOR%20MORE_GLOSSARY%202.pdf HTTP/1.1" 200 471137 "https://brainbox.co.in/PDFContent/01%20TSB/03%20Class%20VIII/English/LS2A/New/?C=S%3BO%3DA" "Mozilla/5.0 (Linux; Android 7.0;) AppleWebKit/537.36 (KHTML, like Gecko) Mobile Safari/537.36 (compatible; PetalBot;+https://webmaster.petalsearch.com/site/petalbot)" "brainbox.co.in"
114.119.145.187 - - [22/Oct/2022:17:44:44 -0700] "GET /PDFContent/03%20CBSE/04%20Class%20IX/Biology/CBSE_lX_BIOLOGY_LS07_DIVERSTY%20IN%20LIVING%20ORGANISMS_QUESTION%20&%20ANSWERS.pdf HTTP/1.1" 200 454646 "https://brainbox.co.in/PDFContent/03%20CBSE/04%20Class%20IX/Biology/?C=M%3BO%3DA" "Mozilla/5.0 (Linux; Android 7.0;) AppleWebKit/537.36 (KHTML, like Gecko) Mobile Safari/537.36 (compatible; PetalBot;+https://webmaster.petalsearch.com/site/petalbot)" "brainbox.co.in"
114.119.145.187 - - [22/Oct/2022:17:50:31 -0700] "GET /PDFContent/03%20CBSE/03%20Class%20VIII/Physics/FRICTION/Friction_Problem_3,4%20&%205.pdf HTTP/1.1" 200 353279 "https://brainbox.co.in/PDFContent/03%20CBSE/03%20Class%20VIII/Physics/FRICTION/" "Mozilla/5.0 (Linux; Android 7.0;) AppleWebKit/537.36 (KHTML, like Gecko) Mobile Safari/537.36 (compatible; PetalBot;+https://webmaster.petalsearch.com/site/petalbot)" "brainbox.co.in"
54.183.197.161 - - [22/Oct/2022:17:53:58 -0700] "GET /~richard/templates/beez/US/uk/paypal/login.htm HTTP/1.1" 404 73 "-" "Mozilla/5.0 (Macintosh; Intel Mac OS X 10_10_5) AppleWebKit/537.36 (KHTML, like Gecko) Chrome/52.0.2743.116 Safari/537.36" "brainbox.co.in"
114.119.145.187 - - [22/Oct/2022:17:56:20 -0700] "GET /PDFContent/01%20TSB/06%20Class%20XI/Hindi/ HTTP/1.1" 200 352 "https://brainbox.co.in/PDFContent/01%20TSB/06%20Class%20XI/?C=S%3BO%3DA" "Mozilla/5.0 (Linux; Android 7.0;) AppleWebKit/537.36 (KHTML, like Gecko) Mobile Safari/537.36 (compatible; PetalBot;+https://webmaster.petalsearch.com/site/petalbot)" "brainbox.co.in"
5.255.253.185 - - [22/Oct/2022:18:01:02 -0700] "GET /PDFContent/Beetle/CLASS%20V/?C=M;O=A HTTP/1.1" 200 433 "-" "Mozilla/5.0 (compatible; YandexBot/3.0; +http://yandex.com/bots)" "brainbox.co.in"
114.119.145.174 - - [22/Oct/2022:18:02:12 -0700] "GET /PDFContent/03%20CBSE/04%20Class%20IX/Maths/POLYNOMIALS/CBSE_IX_MATHS_LS02_POLYNOMIALS_USE%20THE%20FACTOR%20THEOREM%20SOLUTION_07.pdf HTTP/1.1" 200 368495 "https://brainbox.co.in/PDFContent/03%20CBSE/04%20Class%20IX/Maths/POLYNOMIALS/?C=N%3BO%3DD" "Mozilla/5.0 (Linux; Android 7.0;) AppleWebKit/537.36 (KHTML, like Gecko) Mobile Safari/537.36 (compatible; PetalBot;+https://webmaster.petalsearch.com/site/petalbot)" "brainbox.co.in"
114.119.135.132 - - [22/Oct/2022:18:08:00 -0700] "GET /PDFContent/03%20CBSE/06%20Class%20XI/Physics/ HTTP/1.1" 200 452 "https://brainbox.co.in/PDFContent/03%20CBSE/06%20Class%20XI/?C=S%3BO%3DA" "Mozilla/5.0 (Linux; Android 7.0;) AppleWebKit/537.36 (KHTML, like Gecko) Mobile Safari/537.36 (compatible; PetalBot;+https://webmaster.petalsearch.com/site/petalbot)" "brainbox.co.in"
114.119.145.175 - - [22/Oct/2022:18:13:50 -0700] "GET /PDFContent/Beetle/CLASS%20V/SCIENCE/ HTTP/1.1" 200 398 "https://brainbox.co.in/PDFContent/Beetle/CLASS%20V/SCIENCE/SEM2/?C=N%3BO%3DD" "Mozilla/5.0 (Linux; Android 7.0;) AppleWebKit/537.36 (KHTML, like Gecko) Mobile Safari/537.36 (compatible; PetalBot;+https://webmaster.petalsearch.com/site/petalbot)" "brainbox.co.in"
114.119.145.160 - - [22/Oct/2022:18:19:39 -0700] "GET /PDFContent/01%20TSB/05%20Class%20X/Hindi/?C=N%3BO%3DD HTTP/1.1" 200 401 "https://brainbox.co.in/PDFContent/01%20TSB/05%20Class%20X/Hindi/?C=D%3BO%3DA" "Mozilla/5.0 (Linux; Android 7.0;) AppleWebKit/537.36 (KHTML, like Gecko) Mobile Safari/537.36 (compatible; PetalBot;+https://webmaster.petalsearch.com/site/petalbot)" "brainbox.co.in"
114.119.135.132 - - [22/Oct/2022:18:25:30 -0700] "GET /PDFContent/01%20TSB/03%20Class%20VIII/English/LS4B/TSB_VIII_ENGLISH_LS04B_PRETEEN%20PRETEXT_Questions%20And%20Answers.pdf HTTP/1.1" 200 323762 "https://brainbox.co.in/PDFContent/01%20TSB/03%20Class%20VIII/English/LS4B/" "Mozilla/5.0 (Linux; Android 7.0;) AppleWebKit/537.36 (KHTML, like Gecko) Mobile Safari/537.36 (compatible; PetalBot;+https://webmaster.petalsearch.com/site/petalbot)" "brainbox.co.in"
114.119.145.175 - - [22/Oct/2022:18:31:19 -0700] "GET /PDFContent/03%20CBSE/03%20Class%20VIII/Biology/Cell%20Structures/Definitions.pdf HTTP/1.1" 200 255142 "https://brainbox.co.in/PDFContent/03%20CBSE/03%20Class%20VIII/Biology/Cell%20Structures/?C=M%3BO%3DA" "Mozilla/5.0 (Linux; Android 7.0;) AppleWebKit/537.36 (KHTML, like Gecko) Mobile Safari/537.36 (compatible; PetalBot;+https://webmaster.petalsearch.com/site/petalbot)" "brainbox.co.in"
114.119.145.175 - - [22/Oct/2022:18:37:04 -0700] "GET /PDFContent/01%20TSB/05%20Class%20X/English/6A,ENVIRONMENT/?C=S%3BO%3DA HTTP/1.1" 200 518 "https://brainbox.co.in/PDFContent/01%20TSB/05%20Class%20X/English/6A,ENVIRONMENT/?C=N%3BO%3DD" "Mozilla/5.0 (Linux; Android 7.0;) AppleWebKit/537.36 (KHTML, like Gecko) Mobile Safari/537.36 (compatible; PetalBot;+https://webmaster.petalsearch.com/site/petalbot)" "brainbox.co.in"
114.119.145.174 - - [22/Oct/2022:18:42:53 -0700] "GET /PDFContent/03%20CBSE/02%20Class%20VII/Science/MOTION%20AND%20TIME/?C=N%3BO%3DD HTTP/1.1" 200 526 "https://brainbox.co.in/PDFContent/03%20CBSE/02%20Class%20VII/Science/MOTION%20AND%20TIME/" "Mozilla/5.0 (Linux; Android 7.0;) AppleWebKit/537.36 (KHTML, like Gecko) Mobile Safari/537.36 (compatible; PetalBot;+https://webmaster.petalsearch.com/site/petalbot)" "brainbox.co.in"
114.119.145.160 - - [22/Oct/2022:18:48:44 -0700] "GET /PDFContent/03%20CBSE/06%20Class%20XI/Maths/CBSE_XI_MATHS_LS07_PERMUTATION%20&COMBINATION_SUMMARY.pdf HTTP/1.1" 200 424570 "https://brainbox.co.in/PDFContent/03%20CBSE/06%20Class%20XI/Maths/?C=N%3BO%3DD" "Mozilla/5.0 (Linux; Android 7.0;) AppleWebKit/537.36 (KHTML, like Gecko) Mobile Safari/537.36 (compatible; PetalBot;+https://webmaster.petalsearch.com/site/petalbot)" "brainbox.co.in"
114.119.145.187 - - [22/Oct/2022:18:54:36 -0700] "GET /PDFContent/03%20CBSE/07%20Class%20XII/Hindi/?C=S%3BO%3DA HTTP/1.1" 200 354 "https://brainbox.co.in/PDFContent/03%20CBSE/07%20Class%20XII/Hindi/?C=D%3BO%3DA" "Mozilla/5.0 (Linux; Android 7.0;) AppleWebKit/537.36 (KHTML, like Gecko) Mobile Safari/537.36 (compatible; PetalBot;+https://webmaster.petalsearch.com/site/petalbot)" "brainbox.co.in"
114.119.133.87 - - [22/Oct/2022:18:56:54 -0700] "GET /robots.txt HTTP/1.1" 404 88 "-" "Mozilla/5.0 (compatible;PetalBot;+https://webmaster.petalsearch.com/site/petalbot)" "brainbox.co.in"
114.119.145.174 - - [22/Oct/2022:19:00:34 -0700] "GET /PDFContent/03%20CBSE/05%20Class%20X/Maths/COORDINATE%20GEOMETRY/Coordinate%20Geometry_T02_Distance%20between%20two%20points%20on%20a%20line%20parallel%20to%20the%20x-axis.pdf HTTP/1.1" 200 324191 "https://brainbox.co.in/PDFContent/03%20CBSE/05%20Class%20X/Maths/COORDINATE%20GEOMETRY/?C=S%3BO%3DA" "Mozilla/5.0 (Linux; Android 7.0;) AppleWebKit/537.36 (KHTML, like Gecko) Mobile Safari/537.36 (compatible; PetalBot;+https://webmaster.petalsearch.com/site/petalbot)" "brainbox.co.in"
114.119.145.174 - - [22/Oct/2022:19:06:24 -0700] "GET /PDFContent/01%20TSB/01%20Class%20VI/Maths/?C=D%3BO%3DA HTTP/1.1" 200 414 "https://brainbox.co.in/PDFContent/01%20TSB/01%20Class%20VI/Maths/?C=N%3BO%3DD" "Mozilla/5.0 (Linux; Android 7.0;) AppleWebKit/537.36 (KHTML, like Gecko) Mobile Safari/537.36 (compatible; PetalBot;+https://webmaster.petalsearch.com/site/petalbot)" "brainbox.co.in"
114.119.145.174 - - [22/Oct/2022:19:12:21 -0700] "GET /PDFContent/02%20APSB/04%20Class%20IX/Hindi/ HTTP/1.1" 200 352 "https://brainbox.co.in/PDFContent/02%20APSB/04%20Class%20IX/?C=M%3BO%3DA" "Mozilla/5.0 (Linux; Android 7.0;) AppleWebKit/537.36 (KHTML, like Gecko) Mobile Safari/537.36 (compatible; PetalBot;+https://webmaster.petalsearch.com/site/petalbot)" "brainbox.co.in"
13.58.174.218 - - [22/Oct/2022:19:13:46 -0700] "GET /~richard/templates/beez/US/uk/paypal/login.htm HTTP/1.1" 404 73 "-" "Mozilla/5.0 (Macintosh; Intel Mac OS X 10_10_5) AppleWebKit/537.36 (KHTML, like Gecko) Chrome/52.0.2743.116 Safari/537.36" "brainbox.co.in"
114.119.135.132 - - [22/Oct/2022:19:18:15 -0700] "GET /PDFContent/04%20ICSE/06%20Class%20XI/Chemistry/ HTTP/1.1" 200 356 "https://brainbox.co.in/PDFContent/04%20ICSE/06%20Class%20XI/?C=N%3BO%3DD" "Mozilla/5.0 (Linux; Android 7.0;) AppleWebKit/537.36 (KHTML, like Gecko) Mobile Safari/537.36 (compatible; PetalBot;+https://webmaster.petalsearch.com/site/petalbot)" "brainbox.co.in"
114.119.145.160 - - [22/Oct/2022:19:24:12 -0700] "GET /PDFContent/03%20CBSE/05%20Class%20X/Hindi/CBSE_X_HINDI_LS01_MAATAA%20KAA%20ANCHAL_CUE%20WORDS.pdf HTTP/1.1" 200 491165 "https://brainbox.co.in/PDFContent/03%20CBSE/05%20Class%20X/Hindi/?C=M%3BO%3DA" "Mozilla/5.0 (Linux; Android 7.0;) AppleWebKit/537.36 (KHTML, like Gecko) Mobile Safari/537.36 (compatible; PetalBot;+https://webmaster.petalsearch.com/site/petalbot)" "brainbox.co.in"
20.219.155.231 - - [22/Oct/2022:19:32:17 -0700] "GET /Makhdamxshell.php HTTP/1.1" 404 88 "-" "Mozilla/5.0 (Windows NT 10.0; Win64; x64) AppleWebKit/537.36 (KHTML, like Gecko) Chrome/85.0.4183.102 Safari/537.36" "brainbox.co.in"
20.219.155.231 - - [22/Oct/2022:19:32:20 -0700] "GET /wp-admin/includes/class-wp-media-list-data.php HTTP/1.1" 404 88 "-" "Mozilla/5.0 (Windows NT 10.0; Win64; x64) AppleWebKit/537.36 (KHTML, like Gecko) Chrome/85.0.4183.102 Safari/537.36" "brainbox.co.in"
20.219.155.231 - - [22/Oct/2022:19:32:27 -0700] "GET /wp-includes/wp-class.php HTTP/1.1" 404 88 "-" "Mozilla/5.0 (Windows NT 10.0; Win64; x64) AppleWebKit/537.36 (KHTML, like Gecko) Chrome/85.0.4183.102 Safari/537.36" "brainbox.co.in"
20.219.155.231 - - [22/Oct/2022:19:32:30 -0700] "GET /radio.php HTTP/1.1" 404 88 "-" "Mozilla/5.0 (Windows NT 10.0; Win64; x64) AppleWebKit/537.36 (KHTML, like Gecko) Chrome/85.0.4183.102 Safari/537.36" "brainbox.co.in"
20.219.155.231 - - [22/Oct/2022:19:32:33 -0700] "GET /fw.php HTTP/1.1" 404 88 "-" "Mozilla/5.0 (Windows NT 10.0; Win64; x64) AppleWebKit/537.36 (KHTML, like Gecko) Chrome/85.0.4183.102 Safari/537.36" "brainbox.co.in"
20.219.155.231 - - [22/Oct/2022:19:32:43 -0700] "GET /fx.php HTTP/1.1" 404 88 "-" "Mozilla/5.0 (Windows NT 10.0; Win64; x64) AppleWebKit/537.36 (KHTML, like Gecko) Chrome/85.0.4183.102 Safari/537.36" "brainbox.co.in"
20.219.155.231 - - [22/Oct/2022:19:32:46 -0700] "GET /ups.php HTTP/1.1" 404 88 "-" "Mozilla/5.0 (Windows NT 10.0; Win64; x64) AppleWebKit/537.36 (KHTML, like Gecko) Chrome/85.0.4183.102 Safari/537.36" "brainbox.co.in"
20.219.155.231 - - [22/Oct/2022:19:32:59 -0700] "GET /wikindex.php HTTP/1.1" 404 88 "-" "Mozilla/5.0 (Windows NT 10.0; Win64; x64) AppleWebKit/537.36 (KHTML, like Gecko) Chrome/85.0.4183.102 Safari/537.36" "brainbox.co.in"
20.219.155.231 - - [22/Oct/2022:19:33:21 -0700] "GET /1index.php HTTP/1.1" 404 88 "-" "Mozilla/5.0 (Windows NT 10.0; Win64; x64) AppleWebKit/537.36 (KHTML, like Gecko) Chrome/85.0.4183.102 Safari/537.36" "brainbox.co.in"
20.219.155.231 - - [22/Oct/2022:19:33:35 -0700] "GET /0.php HTTP/1.1" 404 88 "-" "Mozilla/5.0 (Windows NT 10.0; Win64; x64) AppleWebKit/537.36 (KHTML, like Gecko) Chrome/85.0.4183.102 Safari/537.36" "brainbox.co.in"
20.219.155.231 - - [22/Oct/2022:19:33:48 -0700] "GET /01.php HTTP/1.1" 404 88 "-" "Mozilla/5.0 (Windows NT 10.0; Win64; x64) AppleWebKit/537.36 (KHTML, like Gecko) Chrome/85.0.4183.102 Safari/537.36" "brainbox.co.in"
20.219.155.231 - - [22/Oct/2022:19:34:09 -0700] "GET /0byte HTTP/1.1" 404 88 "-" "Mozilla/5.0 (Windows NT 10.0; Win64; x64) AppleWebKit/537.36 (KHTML, like Gecko) Chrome/85.0.4183.102 Safari/537.36" "brainbox.co.in"
20.219.155.231 - - [22/Oct/2022:19:34:15 -0700] "GET /0byte.php HTTP/1.1" 404 88 "-" "Mozilla/5.0 (Windows NT 10.0; Win64; x64) AppleWebKit/537.36 (KHTML, like Gecko) Chrome/85.0.4183.102 Safari/537.36" "brainbox.co.in"
20.219.155.231 - - [22/Oct/2022:19:34:41 -0700] "GET /1.php HTTP/1.1" 404 88 "-" "Mozilla/5.0 (Windows NT 10.0; Win64; x64) AppleWebKit/537.36 (KHTML, like Gecko) Chrome/85.0.4183.102 Safari/537.36" "brainbox.co.in"
20.219.155.231 - - [22/Oct/2022:19:34:50 -0700] "GET /10.php HTTP/1.1" 404 88 "-" "Mozilla/5.0 (Windows NT 10.0; Win64; x64) AppleWebKit/537.36 (KHTML, like Gecko) Chrome/85.0.4183.102 Safari/537.36" "brainbox.co.in"
20.219.155.231 - - [22/Oct/2022:19:35:01 -0700] "GET /100.php HTTP/1.1" 404 88 "-" "Mozilla/5.0 (Windows NT 10.0; Win64; x64) AppleWebKit/537.36 (KHTML, like Gecko) Chrome/85.0.4183.102 Safari/537.36" "brainbox.co.in"
20.219.155.231 - - [22/Oct/2022:19:35:07 -0700] "GET /11index.php HTTP/1.1" 404 88 "-" "Mozilla/5.0 (Windows NT 10.0; Win64; x64) AppleWebKit/537.36 (KHTML, like Gecko) Chrome/85.0.4183.102 Safari/537.36" "brainbox.co.in"
20.219.155.231 - - [22/Oct/2022:19:35:10 -0700] "GET /13.php HTTP/1.1" 404 88 "-" "Mozilla/5.0 (Windows NT 10.0; Win64; x64) AppleWebKit/537.36 (KHTML, like Gecko) Chrome/85.0.4183.102 Safari/537.36" "brainbox.co.in"
20.219.155.231 - - [22/Oct/2022:19:35:17 -0700] "GET /1337.php HTTP/1.1" 404 88 "-" "Mozilla/5.0 (Windows NT 10.0; Win64; x64) AppleWebKit/537.36 (KHTML, like Gecko) Chrome/85.0.4183.102 Safari/537.36" "brainbox.co.in"
20.219.155.231 - - [22/Oct/2022:19:35:19 -0700] "GET /2.php HTTP/1.1" 404 88 "-" "Mozilla/5.0 (Windows NT 10.0; Win64; x64) AppleWebKit/537.36 (KHTML, like Gecko) Chrome/85.0.4183.102 Safari/537.36" "brainbox.co.in"
20.219.155.231 - - [22/Oct/2022:19:35:29 -0700] "GET /2index.php HTTP/1.1" 404 88 "-" "Mozilla/5.0 (Windows NT 10.0; Win64; x64) AppleWebKit/537.36 (KHTML, like Gecko) Chrome/85.0.4183.102 Safari/537.36" "brainbox.co.in"
20.219.155.231 - - [22/Oct/2022:19:35:48 -0700] "GET /3.php HTTP/1.1" 404 88 "-" "Mozilla/5.0 (Windows NT 10.0; Win64; x64) AppleWebKit/537.36 (KHTML, like Gecko) Chrome/85.0.4183.102 Safari/537.36" "brainbox.co.in"
114.119.145.174 - - [22/Oct/2022:19:36:03 -0700] "GET /PDFContent/03%20CBSE/03%20Class%20VIII/Biology/Reproduction%20in%20Animals/Fertilization.pdf HTTP/1.1" 200 387965 "https://brainbox.co.in/PDFContent/03%20CBSE/03%20Class%20VIII/Biology/Reproduction%20in%20Animals/?C=M%3BO%3DA" "Mozilla/5.0 (Linux; Android 7.0;) AppleWebKit/537.36 (KHTML, like Gecko) Mobile Safari/537.36 (compatible; PetalBot;+https://webmaster.petalsearch.com/site/petalbot)" "brainbox.co.in"
20.219.155.231 - - [22/Oct/2022:19:36:05 -0700] "GET /4.php HTTP/1.1" 404 88 "-" "Mozilla/5.0 (Windows NT 10.0; Win64; x64) AppleWebKit/537.36 (KHTML, like Gecko) Chrome/85.0.4183.102 Safari/537.36" "brainbox.co.in"
20.219.155.231 - - [22/Oct/2022:19:36:12 -0700] "GET /403.php HTTP/1.1" 404 88 "-" "Mozilla/5.0 (Windows NT 10.0; Win64; x64) AppleWebKit/537.36 (KHTML, like Gecko) Chrome/85.0.4183.102 Safari/537.36" "brainbox.co.in"
20.219.155.231 - - [22/Oct/2022:19:36:29 -0700] "GET /404.php HTTP/1.1" 404 88 "-" "Mozilla/5.0 (Windows NT 10.0; Win64; x64) AppleWebKit/537.36 (KHTML, like Gecko) Chrome/85.0.4183.102 Safari/537.36" "brainbox.co.in"
20.219.155.231 - - [22/Oct/2022:19:36:42 -0700] "GET /5.php HTTP/1.1" 404 88 "-" "Mozilla/5.0 (Windows NT 10.0; Win64; x64) AppleWebKit/537.36 (KHTML, like Gecko) Chrome/85.0.4183.102 Safari/537.36" "brainbox.co.in"
20.219.155.231 - - [22/Oct/2022:19:36:56 -0700] "GET /9.php HTTP/1.1" 404 88 "-" "Mozilla/5.0 (Windows NT 10.0; Win64; x64) AppleWebKit/537.36 (KHTML, like Gecko) Chrome/85.0.4183.102 Safari/537.36" "brainbox.co.in"
20.219.155.231 - - [22/Oct/2022:19:37:06 -0700] "GET /Alfa.php HTTP/1.1" 404 88 "-" "Mozilla/5.0 (Windows NT 10.0; Win64; x64) AppleWebKit/537.36 (KHTML, like Gecko) Chrome/85.0.4183.102 Safari/537.36" "brainbox.co.in"
20.219.155.231 - - [22/Oct/2022:19:37:30 -0700] "GET /FoxWSO.php HTTP/1.1" 404 88 "-" "Mozilla/5.0 (Windows NT 10.0; Win64; x64) AppleWebKit/537.36 (KHTML, like Gecko) Chrome/85.0.4183.102 Safari/537.36" "brainbox.co.in"
20.219.155.231 - - [22/Oct/2022:19:37:39 -0700] "GET /WSO.php HTTP/1.1" 404 88 "-" "Mozilla/5.0 (Windows NT 10.0; Win64; x64) AppleWebKit/537.36 (KHTML, like Gecko) Chrome/85.0.4183.102 Safari/537.36" "brainbox.co.in"
20.219.155.231 - - [22/Oct/2022:19:37:47 -0700] "GET /a.php HTTP/1.1" 404 88 "-" "Mozilla/5.0 (Windows NT 10.0; Win64; x64) AppleWebKit/537.36 (KHTML, like Gecko) Chrome/85.0.4183.102 Safari/537.36" "brainbox.co.in"
20.219.155.231 - - [22/Oct/2022:19:38:01 -0700] "GET /about.php HTTP/1.1" 404 88 "-" "Mozilla/5.0 (Windows NT 10.0; Win64; x64) AppleWebKit/537.36 (KHTML, like Gecko) Chrome/85.0.4183.102 Safari/537.36" "brainbox.co.in"
20.219.155.231 - - [22/Oct/2022:19:38:05 -0700] "GET /alf.php HTTP/1.1" 404 88 "-" "Mozilla/5.0 (Windows NT 10.0; Win64; x64) AppleWebKit/537.36 (KHTML, like Gecko) Chrome/85.0.4183.102 Safari/537.36" "brainbox.co.in"
20.219.155.231 - - [22/Oct/2022:19:38:15 -0700] "GET /alfa.php HTTP/1.1" 404 88 "-" "Mozilla/5.0 (Windows NT 10.0; Win64; x64) AppleWebKit/537.36 (KHTML, like Gecko) Chrome/85.0.4183.102 Safari/537.36" "brainbox.co.in"
20.219.155.231 - - [22/Oct/2022:19:38:22 -0700] "GET /alfashell.php HTTP/1.1" 404 88 "-" "Mozilla/5.0 (Windows NT 10.0; Win64; x64) AppleWebKit/537.36 (KHTML, like Gecko) Chrome/85.0.4183.102 Safari/537.36" "brainbox.co.in"
20.219.155.231 - - [22/Oct/2022:19:38:40 -0700] "GET /alwso.php HTTP/1.1" 404 88 "-" "Mozilla/5.0 (Windows NT 10.0; Win64; x64) AppleWebKit/537.36 (KHTML, like Gecko) Chrome/85.0.4183.102 Safari/537.36" "brainbox.co.in"
20.219.155.231 - - [22/Oct/2022:19:38:47 -0700] "GET /autoload_classmap.php HTTP/1.1" 404 88 "-" "Mozilla/5.0 (Windows NT 10.0; Win64; x64) AppleWebKit/537.36 (KHTML, like Gecko) Chrome/85.0.4183.102 Safari/537.36" "brainbox.co.in"
20.219.155.231 - - [22/Oct/2022:19:39:00 -0700] "GET /b.php HTTP/1.1" 404 88 "-" "Mozilla/5.0 (Windows NT 10.0; Win64; x64) AppleWebKit/537.36 (KHTML, like Gecko) Chrome/85.0.4183.102 Safari/537.36" "brainbox.co.in"
20.219.155.231 - - [22/Oct/2022:19:39:12 -0700] "GET /blog.php HTTP/1.1" 404 88 "-" "Mozilla/5.0 (Windows NT 10.0; Win64; x64) AppleWebKit/537.36 (KHTML, like Gecko) Chrome/85.0.4183.102 Safari/537.36" "brainbox.co.in"
20.219.155.231 - - [22/Oct/2022:19:39:16 -0700] "GET /blog/fw.php HTTP/1.1" 404 88 "-" "Mozilla/5.0 (Windows NT 10.0; Win64; x64) AppleWebKit/537.36 (KHTML, like Gecko) Chrome/85.0.4183.102 Safari/537.36" "brainbox.co.in"
20.219.155.231 - - [22/Oct/2022:19:39:34 -0700] "GET /bypass.php HTTP/1.1" 404 88 "-" "Mozilla/5.0 (Windows NT 10.0; Win64; x64) AppleWebKit/537.36 (KHTML, like Gecko) Chrome/85.0.4183.102 Safari/537.36" "brainbox.co.in"
20.219.155.231 - - [22/Oct/2022:19:39:49 -0700] "GET /c.php HTTP/1.1" 404 88 "-" "Mozilla/5.0 (Windows NT 10.0; Win64; x64) AppleWebKit/537.36 (KHTML, like Gecko) Chrome/85.0.4183.102 Safari/537.36" "brainbox.co.in"
20.219.155.231 - - [22/Oct/2022:19:39:55 -0700] "GET /c99.php HTTP/1.1" 404 88 "-" "Mozilla/5.0 (Windows NT 10.0; Win64; x64) AppleWebKit/537.36 (KHTML, like Gecko) Chrome/85.0.4183.102 Safari/537.36" "brainbox.co.in"
20.219.155.231 - - [22/Oct/2022:19:40:07 -0700] "GET /content.php HTTP/1.1" 404 88 "-" "Mozilla/5.0 (Windows NT 10.0; Win64; x64) AppleWebKit/537.36 (KHTML, like Gecko) Chrome/85.0.4183.102 Safari/537.36" "brainbox.co.in"
20.219.155.231 - - [22/Oct/2022:19:40:14 -0700] "GET /date.php HTTP/1.1" 404 88 "-" "Mozilla/5.0 (Windows NT 10.0; Win64; x64) AppleWebKit/537.36 (KHTML, like Gecko) Chrome/85.0.4183.102 Safari/537.36" "brainbox.co.in"
20.219.155.231 - - [22/Oct/2022:19:40:28 -0700] "GET /doc.php HTTP/1.1" 404 88 "-" "Mozilla/5.0 (Windows NT 10.0; Win64; x64) AppleWebKit/537.36 (KHTML, like Gecko) Chrome/85.0.4183.102 Safari/537.36" "brainbox.co.in"
20.219.155.231 - - [22/Oct/2022:19:40:34 -0700] "GET /e.php HTTP/1.1" 404 88 "-" "Mozilla/5.0 (Windows NT 10.0; Win64; x64) AppleWebKit/537.36 (KHTML, like Gecko) Chrome/85.0.4183.102 Safari/537.36" "brainbox.co.in"
20.219.155.231 - - [22/Oct/2022:19:40:42 -0700] "GET /edit-form.php HTTP/1.1" 404 88 "-" "Mozilla/5.0 (Windows NT 10.0; Win64; x64) AppleWebKit/537.36 (KHTML, like Gecko) Chrome/85.0.4183.102 Safari/537.36" "brainbox.co.in"
20.219.155.231 - - [22/Oct/2022:19:40:49 -0700] "GET /f.php HTTP/1.1" 404 88 "-" "Mozilla/5.0 (Windows NT 10.0; Win64; x64) AppleWebKit/537.36 (KHTML, like Gecko) Chrome/85.0.4183.102 Safari/537.36" "brainbox.co.in"
20.219.155.231 - - [22/Oct/2022:19:40:51 -0700] "GET /fox.php HTTP/1.1" 404 88 "-" "Mozilla/5.0 (Windows NT 10.0; Win64; x64) AppleWebKit/537.36 (KHTML, like Gecko) Chrome/85.0.4183.102 Safari/537.36" "brainbox.co.in"
20.219.155.231 - - [22/Oct/2022:19:41:03 -0700] "GET /g.php HTTP/1.1" 404 88 "-" "Mozilla/5.0 (Windows NT 10.0; Win64; x64) AppleWebKit/537.36 (KHTML, like Gecko) Chrome/85.0.4183.102 Safari/537.36" "brainbox.co.in"
20.219.155.231 - - [22/Oct/2022:19:41:15 -0700] "GET /goods.php HTTP/1.1" 404 88 "-" "Mozilla/5.0 (Windows NT 10.0; Win64; x64) AppleWebKit/537.36 (KHTML, like Gecko) Chrome/85.0.4183.102 Safari/537.36" "brainbox.co.in"
20.219.155.231 - - [22/Oct/2022:19:41:22 -0700] "GET /h.php HTTP/1.1" 404 88 "-" "Mozilla/5.0 (Windows NT 10.0; Win64; x64) AppleWebKit/537.36 (KHTML, like Gecko) Chrome/85.0.4183.102 Safari/537.36" "brainbox.co.in"
20.219.155.231 - - [22/Oct/2022:19:41:29 -0700] "GET /haxor.php HTTP/1.1" 404 88 "-" "Mozilla/5.0 (Windows NT 10.0; Win64; x64) AppleWebKit/537.36 (KHTML, like Gecko) Chrome/85.0.4183.102 Safari/537.36" "brainbox.co.in"
20.219.155.231 - - [22/Oct/2022:19:41:36 -0700] "GET /hello.php HTTP/1.1" 404 88 "-" "Mozilla/5.0 (Windows NT 10.0; Win64; x64) AppleWebKit/537.36 (KHTML, like Gecko) Chrome/85.0.4183.102 Safari/537.36" "brainbox.co.in"
20.219.155.231 - - [22/Oct/2022:19:41:41 -0700] "GET /i.php HTTP/1.1" 404 88 "-" "Mozilla/5.0 (Windows NT 10.0; Win64; x64) AppleWebKit/537.36 (KHTML, like Gecko) Chrome/85.0.4183.102 Safari/537.36" "brainbox.co.in"
20.219.155.231 - - [22/Oct/2022:19:41:55 -0700] "GET /images/about.php HTTP/1.1" 404 88 "-" "Mozilla/5.0 (Windows NT 10.0; Win64; x64) AppleWebKit/537.36 (KHTML, like Gecko) Chrome/85.0.4183.102 Safari/537.36" "brainbox.co.in"
114.119.145.174 - - [22/Oct/2022:19:41:59 -0700] "GET /PDFContent/01%20TSB/02%20Class%20VII/Science/ANIMAL%20FIBRE/ANIMAL%20FIBRE_GLOSSARY.pdf HTTP/1.1" 200 189556 "https://brainbox.co.in/PDFContent/01%20TSB/02%20Class%20VII/Science/ANIMAL%20FIBRE/?C=N%3BO%3DD" "Mozilla/5.0 (Linux; Android 7.0;) AppleWebKit/537.36 (KHTML, like Gecko) Mobile Safari/537.36 (compatible; PetalBot;+https://webmaster.petalsearch.com/site/petalbot)" "brainbox.co.in"
20.219.155.231 - - [22/Oct/2022:19:42:08 -0700] "GET /jindex.php HTTP/1.1" 404 88 "-" "Mozilla/5.0 (Windows NT 10.0; Win64; x64) AppleWebKit/537.36 (KHTML, like Gecko) Chrome/85.0.4183.102 Safari/537.36" "brainbox.co.in"
20.219.155.231 - - [22/Oct/2022:19:42:15 -0700] "GET /k.php HTTP/1.1" 404 88 "-" "Mozilla/5.0 (Windows NT 10.0; Win64; x64) AppleWebKit/537.36 (KHTML, like Gecko) Chrome/85.0.4183.102 Safari/537.36" "brainbox.co.in"
20.219.155.231 - - [22/Oct/2022:19:42:20 -0700] "GET /l.php HTTP/1.1" 404 88 "-" "Mozilla/5.0 (Windows NT 10.0; Win64; x64) AppleWebKit/537.36 (KHTML, like Gecko) Chrome/85.0.4183.102 Safari/537.36" "brainbox.co.in"
20.219.155.231 - - [22/Oct/2022:19:42:27 -0700] "GET /license.php HTTP/1.1" 404 88 "-" "Mozilla/5.0 (Windows NT 10.0; Win64; x64) AppleWebKit/537.36 (KHTML, like Gecko) Chrome/85.0.4183.102 Safari/537.36" "brainbox.co.in"
20.219.155.231 - - [22/Oct/2022:19:42:40 -0700] "GET /m.php HTTP/1.1" 404 88 "-" "Mozilla/5.0 (Windows NT 10.0; Win64; x64) AppleWebKit/537.36 (KHTML, like Gecko) Chrome/85.0.4183.102 Safari/537.36" "brainbox.co.in"
20.219.155.231 - - [22/Oct/2022:19:42:48 -0700] "GET /mar.php HTTP/1.1" 404 88 "-" "Mozilla/5.0 (Windows NT 10.0; Win64; x64) AppleWebKit/537.36 (KHTML, like Gecko) Chrome/85.0.4183.102 Safari/537.36" "brainbox.co.in"
20.219.155.231 - - [22/Oct/2022:19:43:03 -0700] "GET /mari.php HTTP/1.1" 404 88 "-" "Mozilla/5.0 (Windows NT 10.0; Win64; x64) AppleWebKit/537.36 (KHTML, like Gecko) Chrome/85.0.4183.102 Safari/537.36" "brainbox.co.in"
20.219.155.231 - - [22/Oct/2022:19:43:13 -0700] "GET /marijuana.php HTTP/1.1" 404 88 "-" "Mozilla/5.0 (Windows NT 10.0; Win64; x64) AppleWebKit/537.36 (KHTML, like Gecko) Chrome/85.0.4183.102 Safari/537.36" "brainbox.co.in"
20.219.155.231 - - [22/Oct/2022:19:43:20 -0700] "GET /mini.php HTTP/1.1" 404 88 "-" "Mozilla/5.0 (Windows NT 10.0; Win64; x64) AppleWebKit/537.36 (KHTML, like Gecko) Chrome/85.0.4183.102 Safari/537.36" "brainbox.co.in"
20.219.155.231 - - [22/Oct/2022:19:43:32 -0700] "GET /n.php HTTP/1.1" 404 88 "-" "Mozilla/5.0 (Windows NT 10.0; Win64; x64) AppleWebKit/537.36 (KHTML, like Gecko) Chrome/85.0.4183.102 Safari/537.36" "brainbox.co.in"
20.219.155.231 - - [22/Oct/2022:19:43:44 -0700] "GET /new.php HTTP/1.1" 404 88 "-" "Mozilla/5.0 (Windows NT 10.0; Win64; x64) AppleWebKit/537.36 (KHTML, like Gecko) Chrome/85.0.4183.102 Safari/537.36" "brainbox.co.in"
20.219.155.231 - - [22/Oct/2022:19:44:14 -0700] "GET /o.php HTTP/1.1" 404 88 "-" "Mozilla/5.0 (Windows NT 10.0; Win64; x64) AppleWebKit/537.36 (KHTML, like Gecko) Chrome/85.0.4183.102 Safari/537.36" "brainbox.co.in"
20.219.155.231 - - [22/Oct/2022:19:44:23 -0700] "GET /ok.php HTTP/1.1" 404 88 "-" "Mozilla/5.0 (Windows NT 10.0; Win64; x64) AppleWebKit/537.36 (KHTML, like Gecko) Chrome/85.0.4183.102 Safari/537.36" "brainbox.co.in"
20.219.155.231 - - [22/Oct/2022:19:44:33 -0700] "GET /old-index.php HTTP/1.1" 404 88 "-" "Mozilla/5.0 (Windows NT 10.0; Win64; x64) AppleWebKit/537.36 (KHTML, like Gecko) Chrome/85.0.4183.102 Safari/537.36" "brainbox.co.in"
20.219.155.231 - - [22/Oct/2022:19:44:49 -0700] "GET /p.php HTTP/1.1" 404 88 "-" "Mozilla/5.0 (Windows NT 10.0; Win64; x64) AppleWebKit/537.36 (KHTML, like Gecko) Chrome/85.0.4183.102 Safari/537.36" "brainbox.co.in"
20.219.155.231 - - [22/Oct/2022:19:44:59 -0700] "GET /priv8.php HTTP/1.1" 404 88 "-" "Mozilla/5.0 (Windows NT 10.0; Win64; x64) AppleWebKit/537.36 (KHTML, like Gecko) Chrome/85.0.4183.102 Safari/537.36" "brainbox.co.in"
20.219.155.231 - - [22/Oct/2022:19:45:08 -0700] "GET /public/403.php HTTP/1.1" 404 88 "-" "Mozilla/5.0 (Windows NT 10.0; Win64; x64) AppleWebKit/537.36 (KHTML, like Gecko) Chrome/85.0.4183.102 Safari/537.36" "brainbox.co.in"
20.219.155.231 - - [22/Oct/2022:19:45:19 -0700] "GET /q.php HTTP/1.1" 404 88 "-" "Mozilla/5.0 (Windows NT 10.0; Win64; x64) AppleWebKit/537.36 (KHTML, like Gecko) Chrome/85.0.4183.102 Safari/537.36" "brainbox.co.in"
20.219.155.231 - - [22/Oct/2022:19:45:43 -0700] "GET /r.php HTTP/1.1" 404 88 "-" "Mozilla/5.0 (Windows NT 10.0; Win64; x64) AppleWebKit/537.36 (KHTML, like Gecko) Chrome/85.0.4183.102 Safari/537.36" "brainbox.co.in"
20.219.155.231 - - [22/Oct/2022:19:45:51 -0700] "GET /root.php HTTP/1.1" 404 88 "-" "Mozilla/5.0 (Windows NT 10.0; Win64; x64) AppleWebKit/537.36 (KHTML, like Gecko) Chrome/85.0.4183.102 Safari/537.36" "brainbox.co.in"
20.219.155.231 - - [22/Oct/2022:19:46:02 -0700] "GET /rss.php HTTP/1.1" 404 88 "-" "Mozilla/5.0 (Windows NT 10.0; Win64; x64) AppleWebKit/537.36 (KHTML, like Gecko) Chrome/85.0.4183.102 Safari/537.36" "brainbox.co.in"
20.219.155.231 - - [22/Oct/2022:19:46:14 -0700] "GET /s.php HTTP/1.1" 404 88 "-" "Mozilla/5.0 (Windows NT 10.0; Win64; x64) AppleWebKit/537.36 (KHTML, like Gecko) Chrome/85.0.4183.102 Safari/537.36" "brainbox.co.in"
20.219.155.231 - - [22/Oct/2022:19:46:38 -0700] "GET /sh.php HTTP/1.1" 404 88 "-" "Mozilla/5.0 (Windows NT 10.0; Win64; x64) AppleWebKit/537.36 (KHTML, like Gecko) Chrome/85.0.4183.102 Safari/537.36" "brainbox.co.in"
20.219.155.231 - - [22/Oct/2022:19:46:57 -0700] "GET /shell.php HTTP/1.1" 404 88 "-" "Mozilla/5.0 (Windows NT 10.0; Win64; x64) AppleWebKit/537.36 (KHTML, like Gecko) Chrome/85.0.4183.102 Safari/537.36" "brainbox.co.in"
20.219.155.231 - - [22/Oct/2022:19:46:59 -0700] "GET /shx.php HTTP/1.1" 404 88 "-" "Mozilla/5.0 (Windows NT 10.0; Win64; x64) AppleWebKit/537.36 (KHTML, like Gecko) Chrome/85.0.4183.102 Safari/537.36" "brainbox.co.in"
20.219.155.231 - - [22/Oct/2022:19:47:17 -0700] "GET /small.php HTTP/1.1" 404 88 "-" "Mozilla/5.0 (Windows NT 10.0; Win64; x64) AppleWebKit/537.36 (KHTML, like Gecko) Chrome/85.0.4183.102 Safari/537.36" "brainbox.co.in"
20.219.155.231 - - [22/Oct/2022:19:47:19 -0700] "GET /templates/beez5/index.php HTTP/1.1" 404 88 "-" "Mozilla/5.0 (Windows NT 10.0; Win64; x64) AppleWebKit/537.36 (KHTML, like Gecko) Chrome/85.0.4183.102 Safari/537.36" "brainbox.co.in"
20.219.155.231 - - [22/Oct/2022:19:47:51 -0700] "GET /u.php HTTP/1.1" 404 88 "-" "Mozilla/5.0 (Windows NT 10.0; Win64; x64) AppleWebKit/537.36 (KHTML, like Gecko) Chrome/85.0.4183.102 Safari/537.36" "brainbox.co.in"
114.119.145.187 - - [22/Oct/2022:19:47:54 -0700] "GET /PDFContent/01%20TSB/03%20Class%20VIII/English/LS6C/TSB_VIII_ENGLISH_LS06C_MAESTRO%20WITH%20A%20MISSION_Questions%20and%20answers.pdf HTTP/1.1" 200 232021 "https://brainbox.co.in/PDFContent/01%20TSB/03%20Class%20VIII/English/LS6C/?C=S%3BO%3DA" "Mozilla/5.0 (Linux; Android 7.0;) AppleWebKit/537.36 (KHTML, like Gecko) Mobile Safari/537.36 (compatible; PetalBot;+https://webmaster.petalsearch.com/site/petalbot)" "brainbox.co.in"
20.219.155.231 - - [22/Oct/2022:19:48:03 -0700] "GET /up.php HTTP/1.1" 404 88 "-" "Mozilla/5.0 (Windows NT 10.0; Win64; x64) AppleWebKit/537.36 (KHTML, like Gecko) Chrome/85.0.4183.102 Safari/537.36" "brainbox.co.in"
20.219.155.231 - - [22/Oct/2022:19:48:11 -0700] "GET /uploader.php HTTP/1.1" 404 88 "-" "Mozilla/5.0 (Windows NT 10.0; Win64; x64) AppleWebKit/537.36 (KHTML, like Gecko) Chrome/85.0.4183.102 Safari/537.36" "brainbox.co.in"
20.219.155.231 - - [22/Oct/2022:19:48:20 -0700] "GET /uploads/up.php HTTP/1.1" 404 88 "-" "Mozilla/5.0 (Windows NT 10.0; Win64; x64) AppleWebKit/537.36 (KHTML, like Gecko) Chrome/85.0.4183.102 Safari/537.36" "brainbox.co.in"
20.219.155.231 - - [22/Oct/2022:19:48:27 -0700] "GET /v.php HTTP/1.1" 404 88 "-" "Mozilla/5.0 (Windows NT 10.0; Win64; x64) AppleWebKit/537.36 (KHTML, like Gecko) Chrome/85.0.4183.102 Safari/537.36" "brainbox.co.in"
20.219.155.231 - - [22/Oct/2022:19:48:31 -0700] "GET /vuln.php HTTP/1.1" 404 88 "-" "Mozilla/5.0 (Windows NT 10.0; Win64; x64) AppleWebKit/537.36 (KHTML, like Gecko) Chrome/85.0.4183.102 Safari/537.36" "brainbox.co.in"
20.219.155.231 - - [22/Oct/2022:19:48:38 -0700] "GET /w.php HTTP/1.1" 404 88 "-" "Mozilla/5.0 (Windows NT 10.0; Win64; x64) AppleWebKit/537.36 (KHTML, like Gecko) Chrome/85.0.4183.102 Safari/537.36" "brainbox.co.in"
20.219.155.231 - - [22/Oct/2022:19:48:49 -0700] "GET /w3llstore.php HTTP/1.1" 404 88 "-" "Mozilla/5.0 (Windows NT 10.0; Win64; x64) AppleWebKit/537.36 (KHTML, like Gecko) Chrome/85.0.4183.102 Safari/537.36" "brainbox.co.in"
20.219.155.231 - - [22/Oct/2022:19:49:00 -0700] "GET /wp-admin.php HTTP/1.1" 404 88 "-" "Mozilla/5.0 (Windows NT 10.0; Win64; x64) AppleWebKit/537.36 (KHTML, like Gecko) Chrome/85.0.4183.102 Safari/537.36" "brainbox.co.in"
20.219.155.231 - - [22/Oct/2022:19:49:11 -0700] "GET /wp-admin/css/fw.php HTTP/1.1" 404 88 "-" "Mozilla/5.0 (Windows NT 10.0; Win64; x64) AppleWebKit/537.36 (KHTML, like Gecko) Chrome/85.0.4183.102 Safari/537.36" "brainbox.co.in"
20.219.155.231 - - [22/Oct/2022:19:49:14 -0700] "GET /wp-admin/fw.php HTTP/1.1" 404 88 "-" "Mozilla/5.0 (Windows NT 10.0; Win64; x64) AppleWebKit/537.36 (KHTML, like Gecko) Chrome/85.0.4183.102 Safari/537.36" "brainbox.co.in"
20.219.155.231 - - [22/Oct/2022:19:49:26 -0700] "GET /wp-admin/maint/about.php HTTP/1.1" 404 88 "-" "Mozilla/5.0 (Windows NT 10.0; Win64; x64) AppleWebKit/537.36 (KHTML, like Gecko) Chrome/85.0.4183.102 Safari/537.36" "brainbox.co.in"
20.219.155.231 - - [22/Oct/2022:19:49:32 -0700] "GET /wp-admin/radio.php HTTP/1.1" 404 88 "-" "Mozilla/5.0 (Windows NT 10.0; Win64; x64) AppleWebKit/537.36 (KHTML, like Gecko) Chrome/85.0.4183.102 Safari/537.36" "brainbox.co.in"
20.219.155.231 - - [22/Oct/2022:19:49:40 -0700] "GET /wp-blog.php HTTP/1.1" 404 88 "-" "Mozilla/5.0 (Windows NT 10.0; Win64; x64) AppleWebKit/537.36 (KHTML, like Gecko) Chrome/85.0.4183.102 Safari/537.36" "brainbox.co.in"
20.219.155.231 - - [22/Oct/2022:19:49:43 -0700] "GET /wp-class.php HTTP/1.1" 404 88 "-" "Mozilla/5.0 (Windows NT 10.0; Win64; x64) AppleWebKit/537.36 (KHTML, like Gecko) Chrome/85.0.4183.102 Safari/537.36" "brainbox.co.in"
20.219.155.231 - - [22/Oct/2022:19:49:49 -0700] "GET /wp-content/about.php HTTP/1.1" 404 88 "-" "Mozilla/5.0 (Windows NT 10.0; Win64; x64) AppleWebKit/537.36 (KHTML, like Gecko) Chrome/85.0.4183.102 Safari/537.36" "brainbox.co.in"
20.219.155.231 - - [22/Oct/2022:19:50:08 -0700] "GET /wp-content/fw.php HTTP/1.1" 404 88 "-" "Mozilla/5.0 (Windows NT 10.0; Win64; x64) AppleWebKit/537.36 (KHTML, like Gecko) Chrome/85.0.4183.102 Safari/537.36" "brainbox.co.in"
20.219.155.231 - - [22/Oct/2022:19:50:34 -0700] "GET /wp-content/wp.php HTTP/1.1" 404 88 "-" "Mozilla/5.0 (Windows NT 10.0; Win64; x64) AppleWebKit/537.36 (KHTML, like Gecko) Chrome/85.0.4183.102 Safari/537.36" "brainbox.co.in"
20.219.155.231 - - [22/Oct/2022:19:50:41 -0700] "GET /wp-content/x.php HTTP/1.1" 404 88 "-" "Mozilla/5.0 (Windows NT 10.0; Win64; x64) AppleWebKit/537.36 (KHTML, like Gecko) Chrome/85.0.4183.102 Safari/537.36" "brainbox.co.in"
20.219.155.231 - - [22/Oct/2022:19:50:50 -0700] "GET /wp-file.php HTTP/1.1" 404 88 "-" "Mozilla/5.0 (Windows NT 10.0; Win64; x64) AppleWebKit/537.36 (KHTML, like Gecko) Chrome/85.0.4183.102 Safari/537.36" "brainbox.co.in"
20.219.155.231 - - [22/Oct/2022:19:50:52 -0700] "GET /wp-includes/991176.php HTTP/1.1" 404 88 "-" "Mozilla/5.0 (Windows NT 10.0; Win64; x64) AppleWebKit/537.36 (KHTML, like Gecko) Chrome/85.0.4183.102 Safari/537.36" "brainbox.co.in"
20.219.155.231 - - [22/Oct/2022:19:50:53 -0700] "GET /wp-includes/about.php HTTP/1.1" 404 88 "-" "Mozilla/5.0 (Windows NT 10.0; Win64; x64) AppleWebKit/537.36 (KHTML, like Gecko) Chrome/85.0.4183.102 Safari/537.36" "brainbox.co.in"
20.219.155.231 - - [22/Oct/2022:19:50:57 -0700] "GET /wp-includes/shell20211028.php HTTP/1.1" 404 88 "-" "Mozilla/5.0 (Windows NT 10.0; Win64; x64) AppleWebKit/537.36 (KHTML, like Gecko) Chrome/85.0.4183.102 Safari/537.36" "brainbox.co.in"
20.219.155.231 - - [22/Oct/2022:19:51:06 -0700] "GET /wp-info.php HTTP/1.1" 404 88 "-" "Mozilla/5.0 (Windows NT 10.0; Win64; x64) AppleWebKit/537.36 (KHTML, like Gecko) Chrome/85.0.4183.102 Safari/537.36" "brainbox.co.in"
20.219.155.231 - - [22/Oct/2022:19:51:13 -0700] "GET /wp-uploads.php HTTP/1.1" 404 88 "-" "Mozilla/5.0 (Windows NT 10.0; Win64; x64) AppleWebKit/537.36 (KHTML, like Gecko) Chrome/85.0.4183.102 Safari/537.36" "brainbox.co.in"
20.219.155.231 - - [22/Oct/2022:19:51:24 -0700] "GET /wp.php HTTP/1.1" 404 88 "-" "Mozilla/5.0 (Windows NT 10.0; Win64; x64) AppleWebKit/537.36 (KHTML, like Gecko) Chrome/85.0.4183.102 Safari/537.36" "brainbox.co.in"
20.219.155.231 - - [22/Oct/2022:19:51:32 -0700] "GET /wp2.php HTTP/1.1" 404 88 "-" "Mozilla/5.0 (Windows NT 10.0; Win64; x64) AppleWebKit/537.36 (KHTML, like Gecko) Chrome/85.0.4183.102 Safari/537.36" "brainbox.co.in"
20.219.155.231 - - [22/Oct/2022:19:51:39 -0700] "GET /wp_wrong_datlib.php HTTP/1.1" 404 88 "-" "Mozilla/5.0 (Windows NT 10.0; Win64; x64) AppleWebKit/537.36 (KHTML, like Gecko) Chrome/85.0.4183.102 Safari/537.36" "brainbox.co.in"
20.219.155.231 - - [22/Oct/2022:19:51:48 -0700] "GET /ws.php HTTP/1.1" 404 88 "-" "Mozilla/5.0 (Windows NT 10.0; Win64; x64) AppleWebKit/537.36 (KHTML, like Gecko) Chrome/85.0.4183.102 Safari/537.36" "brainbox.co.in"
20.219.155.231 - - [22/Oct/2022:19:51:55 -0700] "GET /wso.php HTTP/1.1" 404 88 "-" "Mozilla/5.0 (Windows NT 10.0; Win64; x64) AppleWebKit/537.36 (KHTML, like Gecko) Chrome/85.0.4183.102 Safari/537.36" "brainbox.co.in"
20.219.155.231 - - [22/Oct/2022:19:52:01 -0700] "GET /wso1.php HTTP/1.1" 404 88 "-" "Mozilla/5.0 (Windows NT 10.0; Win64; x64) AppleWebKit/537.36 (KHTML, like Gecko) Chrome/85.0.4183.102 Safari/537.36" "brainbox.co.in"
20.219.155.231 - - [22/Oct/2022:19:52:07 -0700] "GET /wso2.php HTTP/1.1" 404 88 "-" "Mozilla/5.0 (Windows NT 10.0; Win64; x64) AppleWebKit/537.36 (KHTML, like Gecko) Chrome/85.0.4183.102 Safari/537.36" "brainbox.co.in"
20.219.155.231 - - [22/Oct/2022:19:52:11 -0700] "GET /x.php HTTP/1.1" 404 88 "-" "Mozilla/5.0 (Windows NT 10.0; Win64; x64) AppleWebKit/537.36 (KHTML, like Gecko) Chrome/85.0.4183.102 Safari/537.36" "brainbox.co.in"
20.219.155.231 - - [22/Oct/2022:19:52:19 -0700] "GET /xl.php HTTP/1.1" 404 88 "-" "Mozilla/5.0 (Windows NT 10.0; Win64; x64) AppleWebKit/537.36 (KHTML, like Gecko) Chrome/85.0.4183.102 Safari/537.36" "brainbox.co.in"
20.219.155.231 - - [22/Oct/2022:19:52:33 -0700] "GET /xleet.php HTTP/1.1" 404 88 "-" "Mozilla/5.0 (Windows NT 10.0; Win64; x64) AppleWebKit/537.36 (KHTML, like Gecko) Chrome/85.0.4183.102 Safari/537.36" "brainbox.co.in"
20.219.155.231 - - [22/Oct/2022:19:52:50 -0700] "GET /xmlrpc.php HTTP/1.1" 404 88 "-" "Mozilla/5.0 (Windows NT 10.0; Win64; x64) AppleWebKit/537.36 (KHTML, like Gecko) Chrome/85.0.4183.102 Safari/537.36" "brainbox.co.in"
20.219.155.231 - - [22/Oct/2022:19:52:58 -0700] "GET /xx.php HTTP/1.1" 404 88 "-" "Mozilla/5.0 (Windows NT 10.0; Win64; x64) AppleWebKit/537.36 (KHTML, like Gecko) Chrome/85.0.4183.102 Safari/537.36" "brainbox.co.in"
20.219.155.231 - - [22/Oct/2022:19:53:02 -0700] "GET /xxx.php HTTP/1.1" 404 88 "-" "Mozilla/5.0 (Windows NT 10.0; Win64; x64) AppleWebKit/537.36 (KHTML, like Gecko) Chrome/85.0.4183.102 Safari/537.36" "brainbox.co.in"
20.219.155.231 - - [22/Oct/2022:19:53:09 -0700] "GET /y.php HTTP/1.1" 404 88 "-" "Mozilla/5.0 (Windows NT 10.0; Win64; x64) AppleWebKit/537.36 (KHTML, like Gecko) Chrome/85.0.4183.102 Safari/537.36" "brainbox.co.in"
20.219.155.231 - - [22/Oct/2022:19:53:19 -0700] "GET /z.php HTTP/1.1" 404 88 "-" "Mozilla/5.0 (Windows NT 10.0; Win64; x64) AppleWebKit/537.36 (KHTML, like Gecko) Chrome/85.0.4183.102 Safari/537.36" "brainbox.co.in"
114.119.145.174 - - [22/Oct/2022:19:53:46 -0700] "GET /PDFContent/03%20CBSE/02%20Class%20VII/Science/?C=M%3BO%3DA HTTP/1.1" 200 833 "https://brainbox.co.in/PDFContent/03%20CBSE/02%20Class%20VII/Science/?C=S%3BO%3DA" "Mozilla/5.0 (Linux; Android 7.0;) AppleWebKit/537.36 (KHTML, like Gecko) Mobile Safari/537.36 (compatible; PetalBot;+https://webmaster.petalsearch.com/site/petalbot)" "brainbox.co.in"
5.255.231.115 - - [22/Oct/2022:19:54:02 -0700] "GET /robots.txt HTTP/1.1" 404 73 "-" "Mozilla/5.0 (compatible; YandexBot/3.0; +http://yandex.com/bots)" "brainbox.co.in"
87.250.224.112 - - [22/Oct/2022:19:54:06 -0700] "GET /PDFContent/Beetle/CLASS%20I/ENGLISH%201-2/ HTTP/1.1" 200 623 "-" "Mozilla/5.0 (compatible; YandexBot/3.0; +http://yandex.com/bots)" "brainbox.co.in"
114.119.145.187 - - [22/Oct/2022:19:59:41 -0700] "GET /PDFContent/03%20CBSE/02%20Class%20VII/Hindi/GLOSSARY/?C=M%3BO%3DA HTTP/1.1" 200 661 "https://brainbox.co.in/PDFContent/03%20CBSE/02%20Class%20VII/Hindi/GLOSSARY/" "Mozilla/5.0 (Linux; Android 7.0;) AppleWebKit/537.36 (KHTML, like Gecko) Mobile Safari/537.36 (compatible; PetalBot;+https://webmaster.petalsearch.com/site/petalbot)" "brainbox.co.in"
114.119.145.175 - - [22/Oct/2022:20:05:36 -0700] "GET /PDFContent/01%20TSB/03%20Class%20VIII/English/LS8C/?C=M%3BO%3DA HTTP/1.1" 200 549 "https://brainbox.co.in/PDFContent/01%20TSB/03%20Class%20VIII/English/LS8C/" "Mozilla/5.0 (Linux; Android 7.0;) AppleWebKit/537.36 (KHTML, like Gecko) Mobile Safari/537.36 (compatible; PetalBot;+https://webmaster.petalsearch.com/site/petalbot)" "brainbox.co.in"
114.119.145.175 - - [22/Oct/2022:20:11:24 -0700] "GET /PDFContent/03%20CBSE/04%20Class%20IX/Physics/Motion/Displacement%20Time%20Graph HTTP/1.1" 200 423124 "https://brainboxschool.com/material/CBSE/IX/Physics/MOTION.html" "Mozilla/5.0 (Linux; Android 7.0;) AppleWebKit/537.36 (KHTML, like Gecko) Mobile Safari/537.36 (compatible; PetalBot;+https://webmaster.petalsearch.com/site/petalbot)" "brainbox.co.in"
114.119.135.132 - - [22/Oct/2022:20:17:18 -0700] "GET /PDFContent/04%20ICSE/03%20Class%20VIII/Physics/ HTTP/1.1" 200 355 "https://brainbox.co.in/PDFContent/04%20ICSE/03%20Class%20VIII/?C=D%3BO%3DA" "Mozilla/5.0 (Linux; Android 7.0;) AppleWebKit/537.36 (KHTML, like Gecko) Mobile Safari/537.36 (compatible; PetalBot;+https://webmaster.petalsearch.com/site/petalbot)" "brainbox.co.in"
5.255.253.185 - - [22/Oct/2022:20:21:35 -0700] "GET /PDFContent/04%20ICSE/02%20Class%20VII/ HTTP/1.1" 200 464 "-" "Mozilla/5.0 (compatible; YandexBot/3.0; +http://yandex.com/bots)" "brainbox.co.in"
114.119.145.187 - - [22/Oct/2022:20:23:15 -0700] "GET /PDFContent/03%20CBSE/05%20Class%20X/Hindi/Kshitij/LS01/CBSE_X_HINDI_LS01_SURDAS_INTRODUCTION.pdf HTTP/1.1" 200 564525 "https://brainbox.co.in/PDFContent/03%20CBSE/05%20Class%20X/Hindi/Kshitij/LS01/" "Mozilla/5.0 (Linux; Android 7.0;) AppleWebKit/537.36 (KHTML, like Gecko) Mobile Safari/537.36 (compatible; PetalBot;+https://webmaster.petalsearch.com/site/petalbot)" "brainbox.co.in"
114.119.145.174 - - [22/Oct/2022:20:28:59 -0700] "GET /PDFContent/01%20TSB/03%20Class%20VIII/English/LS6A/TSB_VIII_ENGLISH_LS06A_THE%20STORY%20OF%20IKAT_Glossary.pdf HTTP/1.1" 200 251051 "https://brainbox.co.in/PDFContent/01%20TSB/03%20Class%20VIII/English/LS6A/" "Mozilla/5.0 (Linux; Android 7.0;) AppleWebKit/537.36 (KHTML, like Gecko) Mobile Safari/537.36 (compatible; PetalBot;+https://webmaster.petalsearch.com/site/petalbot)" "brainbox.co.in"
114.119.145.187 - - [22/Oct/2022:20:34:57 -0700] "GET /PDFContent/03%20CBSE/04%20Class%20IX/Physics/Motion/Prob-08 HTTP/1.1" 200 241913 "https://brainboxschool.com/material/CBSE/IX/Physics/MOTION.html" "Mozilla/5.0 (Linux; Android 7.0;) AppleWebKit/537.36 (KHTML, like Gecko) Mobile Safari/537.36 (compatible; PetalBot;+https://webmaster.petalsearch.com/site/petalbot)" "brainbox.co.in"
34.75.11.216 - - [22/Oct/2022:20:36:17 -0700] "GET /robots.txt HTTP/1.1" 404 88 "-" "ZoominfoBot (zoominfobot at zoominfo dot com)" "www.brainbox.co.in"
34.75.11.216 - - [22/Oct/2022:20:36:17 -0700] "GET /robots.txt HTTP/1.1" 404 88 "-" "ZoominfoBot (zoominfobot at zoominfo dot com)" "www.brainbox.co.in"
34.75.11.216 - - [22/Oct/2022:20:36:17 -0700] "GET / HTTP/1.1" 200 432 "-" "ZoominfoBot (zoominfobot at zoominfo dot com)" "www.brainbox.co.in"
114.119.135.132 - - [22/Oct/2022:20:40:50 -0700] "GET /PDFContent/02%20APSB/02%20Class%20VII/Physics/?C=N%3BO%3DD HTTP/1.1" 200 353 "https://brainbox.co.in/PDFContent/02%20APSB/02%20Class%20VII/Physics/?C=S%3BO%3DA" "Mozilla/5.0 (Linux; Android 7.0;) AppleWebKit/537.36 (KHTML, like Gecko) Mobile Safari/537.36 (compatible; PetalBot;+https://webmaster.petalsearch.com/site/petalbot)" "brainbox.co.in"
114.119.145.187 - - [22/Oct/2022:20:46:52 -0700] "GET /taskdiary/?C=M%3BO%3DA HTTP/1.1" 200 314 "https://brainbox.co.in/taskdiary/?C=N%3BO%3DD" "Mozilla/5.0 (Linux; Android 7.0;) AppleWebKit/537.36 (KHTML, like Gecko) Mobile Safari/537.36 (compatible; PetalBot;+https://webmaster.petalsearch.com/site/petalbot)" "brainbox.co.in"
114.119.145.174 - - [22/Oct/2022:20:52:35 -0700] "GET /PDFContent/03%20CBSE/06%20Class%20XI/Biology/T03%20CBSE_XI_BIOLOGY_LS16_DIGESTIVE%20SYSTEM_TONGUE.pdf HTTP/1.1" 200 764206 "https://brainbox.co.in/PDFContent/03%20CBSE/06%20Class%20XI/Biology/?C=S%3BO%3DA" "Mozilla/5.0 (Linux; Android 7.0;) AppleWebKit/537.36 (KHTML, like Gecko) Mobile Safari/537.36 (compatible; PetalBot;+https://webmaster.petalsearch.com/site/petalbot)" "brainbox.co.in"
114.119.145.175 - - [22/Oct/2022:20:58:29 -0700] "GET /PDFContent/01%20TSB/01%20Class%20VI/Maths/01%20KNOWING%20OUR%20NUMBERS/ HTTP/1.1" 200 596 "https://brainbox.co.in/PDFContent/01%20TSB/01%20Class%20VI/Maths/?C=N%3BO%3DD" "Mozilla/5.0 (Linux; Android 7.0;) AppleWebKit/537.36 (KHTML, like Gecko) Mobile Safari/537.36 (compatible; PetalBot;+https://webmaster.petalsearch.com/site/petalbot)" "brainbox.co.in"
114.119.145.160 - - [22/Oct/2022:21:04:25 -0700] "GET /PDFContent/03%20CBSE/02%20Class%20VII/Hindi/Ques%20&%20Ans/?C=S%3BO%3DA HTTP/1.1" 200 604 "https://brainbox.co.in/PDFContent/03%20CBSE/02%20Class%20VII/Hindi/Ques%20&%20Ans/?C=D%3BO%3DA" "Mozilla/5.0 (Linux; Android 7.0;) AppleWebKit/537.36 (KHTML, like Gecko) Mobile Safari/537.36 (compatible; PetalBot;+https://webmaster.petalsearch.com/site/petalbot)" "brainbox.co.in"
114.119.145.174 - - [22/Oct/2022:21:10:18 -0700] "GET /PDFContent/03%20CBSE/03%20Class%20VIII/Maths/INTRODUCTION%20TO%20GRAPHS/Introduction%20to%20Graphs_Potting%20linear%20graphs_A%20&%20B.pdf HTTP/1.1" 200 212562 "https://brainbox.co.in/PDFContent/03%20CBSE/03%20Class%20VIII/Maths/INTRODUCTION%20TO%20GRAPHS/?C=S%3BO%3DA" "Mozilla/5.0 (Linux; Android 7.0;) AppleWebKit/537.36 (KHTML, like Gecko) Mobile Safari/537.36 (compatible; PetalBot;+https://webmaster.petalsearch.com/site/petalbot)" "brainbox.co.in"
114.119.145.160 - - [22/Oct/2022:21:16:24 -0700] "GET /PDFContent/03%20CBSE/03%20Class%20VIII/Maths/ALGEBRAIC%20EXPRESSIONS%20AND%20IDENTITIES/?C=S%3BO%3DA HTTP/1.1" 200 1122 "https://brainbox.co.in/PDFContent/03%20CBSE/03%20Class%20VIII/Maths/ALGEBRAIC%20EXPRESSIONS%20AND%20IDENTITIES/" "Mozilla/5.0 (Linux; Android 7.0;) AppleWebKit/537.36 (KHTML, like Gecko) Mobile Safari/537.36 (compatible; PetalBot;+https://webmaster.petalsearch.com/site/petalbot)" "brainbox.co.in"
114.119.145.160 - - [22/Oct/2022:21:22:04 -0700] "GET /PDFContent/03%20CBSE/04%20Class%20IX/Biology/Improvement%20in%20Food%20resources/CBSE_IX_BIOLOGY_IMPROVEMENT%20IN%20FOOD%20RESOURCES_Animal%20Husbandary.pdf HTTP/1.1" 200 297798 "https://brainbox.co.in/PDFContent/03%20CBSE/04%20Class%20IX/Biology/Improvement%20in%20Food%20resources/?C=N%3BO%3DD" "Mozilla/5.0 (Linux; Android 7.0;) AppleWebKit/537.36 (KHTML, like Gecko) Mobile Safari/537.36 (compatible; PetalBot;+https://webmaster.petalsearch.com/site/petalbot)" "brainbox.co.in"
192.99.36.59 - - [22/Oct/2022:21:22:25 -0700] "GET /robots.txt HTTP/1.1" 404 73 "-" "Mozilla/5.0 (compatible; MJ12bot/v1.4.8; http://mj12bot.com/)" "www.brainbox.co.in"
192.99.36.59 - - [22/Oct/2022:21:22:27 -0700] "GET /?C=D;O=A HTTP/1.1" 200 432 "-" "Mozilla/5.0 (compatible; MJ12bot/v1.4.8; http://mj12bot.com/)" "www.brainbox.co.in"
192.99.36.59 - - [22/Oct/2022:21:22:29 -0700] "GET /?C=D;O=D HTTP/1.1" 200 424 "-" "Mozilla/5.0 (compatible; MJ12bot/v1.4.8; http://mj12bot.com/)" "www.brainbox.co.in"
192.99.36.59 - - [22/Oct/2022:21:22:30 -0700] "GET /?C=M;O=A HTTP/1.1" 200 431 "-" "Mozilla/5.0 (compatible; MJ12bot/v1.4.8; http://mj12bot.com/)" "www.brainbox.co.in"
192.99.36.59 - - [22/Oct/2022:21:22:32 -0700] "GET /?C=M;O=D HTTP/1.1" 200 430 "-" "Mozilla/5.0 (compatible; MJ12bot/v1.4.8; http://mj12bot.com/)" "www.brainbox.co.in"
192.99.36.59 - - [22/Oct/2022:21:22:34 -0700] "GET /?C=N;O=A HTTP/1.1" 200 432 "-" "Mozilla/5.0 (compatible; MJ12bot/v1.4.8; http://mj12bot.com/)" "www.brainbox.co.in"
192.99.36.59 - - [22/Oct/2022:21:22:35 -0700] "GET /?C=N;O=D HTTP/1.1" 200 424 "-" "Mozilla/5.0 (compatible; MJ12bot/v1.4.8; http://mj12bot.com/)" "www.brainbox.co.in"
