192.99.36.59 - - [22/Oct/2022:21:22:37 -0700] "GET /?C=S;O=A HTTP/1.1" 200 432 "-" "Mozilla/5.0 (compatible; MJ12bot/v1.4.8; http://mj12bot.com/)" "www.brainbox.co.in"
192.99.36.59 - - [22/Oct/2022:21:22:38 -0700] "GET /?C=S;O=D HTTP/1.1" 200 424 "-" "Mozilla/5.0 (compatible; MJ12bot/v1.4.8; http://mj12bot.com/)" "www.brainbox.co.in"
192.99.36.59 - - [22/Oct/2022:21:22:40 -0700] "GET /taskdiary/?C=D;O=D HTTP/1.1" 200 313 "-" "Mozilla/5.0 (compatible; MJ12bot/v1.4.8; http://mj12bot.com/)" "www.brainbox.co.in"
192.99.36.59 - - [22/Oct/2022:21:22:42 -0700] "GET /taskdiary/?C=M;O=D HTTP/1.1" 200 313 "-" "Mozilla/5.0 (compatible; MJ12bot/v1.4.8; http://mj12bot.com/)" "www.brainbox.co.in"
192.99.36.59 - - [22/Oct/2022:21:22:43 -0700] "GET /taskdiary/?C=N;O=D HTTP/1.1" 200 313 "-" "Mozilla/5.0 (compatible; MJ12bot/v1.4.8; http://mj12bot.com/)" "www.brainbox.co.in"
114.119.135.132 - - [22/Oct/2022:21:27:59 -0700] "GET /PDFContent/03%20CBSE/04%20Class%20IX/Telugu/?C=M%3BO%3DA HTTP/1.1" 200 354 "https://brainbox.co.in/PDFContent/03%20CBSE/04%20Class%20IX/Telugu/?C=N%3BO%3DD" "Mozilla/5.0 (Linux; Android 7.0;) AppleWebKit/537.36 (KHTML, like Gecko) Mobile Safari/537.36 (compatible; PetalBot;+https://webmaster.petalsearch.com/site/petalbot)" "brainbox.co.in"
114.119.135.132 - - [22/Oct/2022:21:33:55 -0700] "GET /PDFContent/03%20CBSE/06%20Class%20XI/Chemistry/GENERAL%20ORGANIC%20CHEMISTRY/GENERAL%20ORGANIC%20CHEMISTRY_T07_Fundamentals%20concepts.pdf HTTP/1.1" 200 125013 "https://brainbox.co.in/PDFContent/03%20CBSE/06%20Class%20XI/Chemistry/GENERAL%20ORGANIC%20CHEMISTRY/?C=S%3BO%3DA" "Mozilla/5.0 (Linux; Android 7.0;) AppleWebKit/537.36 (KHTML, like Gecko) Mobile Safari/537.36 (compatible; PetalBot;+https://webmaster.petalsearch.com/site/petalbot)" "brainbox.co.in"
114.119.135.132 - - [22/Oct/2022:21:39:53 -0700] "GET /PDFContent/01%20TSB/05%20Class%20X/English/6A,ENVIRONMENT/TSB_X_ENGLISH_LS06A_ENVIRONMENT_GLOSSARY.pdf HTTP/1.1" 200 324302 "https://brainbox.co.in/PDFContent/01%20TSB/05%20Class%20X/English/6A,ENVIRONMENT/?C=N%3BO%3DD" "Mozilla/5.0 (Linux; Android 7.0;) AppleWebKit/537.36 (KHTML, like Gecko) Mobile Safari/537.36 (compatible; PetalBot;+https://webmaster.petalsearch.com/site/petalbot)" "brainbox.co.in"
114.119.145.174 - - [22/Oct/2022:21:45:48 -0700] "GET /PDFContent/02%20APSB/05%20Class%20X/Telugu/?C=M%3BO%3DA HTTP/1.1" 200 353 "https://brainbox.co.in/PDFContent/02%20APSB/05%20Class%20X/Telugu/" "Mozilla/5.0 (Linux; Android 7.0;) AppleWebKit/537.36 (KHTML, like Gecko) Mobile Safari/537.36 (compatible; PetalBot;+https://webmaster.petalsearch.com/site/petalbot)" "brainbox.co.in"
114.119.145.187 - - [22/Oct/2022:21:51:44 -0700] "GET /PDFContent/03%20CBSE/07%20Class%20XII/Maths/PROBABILITY/ HTTP/1.1" 200 649 "https://brainbox.co.in/PDFContent/03%20CBSE/07%20Class%20XII/Maths/?C=D%3BO%3DA" "Mozilla/5.0 (Linux; Android 7.0;) AppleWebKit/537.36 (KHTML, like Gecko) Mobile Safari/537.36 (compatible; PetalBot;+https://webmaster.petalsearch.com/site/petalbot)" "brainbox.co.in"
3.101.155.103 - - [22/Oct/2022:21:52:46 -0700] "GET /~richard/templates/beez/US/uk/paypal/login.htm HTTP/1.1" 404 73 "-" "Mozilla/5.0 (Macintosh; Intel Mac OS X 10_10_5) AppleWebKit/537.36 (KHTML, like Gecko) Chrome/52.0.2743.116 Safari/537.36" "brainbox.co.in"
114.119.145.175 - - [22/Oct/2022:21:57:41 -0700] "GET /PDFContent/01%20TSB/02%20Class%20VII/Science/HEAT%20-%20MEASUREMENT/?C=M%3BO%3DA HTTP/1.1" 200 499 "https://brainbox.co.in/PDFContent/01%20TSB/02%20Class%20VII/Science/HEAT%20-%20MEASUREMENT/" "Mozilla/5.0 (Linux; Android 7.0;) AppleWebKit/537.36 (KHTML, like Gecko) Mobile Safari/537.36 (compatible; PetalBot;+https://webmaster.petalsearch.com/site/petalbot)" "brainbox.co.in"
114.119.145.160 - - [22/Oct/2022:22:03:38 -0700] "GET /PDFContent/Beetle/CLASS%20II/MATHEMATICS/ HTTP/1.1" 200 491 "https://brainbox.co.in/PDFContent/Beetle/CLASS%20II/" "Mozilla/5.0 (Linux; Android 7.0;) AppleWebKit/537.36 (KHTML, like Gecko) Mobile Safari/537.36 (compatible; PetalBot;+https://webmaster.petalsearch.com/site/petalbot)" "brainbox.co.in"
114.119.145.160 - - [22/Oct/2022:22:09:35 -0700] "GET /PDFContent/01%20TSB/04%20Class%20IX/Maths/ HTTP/1.1" 200 389 "https://brainbox.co.in/PDFContent/01%20TSB/04%20Class%20IX/?C=S%3BO%3DA" "Mozilla/5.0 (Linux; Android 7.0;) AppleWebKit/537.36 (KHTML, like Gecko) Mobile Safari/537.36 (compatible; PetalBot;+https://webmaster.petalsearch.com/site/petalbot)" "brainbox.co.in"
114.119.145.160 - - [22/Oct/2022:22:15:30 -0700] "GET /PDFContent/03%20CBSE/05%20Class%20X/Biology/How%20to%20do%20organsims%20reproduce/CBSE_X_BIOLOGY_HOW%20TO%20DO%20ORGANISMS%20REPRODUCE_Fertilisation,formation%20of%20seeds.pdf HTTP/1.1" 200 198669 "https://brainbox.co.in/PDFContent/03%20CBSE/05%20Class%20X/Biology/How%20to%20do%20organsims%20reproduce/?C=M%3BO%3DA" "Mozilla/5.0 (Linux; Android 7.0;) AppleWebKit/537.36 (KHTML, like Gecko) Mobile Safari/537.36 (compatible; PetalBot;+https://webmaster.petalsearch.com/site/petalbot)" "brainbox.co.in"
114.119.145.187 - - [22/Oct/2022:22:21:34 -0700] "GET /PDFContent/01%20TSB/07%20Class%20XII/Hindi/?C=N%3BO%3DD HTTP/1.1" 200 353 "https://brainbox.co.in/PDFContent/01%20TSB/07%20Class%20XII/Hindi/?C=D%3BO%3DA" "Mozilla/5.0 (Linux; Android 7.0;) AppleWebKit/537.36 (KHTML, like Gecko) Mobile Safari/537.36 (compatible; PetalBot;+https://webmaster.petalsearch.com/site/petalbot)" "brainbox.co.in"
114.119.145.174 - - [22/Oct/2022:22:27:30 -0700] "GET /PDFContent/01%20TSB/03%20Class%20VIII/English/LS3B/TSB_VIII_ENGLISH_LS3B_THE%20SELFISH%20GIANT%20P2_MORALS.pdf HTTP/1.1" 200 346445 "https://brainbox.co.in/PDFContent/01%20TSB/03%20Class%20VIII/English/LS3B/?C=S%3BO%3DA" "Mozilla/5.0 (Linux; Android 7.0;) AppleWebKit/537.36 (KHTML, like Gecko) Mobile Safari/537.36 (compatible; PetalBot;+https://webmaster.petalsearch.com/site/petalbot)" "brainbox.co.in"
114.119.145.174 - - [22/Oct/2022:22:33:25 -0700] "GET /PDFContent/03%20CBSE/05%20Class%20X/Biology/Our%20Environment/Questions%20and%20Answers.pdf HTTP/1.1" 200 273899 "https://brainbox.co.in/PDFContent/03%20CBSE/05%20Class%20X/Biology/Our%20Environment/" "Mozilla/5.0 (Linux; Android 7.0;) AppleWebKit/537.36 (KHTML, like Gecko) Mobile Safari/537.36 (compatible; PetalBot;+https://webmaster.petalsearch.com/site/petalbot)" "brainbox.co.in"
207.46.13.109 - - [22/Oct/2022:22:34:36 -0700] "GET /PDFContent/01%20TSB/01%20Class%20VI/Telugu/SNEHABANDHAM/TSB_LS02_SNEHABANDHAM_SVIYARACHANA%20JAWABULU.pdf HTTP/1.1" 200 256788 "-" "Mozilla/5.0 AppleWebKit/537.36 (KHTML, like Gecko; compatible; bingbot/2.0; +http://www.bing.com/bingbot.htm) Chrome/103.0.5060.134 Safari/537.36" "brainbox.co.in"
157.55.39.106 - - [22/Oct/2022:22:35:24 -0700] "GET /PDFContent/01%20TSB/01%20Class%20VI/Telugu/SNEHABANDHAM/TSB_LS02_SNEHABANDHAM_FILL%20IN%20THE%20BLANKS.pdf HTTP/1.1" 200 222729 "-" "Mozilla/5.0 AppleWebKit/537.36 (KHTML, like Gecko; compatible; bingbot/2.0; +http://www.bing.com/bingbot.htm) Chrome/103.0.5060.134 Safari/537.36" "brainbox.co.in"
114.119.145.174 - - [22/Oct/2022:22:39:20 -0700] "GET /PDFContent/04%20ICSE/03%20Class%20VIII/Physics/?C=N%3BO%3DD HTTP/1.1" 200 355 "https://brainbox.co.in/PDFContent/04%20ICSE/03%20Class%20VIII/Physics/?C=D%3BO%3DA" "Mozilla/5.0 (Linux; Android 7.0;) AppleWebKit/537.36 (KHTML, like Gecko) Mobile Safari/537.36 (compatible; PetalBot;+https://webmaster.petalsearch.com/site/petalbot)" "brainbox.co.in"
195.191.219.132 - - [22/Oct/2022:22:43:10 -0700] "GET /robots.txt HTTP/1.1" 404 73 "-" "Mozilla/5.0 (compatible; MJ12bot/v1.4.8; http://mj12bot.com/)" "brainbox.co.in"
195.191.219.132 - - [22/Oct/2022:22:43:13 -0700] "GET / HTTP/1.1" 200 432 "-" "Mozilla/5.0 (compatible; MJ12bot/v1.4.8; http://mj12bot.com/)" "brainbox.co.in"
195.191.219.132 - - [22/Oct/2022:22:43:30 -0700] "GET /robots.txt HTTP/1.1" 404 73 "-" "Mozilla/5.0 (compatible; MJ12bot/v1.4.8; http://mj12bot.com/)" "www.brainbox.co.in"
195.191.219.132 - - [22/Oct/2022:22:43:35 -0700] "GET / HTTP/1.1" 200 432 "-" "Mozilla/5.0 (compatible; MJ12bot/v1.4.8; http://mj12bot.com/)" "www.brainbox.co.in"
114.119.145.160 - - [22/Oct/2022:22:45:24 -0700] "GET /PDFContent/01%20TSB/03%20Class%20VIII/English/TS%20Board_English_VIII_LS2C_Glossary.pdf.pdf HTTP/1.1" 200 101967 "https://brainbox.co.in/PDFContent/01%20TSB/03%20Class%20VIII/English/" "Mozilla/5.0 (Linux; Android 7.0;) AppleWebKit/537.36 (KHTML, like Gecko) Mobile Safari/537.36 (compatible; PetalBot;+https://webmaster.petalsearch.com/site/petalbot)" "brainbox.co.in"
114.119.135.132 - - [22/Oct/2022:22:51:25 -0700] "GET /PDFContent/03%20CBSE/03%20Class%20VIII/Maths/INTRODUCTION%20TO%20GRAPHS/?C=D%3BO%3DA HTTP/1.1" 200 660 "https://brainbox.co.in/PDFContent/03%20CBSE/03%20Class%20VIII/Maths/INTRODUCTION%20TO%20GRAPHS/?C=S%3BO%3DA" "Mozilla/5.0 (Linux; Android 7.0;) AppleWebKit/537.36 (KHTML, like Gecko) Mobile Safari/537.36 (compatible; PetalBot;+https://webmaster.petalsearch.com/site/petalbot)" "brainbox.co.in"
114.119.145.174 - - [22/Oct/2022:22:57:27 -0700] "GET /PDFContent/03%20CBSE/02%20Class%20VII/Science/WINDS%20STORMS%20AND%20CYCLONES/?C=S%3BO%3DA HTTP/1.1" 200 516 "https://brainbox.co.in/PDFContent/03%20CBSE/02%20Class%20VII/Science/WINDS%20STORMS%20AND%20CYCLONES/?C=D%3BO%3DA" "Mozilla/5.0 (Linux; Android 7.0;) AppleWebKit/537.36 (KHTML, like Gecko) Mobile Safari/537.36 (compatible; PetalBot;+https://webmaster.petalsearch.com/site/petalbot)" "brainbox.co.in"
66.249.79.84 - - [22/Oct/2022:22:58:31 -0700] "GET /robots.txt HTTP/1.1" 404 88 "-" "Mozilla/5.0 (compatible; Googlebot/2.1; +http://www.google.com/bot.html)" "brainbox.co.in"
207.46.13.109 - - [22/Oct/2022:23:03:29 -0700] "GET /PDFContent/03%20CBSE/07%20Class%20XII/Physics/ELECTRIC%20CHARGES%20AND%20FIELDS/CBSE_XII_PHYSCIS_LS01_ELECTRIC%20CHARGES%20AND%20FIELDS_ELECTRIC%20FLUX.pdf HTTP/1.1" 200 282203 "-" "Mozilla/5.0 AppleWebKit/537.36 (KHTML, like Gecko; compatible; bingbot/2.0; +http://www.bing.com/bingbot.htm) Chrome/103.0.5060.134 Safari/537.36" "brainbox.co.in"
114.119.145.174 - - [22/Oct/2022:23:03:30 -0700] "GET /PDFContent/03%20CBSE/02%20Class%20VII/Science/REPRODUCTION%20IN%20PLANTS/ HTTP/1.1" 200 450 "https://brainbox.co.in/PDFContent/03%20CBSE/02%20Class%20VII/Science/?C=S%3BO%3DA" "Mozilla/5.0 (Linux; Android 7.0;) AppleWebKit/537.36 (KHTML, like Gecko) Mobile Safari/537.36 (compatible; PetalBot;+https://webmaster.petalsearch.com/site/petalbot)" "brainbox.co.in"
114.119.135.132 - - [22/Oct/2022:23:09:34 -0700] "GET /PDFContent/02%20APSB/03%20Class%20VIII/?C=M%3BO%3DA HTTP/1.1" 200 465 "https://brainbox.co.in/PDFContent/02%20APSB/03%20Class%20VIII/?C=S%3BO%3DA" "Mozilla/5.0 (Linux; Android 7.0;) AppleWebKit/537.36 (KHTML, like Gecko) Mobile Safari/537.36 (compatible; PetalBot;+https://webmaster.petalsearch.com/site/petalbot)" "brainbox.co.in"
5.255.231.115 - - [22/Oct/2022:23:11:37 -0700] "GET /PDFContent/SPECIAL%20CROUSE/Part%201%20Grammar%20Essentials/STD_X/?C=D;O=D HTTP/1.1" 200 497 "-" "Mozilla/5.0 (compatible; YandexBot/3.0; +http://yandex.com/bots)" "brainbox.co.in"
114.119.135.132 - - [22/Oct/2022:23:15:40 -0700] "GET /PDFContent/03%20CBSE/07%20Class%20XII/Physics/ELECTRIC%20CHARGES%20AND%20FIELDS/CBSE_XII_PHYSCIS_LS01_ELECTRIC%20CHARGES%20AND%20FIELDS_ELECTRI%20DIPOLE%20AND%20QUADRUPOLE.pdf HTTP/1.1" 200 290691 "https://brainbox.co.in/PDFContent/03%20CBSE/07%20Class%20XII/Physics/ELECTRIC%20CHARGES%20AND%20FIELDS/?C=D%3BO%3DA" "Mozilla/5.0 (Linux; Android 7.0;) AppleWebKit/537.36 (KHTML, like Gecko) Mobile Safari/537.36 (compatible; PetalBot;+https://webmaster.petalsearch.com/site/petalbot)" "brainbox.co.in"
114.119.145.160 - - [22/Oct/2022:23:21:49 -0700] "GET /PDFContent/01%20TSB/02%20Class%20VII/English/01LS4C/TSBoard_English_Vll_LS04C_Q&A.pdf HTTP/1.1" 200 207675 "https://brainbox.co.in/PDFContent/01%20TSB/02%20Class%20VII/English/01LS4C/?C=N%3BO%3DD" "Mozilla/5.0 (Linux; Android 7.0;) AppleWebKit/537.36 (KHTML, like Gecko) Mobile Safari/537.36 (compatible; PetalBot;+https://webmaster.petalsearch.com/site/petalbot)" "brainbox.co.in"
114.119.145.174 - - [22/Oct/2022:23:27:48 -0700] "GET /PDFContent/01%20TSB/05%20Class%20X/Maths/ HTTP/1.1" 200 351 "https://brainbox.co.in/PDFContent/01%20TSB/05%20Class%20X/?C=S%3BO%3DA" "Mozilla/5.0 (Linux; Android 7.0;) AppleWebKit/537.36 (KHTML, like Gecko) Mobile Safari/537.36 (compatible; PetalBot;+https://webmaster.petalsearch.com/site/petalbot)" "brainbox.co.in"
5.255.253.185 - - [22/Oct/2022:23:31:37 -0700] "GET /robots.txt HTTP/1.1" 404 73 "-" "Mozilla/5.0 (compatible; YandexBot/3.0; +http://yandex.com/bots)" "brainbox.co.in"
213.180.203.21 - - [22/Oct/2022:23:31:41 -0700] "GET /PDFContent/Beetle/CLASS%20V/SOCIAL/SEM%201/ HTTP/1.1" 200 776 "-" "Mozilla/5.0 (compatible; YandexBot/3.0; +http://yandex.com/bots)" "brainbox.co.in"
114.119.145.175 - - [22/Oct/2022:23:33:49 -0700] "GET /PDFContent/03%20CBSE/02%20Class%20VII/Hindi/Word%20Meaning/CBSC_VII_LS03_MAIN%20HOON%20ROBOT_WORD%20MEANING.pdf HTTP/1.1" 200 287675 "https://brainbox.co.in/PDFContent/03%20CBSE/02%20Class%20VII/Hindi/Word%20Meaning/?C=N%3BO%3DD" "Mozilla/5.0 (Linux; Android 7.0;) AppleWebKit/537.36 (KHTML, like Gecko) Mobile Safari/537.36 (compatible; PetalBot;+https://webmaster.petalsearch.com/site/petalbot)" "brainbox.co.in"
114.119.145.187 - - [22/Oct/2022:23:39:50 -0700] "GET /PDFContent/04%20ICSE/02%20Class%20VII/Maths/?C=S%3BO%3DA HTTP/1.1" 200 353 "https://brainbox.co.in/PDFContent/04%20ICSE/02%20Class%20VII/Maths/?C=M%3BO%3DA" "Mozilla/5.0 (Linux; Android 7.0;) AppleWebKit/537.36 (KHTML, like Gecko) Mobile Safari/537.36 (compatible; PetalBot;+https://webmaster.petalsearch.com/site/petalbot)" "brainbox.co.in"
66.249.79.198 - - [22/Oct/2022:23:41:55 -0700] "GET /robots.txt HTTP/1.1" 404 88 "-" "Mozilla/5.0 (compatible; Googlebot/2.1; +http://www.google.com/bot.html)" "www.brainbox.co.in"
18.221.66.98 - - [22/Oct/2022:23:43:18 -0700] "GET /~richard/templates/beez/US/uk/paypal/login.htm HTTP/1.1" 404 73 "-" "Mozilla/5.0 (Macintosh; Intel Mac OS X 10_10_5) AppleWebKit/537.36 (KHTML, like Gecko) Chrome/52.0.2743.116 Safari/537.36" "brainbox.co.in"
114.119.135.132 - - [22/Oct/2022:23:45:50 -0700] "GET /PDFContent/03%20CBSE/03%20Class%20VIII/Chemistry/CHEMICAL%20EFFECTS%20OF%20ELECTRIC%20CURRENT/?C=M%3BO%3DA HTTP/1.1" 200 550 "https://brainbox.co.in/PDFContent/03%20CBSE/03%20Class%20VIII/Chemistry/CHEMICAL%20EFFECTS%20OF%20ELECTRIC%20CURRENT/?C=D%3BO%3DA" "Mozilla/5.0 (Linux; Android 7.0;) AppleWebKit/537.36 (KHTML, like Gecko) Mobile Safari/537.36 (compatible; PetalBot;+https://webmaster.petalsearch.com/site/petalbot)" "brainbox.co.in"
87.250.224.53 - - [22/Oct/2022:23:48:17 -0700] "GET /PDFContent/CBSE_X_HINDI_LS02_GEORGE%20PANCHAM%20KEE%20NAAK_CUE%20WORDS.pdf HTTP/1.1" 200 447007 "-" "Mozilla/5.0 (compatible; YandexBot/3.0; +http://yandex.com/bots)" "brainbox.co.in"
5.255.253.156 - - [22/Oct/2022:23:51:34 -0700] "GET /PDFContent/04%20ICSE/07%20Class%20XII/Sanskrit/ HTTP/1.1" 200 355 "-" "Mozilla/5.0 (compatible; YandexBot/3.0; +http://yandex.com/bots)" "brainbox.co.in"
114.119.145.160 - - [22/Oct/2022:23:51:48 -0700] "GET /PDFContent/03%20CBSE/05%20Class%20X/Chemistry/Metals%20&%20Non%20Metals/CBSE_X_CHEMISTRY_METAL%20&%20NON%20METALS_Reaction%20of%20metals%20with%20acids.pdf HTTP/1.1" 200 297031 "https://brainbox.co.in/PDFContent/03%20CBSE/05%20Class%20X/Chemistry/Metals%20&%20Non%20Metals/?C=D%3BO%3DA" "Mozilla/5.0 (Linux; Android 7.0;) AppleWebKit/537.36 (KHTML, like Gecko) Mobile Safari/537.36 (compatible; PetalBot;+https://webmaster.petalsearch.com/site/petalbot)" "brainbox.co.in"
114.119.145.187 - - [23/Oct/2022:00:03:59 -0700] "GET /PDFContent/01%20TSB/02%20Class%20VII/Hindi/word%20meaning/TSV_VII_LS10_NANHA%20MUNNA%20RAHI%20HOON_WORD%20MEANING.pdf HTTP/1.1" 200 203008 "https://brainbox.co.in/PDFContent/01%20TSB/02%20Class%20VII/Hindi/word%20meaning/" "Mozilla/5.0 (Linux; Android 7.0;) AppleWebKit/537.36 (KHTML, like Gecko) Mobile Safari/537.36 (compatible; PetalBot;+https://webmaster.petalsearch.com/site/petalbot)" "brainbox.co.in"
114.119.145.174 - - [23/Oct/2022:00:09:58 -0700] "GET /PDFContent/03%20CBSE/05%20Class%20X/Maths/CBSE_X_MATHS_LS02_POLYNOMIALS_BETWEEN%20ROOTS%20AND%20COEFFICIENTS_II.pdf HTTP/1.1" 200 210845 "https://brainbox.co.in/PDFContent/03%20CBSE/05%20Class%20X/Maths/?C=D%3BO%3DA" "Mozilla/5.0 (Linux; Android 7.0;) AppleWebKit/537.36 (KHTML, like Gecko) Mobile Safari/537.36 (compatible; PetalBot;+https://webmaster.petalsearch.com/site/petalbot)" "brainbox.co.in"
114.119.145.187 - - [23/Oct/2022:00:15:55 -0700] "GET /PDFContent/ HTTP/1.1" 200 1016 "https://brainbox.co.in/PDFContent/03%20CBSE/" "Mozilla/5.0 (Linux; Android 7.0;) AppleWebKit/537.36 (KHTML, like Gecko) Mobile Safari/537.36 (compatible; PetalBot;+https://webmaster.petalsearch.com/site/petalbot)" "brainbox.co.in"
5.255.253.185 - - [23/Oct/2022:00:16:13 -0700] "GET /PDFContent/04%20ICSE/03%20Class%20VIII/Sanskrit/ HTTP/1.1" 200 356 "-" "Mozilla/5.0 (compatible; YandexBot/3.0; +http://yandex.com/bots)" "brainbox.co.in"
34.138.206.140 - - [23/Oct/2022:00:18:44 -0700] "GET /robots.txt HTTP/1.1" 404 88 "-" "ZoominfoBot (zoominfobot at zoominfo dot com)" "www.brainbox.co.in"
34.138.206.140 - - [23/Oct/2022:00:18:45 -0700] "GET /robots.txt HTTP/1.1" 404 88 "-" "ZoominfoBot (zoominfobot at zoominfo dot com)" "www.brainbox.co.in"
34.138.206.140 - - [23/Oct/2022:00:18:45 -0700] "GET / HTTP/1.1" 200 432 "-" "ZoominfoBot (zoominfobot at zoominfo dot com)" "www.brainbox.co.in"
114.119.145.160 - - [23/Oct/2022:00:21:55 -0700] "GET /PDFContent/03%20CBSE/01%20Class%20VI/Maths/ HTTP/1.1" 200 352 "https://brainbox.co.in/PDFContent/03%20CBSE/01%20Class%20VI/?C=D%3BO%3DA" "Mozilla/5.0 (Linux; Android 7.0;) AppleWebKit/537.36 (KHTML, like Gecko) Mobile Safari/537.36 (compatible; PetalBot;+https://webmaster.petalsearch.com/site/petalbot)" "brainbox.co.in"
213.180.203.72 - - [23/Oct/2022:00:24:50 -0700] "GET /MyERP/ HTTP/1.1" 200 312 "-" "Mozilla/5.0 (compatible; YandexBot/3.0; +http://yandex.com/bots)" "brainbox.co.in"
213.180.203.21 - - [23/Oct/2022:00:25:10 -0700] "GET /PDFContent/SPECIAL%20CROUSE/Part%201%20Grammar%20Essentials/STD_VI/UNIT-6.pdf HTTP/1.1" 200 310816 "-" "Mozilla/5.0 (compatible; YandexBot/3.0; +http://yandex.com/bots)" "brainbox.co.in"
114.119.135.132 - - [23/Oct/2022:00:27:54 -0700] "GET /PDFContent/03%20CBSE/05%20Class%20X/Hindi/CBSE_X_HINDI_LS02_RAM%20VRAKSH%20BENEPURI-BALGOBINDH%20BHAGAT_INTRODUCTION.pdf HTTP/1.1" 200 494901 "https://brainbox.co.in/PDFContent/03%20CBSE/05%20Class%20X/Hindi/?C=M%3BO%3DA" "Mozilla/5.0 (Linux; Android 7.0;) AppleWebKit/537.36 (KHTML, like Gecko) Mobile Safari/537.36 (compatible; PetalBot;+https://webmaster.petalsearch.com/site/petalbot)" "brainbox.co.in"
114.119.145.187 - - [23/Oct/2022:00:33:56 -0700] "GET /PDFContent/03%20CBSE/01%20Class%20VI/English/?C=S%3BO%3DA HTTP/1.1" 200 353 "https://brainbox.co.in/PDFContent/03%20CBSE/01%20Class%20VI/English/?C=D%3BO%3DA" "Mozilla/5.0 (Linux; Android 7.0;) AppleWebKit/537.36 (KHTML, like Gecko) Mobile Safari/537.36 (compatible; PetalBot;+https://webmaster.petalsearch.com/site/petalbot)" "brainbox.co.in"
114.119.145.160 - - [23/Oct/2022:00:40:00 -0700] "GET /PDFContent/Beetle/CLASS%20IV/ENGLISH%20SEM%202/Lesson%207%20-%20The%20Good%20Samaritan.pdf HTTP/1.1" 200 162833 "https://brainbox.co.in/PDFContent/Beetle/CLASS%20IV/ENGLISH%20SEM%202/" "Mozilla/5.0 (Linux; Android 7.0;) AppleWebKit/537.36 (KHTML, like Gecko) Mobile Safari/537.36 (compatible; PetalBot;+https://webmaster.petalsearch.com/site/petalbot)" "brainbox.co.in"
114.119.145.174 - - [23/Oct/2022:00:45:58 -0700] "GET /PDFContent/01%20TSB/02%20Class%20VII/Telugu/?C=S%3BO%3DA HTTP/1.1" 200 353 "https://brainbox.co.in/PDFContent/01%20TSB/02%20Class%20VII/Telugu/?C=M%3BO%3DA" "Mozilla/5.0 (Linux; Android 7.0;) AppleWebKit/537.36 (KHTML, like Gecko) Mobile Safari/537.36 (compatible; PetalBot;+https://webmaster.petalsearch.com/site/petalbot)" "brainbox.co.in"
114.119.128.26 - - [23/Oct/2022:00:46:56 -0700] "GET /?C=S%3BO%3DA HTTP/1.1" 200 432 "https://brainbox.co.in" "Mozilla/5.0 (Linux; Android 7.0;) AppleWebKit/537.36 (KHTML, like Gecko) Mobile Safari/537.36 (compatible; PetalBot;+https://webmaster.petalsearch.com/site/petalbot)" "brainbox.co.in"
114.119.145.187 - - [23/Oct/2022:00:51:56 -0700] "GET /PDFContent/03%20CBSE/05%20Class%20X/Hindi/SPARSH/LS11/?C=D%3BO%3DA HTTP/1.1" 200 543 "https://brainbox.co.in/PDFContent/03%20CBSE/05%20Class%20X/Hindi/SPARSH/LS11/?C=N%3BO%3DD" "Mozilla/5.0 (Linux; Android 7.0;) AppleWebKit/537.36 (KHTML, like Gecko) Mobile Safari/537.36 (compatible; PetalBot;+https://webmaster.petalsearch.com/site/petalbot)" "brainbox.co.in"
114.119.145.175 - - [23/Oct/2022:00:57:54 -0700] "GET /PDFContent/01%20TSB/03%20Class%20VIII/Biology/ HTTP/1.1" 200 431 "https://brainbox.co.in/PDFContent/01%20TSB/03%20Class%20VIII/?C=N%3BO%3DD" "Mozilla/5.0 (Linux; Android 7.0;) AppleWebKit/537.36 (KHTML, like Gecko) Mobile Safari/537.36 (compatible; PetalBot;+https://webmaster.petalsearch.com/site/petalbot)" "brainbox.co.in"
5.255.231.115 - - [23/Oct/2022:01:01:40 -0700] "GET /PDFContent/01%20TSB/05%20Class%20X/English/OR%20WILL%20THE%20DREAMER%20WAKE/TSB_X_ENGLISH_LS06B_OR%20WILL%20THE%20DREAMER%20WAKE_ASSIGNMENT.pdf HTTP/1.1" 200 328234 "-" "Mozilla/5.0 (compatible; YandexBot/3.0; +http://yandex.com/bots)" "brainbox.co.in"
114.119.135.132 - - [23/Oct/2022:01:03:57 -0700] "GET /PDFContent/01%20TSB/02%20Class%20VII/Hindi/ques%20&%20ans/TSB_VII_LS12_HAMARA%20TEWHAR%20_QUES%20&%20ANS.pdf HTTP/1.1" 200 228214 "https://brainbox.co.in/PDFContent/01%20TSB/02%20Class%20VII/Hindi/ques%20&%20ans/?C=N%3BO%3DD" "Mozilla/5.0 (Linux; Android 7.0;) AppleWebKit/537.36 (KHTML, like Gecko) Mobile Safari/537.36 (compatible; PetalBot;+https://webmaster.petalsearch.com/site/petalbot)" "brainbox.co.in"
114.119.145.174 - - [23/Oct/2022:01:10:21 -0700] "GET /PDFContent/03%20CBSE/05%20Class%20X/Maths/CBSE_X_MATHS_LS04_QUADRATIC%20EQUATIONS_SHAPES%20OF%20GRAPHS_P12.pdf HTTP/1.1" 200 445481 "https://brainbox.co.in/PDFContent/03%20CBSE/05%20Class%20X/Maths/?C=D%3BO%3DA" "Mozilla/5.0 (Linux; Android 7.0;) AppleWebKit/537.36 (KHTML, like Gecko) Mobile Safari/537.36 (compatible; PetalBot;+https://webmaster.petalsearch.com/site/petalbot)" "brainbox.co.in"
114.119.145.160 - - [23/Oct/2022:01:16:03 -0700] "GET /PDFContent/01%20TSB/05%20Class%20X/Biology/EXCRETION/Excretion_T02_Humanbeings%20&%20Plants.pdf HTTP/1.1" 200 381105 "https://brainbox.co.in/PDFContent/01%20TSB/05%20Class%20X/Biology/EXCRETION/" "Mozilla/5.0 (Linux; Android 7.0;) AppleWebKit/537.36 (KHTML, like Gecko) Mobile Safari/537.36 (compatible; PetalBot;+https://webmaster.petalsearch.com/site/petalbot)" "brainbox.co.in"
114.119.138.130 - - [23/Oct/2022:01:19:58 -0700] "GET /robots.txt HTTP/1.1" 404 88 "-" "Mozilla/5.0 (compatible;PetalBot;+https://webmaster.petalsearch.com/site/petalbot)" "brainbox.co.in"
114.119.145.175 - - [23/Oct/2022:01:21:56 -0700] "GET /PDFContent/03%20CBSE/02%20Class%20VII/English/CBSEBoard_English_VII_LS3_Introduction_Desert.pdf HTTP/1.1" 200 185908 "https://brainbox.co.in/PDFContent/03%20CBSE/02%20Class%20VII/English/?C=M%3BO%3DA" "Mozilla/5.0 (Linux; Android 7.0;) AppleWebKit/537.36 (KHTML, like Gecko) Mobile Safari/537.36 (compatible; PetalBot;+https://webmaster.petalsearch.com/site/petalbot)" "brainbox.co.in"
114.119.145.187 - - [23/Oct/2022:01:27:55 -0700] "GET /PDFContent/03%20CBSE/02%20Class%20VII/Science/TEXTBOOK%20EXAMPLES/CBSE_Science_VII_Weather,Climate%20And%20Adaptations%20Of%20Animals%20to%20Climate%20_D07.pdf HTTP/1.1" 200 379227 "https://brainbox.co.in/PDFContent/03%20CBSE/02%20Class%20VII/Science/TEXTBOOK%20EXAMPLES/?C=D%3BO%3DA" "Mozilla/5.0 (Linux; Android 7.0;) AppleWebKit/537.36 (KHTML, like Gecko) Mobile Safari/537.36 (compatible; PetalBot;+https://webmaster.petalsearch.com/site/petalbot)" "brainbox.co.in"
114.119.145.175 - - [23/Oct/2022:01:33:53 -0700] "GET /PDFContent/01%20TSB/07%20Class%20XII/?C=S%3BO%3DA HTTP/1.1" 200 478 "https://brainbox.co.in/PDFContent/01%20TSB/07%20Class%20XII/" "Mozilla/5.0 (Linux; Android 7.0;) AppleWebKit/537.36 (KHTML, like Gecko) Mobile Safari/537.36 (compatible; PetalBot;+https://webmaster.petalsearch.com/site/petalbot)" "brainbox.co.in"
114.119.145.174 - - [23/Oct/2022:01:39:51 -0700] "GET /PDFContent/01%20TSB/05%20Class%20X/English/6A,ENVIRONMENT/TSB_X_ENGLISH_LS06A_ENVIRONMENT_QUESTIONS%20AND%20ANSWERS.pdf HTTP/1.1" 200 417672 "https://brainbox.co.in/PDFContent/01%20TSB/05%20Class%20X/English/6A,ENVIRONMENT/?C=N%3BO%3DD" "Mozilla/5.0 (Linux; Android 7.0;) AppleWebKit/537.36 (KHTML, like Gecko) Mobile Safari/537.36 (compatible; PetalBot;+https://webmaster.petalsearch.com/site/petalbot)" "brainbox.co.in"
114.119.135.132 - - [23/Oct/2022:01:45:48 -0700] "GET /PDFContent/03%20CBSE/05%20Class%20X/Maths/CBSE_X_MATHS_LS02_POLYNOMIALS_SHAPES%20OF%20GRAPHS.pdf HTTP/1.1" 200 514528 "https://brainbox.co.in/PDFContent/03%20CBSE/05%20Class%20X/Maths/?C=D%3BO%3DA" "Mozilla/5.0 (Linux; Android 7.0;) AppleWebKit/537.36 (KHTML, like Gecko) Mobile Safari/537.36 (compatible; PetalBot;+https://webmaster.petalsearch.com/site/petalbot)" "brainbox.co.in"
114.119.145.174 - - [23/Oct/2022:01:51:56 -0700] "GET /PDFContent/01%20TSB/02%20Class%20VII/Hindi/Glossary/TSB_VII_LS09_CHUTTI%20PATRA_GLOSSARY.pdf HTTP/1.1" 200 642938 "https://brainbox.co.in/PDFContent/01%20TSB/02%20Class%20VII/Hindi/Glossary/?C=M%3BO%3DA" "Mozilla/5.0 (Linux; Android 7.0;) AppleWebKit/537.36 (KHTML, like Gecko) Mobile Safari/537.36 (compatible; PetalBot;+https://webmaster.petalsearch.com/site/petalbot)" "brainbox.co.in"
54.177.15.90 - - [23/Oct/2022:01:53:04 -0700] "GET /~richard/templates/beez/US/uk/paypal/login.htm HTTP/1.1" 404 73 "-" "Mozilla/5.0 (Macintosh; Intel Mac OS X 10_10_5) AppleWebKit/537.36 (KHTML, like Gecko) Chrome/52.0.2743.116 Safari/537.36" "brainbox.co.in"
114.119.145.174 - - [23/Oct/2022:01:57:54 -0700] "GET /PDFContent/01%20TSB/06%20Class%20XI/English/ HTTP/1.1" 200 354 "https://brainbox.co.in/PDFContent/01%20TSB/06%20Class%20XI/?C=S%3BO%3DA" "Mozilla/5.0 (Linux; Android 7.0;) AppleWebKit/537.36 (KHTML, like Gecko) Mobile Safari/537.36 (compatible; PetalBot;+https://webmaster.petalsearch.com/site/petalbot)" "brainbox.co.in"
114.119.145.175 - - [23/Oct/2022:02:03:54 -0700] "GET /PDFContent/03%20CBSE/04%20Class%20IX/Maths/LINEAR%20EQUATIONS%20IN%20TWO%20VARIABLES/CBSE_IX_MATHS_LS04_LINEAR%20EQUATIONS%20IN%20%20TWO%20VARIABLES_LINEAR%20EQUATION.pdf HTTP/1.1" 200 460395 "https://brainbox.co.in/PDFContent/03%20CBSE/04%20Class%20IX/Maths/LINEAR%20EQUATIONS%20IN%20TWO%20VARIABLES/?C=N%3BO%3DD" "Mozilla/5.0 (Linux; Android 7.0;) AppleWebKit/537.36 (KHTML, like Gecko) Mobile Safari/537.36 (compatible; PetalBot;+https://webmaster.petalsearch.com/site/petalbot)" "brainbox.co.in"
114.119.135.132 - - [23/Oct/2022:02:10:01 -0700] "GET /PDFContent/03%20CBSE/07%20Class%20XII/Chemistry/SOLUTIONS/Solutions_T04_Solubility.pdf HTTP/1.1" 200 110335 "https://brainbox.co.in/PDFContent/03%20CBSE/07%20Class%20XII/Chemistry/SOLUTIONS/" "Mozilla/5.0 (Linux; Android 7.0;) AppleWebKit/537.36 (KHTML, like Gecko) Mobile Safari/537.36 (compatible; PetalBot;+https://webmaster.petalsearch.com/site/petalbot)" "brainbox.co.in"
51.222.253.8 - - [23/Oct/2022:02:12:50 -0700] "GET /robots.txt HTTP/1.1" 404 88 "-" "Mozilla/5.0 (compatible; AhrefsBot/7.0; +http://ahrefs.com/robot/)" "brainbox.co.in"
51.222.253.9 - - [23/Oct/2022:02:12:51 -0700] "GET /PDFContent/01%20TSB/03%20Class%20VIII/English/LS4C/?C=N;O=D HTTP/1.1" 200 538 "-" "Mozilla/5.0 (compatible; AhrefsBot/7.0; +http://ahrefs.com/robot/)" "brainbox.co.in"
114.119.145.174 - - [23/Oct/2022:02:16:06 -0700] "GET /PDFContent/01%20TSB/05%20Class%20X/English/OR%20WILL%20THE%20DREAMER%20WAKE/TSB_X_ENGLISH_LS06B_OR%20WILL%20THE%20DREAMER%20WAKE_EXPLANATION.pdf HTTP/1.1" 200 409346 "https://brainbox.co.in/PDFContent/01%20TSB/05%20Class%20X/English/OR%20WILL%20THE%20DREAMER%20WAKE/?C=N%3BO%3DD" "Mozilla/5.0 (Linux; Android 7.0;) AppleWebKit/537.36 (KHTML, like Gecko) Mobile Safari/537.36 (compatible; PetalBot;+https://webmaster.petalsearch.com/site/petalbot)" "brainbox.co.in"
51.222.253.13 - - [23/Oct/2022:02:21:13 -0700] "GET /PDFContent/02%20APSB/01%20Class%20VI/English/ HTTP/1.1" 200 353 "-" "Mozilla/5.0 (compatible; AhrefsBot/7.0; +http://ahrefs.com/robot/)" "brainbox.co.in"
114.119.145.187 - - [23/Oct/2022:02:22:16 -0700] "GET /PDFContent/01%20TSB/02%20Class%20VII/Hindi/Glossary/TSB_VII_LS18_GHANTE%20KI%20AAWAJ_GLOSSARY.pdf HTTP/1.1" 200 883039 "https://brainbox.co.in/PDFContent/01%20TSB/02%20Class%20VII/Hindi/Glossary/?C=M%3BO%3DA" "Mozilla/5.0 (Linux; Android 7.0;) AppleWebKit/537.36 (KHTML, like Gecko) Mobile Safari/537.36 (compatible; PetalBot;+https://webmaster.petalsearch.com/site/petalbot)" "brainbox.co.in"
114.119.135.132 - - [23/Oct/2022:02:28:26 -0700] "GET /PDFContent/SPECIAL%20CROUSE/Part%204%20MECHANICS%20OF%20WRITING/?C=M%3BO%3DA HTTP/1.1" 200 570 "https://brainbox.co.in/PDFContent/SPECIAL%20CROUSE/Part%204%20MECHANICS%20OF%20WRITING/?C=N%3BO%3DD" "Mozilla/5.0 (Linux; Android 7.0;) AppleWebKit/537.36 (KHTML, like Gecko) Mobile Safari/537.36 (compatible; PetalBot;+https://webmaster.petalsearch.com/site/petalbot)" "brainbox.co.in"
51.222.253.3 - - [23/Oct/2022:02:30:04 -0700] "GET /PDFContent/02%20APSB/01%20Class%20VI/Hindi/ HTTP/1.1" 200 352 "-" "Mozilla/5.0 (compatible; AhrefsBot/7.0; +http://ahrefs.com/robot/)" "brainbox.co.in"
18.222.222.41 - - [23/Oct/2022:02:33:14 -0700] "GET /~richard/templates/beez/US/uk/paypal/login.htm HTTP/1.1" 404 73 "-" "Mozilla/5.0 (Macintosh; Intel Mac OS X 10_10_5) AppleWebKit/537.36 (KHTML, like Gecko) Chrome/52.0.2743.116 Safari/537.36" "brainbox.co.in"
114.119.135.132 - - [23/Oct/2022:02:34:20 -0700] "GET /PDFContent/03%20CBSE/04%20Class%20IX/Maths/CBSE_IX_MATHS_LS12_HERON'S%20FORMULA_SOLVED%20PROBLEM_02.pdf HTTP/1.1" 200 379751 "https://brainbox.co.in/PDFContent/03%20CBSE/04%20Class%20IX/Maths/?C=M%3BO%3DA" "Mozilla/5.0 (Linux; Android 7.0;) AppleWebKit/537.36 (KHTML, like Gecko) Mobile Safari/537.36 (compatible; PetalBot;+https://webmaster.petalsearch.com/site/petalbot)" "brainbox.co.in"
51.222.253.13 - - [23/Oct/2022:02:39:25 -0700] "GET /PDFContent/02%20APSB/01%20Class%20VI/Maths/ HTTP/1.1" 200 352 "-" "Mozilla/5.0 (compatible; AhrefsBot/7.0; +http://ahrefs.com/robot/)" "brainbox.co.in"
114.119.145.175 - - [23/Oct/2022:02:40:29 -0700] "GET /PDFContent/Beetle/CLASS%20II/EVS%20SEM%202/Lesson%201.%20Plants%20and%20their%20uses.pdf HTTP/1.1" 200 85987 "https://brainbox.co.in/PDFContent/Beetle/CLASS%20II/EVS%20SEM%202/?C=D%3BO%3DA" "Mozilla/5.0 (Linux; Android 7.0;) AppleWebKit/537.36 (KHTML, like Gecko) Mobile Safari/537.36 (compatible; PetalBot;+https://webmaster.petalsearch.com/site/petalbot)" "brainbox.co.in"
5.255.253.109 - - [23/Oct/2022:02:44:35 -0700] "GET /PDFContent/Beetle/CLASS%20I/MATHEMATICS%201-2/ HTTP/1.1" 200 640 "-" "Mozilla/5.0 (compatible; YandexBot/3.0; +http://yandex.com/bots)" "brainbox.co.in"
5.255.253.164 - - [23/Oct/2022:02:44:49 -0700] "GET /PDFContent/SPECIAL%20CROUSE/Part%201%20Grammar%20Essentials/STD_III/UNIT-6_MARY%20&%20THE%20THREE%20BEARS.pdf HTTP/1.1" 200 368899 "-" "Mozilla/5.0 (compatible; YandexBot/3.0; +http://yandex.com/bots)" "brainbox.co.in"
5.45.207.95 - - [23/Oct/2022:02:44:54 -0700] "GET /PDFContent/SPECIAL%20CROUSE/Part%201%20Grammar%20Essentials/STD_III/UNIT-6_MARY%20&%20THE%20THREE%20BEARS.pdf HTTP/1.1" 200 368899 "-" "Mozilla/5.0 (compatible; YandexBot/3.0; +http://yandex.com/bots)" "brainbox.co.in"
114.119.145.160 - - [23/Oct/2022:02:46:33 -0700] "GET /PDFContent/01%20TSB/02%20Class%20VII/Hindi/ques%20&%20ans/TSB_VII_LS01_MANN%20KARTA%20HAI%20NEW_QUES%20&%20ANS.pdf HTTP/1.1" 200 845941 "https://brainbox.co.in/PDFContent/01%20TSB/02%20Class%20VII/Hindi/ques%20&%20ans/?C=N%3BO%3DD" "Mozilla/5.0 (Linux; Android 7.0;) AppleWebKit/537.36 (KHTML, like Gecko) Mobile Safari/537.36 (compatible; PetalBot;+https://webmaster.petalsearch.com/site/petalbot)" "brainbox.co.in"
51.222.253.4 - - [23/Oct/2022:02:47:38 -0700] "GET /PDFContent/01%20TSB/03%20Class%20VIII/English/LS8A/ HTTP/1.1" 200 527 "-" "Mozilla/5.0 (compatible; AhrefsBot/7.0; +http://ahrefs.com/robot/)" "brainbox.co.in"
114.119.145.175 - - [23/Oct/2022:02:52:37 -0700] "GET /PDFContent/03%20CBSE/03%20Class%20VIII/Maths/CBSE_VIII_MATHS_LS02_LINEAR%20EQUATIONS%20IN%20ONE%20VARIABLE_EQUATION.pdf HTTP/1.1" 200 451460 "https://brainbox.co.in/PDFContent/03%20CBSE/03%20Class%20VIII/Maths/?C=N%3BO%3DD" "Mozilla/5.0 (Linux; Android 7.0;) AppleWebKit/537.36 (KHTML, like Gecko) Mobile Safari/537.36 (compatible; PetalBot;+https://webmaster.petalsearch.com/site/petalbot)" "brainbox.co.in"
87.250.224.188 - - [23/Oct/2022:02:52:53 -0700] "GET /PDFContent/Beetle/CLASS%20V/SOCIAL/SEM%201/LESSON%2011.%20NATURAL%20DISASTERS.pdf HTTP/1.1" 200 86015 "-" "Mozilla/5.0 (compatible; YandexBot/3.0; +http://yandex.com/bots)" "brainbox.co.in"
51.222.253.1 - - [23/Oct/2022:02:58:01 -0700] "GET /PDFContent/02%20APSB/06%20Class%20XI/Chemistry/?C=N;O=D HTTP/1.1" 200 354 "-" "Mozilla/5.0 (compatible; AhrefsBot/7.0; +http://ahrefs.com/robot/)" "brainbox.co.in"
114.119.145.175 - - [23/Oct/2022:02:58:39 -0700] "GET /PDFContent/03%20CBSE/07%20Class%20XII/Maths/?C=S%3BO%3DA HTTP/1.1" 200 748 "https://brainbox.co.in/PDFContent/03%20CBSE/07%20Class%20XII/Maths/?C=D%3BO%3DA" "Mozilla/5.0 (Linux; Android 7.0;) AppleWebKit/537.36 (KHTML, like Gecko) Mobile Safari/537.36 (compatible; PetalBot;+https://webmaster.petalsearch.com/site/petalbot)" "brainbox.co.in"
114.119.135.132 - - [23/Oct/2022:03:04:35 -0700] "GET /PDFContent/01%20TSB/03%20Class%20VIII/English/LS2A/New/ HTTP/1.1" 200 522 "https://brainbox.co.in/PDFContent/01%20TSB/03%20Class%20VIII/English/LS2A/?C=M%3BO%3DA" "Mozilla/5.0 (Linux; Android 7.0;) AppleWebKit/537.36 (KHTML, like Gecko) Mobile Safari/537.36 (compatible; PetalBot;+https://webmaster.petalsearch.com/site/petalbot)" "brainbox.co.in"
51.222.253.18 - - [23/Oct/2022:03:06:56 -0700] "GET /PDFContent/01%20TSB/03%20Class%20VIII/English/LS1B/New/?C=N;O=D HTTP/1.1" 200 525 "-" "Mozilla/5.0 (compatible; AhrefsBot/7.0; +http://ahrefs.com/robot/)" "brainbox.co.in"
114.119.135.132 - - [23/Oct/2022:03:10:43 -0700] "GET /PDFContent/04%20ICSE/05%20Class%20X/English/?C=M%3BO%3DA HTTP/1.1" 200 353 "https://brainbox.co.in/PDFContent/04%20ICSE/05%20Class%20X/English/?C=D%3BO%3DA" "Mozilla/5.0 (Linux; Android 7.0;) AppleWebKit/537.36 (KHTML, like Gecko) Mobile Safari/537.36 (compatible; PetalBot;+https://webmaster.petalsearch.com/site/petalbot)" "brainbox.co.in"
51.222.253.7 - - [23/Oct/2022:03:13:46 -0700] "GET /PDFContent/01%20TSB/04%20Class%20IX/Hindi/?C=N;O=D HTTP/1.1" 200 350 "-" "Mozilla/5.0 (compatible; AhrefsBot/7.0; +http://ahrefs.com/robot/)" "brainbox.co.in"
114.119.145.160 - - [23/Oct/2022:03:16:42 -0700] "GET /PDFContent/04%20ICSE/03%20Class%20VIII/English/?C=M%3BO%3DA HTTP/1.1" 200 355 "https://brainbox.co.in/PDFContent/04%20ICSE/03%20Class%20VIII/English/?C=N%3BO%3DD" "Mozilla/5.0 (Linux; Android 7.0;) AppleWebKit/537.36 (KHTML, like Gecko) Mobile Safari/537.36 (compatible; PetalBot;+https://webmaster.petalsearch.com/site/petalbot)" "brainbox.co.in"
51.222.253.1 - - [23/Oct/2022:03:22:02 -0700] "GET /PDFContent/03%20CBSE/04%20Class%20IX/Hindi/Biology/?C=N;O=D HTTP/1.1" 200 357 "-" "Mozilla/5.0 (compatible; AhrefsBot/7.0; +http://ahrefs.com/robot/)" "brainbox.co.in"
114.119.145.160 - - [23/Oct/2022:03:22:50 -0700] "GET /PDFContent/Beetle/CLASS%20IV/MATHEMATICS%202/Lesson%205.%20Time.pdf HTTP/1.1" 200 257005 "https://brainbox.co.in/PDFContent/Beetle/CLASS%20IV/MATHEMATICS%202/?C=S%3BO%3DA" "Mozilla/5.0 (Linux; Android 7.0;) AppleWebKit/537.36 (KHTML, like Gecko) Mobile Safari/537.36 (compatible; PetalBot;+https://webmaster.petalsearch.com/site/petalbot)" "brainbox.co.in"
5.255.253.156 - - [23/Oct/2022:03:23:55 -0700] "GET /robots.txt HTTP/1.1" 404 73 "-" "Mozilla/5.0 (compatible; YandexBot/3.0; +http://yandex.com/bots)" "brainbox.co.in"
5.255.231.115 - - [23/Oct/2022:03:23:59 -0700] "GET /PDFContent/01%20TSB/04%20Class%20IX/Biology/Challenging%20in%20Improving%20Agricultural/ HTTP/1.1" 200 731 "-" "Mozilla/5.0 (compatible; YandexBot/3.0; +http://yandex.com/bots)" "brainbox.co.in"
213.180.203.21 - - [23/Oct/2022:03:26:29 -0700] "GET /PDFContent/SPECIAL%20CROUSE/Part%201%20Grammar%20Essentials/STD_VII/?C=D;O=A HTTP/1.1" 200 501 "-" "Mozilla/5.0 (compatible; YandexBot/3.0; +http://yandex.com/bots)" "brainbox.co.in"
114.119.145.175 - - [23/Oct/2022:03:29:04 -0700] "GET /PDFContent/03%20CBSE/02%20Class%20VII/Sanskrit/?C=M%3BO%3DA HTTP/1.1" 200 355 "https://brainbox.co.in/PDFContent/03%20CBSE/02%20Class%20VII/Sanskrit/?C=N%3BO%3DD" "Mozilla/5.0 (Linux; Android 7.0;) AppleWebKit/537.36 (KHTML, like Gecko) Mobile Safari/537.36 (compatible; PetalBot;+https://webmaster.petalsearch.com/site/petalbot)" "brainbox.co.in"
51.222.253.11 - - [23/Oct/2022:03:29:27 -0700] "GET /PDFContent/04%20ICSE/07%20Class%20XII/English/?C=M;O=D HTTP/1.1" 200 353 "-" "Mozilla/5.0 (compatible; AhrefsBot/7.0; +http://ahrefs.com/robot/)" "brainbox.co.in"
114.119.145.160 - - [23/Oct/2022:03:35:12 -0700] "GET /PDFContent/04%20ICSE/01%20Class%20VI/Sanskrit/?C=S%3BO%3DA HTTP/1.1" 200 354 "https://brainbox.co.in/PDFContent/04%20ICSE/01%20Class%20VI/Sanskrit/" "Mozilla/5.0 (Linux; Android 7.0;) AppleWebKit/537.36 (KHTML, like Gecko) Mobile Safari/537.36 (compatible; PetalBot;+https://webmaster.petalsearch.com/site/petalbot)" "brainbox.co.in"
51.222.253.4 - - [23/Oct/2022:03:37:15 -0700] "GET /PDFContent/02%20APSB/03%20Class%20VIII/?C=N;O=D HTTP/1.1" 200 463 "-" "Mozilla/5.0 (compatible; AhrefsBot/7.0; +http://ahrefs.com/robot/)" "brainbox.co.in"
114.119.145.175 - - [23/Oct/2022:03:41:14 -0700] "GET /PDFContent/03%20CBSE/07%20Class%20XII/Biology/BIOTECHNOLOGY%20%20AND%20ITS%20APPLICATIONS/Biotechnology%20&%20It's%20applications_T02_Pest%20resistant%20plants.pdf HTTP/1.1" 200 139544 "https://brainbox.co.in/PDFContent/03%20CBSE/07%20Class%20XII/Biology/BIOTECHNOLOGY%20%20AND%20ITS%20APPLICATIONS/?C=N%3BO%3DD" "Mozilla/5.0 (Linux; Android 7.0;) AppleWebKit/537.36 (KHTML, like Gecko) Mobile Safari/537.36 (compatible; PetalBot;+https://webmaster.petalsearch.com/site/petalbot)" "brainbox.co.in"
114.119.145.175 - - [23/Oct/2022:03:47:21 -0700] "GET /PDFContent/CBSE_X_HINDI_LS02_GEORGE%20PANCHAM%20KEE%20NAAK_SUMMARY.pdf HTTP/1.1" 200 779099 "https://brainbox.co.in/PDFContent/?C=N%3BO%3DD" "Mozilla/5.0 (Linux; Android 7.0;) AppleWebKit/537.36 (KHTML, like Gecko) Mobile Safari/537.36 (compatible; PetalBot;+https://webmaster.petalsearch.com/site/petalbot)" "brainbox.co.in"
51.222.253.14 - - [23/Oct/2022:03:53:03 -0700] "GET /PDFContent/Beetle/CLASS%20III/?C=N;O=D HTTP/1.1" 200 432 "-" "Mozilla/5.0 (compatible; AhrefsBot/7.0; +http://ahrefs.com/robot/)" "brainbox.co.in"
114.119.145.187 - - [23/Oct/2022:03:53:30 -0700] "GET /PDFContent/03%20CBSE/05%20Class%20X/Biology/LIFE%20PROCESSES/Life%20Processes_T01_Introduction%20Organisation%20of%20the%20Body.pdf HTTP/1.1" 200 465285 "https://brainbox.co.in/PDFContent/03%20CBSE/05%20Class%20X/Biology/LIFE%20PROCESSES/?C=N%3BO%3DD" "Mozilla/5.0 (Linux; Android 7.0;) AppleWebKit/537.36 (KHTML, like Gecko) Mobile Safari/537.36 (compatible; PetalBot;+https://webmaster.petalsearch.com/site/petalbot)" "brainbox.co.in"
87.250.224.50 - - [23/Oct/2022:03:55:07 -0700] "GET /PDFContent/02%20APSB/05%20Class%20X/Chemistry/ HTTP/1.1" 200 355 "-" "Mozilla/5.0 (compatible; YandexBot/3.0; +http://yandex.com/bots)" "brainbox.co.in"
114.119.145.160 - - [23/Oct/2022:03:59:34 -0700] "GET /PDFContent/04%20ICSE/02%20Class%20VII/English/ HTTP/1.1" 200 354 "https://brainbox.co.in/PDFContent/04%20ICSE/02%20Class%20VII/?C=S%3BO%3DA" "Mozilla/5.0 (Linux; Android 7.0;) AppleWebKit/537.36 (KHTML, like Gecko) Mobile Safari/537.36 (compatible; PetalBot;+https://webmaster.petalsearch.com/site/petalbot)" "brainbox.co.in"
114.119.145.175 - - [23/Oct/2022:04:05:40 -0700] "GET /PDFContent/02%20APSB/07%20Class%20XII/English/?C=S%3BO%3DA HTTP/1.1" 200 355 "https://brainbox.co.in/PDFContent/02%20APSB/07%20Class%20XII/English/" "Mozilla/5.0 (Linux; Android 7.0;) AppleWebKit/537.36 (KHTML, like Gecko) Mobile Safari/537.36 (compatible; PetalBot;+https://webmaster.petalsearch.com/site/petalbot)" "brainbox.co.in"
87.250.224.93 - - [23/Oct/2022:04:07:45 -0700] "GET /PDFContent/01%20TSB/01%20Class%20VI/Sanskrit/ HTTP/1.1" 200 352 "-" "Mozilla/5.0 (compatible; YandexBot/3.0; +http://yandex.com/bots)" "brainbox.co.in"
51.222.253.1 - - [23/Oct/2022:04:09:06 -0700] "GET /PDFContent/01%20TSB/03%20Class%20VIII/English/LS3C/?C=N;O=A HTTP/1.1" 200 509 "-" "Mozilla/5.0 (compatible; AhrefsBot/7.0; +http://ahrefs.com/robot/)" "brainbox.co.in"
114.119.145.175 - - [23/Oct/2022:04:11:44 -0700] "GET /PDFContent/Beetle/CLASS%20II/MATHEMATICS%20SEM%202/Lesson%209.%20Measurement%20of%20capacity.pdf HTTP/1.1" 200 86363 "https://brainbox.co.in/PDFContent/Beetle/CLASS%20II/MATHEMATICS%20SEM%202/?C=N%3BO%3DD" "Mozilla/5.0 (Linux; Android 7.0;) AppleWebKit/537.36 (KHTML, like Gecko) Mobile Safari/537.36 (compatible; PetalBot;+https://webmaster.petalsearch.com/site/petalbot)" "brainbox.co.in"
95.108.213.62 - - [23/Oct/2022:04:12:23 -0700] "GET /PDFContent/04%20ICSE/02%20Class%20VII/Sanskrit/ HTTP/1.1" 200 355 "-" "Mozilla/5.0 (compatible; YandexBot/3.0; +http://yandex.com/bots)" "brainbox.co.in"
65.109.63.254 - - [23/Oct/2022:04:16:59 -0700] "GET /robots.txt HTTP/1.1" 404 73 "-" "Mozilla/5.0 (compatible; MJ12bot/v1.4.8; http://mj12bot.com/)" "www.brainbox.co.in"
65.109.63.254 - - [23/Oct/2022:04:17:01 -0700] "GET /PDFContent/01%20TSB/07%20Class%20XII/Maths/LS02A_De%20Moivre%E2%80%99s%20theorem/ HTTP/1.1" 200 512 "-" "Mozilla/5.0 (compatible; MJ12bot/v1.4.8; http://mj12bot.com/)" "www.brainbox.co.in"
114.119.145.175 - - [23/Oct/2022:04:17:51 -0700] "GET /PDFContent/03%20CBSE/05%20Class%20X/Telugu/?C=S%3BO%3DA HTTP/1.1" 200 353 "https://brainbox.co.in/PDFContent/03%20CBSE/05%20Class%20X/Telugu/" "Mozilla/5.0 (Linux; Android 7.0;) AppleWebKit/537.36 (KHTML, like Gecko) Mobile Safari/537.36 (compatible; PetalBot;+https://webmaster.petalsearch.com/site/petalbot)" "brainbox.co.in"
114.119.145.160 - - [23/Oct/2022:04:23:55 -0700] "GET /PDFContent/03%20CBSE/01%20Class%20VI/Chemistry/ HTTP/1.1" 200 407 "https://brainbox.co.in/PDFContent/03%20CBSE/01%20Class%20VI/?C=D%3BO%3DA" "Mozilla/5.0 (Linux; Android 7.0;) AppleWebKit/537.36 (KHTML, like Gecko) Mobile Safari/537.36 (compatible; PetalBot;+https://webmaster.petalsearch.com/site/petalbot)" "brainbox.co.in"
51.222.253.5 - - [23/Oct/2022:04:24:36 -0700] "GET /PDFContent/trial/?C=N;O=A HTTP/1.1" 200 578 "-" "Mozilla/5.0 (compatible; AhrefsBot/7.0; +http://ahrefs.com/robot/)" "brainbox.co.in"
114.119.135.132 - - [23/Oct/2022:04:29:59 -0700] "GET /PDFContent/03%20CBSE/05%20Class%20X/Maths/CBSE_X_MATHS_LS04_QUADRATIC%20EQUATIONS_ROOTS%20OF%20A%20QUADRATIC%20QUATION.pdf HTTP/1.1" 200 359312 "https://brainbox.co.in/PDFContent/03%20CBSE/05%20Class%20X/Maths/?C=D%3BO%3DA" "Mozilla/5.0 (Linux; Android 7.0;) AppleWebKit/537.36 (KHTML, like Gecko) Mobile Safari/537.36 (compatible; PetalBot;+https://webmaster.petalsearch.com/site/petalbot)" "brainbox.co.in"
114.119.135.132 - - [23/Oct/2022:04:36:03 -0700] "GET /PDFContent/Beetle/CLASS%20V/SCIENCE/SEM%201/?C=N%3BO%3DD HTTP/1.1" 200 646 "https://brainbox.co.in/PDFContent/Beetle/CLASS%20V/SCIENCE/SEM%201/?C=M%3BO%3DA" "Mozilla/5.0 (Linux; Android 7.0;) AppleWebKit/537.36 (KHTML, like Gecko) Mobile Safari/537.36 (compatible; PetalBot;+https://webmaster.petalsearch.com/site/petalbot)" "brainbox.co.in"
66.249.79.84 - - [23/Oct/2022:04:36:16 -0700] "GET /ads.txt HTTP/1.1" 404 88 "-" "Mozilla/5.0 (compatible; Googlebot/2.1; +http://www.google.com/bot.html)" "brainbox.co.in"
114.119.145.175 - - [23/Oct/2022:04:42:08 -0700] "GET /PDFContent/03%20CBSE/03%20Class%20VIII/Chemistry/Metals%20&%20Non-Metals/Physical%20properties%20of%20Metals HTTP/1.1" 200 223456 "https://brainboxschool.com/material/CBSE/VIII/Chemistry/METALS_&_NON-METALS.html" "Mozilla/5.0 (Linux; Android 7.0;) AppleWebKit/537.36 (KHTML, like Gecko) Mobile Safari/537.36 (compatible; PetalBot;+https://webmaster.petalsearch.com/site/petalbot)" "brainbox.co.in"
114.119.145.160 - - [23/Oct/2022:04:48:15 -0700] "GET /PDFContent/03%20CBSE/05%20Class%20X/Hindi/Kshitij/ HTTP/1.1" 200 437 "https://brainbox.co.in/PDFContent/03%20CBSE/05%20Class%20X/Hindi/Kshitij/LS13/?C=S%3BO%3DA" "Mozilla/5.0 (Linux; Android 7.0;) AppleWebKit/537.36 (KHTML, like Gecko) Mobile Safari/537.36 (compatible; PetalBot;+https://webmaster.petalsearch.com/site/petalbot)" "brainbox.co.in"
51.222.253.6 - - [23/Oct/2022:04:48:48 -0700] "GET /PDFContent/01%20TSB/05%20Class%20X/Chemistry/?C=N;O=D HTTP/1.1" 200 352 "-" "Mozilla/5.0 (compatible; AhrefsBot/7.0; +http://ahrefs.com/robot/)" "brainbox.co.in"
114.119.145.174 - - [23/Oct/2022:04:54:22 -0700] "GET /PDFContent/03%20CBSE/05%20Class%20X/Hindi/ HTTP/1.1" 200 1378 "https://brainbox.co.in/PDFContent/03%20CBSE/05%20Class%20X/Hindi/Kshitij/?C=S%3BO%3DA" "Mozilla/5.0 (Linux; Android 7.0;) AppleWebKit/537.36 (KHTML, like Gecko) Mobile Safari/537.36 (compatible; PetalBot;+https://webmaster.petalsearch.com/site/petalbot)" "brainbox.co.in"
114.119.145.175 - - [23/Oct/2022:05:00:26 -0700] "GET /PDFContent/01%20TSB/03%20Class%20VIII/English/LS1B/New/?C=M%3BO%3DA HTTP/1.1" 200 527 "https://brainbox.co.in/PDFContent/01%20TSB/03%20Class%20VIII/English/LS1B/New/?C=N%3BO%3DD" "Mozilla/5.0 (Linux; Android 7.0;) AppleWebKit/537.36 (KHTML, like Gecko) Mobile Safari/537.36 (compatible; PetalBot;+https://webmaster.petalsearch.com/site/petalbot)" "brainbox.co.in"
114.119.145.160 - - [23/Oct/2022:05:06:30 -0700] "GET /PDFContent/03%20CBSE/02%20Class%20VII/Hindi/GLOSSARY/CBSC_VII_LS10_HUM%20DHARTI%20KE%20LAAL_GLOSSARY.pdf HTTP/1.1" 200 697150 "https://brainbox.co.in/PDFContent/03%20CBSE/02%20Class%20VII/Hindi/GLOSSARY/" "Mozilla/5.0 (Linux; Android 7.0;) AppleWebKit/537.36 (KHTML, like Gecko) Mobile Safari/537.36 (compatible; PetalBot;+https://webmaster.petalsearch.com/site/petalbot)" "brainbox.co.in"
114.119.145.174 - - [23/Oct/2022:05:12:39 -0700] "GET /PDFContent/03%20CBSE/03%20Class%20VIII/Maths/PRACTICAL%20GEOMETRY/?C=N%3BO%3DD HTTP/1.1" 200 748 "https://brainbox.co.in/PDFContent/03%20CBSE/03%20Class%20VIII/Maths/PRACTICAL%20GEOMETRY/?C=M%3BO%3DA" "Mozilla/5.0 (Linux; Android 7.0;) AppleWebKit/537.36 (KHTML, like Gecko) Mobile Safari/537.36 (compatible; PetalBot;+https://webmaster.petalsearch.com/site/petalbot)" "brainbox.co.in"
114.119.145.175 - - [23/Oct/2022:05:18:47 -0700] "GET /PDFContent/Beetle/CLASS%20IV/SCIENCE/Lesson%202.%20Adaptions%20in%20plant.pdf HTTP/1.1" 200 124813 "https://brainbox.co.in/PDFContent/Beetle/CLASS%20IV/SCIENCE/?C=N%3BO%3DD" "Mozilla/5.0 (Linux; Android 7.0;) AppleWebKit/537.36 (KHTML, like Gecko) Mobile Safari/537.36 (compatible; PetalBot;+https://webmaster.petalsearch.com/site/petalbot)" "brainbox.co.in"
3.21.232.71 - - [23/Oct/2022:05:22:49 -0700] "GET /~richard/templates/beez/US/uk/paypal/login.htm HTTP/1.1" 404 73 "-" "Mozilla/5.0 (Macintosh; Intel Mac OS X 10_10_5) AppleWebKit/537.36 (KHTML, like Gecko) Chrome/52.0.2743.116 Safari/537.36" "brainbox.co.in"
114.119.145.174 - - [23/Oct/2022:05:25:01 -0700] "GET /PDFContent/01%20TSB/05%20Class%20X/Biology/RESPIRATION/ HTTP/1.1" 200 497 "https://brainbox.co.in/PDFContent/01%20TSB/05%20Class%20X/Biology/?C=S%3BO%3DA" "Mozilla/5.0 (Linux; Android 7.0;) AppleWebKit/537.36 (KHTML, like Gecko) Mobile Safari/537.36 (compatible; PetalBot;+https://webmaster.petalsearch.com/site/petalbot)" "brainbox.co.in"
207.46.13.24 - - [23/Oct/2022:05:27:03 -0700] "GET /PDFContent/01%20TSB/02%20Class%20VII/Hindi/word%20meaning/ HTTP/1.1" 200 920 "-" "Mozilla/5.0 AppleWebKit/537.36 (KHTML, like Gecko; compatible; bingbot/2.0; +http://www.bing.com/bingbot.htm) Chrome/103.0.5060.134 Safari/537.36" "brainbox.co.in"
5.255.253.185 - - [23/Oct/2022:05:30:52 -0700] "GET /PDFContent/04%20ICSE/06%20Class%20XI/Chemistry/ HTTP/1.1" 200 356 "-" "Mozilla/5.0 (compatible; YandexBot/3.0; +http://yandex.com/bots)" "brainbox.co.in"
114.119.145.160 - - [23/Oct/2022:05:31:12 -0700] "GET /PDFContent/02%20APSB/05%20Class%20X/Sanskrit/?C=M%3BO%3DA HTTP/1.1" 200 353 "https://brainbox.co.in/PDFContent/02%20APSB/05%20Class%20X/Sanskrit/?C=D%3BO%3DA" "Mozilla/5.0 (Linux; Android 7.0;) AppleWebKit/537.36 (KHTML, like Gecko) Mobile Safari/537.36 (compatible; PetalBot;+https://webmaster.petalsearch.com/site/petalbot)" "brainbox.co.in"
51.222.253.6 - - [23/Oct/2022:05:34:42 -0700] "GET /PDFContent/01%20TSB/04%20Class%20IX/Physics/?C=N;O=D HTTP/1.1" 200 352 "-" "Mozilla/5.0 (compatible; AhrefsBot/7.0; +http://ahrefs.com/robot/)" "brainbox.co.in"
114.119.145.187 - - [23/Oct/2022:05:37:19 -0700] "GET /PDFContent/Beetle/CLASS%20V/SOCIAL/SEM%202/ HTTP/1.1" 200 719 "https://brainbox.co.in/PDFContent/Beetle/CLASS%20V/SOCIAL/" "Mozilla/5.0 (Linux; Android 7.0;) AppleWebKit/537.36 (KHTML, like Gecko) Mobile Safari/537.36 (compatible; PetalBot;+https://webmaster.petalsearch.com/site/petalbot)" "brainbox.co.in"
114.119.145.175 - - [23/Oct/2022:05:43:31 -0700] "GET /PDFContent/03%20CBSE/03%20Class%20VIII/Sup%20English/HOW%20THE%20CAMEL%20GOT%20HIS%20HUMP/?C=S%3BO%3DA HTTP/1.1" 200 387 "https://brainbox.co.in/PDFContent/03%20CBSE/03%20Class%20VIII/Sup%20English/HOW%20THE%20CAMEL%20GOT%20HIS%20HUMP/?C=N%3BO%3DD" "Mozilla/5.0 (Linux; Android 7.0;) AppleWebKit/537.36 (KHTML, like Gecko) Mobile Safari/537.36 (compatible; PetalBot;+https://webmaster.petalsearch.com/site/petalbot)" "brainbox.co.in"
114.119.135.132 - - [23/Oct/2022:05:49:41 -0700] "GET /PDFContent/03%20CBSE/05%20Class%20X/Maths/COORDINATE%20GEOMETRY/Coordinate%20Geometry_T09A_Centroid%20of%20a%20triangle_Example.pdf HTTP/1.1" 200 135301 "https://brainbox.co.in/PDFContent/03%20CBSE/05%20Class%20X/Maths/COORDINATE%20GEOMETRY/?C=S%3BO%3DA" "Mozilla/5.0 (Linux; Android 7.0;) AppleWebKit/537.36 (KHTML, like Gecko) Mobile Safari/537.36 (compatible; PetalBot;+https://webmaster.petalsearch.com/site/petalbot)" "brainbox.co.in"
