114.119.145.160 - - [20/Oct/2022:07:24:25 -0700] "GET /PDFContent/01%20TSB/03%20Class%20VIII/Telugu/SAMUDRAPRAYANAM/?C=N%3BO%3DD HTTP/1.1" 200 449 "https://brainbox.co.in/PDFContent/01%20TSB/03%20Class%20VIII/Telugu/SAMUDRAPRAYANAM/?C=S%3BO%3DA" "Mozilla/5.0 (Linux; Android 7.0;) AppleWebKit/537.36 (KHTML, like Gecko) Mobile Safari/537.36 (compatible; PetalBot;+https://webmaster.petalsearch.com/site/petalbot)" "brainbox.co.in"
207.46.13.109 - - [20/Oct/2022:07:27:37 -0700] "GET /PDFContent/03%20CBSE/06%20Class%20XI/Biology/Cell-The%20unit%20of%20life/Nucleus HTTP/1.1" 404 88 "-" "Mozilla/5.0 (compatible; bingbot/2.0; +http://www.bing.com/bingbot.htm)" "brainbox.co.in"
114.119.145.160 - - [20/Oct/2022:07:30:30 -0700] "GET /PDFContent/03%20CBSE/04%20Class%20IX/Physics/Motion/Rest HTTP/1.1" 200 179674 "https://brainboxschool.com/material/CBSE/IX/Physics/MOTION.html" "Mozilla/5.0 (Linux; Android 7.0;) AppleWebKit/537.36 (KHTML, like Gecko) Mobile Safari/537.36 (compatible; PetalBot;+https://webmaster.petalsearch.com/site/petalbot)" "brainbox.co.in"
114.119.145.160 - - [20/Oct/2022:07:36:32 -0700] "GET /PDFContent/03%20CBSE/05%20Class%20X/Hindi/Kshitij/LS02/CBSE_X_HINDI_LS02_TULASIDAS_CUE%20WORDS.pdf HTTP/1.1" 200 514661 "https://brainbox.co.in/PDFContent/03%20CBSE/05%20Class%20X/Hindi/Kshitij/LS02/" "Mozilla/5.0 (Linux; Android 7.0;) AppleWebKit/537.36 (KHTML, like Gecko) Mobile Safari/537.36 (compatible; PetalBot;+https://webmaster.petalsearch.com/site/petalbot)" "brainbox.co.in"
5.255.253.185 - - [20/Oct/2022:07:42:22 -0700] "GET /PDFContent/Beetle/CLASS%20IV/SCIENCE%202/Lesson%204.%20Force,%20Work%20and%20Energy.pdf HTTP/1.1" 200 122534 "-" "Mozilla/5.0 (compatible; YandexBot/3.0; +http://yandex.com/bots)" "brainbox.co.in"
114.119.135.132 - - [20/Oct/2022:07:42:40 -0700] "GET /PDFContent/Beetle/CLASS%20IV/MATHEMATICS/ HTTP/1.1" 200 556 "https://brainbox.co.in/PDFContent/Beetle/CLASS%20IV/?C=D%3BO%3DA" "Mozilla/5.0 (Linux; Android 7.0;) AppleWebKit/537.36 (KHTML, like Gecko) Mobile Safari/537.36 (compatible; PetalBot;+https://webmaster.petalsearch.com/site/petalbot)" "brainbox.co.in"
114.119.145.175 - - [20/Oct/2022:07:48:50 -0700] "GET /PDFContent/02%20APSB/06%20Class%20XI/Maths/?C=S%3BO%3DA HTTP/1.1" 200 352 "https://brainbox.co.in/PDFContent/02%20APSB/06%20Class%20XI/Maths/?C=N%3BO%3DD" "Mozilla/5.0 (Linux; Android 7.0;) AppleWebKit/537.36 (KHTML, like Gecko) Mobile Safari/537.36 (compatible; PetalBot;+https://webmaster.petalsearch.com/site/petalbot)" "brainbox.co.in"
114.119.135.132 - - [20/Oct/2022:07:55:08 -0700] "GET /PDFContent/03%20CBSE/06%20Class%20XI/Biology/MINERAL%20NUTRITION/Mineral%20Nutrition_T01_Methods%20to%20study%20the%20mineral%20requirements%20of%20plants.pdf HTTP/1.1" 200 247602 "https://brainbox.co.in/PDFContent/03%20CBSE/06%20Class%20XI/Biology/MINERAL%20NUTRITION/?C=S%3BO%3DA" "Mozilla/5.0 (Linux; Android 7.0;) AppleWebKit/537.36 (KHTML, like Gecko) Mobile Safari/537.36 (compatible; PetalBot;+https://webmaster.petalsearch.com/site/petalbot)" "brainbox.co.in"
114.119.145.160 - - [20/Oct/2022:08:01:22 -0700] "GET /PDFContent/02%20APSB/03%20Class%20VIII/Hindi/ HTTP/1.1" 200 353 "https://brainbox.co.in/PDFContent/02%20APSB/03%20Class%20VIII/?C=S%3BO%3DA" "Mozilla/5.0 (Linux; Android 7.0;) AppleWebKit/537.36 (KHTML, like Gecko) Mobile Safari/537.36 (compatible; PetalBot;+https://webmaster.petalsearch.com/site/petalbot)" "brainbox.co.in"
114.119.145.175 - - [20/Oct/2022:08:07:27 -0700] "GET /PDFContent/03%20CBSE/03%20Class%20VIII/Chemistry/Combustion%20and%20Flames/CBSE_VIII_CHEMISTRY_COMBUSTION%20&%20FLAMES_Flame HTTP/1.1" 200 361560 "https://brainboxschool.com/material/CBSE/VIII/Chemistry/COMBUSTION_AND_FLAME.html" "Mozilla/5.0 (Linux; Android 7.0;) AppleWebKit/537.36 (KHTML, like Gecko) Mobile Safari/537.36 (compatible; PetalBot;+https://webmaster.petalsearch.com/site/petalbot)" "brainbox.co.in"
114.119.145.187 - - [20/Oct/2022:08:13:35 -0700] "GET /PDFContent/03%20CBSE/03%20Class%20VIII/Sanskrit/?C=S%3BO%3DA HTTP/1.1" 200 454 "https://brainbox.co.in/PDFContent/03%20CBSE/03%20Class%20VIII/Sanskrit/?C=D%3BO%3DA" "Mozilla/5.0 (Linux; Android 7.0;) AppleWebKit/537.36 (KHTML, like Gecko) Mobile Safari/537.36 (compatible; PetalBot;+https://webmaster.petalsearch.com/site/petalbot)" "brainbox.co.in"
114.119.135.132 - - [20/Oct/2022:08:19:35 -0700] "GET /PDFContent/03%20CBSE/03%20Class%20VIII/Hindi/?C=S%3BO%3DA HTTP/1.1" 200 351 "https://brainbox.co.in/PDFContent/03%20CBSE/03%20Class%20VIII/Hindi/?C=N%3BO%3DD" "Mozilla/5.0 (Linux; Android 7.0;) AppleWebKit/537.36 (KHTML, like Gecko) Mobile Safari/537.36 (compatible; PetalBot;+https://webmaster.petalsearch.com/site/petalbot)" "brainbox.co.in"
114.119.145.160 - - [20/Oct/2022:08:25:43 -0700] "GET /PDFContent/Beetle/CLASS%20V/MATHEMATICS/SEM%201/Lesson%205.%20Decimals.pdf HTTP/1.1" 200 112975 "https://brainbox.co.in/PDFContent/Beetle/CLASS%20V/MATHEMATICS/SEM%201/?C=S%3BO%3DA" "Mozilla/5.0 (Linux; Android 7.0;) AppleWebKit/537.36 (KHTML, like Gecko) Mobile Safari/537.36 (compatible; PetalBot;+https://webmaster.petalsearch.com/site/petalbot)" "brainbox.co.in"
114.119.145.175 - - [20/Oct/2022:08:31:47 -0700] "GET /PDFContent/03%20CBSE/06%20Class%20XI/Biology/MINERAL%20NUTRITION/Mineral%20Nutrition_T04_Role%20of%20macro%20and%20micronutrients.pdf HTTP/1.1" 200 267744 "https://brainbox.co.in/PDFContent/03%20CBSE/06%20Class%20XI/Biology/MINERAL%20NUTRITION/?C=S%3BO%3DA" "Mozilla/5.0 (Linux; Android 7.0;) AppleWebKit/537.36 (KHTML, like Gecko) Mobile Safari/537.36 (compatible; PetalBot;+https://webmaster.petalsearch.com/site/petalbot)" "brainbox.co.in"
5.255.253.185 - - [20/Oct/2022:08:35:23 -0700] "GET /PDFContent/SPECIAL%20CROUSE/Part%201%20Grammar%20Essentials/STD_VIII/?C=D;O=A HTTP/1.1" 200 512 "-" "Mozilla/5.0 (compatible; YandexBot/3.0; +http://yandex.com/bots)" "brainbox.co.in"
5.255.253.185 - - [20/Oct/2022:08:35:54 -0700] "GET /PDFContent/trial/ebooks-Beetle-Class-1-Sem-1.pdf HTTP/1.1" 200 14879089 "-" "Mozilla/5.0 (compatible; YandexBot/3.0; +http://yandex.com/bots)" "brainbox.co.in"
114.119.145.187 - - [20/Oct/2022:08:38:00 -0700] "GET /PDFContent/03%20CBSE/03%20Class%20VIII/Hindi/?C=M%3BO%3DA HTTP/1.1" 200 351 "https://brainbox.co.in/PDFContent/03%20CBSE/03%20Class%20VIII/Hindi/?C=N%3BO%3DD" "Mozilla/5.0 (Linux; Android 7.0;) AppleWebKit/537.36 (KHTML, like Gecko) Mobile Safari/537.36 (compatible; PetalBot;+https://webmaster.petalsearch.com/site/petalbot)" "brainbox.co.in"
114.119.145.160 - - [20/Oct/2022:08:44:07 -0700] "GET /PDFContent/03%20CBSE/06%20Class%20XI/Biology/TRANSPORT%20IN%20PLANTS/Transport%20in%20plants_T10,11_Water%20movement%20up%20a%20plant.pdf HTTP/1.1" 200 375455 "https://brainbox.co.in/PDFContent/03%20CBSE/06%20Class%20XI/Biology/TRANSPORT%20IN%20PLANTS/?C=S%3BO%3DA" "Mozilla/5.0 (Linux; Android 7.0;) AppleWebKit/537.36 (KHTML, like Gecko) Mobile Safari/537.36 (compatible; PetalBot;+https://webmaster.petalsearch.com/site/petalbot)" "brainbox.co.in"
114.119.145.175 - - [20/Oct/2022:08:50:12 -0700] "GET /PDFContent/03%20CBSE/05%20Class%20X/English/?C=S%3BO%3DA HTTP/1.1" 200 353 "https://brainbox.co.in/PDFContent/03%20CBSE/05%20Class%20X/English/?C=D%3BO%3DA" "Mozilla/5.0 (Linux; Android 7.0;) AppleWebKit/537.36 (KHTML, like Gecko) Mobile Safari/537.36 (compatible; PetalBot;+https://webmaster.petalsearch.com/site/petalbot)" "brainbox.co.in"
5.255.231.115 - - [20/Oct/2022:08:55:32 -0700] "GET /PDFContent/CBSE_X_HINDI_LS03_SAANA%20HATH%20JODI_SUMMARY.pdf HTTP/1.1" 200 335939 "-" "Mozilla/5.0 (compatible; YandexBot/3.0; +http://yandex.com/bots)" "brainbox.co.in"
5.45.207.130 - - [20/Oct/2022:08:55:37 -0700] "GET /PDFContent/CBSE_X_HINDI_LS03_SAANA%20HATH%20JODI_SUMMARY.pdf HTTP/1.1" 200 335939 "-" "Mozilla/5.0 (compatible; YandexBot/3.0; +http://yandex.com/bots)" "brainbox.co.in"
65.108.64.210 - - [20/Oct/2022:08:56:03 -0700] "GET /robots.txt HTTP/1.1" 404 73 "-" "Mozilla/5.0 (compatible; MJ12bot/v1.4.8; http://mj12bot.com/)" "www.brainbox.co.in"
65.108.64.210 - - [20/Oct/2022:08:56:05 -0700] "GET /PDFContent/01%20TSB/07%20Class%20XII/Maths/LS02A_De%20Moivre%E2%80%99s%20theorem/TSB_XII_MATHS_LS02A_De%20Moivre%E2%80%99s%20theorem_T01_Definition%20of%20De%20Moivre%E2%80%99s%20theorem.pdf HTTP/1.1" 200 258445 "-" "Mozilla/5.0 (compatible; MJ12bot/v1.4.8; http://mj12bot.com/)" "www.brainbox.co.in"
65.108.64.210 - - [20/Oct/2022:08:56:08 -0700] "GET /PDFContent/01%20TSB/07%20Class%20XII/Maths/LS02A_De%20Moivre%E2%80%99s%20theorem/TSB_XII_MATHS_LS02A_De%20Moivre%E2%80%99s%20theorem_T02_Problem%201.pdf HTTP/1.1" 200 266264 "-" "Mozilla/5.0 (compatible; MJ12bot/v1.4.8; http://mj12bot.com/)" "www.brainbox.co.in"
65.108.64.210 - - [20/Oct/2022:08:56:10 -0700] "GET /PDFContent/01%20TSB/07%20Class%20XII/Maths/LS02A_De%20Moivre%E2%80%99s%20theorem/TSB_XII_MATHS_LS02A_De%20Moivre%E2%80%99s%20theorem_T03_Problem%202.pdf HTTP/1.1" 200 279956 "-" "Mozilla/5.0 (compatible; MJ12bot/v1.4.8; http://mj12bot.com/)" "www.brainbox.co.in"
114.119.145.175 - - [20/Oct/2022:08:56:22 -0700] "GET /PDFContent/03%20CBSE/05%20Class%20X/?C=N%3BO%3DD HTTP/1.1" 200 522 "https://brainbox.co.in/PDFContent/03%20CBSE/05%20Class%20X/" "Mozilla/5.0 (Linux; Android 7.0;) AppleWebKit/537.36 (KHTML, like Gecko) Mobile Safari/537.36 (compatible; PetalBot;+https://webmaster.petalsearch.com/site/petalbot)" "brainbox.co.in"
114.119.145.174 - - [20/Oct/2022:09:02:26 -0700] "GET /PDFContent/01%20TSB/06%20Class%20XI/English/?C=D%3BO%3DA HTTP/1.1" 200 354 "https://brainbox.co.in/PDFContent/01%20TSB/06%20Class%20XI/English/" "Mozilla/5.0 (Linux; Android 7.0;) AppleWebKit/537.36 (KHTML, like Gecko) Mobile Safari/537.36 (compatible; PetalBot;+https://webmaster.petalsearch.com/site/petalbot)" "brainbox.co.in"
114.119.145.160 - - [20/Oct/2022:09:08:31 -0700] "GET /PDFContent/03%20CBSE/06%20Class%20XI/Physics/MOTION%20IN%20STRAIGHT%20LINE/CBSE_XI_PHYSCIS_LS03_MOTION%20IN%20A%20STRAIGHT%20LINE_SPEED.pdf HTTP/1.1" 200 285786 "https://brainbox.co.in/PDFContent/03%20CBSE/06%20Class%20XI/Physics/MOTION%20IN%20STRAIGHT%20LINE/?C=D%3BO%3DA" "Mozilla/5.0 (Linux; Android 7.0;) AppleWebKit/537.36 (KHTML, like Gecko) Mobile Safari/537.36 (compatible; PetalBot;+https://webmaster.petalsearch.com/site/petalbot)" "brainbox.co.in"
114.119.145.160 - - [20/Oct/2022:09:14:38 -0700] "GET /PDFContent/03%20CBSE/03%20Class%20VIII/Biology/Fundamental%20Unit%20of%20Life/ HTTP/1.1" 200 424 "https://brainbox.co.in/PDFContent/03%20CBSE/03%20Class%20VIII/Biology/" "Mozilla/5.0 (Linux; Android 7.0;) AppleWebKit/537.36 (KHTML, like Gecko) Mobile Safari/537.36 (compatible; PetalBot;+https://webmaster.petalsearch.com/site/petalbot)" "brainbox.co.in"
114.119.145.175 - - [20/Oct/2022:09:20:38 -0700] "GET /PDFContent/03%20CBSE/07%20Class%20XII/?C=N%3BO%3DD HTTP/1.1" 200 513 "https://brainbox.co.in/PDFContent/03%20CBSE/07%20Class%20XII/" "Mozilla/5.0 (Linux; Android 7.0;) AppleWebKit/537.36 (KHTML, like Gecko) Mobile Safari/537.36 (compatible; PetalBot;+https://webmaster.petalsearch.com/site/petalbot)" "brainbox.co.in"
95.108.213.38 - - [20/Oct/2022:09:21:22 -0700] "GET /PDFContent/01%20TSB/06%20Class%20XI/Sanskrit/?C=D;O=A HTTP/1.1" 200 354 "-" "Mozilla/5.0 (compatible; YandexBot/3.0; +http://yandex.com/bots)" "brainbox.co.in"
114.119.135.132 - - [20/Oct/2022:09:26:39 -0700] "GET /PDFContent/02%20APSB/02%20Class%20VII/?C=S%3BO%3DA HTTP/1.1" 200 463 "https://brainbox.co.in/PDFContent/02%20APSB/02%20Class%20VII/?C=D%3BO%3DA" "Mozilla/5.0 (Linux; Android 7.0;) AppleWebKit/537.36 (KHTML, like Gecko) Mobile Safari/537.36 (compatible; PetalBot;+https://webmaster.petalsearch.com/site/petalbot)" "brainbox.co.in"
114.119.145.187 - - [20/Oct/2022:09:32:47 -0700] "GET /PDFContent/04%20ICSE/01%20Class%20VI/ HTTP/1.1" 200 463 "https://brainbox.co.in/PDFContent/04%20ICSE/01%20Class%20VI/Telugu/" "Mozilla/5.0 (Linux; Android 7.0;) AppleWebKit/537.36 (KHTML, like Gecko) Mobile Safari/537.36 (compatible; PetalBot;+https://webmaster.petalsearch.com/site/petalbot)" "brainbox.co.in"
5.255.253.156 - - [20/Oct/2022:09:33:54 -0700] "GET /PDFContent/04%20ICSE/05%20Class%20X/Telugu/?C=S;O=A HTTP/1.1" 200 353 "-" "Mozilla/5.0 (compatible; YandexBot/3.0; +http://yandex.com/bots)" "brainbox.co.in"
5.255.253.156 - - [20/Oct/2022:09:34:31 -0700] "GET /PDFContent/Beetle/CLASS%20I/EVS/Lesson%206.%20good%20habits.pdf HTTP/1.1" 200 73777 "-" "Mozilla/5.0 (compatible; YandexBot/3.0; +http://yandex.com/bots)" "brainbox.co.in"
5.255.231.115 - - [20/Oct/2022:09:37:35 -0700] "GET /PDFContent/Beetle/CLASS%20V/ENGLISH/SEM%201/ HTTP/1.1" 200 653 "-" "Mozilla/5.0 (compatible; YandexBot/3.0; +http://yandex.com/bots)" "brainbox.co.in"
114.119.145.160 - - [20/Oct/2022:09:38:55 -0700] "GET /PDFContent/03%20CBSE/07%20Class%20XII/ HTTP/1.1" 200 513 "https://brainbox.co.in/PDFContent/03%20CBSE/07%20Class%20XII/Telugu/?C=N%3BO%3DD" "Mozilla/5.0 (Linux; Android 7.0;) AppleWebKit/537.36 (KHTML, like Gecko) Mobile Safari/537.36 (compatible; PetalBot;+https://webmaster.petalsearch.com/site/petalbot)" "brainbox.co.in"
114.119.145.174 - - [20/Oct/2022:09:44:59 -0700] "GET /PDFContent/01%20TSB/02%20Class%20VII/English/01LS4B/TSBoard_English_Vll-LS04B_Introduction.pdf HTTP/1.1" 200 198618 "https://brainbox.co.in/PDFContent/01%20TSB/02%20Class%20VII/English/01LS4B/?C=D%3BO%3DA" "Mozilla/5.0 (Linux; Android 7.0;) AppleWebKit/537.36 (KHTML, like Gecko) Mobile Safari/537.36 (compatible; PetalBot;+https://webmaster.petalsearch.com/site/petalbot)" "brainbox.co.in"
5.255.253.156 - - [20/Oct/2022:09:45:18 -0700] "GET /robots.txt HTTP/1.1" 404 73 "-" "Mozilla/5.0 (compatible; YandexBot/3.0; +http://yandex.com/bots)" "brainbox.co.in"
213.180.203.21 - - [20/Oct/2022:09:45:22 -0700] "GET /PDFContent/01%20TSB/05%20Class%20X/English/THE%20STOREYED%20HOUSE%20P1/TSB_X_ENGLISH_LS05A_THE%20STOREYED%20HOUSE%20P1_EXTRA%20QUESTIONS%20AND%20ANSWERS.pdf HTTP/1.1" 200 233229 "-" "Mozilla/5.0 (compatible; YandexBot/3.0; +http://yandex.com/bots)" "brainbox.co.in"
114.119.135.132 - - [20/Oct/2022:09:51:09 -0700] "GET /PDFContent/04%20ICSE/01%20Class%20VI/?C=D%3BO%3DA HTTP/1.1" 200 463 "https://brainbox.co.in/PDFContent/04%20ICSE/01%20Class%20VI/?C=S%3BO%3DA" "Mozilla/5.0 (Linux; Android 7.0;) AppleWebKit/537.36 (KHTML, like Gecko) Mobile Safari/537.36 (compatible; PetalBot;+https://webmaster.petalsearch.com/site/petalbot)" "brainbox.co.in"
114.119.145.175 - - [20/Oct/2022:09:57:15 -0700] "GET /PDFContent/01%20TSB/03%20Class%20VIII/English/LS1C/New/?C=M%3BO%3DA HTTP/1.1" 200 518 "https://brainbox.co.in/PDFContent/01%20TSB/03%20Class%20VIII/English/LS1C/New/?C=S%3BO%3DA" "Mozilla/5.0 (Linux; Android 7.0;) AppleWebKit/537.36 (KHTML, like Gecko) Mobile Safari/537.36 (compatible; PetalBot;+https://webmaster.petalsearch.com/site/petalbot)" "brainbox.co.in"
114.119.145.174 - - [20/Oct/2022:10:03:17 -0700] "GET /PDFContent/03%20CBSE/05%20Class%20X/Hindi/SPARSH/LS12/ HTTP/1.1" 200 534 "https://brainbox.co.in/PDFContent/03%20CBSE/05%20Class%20X/Hindi/SPARSH/?C=D%3BO%3DA" "Mozilla/5.0 (Linux; Android 7.0;) AppleWebKit/537.36 (KHTML, like Gecko) Mobile Safari/537.36 (compatible; PetalBot;+https://webmaster.petalsearch.com/site/petalbot)" "brainbox.co.in"
114.119.145.175 - - [20/Oct/2022:10:09:27 -0700] "GET /PDFContent/01%20TSB/01%20Class%20VI/Telugu/VARSHAM/ HTTP/1.1" 200 464 "https://brainbox.co.in/PDFContent/01%20TSB/01%20Class%20VI/Telugu/?C=S%3BO%3DA" "Mozilla/5.0 (Linux; Android 7.0;) AppleWebKit/537.36 (KHTML, like Gecko) Mobile Safari/537.36 (compatible; PetalBot;+https://webmaster.petalsearch.com/site/petalbot)" "brainbox.co.in"
114.119.135.132 - - [20/Oct/2022:10:15:34 -0700] "GET /PDFContent/03%20CBSE/02%20Class%20VII/Science/FIBRE%20TO%20FABRIC/?C=D%3BO%3DA HTTP/1.1" 200 621 "https://brainbox.co.in/PDFContent/03%20CBSE/02%20Class%20VII/Science/FIBRE%20TO%20FABRIC/?C=S%3BO%3DA" "Mozilla/5.0 (Linux; Android 7.0;) AppleWebKit/537.36 (KHTML, like Gecko) Mobile Safari/537.36 (compatible; PetalBot;+https://webmaster.petalsearch.com/site/petalbot)" "brainbox.co.in"
114.119.145.160 - - [20/Oct/2022:10:21:41 -0700] "GET /PDFContent/03%20CBSE/04%20Class%20IX/Maths/HERON'S%20FORMULA/1.%20CBSE_IX_MATHS_%20LS12_HERON'S%20FORMULA_Main%20content.pdf HTTP/1.1" 200 949273 "https://brainbox.co.in/PDFContent/03%20CBSE/04%20Class%20IX/Maths/HERON%27S%20FORMULA/" "Mozilla/5.0 (Linux; Android 7.0;) AppleWebKit/537.36 (KHTML, like Gecko) Mobile Safari/537.36 (compatible; PetalBot;+https://webmaster.petalsearch.com/site/petalbot)" "brainbox.co.in"
114.119.145.160 - - [20/Oct/2022:10:27:47 -0700] "GET /PDFContent/01%20TSB/06%20Class%20XI/?C=S%3BO%3DA HTTP/1.1" 200 473 "https://brainbox.co.in/PDFContent/01%20TSB/06%20Class%20XI/?C=D%3BO%3DA" "Mozilla/5.0 (Linux; Android 7.0;) AppleWebKit/537.36 (KHTML, like Gecko) Mobile Safari/537.36 (compatible; PetalBot;+https://webmaster.petalsearch.com/site/petalbot)" "brainbox.co.in"
114.119.145.160 - - [20/Oct/2022:10:33:53 -0700] "GET /PDFContent/03%20CBSE/06%20Class%20XI/Maths/CBSE_XI_MATHS_LS07_PERMUTATION%20&COMBINATION_PROPERTIES__D%20&%20D__%20EXAMPLE.pdf HTTP/1.1" 200 292633 "https://brainbox.co.in/PDFContent/03%20CBSE/06%20Class%20XI/Maths/?C=N%3BO%3DD" "Mozilla/5.0 (Linux; Android 7.0;) AppleWebKit/537.36 (KHTML, like Gecko) Mobile Safari/537.36 (compatible; PetalBot;+https://webmaster.petalsearch.com/site/petalbot)" "brainbox.co.in"
114.119.145.187 - - [20/Oct/2022:10:40:00 -0700] "GET /PDFContent/01%20TSB/03%20Class%20VIII/English/LS8B/TSB_VIII_ENGLISH_LS08B_BE%20THANKFUL_Summary.pdf HTTP/1.1" 200 403570 "https://brainbox.co.in/PDFContent/01%20TSB/03%20Class%20VIII/English/LS8B/?C=S%3BO%3DA" "Mozilla/5.0 (Linux; Android 7.0;) AppleWebKit/537.36 (KHTML, like Gecko) Mobile Safari/537.36 (compatible; PetalBot;+https://webmaster.petalsearch.com/site/petalbot)" "brainbox.co.in"
114.119.145.160 - - [20/Oct/2022:10:46:12 -0700] "GET /PDFContent/01%20TSB/03%20Class%20VIII/English/LS5C/TSB_VIII_ENGLISH_LS05C_THEY%20LITERALLY%20BUILD%20THE%20NATION_Questions%20and%20Answers.pdf HTTP/1.1" 200 233208 "https://brainbox.co.in/PDFContent/01%20TSB/03%20Class%20VIII/English/LS5C/?C=S%3BO%3DA" "Mozilla/5.0 (Linux; Android 7.0;) AppleWebKit/537.36 (KHTML, like Gecko) Mobile Safari/537.36 (compatible; PetalBot;+https://webmaster.petalsearch.com/site/petalbot)" "brainbox.co.in"
114.119.145.187 - - [20/Oct/2022:10:52:18 -0700] "GET /PDFContent/03%20CBSE/06%20Class%20XI/Hindi/?C=M%3BO%3DA HTTP/1.1" 200 352 "https://brainbox.co.in/PDFContent/03%20CBSE/06%20Class%20XI/Hindi/?C=N%3BO%3DD" "Mozilla/5.0 (Linux; Android 7.0;) AppleWebKit/537.36 (KHTML, like Gecko) Mobile Safari/537.36 (compatible; PetalBot;+https://webmaster.petalsearch.com/site/petalbot)" "brainbox.co.in"
114.119.145.160 - - [20/Oct/2022:10:58:27 -0700] "GET /PDFContent/01%20TSB/03%20Class%20VIII/English/LS2A/TSBoard_English_VIII_LS2A_Glossary2.pdf HTTP/1.1" 200 137806 "https://brainbox.co.in/PDFContent/01%20TSB/03%20Class%20VIII/English/LS2A/?C=M%3BO%3DA" "Mozilla/5.0 (Linux; Android 7.0;) AppleWebKit/537.36 (KHTML, like Gecko) Mobile Safari/537.36 (compatible; PetalBot;+https://webmaster.petalsearch.com/site/petalbot)" "brainbox.co.in"
114.119.145.187 - - [20/Oct/2022:11:04:40 -0700] "GET /PDFContent/03%20CBSE/05%20Class%20X/Physics/REFLECTION%20AND%20REFRACTION/CBSE_X_PHYSCIS_LS10_REFLECTION%20&%20REFRACTION_PROBLEM_07.pdf HTTP/1.1" 200 272537 "https://brainboxschool.com/material/CBSE/X/Physics/REFLECTION_&_REFRACTION.html" "Mozilla/5.0 (Linux; Android 7.0;) AppleWebKit/537.36 (KHTML, like Gecko) Mobile Safari/537.36 (compatible; PetalBot;+https://webmaster.petalsearch.com/site/petalbot)" "brainbox.co.in"
114.119.145.175 - - [20/Oct/2022:11:10:44 -0700] "GET /PDFContent/03%20CBSE/04%20Class%20IX/Physics/Gravitation/CBSE_IX_PHYSICS_LS10_GRAVITATION_INTRODUCTION_A.pdf HTTP/1.1" 200 184994 "https://brainboxschool.com/material/CBSE/IX/Physics/GRAVITATION.html" "Mozilla/5.0 (Linux; Android 7.0;) AppleWebKit/537.36 (KHTML, like Gecko) Mobile Safari/537.36 (compatible; PetalBot;+https://webmaster.petalsearch.com/site/petalbot)" "brainbox.co.in"
114.119.138.151 - - [20/Oct/2022:11:10:45 -0700] "GET /robots.txt HTTP/1.1" 404 88 "-" "Mozilla/5.0 (compatible;PetalBot;+https://webmaster.petalsearch.com/site/petalbot)" "brainbox.co.in"
114.119.145.187 - - [20/Oct/2022:11:16:54 -0700] "GET /PDFContent/01%20TSB/05%20Class%20X/English/OR%20WILL%20THE%20DREAMER%20WAKE/TSB_X_ENGLISH_LS06B_OR%20WILL%20THE%20DREAMER%20WAKE_GLOSSARY.pdf HTTP/1.1" 200 250237 "https://brainbox.co.in/PDFContent/01%20TSB/05%20Class%20X/English/OR%20WILL%20THE%20DREAMER%20WAKE/?C=N%3BO%3DD" "Mozilla/5.0 (Linux; Android 7.0;) AppleWebKit/537.36 (KHTML, like Gecko) Mobile Safari/537.36 (compatible; PetalBot;+https://webmaster.petalsearch.com/site/petalbot)" "brainbox.co.in"
114.119.145.174 - - [20/Oct/2022:11:23:02 -0700] "GET /PDFContent/01%20TSB/07%20Class%20XII/Physics/?C=N%3BO%3DD HTTP/1.1" 200 354 "https://brainbox.co.in/PDFContent/01%20TSB/07%20Class%20XII/Physics/?C=N%3BO%3DD" "Mozilla/5.0 (Linux; Android 7.0;) AppleWebKit/537.36 (KHTML, like Gecko) Mobile Safari/537.36 (compatible; PetalBot;+https://webmaster.petalsearch.com/site/petalbot)" "brainbox.co.in"
13.52.97.209 - - [20/Oct/2022:11:24:17 -0700] "GET /~richard/templates/beez/US/uk/paypal/login.htm HTTP/1.1" 404 73 "-" "Mozilla/5.0 (Macintosh; Intel Mac OS X 10_10_5) AppleWebKit/537.36 (KHTML, like Gecko) Chrome/52.0.2743.116 Safari/537.36" "brainbox.co.in"
114.119.145.175 - - [20/Oct/2022:11:29:15 -0700] "GET /PDFContent/03%20CBSE/07%20Class%20XII/Maths/PROBABILITY/CBSE_XII_MATHS_LS13_PROBABILITY_INDEPENDENT%20EVENT.pdf HTTP/1.1" 200 281220 "https://brainbox.co.in/PDFContent/03%20CBSE/07%20Class%20XII/Maths/PROBABILITY/" "Mozilla/5.0 (Linux; Android 7.0;) AppleWebKit/537.36 (KHTML, like Gecko) Mobile Safari/537.36 (compatible; PetalBot;+https://webmaster.petalsearch.com/site/petalbot)" "brainbox.co.in"
114.119.145.187 - - [20/Oct/2022:11:35:22 -0700] "GET /PDFContent/03%20CBSE/02%20Class%20VII/English/CBSEBoard_English_VII_LS3_Lesson_explanation_part2.pdf HTTP/1.1" 200 198037 "https://brainbox.co.in/PDFContent/03%20CBSE/02%20Class%20VII/English/?C=M%3BO%3DA" "Mozilla/5.0 (Linux; Android 7.0;) AppleWebKit/537.36 (KHTML, like Gecko) Mobile Safari/537.36 (compatible; PetalBot;+https://webmaster.petalsearch.com/site/petalbot)" "brainbox.co.in"
114.119.145.187 - - [20/Oct/2022:11:41:35 -0700] "GET /PDFContent/01%20TSB/01%20Class%20VI/Hindi/?C=N%3BO%3DD HTTP/1.1" 200 350 "https://brainbox.co.in/PDFContent/01%20TSB/01%20Class%20VI/Hindi/" "Mozilla/5.0 (Linux; Android 7.0;) AppleWebKit/537.36 (KHTML, like Gecko) Mobile Safari/537.36 (compatible; PetalBot;+https://webmaster.petalsearch.com/site/petalbot)" "brainbox.co.in"
5.255.231.115 - - [20/Oct/2022:11:47:15 -0700] "GET /robots.txt HTTP/1.1" 404 73 "-" "Mozilla/5.0 (compatible; YandexBot/3.0; +http://yandex.com/bots)" "brainbox.co.in"
95.108.213.36 - - [20/Oct/2022:11:47:19 -0700] "GET /PDFContent/01%20TSB/01%20Class%20VI/Telugu/VARSHAM/TSB_VI_TELUGU_LS03_VARSHAM_Question%20and%20answers.pdf HTTP/1.1" 200 1403121 "-" "Mozilla/5.0 (compatible; YandexBot/3.0; +http://yandex.com/bots)" "brainbox.co.in"
114.119.145.187 - - [20/Oct/2022:11:47:36 -0700] "GET /PDFContent/Beetle/CLASS%20IV/ENGLISH/Poem%20-%20God%20made%20them%20all.pdf HTTP/1.1" 200 82188 "https://brainbox.co.in/PDFContent/Beetle/CLASS%20IV/ENGLISH/?C=M%3BO%3DA" "Mozilla/5.0 (Linux; Android 7.0;) AppleWebKit/537.36 (KHTML, like Gecko) Mobile Safari/537.36 (compatible; PetalBot;+https://webmaster.petalsearch.com/site/petalbot)" "brainbox.co.in"
5.255.253.185 - - [20/Oct/2022:11:49:48 -0700] "GET /PDFContent/02%20APSB/02%20Class%20VII/English/?C=S;O=A HTTP/1.1" 200 353 "-" "Mozilla/5.0 (compatible; YandexBot/3.0; +http://yandex.com/bots)" "brainbox.co.in"
114.119.135.132 - - [20/Oct/2022:11:53:46 -0700] "GET /PDFContent/01%20TSB/05%20Class%20X/English/THE%20STOREYED%20HOUSE%20P1/?C=N%3BO%3DD HTTP/1.1" 200 548 "https://brainbox.co.in/PDFContent/01%20TSB/05%20Class%20X/English/THE%20STOREYED%20HOUSE%20P1/?C=D%3BO%3DA" "Mozilla/5.0 (Linux; Android 7.0;) AppleWebKit/537.36 (KHTML, like Gecko) Mobile Safari/537.36 (compatible; PetalBot;+https://webmaster.petalsearch.com/site/petalbot)" "brainbox.co.in"
114.119.145.160 - - [20/Oct/2022:11:59:54 -0700] "GET /PDFContent/01%20TSB/01%20Class%20VI/Telugu/SNEHABANDHAM/TSB_LS02_SNEHABANDHAM_FILL%20IN%20THE%20BLANKS.pdf HTTP/1.1" 200 222729 "https://brainbox.co.in/PDFContent/01%20TSB/01%20Class%20VI/Telugu/SNEHABANDHAM/?C=N%3BO%3DD" "Mozilla/5.0 (Linux; Android 7.0;) AppleWebKit/537.36 (KHTML, like Gecko) Mobile Safari/537.36 (compatible; PetalBot;+https://webmaster.petalsearch.com/site/petalbot)" "brainbox.co.in"
114.119.145.187 - - [20/Oct/2022:12:06:00 -0700] "GET /PDFContent/03%20CBSE/05%20Class%20X/Hindi/AUDIO%20FILES/?C=S%3BO%3DA HTTP/1.1" 200 436 "https://brainbox.co.in/PDFContent/03%20CBSE/05%20Class%20X/Hindi/AUDIO%20FILES/?C=D%3BO%3DA" "Mozilla/5.0 (Linux; Android 7.0;) AppleWebKit/537.36 (KHTML, like Gecko) Mobile Safari/537.36 (compatible; PetalBot;+https://webmaster.petalsearch.com/site/petalbot)" "brainbox.co.in"
34.148.206.53 - - [20/Oct/2022:12:11:44 -0700] "GET /robots.txt HTTP/1.1" 404 88 "-" "ZoominfoBot (zoominfobot at zoominfo dot com)" "www.brainbox.co.in"
34.148.206.53 - - [20/Oct/2022:12:11:45 -0700] "GET /robots.txt HTTP/1.1" 404 88 "-" "ZoominfoBot (zoominfobot at zoominfo dot com)" "www.brainbox.co.in"
34.148.206.53 - - [20/Oct/2022:12:11:45 -0700] "GET / HTTP/1.1" 200 432 "-" "ZoominfoBot (zoominfobot at zoominfo dot com)" "www.brainbox.co.in"
114.119.145.175 - - [20/Oct/2022:12:12:09 -0700] "GET /PDFContent/03%20CBSE/05%20Class%20X/Maths/COORDINATE%20GEOMETRY/?C=S%3BO%3DA HTTP/1.1" 200 698 "https://brainbox.co.in/PDFContent/03%20CBSE/05%20Class%20X/Maths/COORDINATE%20GEOMETRY/" "Mozilla/5.0 (Linux; Android 7.0;) AppleWebKit/537.36 (KHTML, like Gecko) Mobile Safari/537.36 (compatible; PetalBot;+https://webmaster.petalsearch.com/site/petalbot)" "brainbox.co.in"
114.119.145.174 - - [20/Oct/2022:12:18:24 -0700] "GET /PDFContent/03%20CBSE/07%20Class%20XII/Chemistry/SOLID%20STATE/Solid%20State_T08_PACKING%20EFFICIENCY(BCC).pdf HTTP/1.1" 200 237810 "https://brainbox.co.in/PDFContent/03%20CBSE/07%20Class%20XII/Chemistry/SOLID%20STATE/" "Mozilla/5.0 (Linux; Android 7.0;) AppleWebKit/537.36 (KHTML, like Gecko) Mobile Safari/537.36 (compatible; PetalBot;+https://webmaster.petalsearch.com/site/petalbot)" "brainbox.co.in"
114.119.145.160 - - [20/Oct/2022:12:24:27 -0700] "GET /PDFContent/03%20CBSE/03%20Class%20VIII/Maths/PRACTICAL%20GEOMETRY/Practical%20Geometry_T02_To%20construct%20a%20quadrilateral%20(SSSSD).pdf HTTP/1.1" 200 302347 "https://brainbox.co.in/PDFContent/03%20CBSE/03%20Class%20VIII/Maths/PRACTICAL%20GEOMETRY/?C=D%3BO%3DA" "Mozilla/5.0 (Linux; Android 7.0;) AppleWebKit/537.36 (KHTML, like Gecko) Mobile Safari/537.36 (compatible; PetalBot;+https://webmaster.petalsearch.com/site/petalbot)" "brainbox.co.in"
87.250.224.193 - - [20/Oct/2022:12:29:16 -0700] "GET /PDFContent/Beetle/CLASS%20III/MATHEMATICS/SEM%201/Lesson%205.%20Subtraction.pdf HTTP/1.1" 200 124931 "-" "Mozilla/5.0 (compatible; YandexBot/3.0; +http://yandex.com/bots)" "brainbox.co.in"
114.119.145.160 - - [20/Oct/2022:12:30:38 -0700] "GET /PDFContent/03%20CBSE/06%20Class%20XI/Maths/QUADRATIC%20EQUATIONS/HINDU%20METHOD%20(%20SRI%20DHARACHARYA%20METHOD).pdf HTTP/1.1" 200 286422 "https://brainbox.co.in/PDFContent/03%20CBSE/06%20Class%20XI/Maths/QUADRATIC%20EQUATIONS/?C=N%3BO%3DD" "Mozilla/5.0 (Linux; Android 7.0;) AppleWebKit/537.36 (KHTML, like Gecko) Mobile Safari/537.36 (compatible; PetalBot;+https://webmaster.petalsearch.com/site/petalbot)" "brainbox.co.in"
114.119.145.174 - - [20/Oct/2022:12:36:56 -0700] "GET /PDFContent/03%20CBSE/04%20Class%20IX/Hindi/?C=N%3BO%3DD HTTP/1.1" 200 393 "https://brainbox.co.in/PDFContent/03%20CBSE/04%20Class%20IX/Hindi/?C=S%3BO%3DA" "Mozilla/5.0 (Linux; Android 7.0;) AppleWebKit/537.36 (KHTML, like Gecko) Mobile Safari/537.36 (compatible; PetalBot;+https://webmaster.petalsearch.com/site/petalbot)" "brainbox.co.in"
54.36.148.141 - - [20/Oct/2022:12:38:21 -0700] "GET /robots.txt HTTP/1.1" 404 88 "-" "Mozilla/5.0 (compatible; AhrefsBot/7.0; +http://ahrefs.com/robot/)" "brainbox.co.in"
51.222.253.17 - - [20/Oct/2022:12:38:22 -0700] "GET /PDFContent/02%20APSB/07%20Class%20XII/Hindi/?C=N;O=D HTTP/1.1" 200 353 "-" "Mozilla/5.0 (compatible; AhrefsBot/7.0; +http://ahrefs.com/robot/)" "brainbox.co.in"
114.119.135.132 - - [20/Oct/2022:12:43:03 -0700] "GET /PDFContent/01%20TSB/03%20Class%20VIII/English/LS2B/TSBoard_English_VIII_LS2B_Questions%20and%20Answers.pdf HTTP/1.1" 200 173929 "https://brainbox.co.in/PDFContent/01%20TSB/03%20Class%20VIII/English/LS2B/?C=M%3BO%3DA" "Mozilla/5.0 (Linux; Android 7.0;) AppleWebKit/537.36 (KHTML, like Gecko) Mobile Safari/537.36 (compatible; PetalBot;+https://webmaster.petalsearch.com/site/petalbot)" "brainbox.co.in"
114.119.145.175 - - [20/Oct/2022:12:49:16 -0700] "GET /PDFContent/04%20ICSE/02%20Class%20VII/Hindi/?C=N%3BO%3DD HTTP/1.1" 200 353 "https://brainbox.co.in/PDFContent/04%20ICSE/02%20Class%20VII/Hindi/?C=D%3BO%3DA" "Mozilla/5.0 (Linux; Android 7.0;) AppleWebKit/537.36 (KHTML, like Gecko) Mobile Safari/537.36 (compatible; PetalBot;+https://webmaster.petalsearch.com/site/petalbot)" "brainbox.co.in"
114.119.145.175 - - [20/Oct/2022:12:55:30 -0700] "GET /PDFContent/03%20CBSE/03%20Class%20VIII/Maths/ALGEBRAIC%20EXPRESSIONS%20AND%20IDENTITIES/CBSE_VIII_MATHS_LS09_ALGEBRAIC%20EXPRESSION%20OF%20IDENTITIES_PRODUCT%20OF%20SIGNS%20FOR%20POSITIVE%20&%20NEGATIVE%20NUMBERS.pdf HTTP/1.1" 200 355996 "https://brainbox.co.in/PDFContent/03%20CBSE/03%20Class%20VIII/Maths/ALGEBRAIC%20EXPRESSIONS%20AND%20IDENTITIES/?C=D%3BO%3DA" "Mozilla/5.0 (Linux; Android 7.0;) AppleWebKit/537.36 (KHTML, like Gecko) Mobile Safari/537.36 (compatible; PetalBot;+https://webmaster.petalsearch.com/site/petalbot)" "brainbox.co.in"
114.119.135.132 - - [20/Oct/2022:13:01:41 -0700] "GET /PDFContent/03%20CBSE/06%20Class%20XI/Chemistry/GENERAL%20ORGANIC%20CHEMISTRY/GENERAL%20ORGANIC%20CHEMISTRY_T05_Rules%20for%20naming%20organic%20compound.pdf HTTP/1.1" 200 244569 "https://brainbox.co.in/PDFContent/03%20CBSE/06%20Class%20XI/Chemistry/GENERAL%20ORGANIC%20CHEMISTRY/?C=D%3BO%3DA" "Mozilla/5.0 (Linux; Android 7.0;) AppleWebKit/537.36 (KHTML, like Gecko) Mobile Safari/537.36 (compatible; PetalBot;+https://webmaster.petalsearch.com/site/petalbot)" "brainbox.co.in"
114.119.145.160 - - [20/Oct/2022:13:07:51 -0700] "GET /PDFContent/01%20TSB/03%20Class%20VIII/English/LS7A/?C=S%3BO%3DA HTTP/1.1" 200 519 "https://brainbox.co.in/PDFContent/01%20TSB/03%20Class%20VIII/English/LS7A/?C=M%3BO%3DA" "Mozilla/5.0 (Linux; Android 7.0;) AppleWebKit/537.36 (KHTML, like Gecko) Mobile Safari/537.36 (compatible; PetalBot;+https://webmaster.petalsearch.com/site/petalbot)" "brainbox.co.in"
114.119.145.187 - - [20/Oct/2022:13:14:04 -0700] "GET /PDFContent/04%20ICSE/06%20Class%20XI/?C=N%3BO%3DD HTTP/1.1" 200 463 "https://brainbox.co.in/PDFContent/04%20ICSE/06%20Class%20XI/?C=D%3BO%3DA" "Mozilla/5.0 (Linux; Android 7.0;) AppleWebKit/537.36 (KHTML, like Gecko) Mobile Safari/537.36 (compatible; PetalBot;+https://webmaster.petalsearch.com/site/petalbot)" "brainbox.co.in"
114.119.145.175 - - [20/Oct/2022:13:20:07 -0700] "GET /PDFContent/03%20CBSE/06%20Class%20XI/Physics/GRAVITATION/ HTTP/1.1" 200 701 "https://brainbox.co.in/PDFContent/03%20CBSE/06%20Class%20XI/Physics/?C=D%3BO%3DA" "Mozilla/5.0 (Linux; Android 7.0;) AppleWebKit/537.36 (KHTML, like Gecko) Mobile Safari/537.36 (compatible; PetalBot;+https://webmaster.petalsearch.com/site/petalbot)" "brainbox.co.in"
114.119.145.175 - - [20/Oct/2022:13:26:16 -0700] "GET /PDFContent/03%20CBSE/02%20Class%20VII/English/CBSEBoard_English_VII_LS1_Characters_explained1.pdf HTTP/1.1" 200 406890 "https://brainbox.co.in/PDFContent/03%20CBSE/02%20Class%20VII/English/?C=M%3BO%3DA" "Mozilla/5.0 (Linux; Android 7.0;) AppleWebKit/537.36 (KHTML, like Gecko) Mobile Safari/537.36 (compatible; PetalBot;+https://webmaster.petalsearch.com/site/petalbot)" "brainbox.co.in"
213.180.203.21 - - [20/Oct/2022:13:29:52 -0700] "GET /PDFContent/Beetle/CLASS%20V/SCIENCE/?C=N;O=A HTTP/1.1" 200 398 "-" "Mozilla/5.0 (compatible; YandexBot/3.0; +http://yandex.com/bots)" "brainbox.co.in"
5.255.231.115 - - [20/Oct/2022:13:31:04 -0700] "GET /PDFContent/01%20TSB/05%20Class%20X/Maths/ HTTP/1.1" 200 351 "-" "Mozilla/5.0 (compatible; YandexBot/3.0; +http://yandex.com/bots)" "brainbox.co.in"
114.119.145.175 - - [20/Oct/2022:13:32:24 -0700] "GET /PDFContent/01%20TSB/03%20Class%20VIII/English/LS1A/TSBoard_English_VlIl_LS01A_THE%20TATTERED%20BLANKET_QUESTIONS%20AND%20ANSWERS.pdf HTTP/1.1" 200 530344 "https://brainbox.co.in/PDFContent/01%20TSB/03%20Class%20VIII/English/LS1A/?C=D%3BO%3DA" "Mozilla/5.0 (Linux; Android 7.0;) AppleWebKit/537.36 (KHTML, like Gecko) Mobile Safari/537.36 (compatible; PetalBot;+https://webmaster.petalsearch.com/site/petalbot)" "brainbox.co.in"
114.119.145.175 - - [20/Oct/2022:13:38:35 -0700] "GET /PDFContent/04%20ICSE/02%20Class%20VII/Sanskrit/?C=D%3BO%3DA HTTP/1.1" 200 355 "https://brainbox.co.in/PDFContent/04%20ICSE/02%20Class%20VII/Sanskrit/?C=N%3BO%3DD" "Mozilla/5.0 (Linux; Android 7.0;) AppleWebKit/537.36 (KHTML, like Gecko) Mobile Safari/537.36 (compatible; PetalBot;+https://webmaster.petalsearch.com/site/petalbot)" "brainbox.co.in"
213.180.203.21 - - [20/Oct/2022:13:42:31 -0700] "GET /PDFContent/Beetle/CLASS%20V/SCIENCE/SEM%201/Lesson%207.%20The%20water%20you%20drink.pdf HTTP/1.1" 200 105426 "-" "Mozilla/5.0 (compatible; YandexBot/3.0; +http://yandex.com/bots)" "brainbox.co.in"
114.119.145.174 - - [20/Oct/2022:13:44:49 -0700] "GET /PDFContent/03%20CBSE/03%20Class%20VIII/Physics/SOME%20NATURAL%20PHENOMENA/ HTTP/1.1" 200 547 "https://brainbox.co.in/PDFContent/03%20CBSE/03%20Class%20VIII/Physics/" "Mozilla/5.0 (Linux; Android 7.0;) AppleWebKit/537.36 (KHTML, like Gecko) Mobile Safari/537.36 (compatible; PetalBot;+https://webmaster.petalsearch.com/site/petalbot)" "brainbox.co.in"
157.55.39.21 - - [20/Oct/2022:13:50:26 -0700] "GET /PDFContent/04%20ICSE/03%20Class%20VIII/Telugu/ HTTP/1.1" 200 355 "-" "Mozilla/5.0 (compatible; bingbot/2.0; +http://www.bing.com/bingbot.htm)" "brainbox.co.in"
5.255.253.156 - - [20/Oct/2022:13:50:34 -0700] "GET /PDFContent/Beetle/CLASS%20V/ENGLISH/SEM%201/Poem%20-%20My%20Mother.pdf HTTP/1.1" 200 55456 "-" "Mozilla/5.0 (compatible; YandexBot/3.0; +http://yandex.com/bots)" "brainbox.co.in"
114.119.135.132 - - [20/Oct/2022:13:50:49 -0700] "GET /PDFContent/03%20CBSE/02%20Class%20VII/Science/ACIDS%20BASES%20AND%20SALTS/?C=N%3BO%3DD HTTP/1.1" 200 530 "https://brainbox.co.in/PDFContent/03%20CBSE/02%20Class%20VII/Science/ACIDS%20BASES%20AND%20SALTS/?C=D%3BO%3DA" "Mozilla/5.0 (Linux; Android 7.0;) AppleWebKit/537.36 (KHTML, like Gecko) Mobile Safari/537.36 (compatible; PetalBot;+https://webmaster.petalsearch.com/site/petalbot)" "brainbox.co.in"
114.119.145.174 - - [20/Oct/2022:13:57:12 -0700] "GET /PDFContent/04%20ICSE/01%20Class%20VI/English/ HTTP/1.1" 200 353 "https://brainbox.co.in/PDFContent/04%20ICSE/01%20Class%20VI/?C=S%3BO%3DA" "Mozilla/5.0 (Linux; Android 7.0;) AppleWebKit/537.36 (KHTML, like Gecko) Mobile Safari/537.36 (compatible; PetalBot;+https://webmaster.petalsearch.com/site/petalbot)" "brainbox.co.in"
114.119.145.160 - - [20/Oct/2022:14:03:29 -0700] "GET /PDFContent/03%20CBSE/04%20Class%20IX/Maths/POLYNOMIALS/?C=N%3BO%3DD HTTP/1.1" 200 1152 "https://brainbox.co.in/PDFContent/03%20CBSE/04%20Class%20IX/Maths/POLYNOMIALS/?C=D%3BO%3DA" "Mozilla/5.0 (Linux; Android 7.0;) AppleWebKit/537.36 (KHTML, like Gecko) Mobile Safari/537.36 (compatible; PetalBot;+https://webmaster.petalsearch.com/site/petalbot)" "brainbox.co.in"
95.108.213.36 - - [20/Oct/2022:14:06:51 -0700] "GET /PDFContent/01%20TSB/04%20Class%20IX/Telugu/?C=D;O=A HTTP/1.1" 200 353 "-" "Mozilla/5.0 (compatible; YandexBot/3.0; +http://yandex.com/bots)" "brainbox.co.in"
5.255.231.115 - - [20/Oct/2022:14:09:12 -0700] "GET /PDFContent/Beetle/CLASS%20I/ENGLISH%201-2/Lesson%207%20-%20The%20little%20red%20hen.pdf HTTP/1.1" 200 185096 "-" "Mozilla/5.0 (compatible; YandexBot/3.0; +http://yandex.com/bots)" "brainbox.co.in"
114.119.145.175 - - [20/Oct/2022:14:09:41 -0700] "GET /PDFContent/03%20CBSE/03%20Class%20VIII/Chemistry/Combustion%20and%20Flames/CBSE_VIII_CHEMISTRY_COMBUSTION%20&%20FLAMES_Questions%20&%20Answers.pdf HTTP/1.1" 200 256558 "https://brainbox.co.in/PDFContent/03%20CBSE/03%20Class%20VIII/Chemistry/Combustion%20and%20Flames/?C=S%3BO%3DA" "Mozilla/5.0 (Linux; Android 7.0;) AppleWebKit/537.36 (KHTML, like Gecko) Mobile Safari/537.36 (compatible; PetalBot;+https://webmaster.petalsearch.com/site/petalbot)" "brainbox.co.in"
5.255.253.156 - - [20/Oct/2022:14:13:00 -0700] "GET /PDFContent/02%20APSB/05%20Class%20X/Maths/ HTTP/1.1" 200 352 "-" "Mozilla/5.0 (compatible; YandexBot/3.0; +http://yandex.com/bots)" "brainbox.co.in"
103.145.255.142 - - [20/Oct/2022:14:13:01 -0700] "GET / HTTP/1.1" 200 432 "-" "Mozilla/5.0 (X11; Ubuntu; Linux i686; rv:28.0) Gecko/20100101 Firefox/28.0" "brainbox.co.in"
114.119.145.160 - - [20/Oct/2022:14:15:54 -0700] "GET /PDFContent/02%20APSB/06%20Class%20XI/Sanskrit/?C=D%3BO%3DA HTTP/1.1" 200 355 "https://brainbox.co.in/PDFContent/02%20APSB/06%20Class%20XI/Sanskrit/?C=N%3BO%3DD" "Mozilla/5.0 (Linux; Android 7.0;) AppleWebKit/537.36 (KHTML, like Gecko) Mobile Safari/537.36 (compatible; PetalBot;+https://webmaster.petalsearch.com/site/petalbot)" "brainbox.co.in"
5.255.253.185 - - [20/Oct/2022:14:20:34 -0700] "GET /PDFContent/Beetle/CLASS%20I/EVS%201-2/Lesson%207.%20Festivals.pdf HTTP/1.1" 200 260314 "-" "Mozilla/5.0 (compatible; YandexBot/3.0; +http://yandex.com/bots)" "brainbox.co.in"
114.119.145.175 - - [20/Oct/2022:14:22:08 -0700] "GET /PDFContent/01%20TSB/07%20Class%20XII/ HTTP/1.1" 200 478 "https://brainbox.co.in/PDFContent/01%20TSB/07%20Class%20XII/English/?C=M%3BO%3DA" "Mozilla/5.0 (Linux; Android 7.0;) AppleWebKit/537.36 (KHTML, like Gecko) Mobile Safari/537.36 (compatible; PetalBot;+https://webmaster.petalsearch.com/site/petalbot)" "brainbox.co.in"
157.55.39.83 - - [20/Oct/2022:14:26:36 -0700] "GET /PDFContent/01%20TSB/06%20Class%20XI/Telugu/ HTTP/1.1" 200 353 "-" "Mozilla/5.0 AppleWebKit/537.36 (KHTML, like Gecko; compatible; bingbot/2.0; +http://www.bing.com/bingbot.htm) Chrome/103.0.5060.134 Safari/537.36" "brainbox.co.in"
114.119.145.175 - - [20/Oct/2022:14:28:28 -0700] "GET /PDFContent/01%20TSB/04%20Class%20IX/Biology/ANIMAL%20BEHAVIOUR/?C=M%3BO%3DA HTTP/1.1" 200 530 "https://brainbox.co.in/PDFContent/01%20TSB/04%20Class%20IX/Biology/ANIMAL%20BEHAVIOUR/" "Mozilla/5.0 (Linux; Android 7.0;) AppleWebKit/537.36 (KHTML, like Gecko) Mobile Safari/537.36 (compatible; PetalBot;+https://webmaster.petalsearch.com/site/petalbot)" "brainbox.co.in"
87.250.224.146 - - [20/Oct/2022:14:31:30 -0700] "GET /PDFContent/04%20ICSE/ HTTP/1.1" 200 458 "-" "Mozilla/5.0 (compatible; YandexBot/3.0; +http://yandex.com/bots)" "brainbox.co.in"
66.249.79.86 - - [20/Oct/2022:14:34:28 -0700] "GET /robots.txt HTTP/1.1" 404 88 "-" "Mozilla/5.0 (compatible; Googlebot/2.1; +http://www.google.com/bot.html)" "brainbox.co.in"
114.119.145.175 - - [20/Oct/2022:14:34:29 -0700] "GET /PDFContent/01%20TSB/03%20Class%20VIII/English/LS8B/ HTTP/1.1" 200 515 "https://brainbox.co.in/PDFContent/01%20TSB/03%20Class%20VIII/English/" "Mozilla/5.0 (Linux; Android 7.0;) AppleWebKit/537.36 (KHTML, like Gecko) Mobile Safari/537.36 (compatible; PetalBot;+https://webmaster.petalsearch.com/site/petalbot)" "brainbox.co.in"
66.249.79.84 - - [20/Oct/2022:14:35:49 -0700] "GET /ads.txt HTTP/1.1" 404 88 "-" "Mozilla/5.0 (compatible; Googlebot/2.1; +http://www.google.com/bot.html)" "brainbox.co.in"
213.180.203.21 - - [20/Oct/2022:14:39:13 -0700] "GET /PDFContent/Beetle/CLASS%20I/EVS/Lesson%204.%20Clothes%20we%20wear.pdf HTTP/1.1" 200 90953 "-" "Mozilla/5.0 (compatible; YandexBot/3.0; +http://yandex.com/bots)" "brainbox.co.in"
114.119.145.174 - - [20/Oct/2022:14:40:38 -0700] "GET /PDFContent/03%20CBSE/04%20Class%20IX/Biology/Fundamental%20Unit%20of%20Life/Cell%20Theory-Schleiden,Schwann HTTP/1.1" 200 221670 "https://brainboxschool.com/material/CBSE/IX/Biology/THE_FUNDAMENTAL_UNIT_OF_LIFE.html" "Mozilla/5.0 (Linux; Android 7.0;) AppleWebKit/537.36 (KHTML, like Gecko) Mobile Safari/537.36 (compatible; PetalBot;+https://webmaster.petalsearch.com/site/petalbot)" "brainbox.co.in"
114.119.145.174 - - [20/Oct/2022:14:53:02 -0700] "GET /PDFContent/03%20CBSE/03%20Class%20VIII/Physics/?C=S%3BO%3DA HTTP/1.1" 200 917 "https://brainbox.co.in/PDFContent/03%20CBSE/03%20Class%20VIII/Physics/" "Mozilla/5.0 (Linux; Android 7.0;) AppleWebKit/537.36 (KHTML, like Gecko) Mobile Safari/537.36 (compatible; PetalBot;+https://webmaster.petalsearch.com/site/petalbot)" "brainbox.co.in"
114.119.135.132 - - [20/Oct/2022:14:59:26 -0700] "GET /PDFContent/01%20TSB/04%20Class%20IX/Biology/?C=D%3BO%3DA HTTP/1.1" 200 464 "https://brainbox.co.in/PDFContent/01%20TSB/04%20Class%20IX/Biology/" "Mozilla/5.0 (Linux; Android 7.0;) AppleWebKit/537.36 (KHTML, like Gecko) Mobile Safari/537.36 (compatible; PetalBot;+https://webmaster.petalsearch.com/site/petalbot)" "brainbox.co.in"
114.119.145.174 - - [20/Oct/2022:15:05:39 -0700] "GET /PDFContent/04%20ICSE/04%20Class%20IX/Hindi/?C=N%3BO%3DD HTTP/1.1" 200 350 "https://brainbox.co.in/PDFContent/04%20ICSE/04%20Class%20IX/Hindi/" "Mozilla/5.0 (Linux; Android 7.0;) AppleWebKit/537.36 (KHTML, like Gecko) Mobile Safari/537.36 (compatible; PetalBot;+https://webmaster.petalsearch.com/site/petalbot)" "brainbox.co.in"
114.119.145.174 - - [20/Oct/2022:15:11:51 -0700] "GET /PDFContent/01%20TSB/06%20Class%20XI/Maths/LOCUS/Locus_T06_Solved%20Problem_1_Distance%20between%20two%20points.pdf HTTP/1.1" 200 225462 "https://brainbox.co.in/PDFContent/01%20TSB/06%20Class%20XI/Maths/LOCUS/?C=S%3BO%3DA" "Mozilla/5.0 (Linux; Android 7.0;) AppleWebKit/537.36 (KHTML, like Gecko) Mobile Safari/537.36 (compatible; PetalBot;+https://webmaster.petalsearch.com/site/petalbot)" "brainbox.co.in"
3.128.246.73 - - [20/Oct/2022:15:13:11 -0700] "GET /~richard/templates/beez/US/uk/paypal/login.htm HTTP/1.1" 404 73 "-" "Mozilla/5.0 (Macintosh; Intel Mac OS X 10_10_5) AppleWebKit/537.36 (KHTML, like Gecko) Chrome/52.0.2743.116 Safari/537.36" "brainbox.co.in"
114.119.135.132 - - [20/Oct/2022:15:18:08 -0700] "GET /PDFContent/04%20ICSE/06%20Class%20XI/Hindi/?C=N%3BO%3DD HTTP/1.1" 200 352 "https://brainbox.co.in/PDFContent/04%20ICSE/06%20Class%20XI/Hindi/?C=S%3BO%3DA" "Mozilla/5.0 (Linux; Android 7.0;) AppleWebKit/537.36 (KHTML, like Gecko) Mobile Safari/537.36 (compatible; PetalBot;+https://webmaster.petalsearch.com/site/petalbot)" "brainbox.co.in"
114.119.145.175 - - [20/Oct/2022:15:24:13 -0700] "GET /PDFContent/03%20CBSE/06%20Class%20XI/Chemistry/?C=D%3BO%3DA HTTP/1.1" 200 485 "https://brainbox.co.in/PDFContent/03%20CBSE/06%20Class%20XI/Chemistry/" "Mozilla/5.0 (Linux; Android 7.0;) AppleWebKit/537.36 (KHTML, like Gecko) Mobile Safari/537.36 (compatible; PetalBot;+https://webmaster.petalsearch.com/site/petalbot)" "brainbox.co.in"
114.119.135.132 - - [20/Oct/2022:15:30:09 -0700] "GET /PDFContent/03%20CBSE/07%20Class%20XII/Physics/CURRENT%20ELECTRICITY/Current%20Electricity_T08_Combination%20of%20resistors.pdf HTTP/1.1" 200 344701 "https://brainbox.co.in/PDFContent/03%20CBSE/07%20Class%20XII/Physics/CURRENT%20ELECTRICITY/?C=D%3BO%3DA" "Mozilla/5.0 (Linux; Android 7.0;) AppleWebKit/537.36 (KHTML, like Gecko) Mobile Safari/537.36 (compatible; PetalBot;+https://webmaster.petalsearch.com/site/petalbot)" "brainbox.co.in"
51.222.253.6 - - [20/Oct/2022:15:31:23 -0700] "GET /PDFContent/Beetle/CLASS%20I/MATHEMATICS%201-2/?C=M;O=D HTTP/1.1" 200 641 "-" "Mozilla/5.0 (compatible; AhrefsBot/7.0; +http://ahrefs.com/robot/)" "brainbox.co.in"
185.191.171.39 - - [20/Oct/2022:15:31:59 -0700] "GET /robots.txt HTTP/1.1" 404 88 "-" "Mozilla/5.0 (compatible; SemrushBot/7~bl; +http://www.semrush.com/bot.html)" "brainbox.co.in"
185.191.171.8 - - [20/Oct/2022:15:32:00 -0700] "GET /PDFContent/01%20TSB/03%20Class%20VIII/Hindi/ HTTP/1.1" 200 353 "-" "Mozilla/5.0 (compatible; SemrushBot/7~bl; +http://www.semrush.com/bot.html)" "brainbox.co.in"
13.57.201.48 - - [20/Oct/2022:15:32:22 -0700] "GET /~richard/templates/beez/US/uk/paypal/login.htm HTTP/1.1" 404 73 "-" "Mozilla/5.0 (Macintosh; Intel Mac OS X 10_10_5) AppleWebKit/537.36 (KHTML, like Gecko) Chrome/52.0.2743.116 Safari/537.36" "brainbox.co.in"
114.119.145.187 - - [20/Oct/2022:15:35:38 -0700] "GET /PDFContent/01%20TSB/03%20Class%20VIII/English/TSBoard_English_VIII_LS3A_Characters.pdf.pdf HTTP/1.1" 200 181352 "https://brainbox.co.in/PDFContent/01%20TSB/03%20Class%20VIII/English/" "Mozilla/5.0 (Linux; Android 7.0;) AppleWebKit/537.36 (KHTML, like Gecko) Mobile Safari/537.36 (compatible; PetalBot;+https://webmaster.petalsearch.com/site/petalbot)" "brainbox.co.in"
114.119.145.160 - - [20/Oct/2022:15:41:05 -0700] "GET /PDFContent/01%20TSB/05%20Class%20X/Biology/NUTRITION/?C=S%3BO%3DA HTTP/1.1" 200 516 "https://brainbox.co.in/PDFContent/01%20TSB/05%20Class%20X/Biology/NUTRITION/" "Mozilla/5.0 (Linux; Android 7.0;) AppleWebKit/537.36 (KHTML, like Gecko) Mobile Safari/537.36 (compatible; PetalBot;+https://webmaster.petalsearch.com/site/petalbot)" "brainbox.co.in"
114.119.145.174 - - [20/Oct/2022:15:46:30 -0700] "GET /PDFContent/01%20TSB/03%20Class%20VIII/English/LS3B/TSB_VIII_ENGLISH_LS3B_THE%20SELFISH%20GIANT%20P2_GLOSSARY.pdf HTTP/1.1" 200 499869 "https://brainbox.co.in/PDFContent/01%20TSB/03%20Class%20VIII/English/LS3B/?C=S%3BO%3DA" "Mozilla/5.0 (Linux; Android 7.0;) AppleWebKit/537.36 (KHTML, like Gecko) Mobile Safari/537.36 (compatible; PetalBot;+https://webmaster.petalsearch.com/site/petalbot)" "brainbox.co.in"
114.119.145.187 - - [20/Oct/2022:15:51:55 -0700] "GET /PDFContent/01%20TSB/01%20Class%20VI/Telugu/VARSHAM/TSB_VI_TELUGU_LS03_VARSHAM_Ardhula.pdf HTTP/1.1" 200 806412 "https://brainbox.co.in/PDFContent/01%20TSB/01%20Class%20VI/Telugu/VARSHAM/?C=D%3BO%3DA" "Mozilla/5.0 (Linux; Android 7.0;) AppleWebKit/537.36 (KHTML, like Gecko) Mobile Safari/537.36 (compatible; PetalBot;+https://webmaster.petalsearch.com/site/petalbot)" "brainbox.co.in"
87.250.224.193 - - [20/Oct/2022:15:52:35 -0700] "GET /robots.txt HTTP/1.1" 404 73 "-" "Mozilla/5.0 (compatible; YandexBot/3.0; +http://yandex.com/bots)" "brainbox.co.in"
95.108.213.68 - - [20/Oct/2022:15:52:39 -0700] "GET /PDFContent/Beetle/CLASS%20I/ENGLISH%201-2/Lesson%205%20%E2%80%90%20A%20birthday%20party.pdf HTTP/1.1" 200 144254 "-" "Mozilla/5.0 (compatible; YandexBot/3.0; +http://yandex.com/bots)" "brainbox.co.in"
95.108.213.36 - - [20/Oct/2022:15:54:53 -0700] "GET /PDFContent/Beetle/CLASS%20V/MATHEMATICS/SEM%202/Lesson%204.%20Perimeter%20and%20Area.pdf HTTP/1.1" 200 142242 "-" "Mozilla/5.0 (compatible; YandexBot/3.0; +http://yandex.com/bots)" "brainbox.co.in"
114.119.145.160 - - [20/Oct/2022:15:57:20 -0700] "GET /PDFContent/04%20ICSE/03%20Class%20VIII/Chemistry/?C=N%3BO%3DD HTTP/1.1" 200 356 "https://brainbox.co.in/PDFContent/04%20ICSE/03%20Class%20VIII/Chemistry/?C=D%3BO%3DA" "Mozilla/5.0 (Linux; Android 7.0;) AppleWebKit/537.36 (KHTML, like Gecko) Mobile Safari/537.36 (compatible; PetalBot;+https://webmaster.petalsearch.com/site/petalbot)" "brainbox.co.in"
5.255.231.115 - - [20/Oct/2022:16:00:30 -0700] "GET /PDFContent/SPECIAL%20CROUSE/Part%201%20Grammar%20Essentials/STD_VI/UNIT-8.pdf HTTP/1.1" 200 318328 "-" "Mozilla/5.0 (compatible; YandexBot/3.0; +http://yandex.com/bots)" "brainbox.co.in"
114.119.145.160 - - [20/Oct/2022:16:02:45 -0700] "GET /PDFContent/01%20TSB/03%20Class%20VIII/English/LS1B/New/?C=M%3BO%3DA HTTP/1.1" 200 527 "https://brainbox.co.in/PDFContent/01%20TSB/03%20Class%20VIII/English/LS1B/New/" "Mozilla/5.0 (Linux; Android 7.0;) AppleWebKit/537.36 (KHTML, like Gecko) Mobile Safari/537.36 (compatible; PetalBot;+https://webmaster.petalsearch.com/site/petalbot)" "brainbox.co.in"
114.119.145.174 - - [20/Oct/2022:16:08:11 -0700] "GET /PDFContent/03%20CBSE/04%20Class%20IX/Biology/Tissues/CBSE_IX_Biology_Tissues_Animal%20Tissue-Epithelial.pdf HTTP/1.1" 200 205456 "https://brainbox.co.in/PDFContent/03%20CBSE/04%20Class%20IX/Biology/Tissues/?C=N%3BO%3DD" "Mozilla/5.0 (Linux; Android 7.0;) AppleWebKit/537.36 (KHTML, like Gecko) Mobile Safari/537.36 (compatible; PetalBot;+https://webmaster.petalsearch.com/site/petalbot)" "brainbox.co.in"
114.119.145.160 - - [20/Oct/2022:16:13:36 -0700] "GET /PDFContent/02%20APSB/05%20Class%20X/Physics/?C=N%3BO%3DD HTTP/1.1" 200 354 "https://brainbox.co.in/PDFContent/02%20APSB/05%20Class%20X/Physics/?C=D%3BO%3DA" "Mozilla/5.0 (Linux; Android 7.0;) AppleWebKit/537.36 (KHTML, like Gecko) Mobile Safari/537.36 (compatible; PetalBot;+https://webmaster.petalsearch.com/site/petalbot)" "brainbox.co.in"
87.250.224.193 - - [20/Oct/2022:16:18:24 -0700] "GET /PDFContent/04%20ICSE/04%20Class%20IX/Physics/?C=S;O=D HTTP/1.1" 200 350 "-" "Mozilla/5.0 (compatible; YandexBot/3.0; +http://yandex.com/bots)" "brainbox.co.in"
114.119.145.187 - - [20/Oct/2022:16:19:04 -0700] "GET /PDFContent/01%20TSB/03%20Class%20VIII/English/LS4C/?C=M%3BO%3DA HTTP/1.1" 200 539 "https://brainbox.co.in/PDFContent/01%20TSB/03%20Class%20VIII/English/LS4C/?C=D%3BO%3DA" "Mozilla/5.0 (Linux; Android 7.0;) AppleWebKit/537.36 (KHTML, like Gecko) Mobile Safari/537.36 (compatible; PetalBot;+https://webmaster.petalsearch.com/site/petalbot)" "brainbox.co.in"
114.119.145.175 - - [20/Oct/2022:16:24:33 -0700] "GET /PDFContent/01%20TSB/03%20Class%20VIII/English/LS4A/?C=S%3BO%3DA HTTP/1.1" 200 564 "https://brainbox.co.in/PDFContent/01%20TSB/03%20Class%20VIII/English/LS4A/?C=N%3BO%3DD" "Mozilla/5.0 (Linux; Android 7.0;) AppleWebKit/537.36 (KHTML, like Gecko) Mobile Safari/537.36 (compatible; PetalBot;+https://webmaster.petalsearch.com/site/petalbot)" "brainbox.co.in"
