51.222.253.1 - - [19/Oct/2022:22:21:34 -0700] "GET /PDFContent/Beetle/CLASS%20IV/ENGLISH%20SEM%202/?C=S;O=D HTTP/1.1" 200 666 "-" "Mozilla/5.0 (compatible; AhrefsBot/7.0; +http://ahrefs.com/robot/)" "brainbox.co.in"
114.119.145.174 - - [19/Oct/2022:22:27:03 -0700] "GET /PDFContent/01%20TSB/03%20Class%20VIII/Biology/THE%20WORLD%20OF%20MICRO%20ORGANISMS/The%20World%20of%20Microorganisms_T03_Food%20Preservation.pdf HTTP/1.1" 200 519577 "https://brainbox.co.in/PDFContent/01%20TSB/03%20Class%20VIII/Biology/THE%20WORLD%20OF%20MICRO%20ORGANISMS/" "Mozilla/5.0 (Linux; Android 7.0;) AppleWebKit/537.36 (KHTML, like Gecko) Mobile Safari/537.36 (compatible; PetalBot;+https://webmaster.petalsearch.com/site/petalbot)" "brainbox.co.in"
114.119.145.175 - - [19/Oct/2022:22:33:05 -0700] "GET /PDFContent/01%20TSB/03%20Class%20VIII/English/LS4A/TSB_VIII_ENGLISH_LS4A_THE%20FUN%20THEY%20HAD.pdf HTTP/1.1" 200 348396 "https://brainbox.co.in/PDFContent/01%20TSB/03%20Class%20VIII/English/LS4A/?C=S%3BO%3DA" "Mozilla/5.0 (Linux; Android 7.0;) AppleWebKit/537.36 (KHTML, like Gecko) Mobile Safari/537.36 (compatible; PetalBot;+https://webmaster.petalsearch.com/site/petalbot)" "brainbox.co.in"
157.55.39.180 - - [19/Oct/2022:22:36:20 -0700] "GET /PDFContent/03%20CBSE/06%20Class%20XI/Biology/Cell-The%20unit%20of%20life/Plasma%20membrane HTTP/1.1" 404 88 "-" "Mozilla/5.0 (compatible; bingbot/2.0; +http://www.bing.com/bingbot.htm)" "brainbox.co.in"
114.119.135.132 - - [19/Oct/2022:22:39:02 -0700] "GET /PDFContent/03%20CBSE/06%20Class%20XI/Chemistry/HYDROCARBONS/Hydrocarbons_T04_Combustion.pdf HTTP/1.1" 200 285027 "https://brainbox.co.in/PDFContent/03%20CBSE/06%20Class%20XI/Chemistry/HYDROCARBONS/" "Mozilla/5.0 (Linux; Android 7.0;) AppleWebKit/537.36 (KHTML, like Gecko) Mobile Safari/537.36 (compatible; PetalBot;+https://webmaster.petalsearch.com/site/petalbot)" "brainbox.co.in"
51.222.253.18 - - [19/Oct/2022:22:42:12 -0700] "GET /PDFContent/SPECIAL%20CROUSE/Part%201%20Grammar%20Essentials/STD_VI/?C=M;O=D HTTP/1.1" 200 506 "-" "Mozilla/5.0 (compatible; AhrefsBot/7.0; +http://ahrefs.com/robot/)" "brainbox.co.in"
114.119.145.160 - - [19/Oct/2022:22:45:00 -0700] "GET /PDFContent/03%20CBSE/03%20Class%20VIII/Biology/Reproduction%20in%20Animals/Sexual%20Reproduction HTTP/1.1" 200 266781 "https://brainboxschool.com/material/CBSE/VIII/Biology/REPRODUCTION_IN_ANIMALS.html" "Mozilla/5.0 (Linux; Android 7.0;) AppleWebKit/537.36 (KHTML, like Gecko) Mobile Safari/537.36 (compatible; PetalBot;+https://webmaster.petalsearch.com/site/petalbot)" "brainbox.co.in"
114.119.145.187 - - [19/Oct/2022:22:51:23 -0700] "GET /PDFContent/01%20TSB/07%20Class%20XII/English/?C=M%3BO%3DA HTTP/1.1" 200 354 "https://brainbox.co.in/PDFContent/01%20TSB/07%20Class%20XII/English/" "Mozilla/5.0 (Linux; Android 7.0;) AppleWebKit/537.36 (KHTML, like Gecko) Mobile Safari/537.36 (compatible; PetalBot;+https://webmaster.petalsearch.com/site/petalbot)" "brainbox.co.in"
213.180.203.75 - - [19/Oct/2022:22:52:27 -0700] "GET /robots.txt HTTP/1.1" 404 73 "-" "Mozilla/5.0 (compatible; YandexBot/3.0; +http://yandex.com/bots)" "brainbox.co.in"
213.180.203.62 - - [19/Oct/2022:22:52:31 -0700] "GET /PDFContent/Beetle/CLASS%20V/SCIENCE/?C=N;O=D HTTP/1.1" 200 392 "-" "Mozilla/5.0 (compatible; YandexBot/3.0; +http://yandex.com/bots)" "brainbox.co.in"
51.222.253.7 - - [19/Oct/2022:22:55:50 -0700] "GET /PDFContent/01%20TSB/04%20Class%20IX/Maths/Biology/ HTTP/1.1" 200 358 "-" "Mozilla/5.0 (compatible; AhrefsBot/7.0; +http://ahrefs.com/robot/)" "brainbox.co.in"
114.119.145.175 - - [19/Oct/2022:22:57:09 -0700] "GET /PDFContent/03%20CBSE/05%20Class%20X/Biology/How%20to%20do%20organsims%20reproduce/CBSE_X_BIOLOGY_HOW%20TO%20DO%20ORGANISMS%20REPRODUCE_Male%20Reproductive%20System HTTP/1.1" 200 429412 "https://brainboxschool.com/material/CBSE/X/Biology/HOW_DO_ORGANISMS_REPRODUCE.html" "Mozilla/5.0 (Linux; Android 7.0;) AppleWebKit/537.36 (KHTML, like Gecko) Mobile Safari/537.36 (compatible; PetalBot;+https://webmaster.petalsearch.com/site/petalbot)" "brainbox.co.in"
87.250.224.134 - - [19/Oct/2022:23:02:29 -0700] "GET /PDFContent/01%20TSB/02%20Class%20VII/English/TSBoard_English_VII_LS2B_Introduction.pdf HTTP/1.1" 200 166131 "-" "Mozilla/5.0 (compatible; YandexBot/3.0; +http://yandex.com/bots)" "brainbox.co.in"
114.119.145.160 - - [19/Oct/2022:23:03:40 -0700] "GET /MyERP/?C=M%3BO%3DA HTTP/1.1" 200 312 "https://brainbox.co.in/MyERP/?C=S%3BO%3DA" "Mozilla/5.0 (Linux; Android 7.0;) AppleWebKit/537.36 (KHTML, like Gecko) Mobile Safari/537.36 (compatible; PetalBot;+https://webmaster.petalsearch.com/site/petalbot)" "brainbox.co.in"
87.250.224.142 - - [19/Oct/2022:23:06:35 -0700] "GET /PDFContent/Beetle/CLASS%20V/SOCIAL/SEM%202/LESSON%201.%20TRAVEL%20AND%20TRANSPORT.pdf HTTP/1.1" 200 79954 "-" "Mozilla/5.0 (compatible; YandexBot/3.0; +http://yandex.com/bots)" "brainbox.co.in"
114.119.145.175 - - [19/Oct/2022:23:09:50 -0700] "GET /PDFContent/03%20CBSE/05%20Class%20X/Hindi/CBSE_X_HINDI_LS02_RAM%20VRAKSH%20BENEPURI-BALGOBINDH%20BHAGAT_GLOSSARY.pdf HTTP/1.1" 200 511078 "https://brainbox.co.in/PDFContent/03%20CBSE/05%20Class%20X/Hindi/?C=S%3BO%3DA" "Mozilla/5.0 (Linux; Android 7.0;) AppleWebKit/537.36 (KHTML, like Gecko) Mobile Safari/537.36 (compatible; PetalBot;+https://webmaster.petalsearch.com/site/petalbot)" "brainbox.co.in"
213.180.203.75 - - [19/Oct/2022:23:15:51 -0700] "GET /PDFContent/04%20ICSE/01%20Class%20VI/Maths/ HTTP/1.1" 200 352 "-" "Mozilla/5.0 (compatible; YandexBot/3.0; +http://yandex.com/bots)" "brainbox.co.in"
114.119.145.175 - - [19/Oct/2022:23:15:52 -0700] "GET /PDFContent/03%20CBSE/06%20Class%20XI/Chemistry/GENERAL%20ORGANIC%20CHEMISTRY/?C=D%3BO%3DA HTTP/1.1" 200 772 "https://brainbox.co.in/PDFContent/03%20CBSE/06%20Class%20XI/Chemistry/GENERAL%20ORGANIC%20CHEMISTRY/?C=M%3BO%3DA" "Mozilla/5.0 (Linux; Android 7.0;) AppleWebKit/537.36 (KHTML, like Gecko) Mobile Safari/537.36 (compatible; PetalBot;+https://webmaster.petalsearch.com/site/petalbot)" "brainbox.co.in"
51.222.253.3 - - [19/Oct/2022:23:15:56 -0700] "GET /PDFContent/SPECIAL%20CROUSE/Part%201%20Grammar%20Essentials/STD_V/?C=D;O=D HTTP/1.1" 200 500 "-" "Mozilla/5.0 (compatible; AhrefsBot/7.0; +http://ahrefs.com/robot/)" "brainbox.co.in"
51.222.253.10 - - [19/Oct/2022:23:20:07 -0700] "GET /PDFContent/SPECIAL%20CROUSE/Part%201%20Grammar%20Essentials/STD_VI/?C=D;O=D HTTP/1.1" 200 506 "-" "Mozilla/5.0 (compatible; AhrefsBot/7.0; +http://ahrefs.com/robot/)" "brainbox.co.in"
114.119.145.160 - - [19/Oct/2022:23:21:54 -0700] "GET /PDFContent/04%20ICSE/05%20Class%20X/Telugu/?C=M%3BO%3DA HTTP/1.1" 200 353 "https://brainbox.co.in/PDFContent/04%20ICSE/05%20Class%20X/Telugu/?C=D%3BO%3DA" "Mozilla/5.0 (Linux; Android 7.0;) AppleWebKit/537.36 (KHTML, like Gecko) Mobile Safari/537.36 (compatible; PetalBot;+https://webmaster.petalsearch.com/site/petalbot)" "brainbox.co.in"
114.119.145.160 - - [19/Oct/2022:23:28:01 -0700] "GET /PDFContent/03%20CBSE/03%20Class%20VIII/Chemistry/CHEMICAL%20EFFECTS%20OF%20ELECTRIC%20CURRENT/Chemical%20Effects%20of%20Electric%20current_ELectroplating_T05.pdf HTTP/1.1" 200 140957 "https://brainbox.co.in/PDFContent/03%20CBSE/03%20Class%20VIII/Chemistry/CHEMICAL%20EFFECTS%20OF%20ELECTRIC%20CURRENT/?C=M%3BO%3DA" "Mozilla/5.0 (Linux; Android 7.0;) AppleWebKit/537.36 (KHTML, like Gecko) Mobile Safari/537.36 (compatible; PetalBot;+https://webmaster.petalsearch.com/site/petalbot)" "brainbox.co.in"
114.119.145.174 - - [19/Oct/2022:23:34:04 -0700] "GET /PDFContent/01%20TSB/02%20Class%20VII/Science/ANIMAL%20FIBRE/ANIMAL%20FIBRE_INTRODUCTION_P1.pdf HTTP/1.1" 200 355472 "https://brainbox.co.in/PDFContent/01%20TSB/02%20Class%20VII/Science/ANIMAL%20FIBRE/?C=N%3BO%3DD" "Mozilla/5.0 (Linux; Android 7.0;) AppleWebKit/537.36 (KHTML, like Gecko) Mobile Safari/537.36 (compatible; PetalBot;+https://webmaster.petalsearch.com/site/petalbot)" "brainbox.co.in"
114.119.145.160 - - [19/Oct/2022:23:40:07 -0700] "GET /PDFContent/01%20TSB/05%20Class%20X/English/6A,ENVIRONMENT/?C=M%3BO%3DA HTTP/1.1" 200 518 "https://brainbox.co.in/PDFContent/01%20TSB/05%20Class%20X/English/6A,ENVIRONMENT/?C=S%3BO%3DA" "Mozilla/5.0 (Linux; Android 7.0;) AppleWebKit/537.36 (KHTML, like Gecko) Mobile Safari/537.36 (compatible; PetalBot;+https://webmaster.petalsearch.com/site/petalbot)" "brainbox.co.in"
114.119.145.160 - - [19/Oct/2022:23:46:13 -0700] "GET /PDFContent/03%20CBSE/06%20Class%20XI/Maths/COMPLEX%20NUMBERS%20AND%20QUADRATIC%20EQUATIONS/Complex%20Numbers%20&%20Quadratic%20Equations_T10_Analysis%20of.pdf HTTP/1.1" 200 457704 "https://brainbox.co.in/PDFContent/03%20CBSE/06%20Class%20XI/Maths/COMPLEX%20NUMBERS%20AND%20QUADRATIC%20EQUATIONS/?C=D%3BO%3DA" "Mozilla/5.0 (Linux; Android 7.0;) AppleWebKit/537.36 (KHTML, like Gecko) Mobile Safari/537.36 (compatible; PetalBot;+https://webmaster.petalsearch.com/site/petalbot)" "brainbox.co.in"
5.255.231.106 - - [19/Oct/2022:23:47:56 -0700] "GET /PDFContent/Beetle/CLASS%20V/SOCIAL/SEM%201/LESSON%206.%20FRIGID%20CLIMATE%20%E2%80%93%20GREENLAND.pdf HTTP/1.1" 200 90607 "-" "Mozilla/5.0 (compatible; YandexBot/3.0; +http://yandex.com/bots)" "brainbox.co.in"
18.117.122.45 - - [19/Oct/2022:23:52:08 -0700] "GET /~richard/templates/beez/US/uk/paypal/login.htm HTTP/1.1" 404 73 "-" "Mozilla/5.0 (Macintosh; Intel Mac OS X 10_10_5) AppleWebKit/537.36 (KHTML, like Gecko) Chrome/52.0.2743.116 Safari/537.36" "brainbox.co.in"
114.119.135.132 - - [19/Oct/2022:23:52:11 -0700] "GET /PDFContent/03%20CBSE/03%20Class%20VIII/Sup%20English/?C=S%3BO%3DA HTTP/1.1" 200 430 "https://brainbox.co.in/PDFContent/03%20CBSE/03%20Class%20VIII/Sup%20English/" "Mozilla/5.0 (Linux; Android 7.0;) AppleWebKit/537.36 (KHTML, like Gecko) Mobile Safari/537.36 (compatible; PetalBot;+https://webmaster.petalsearch.com/site/petalbot)" "brainbox.co.in"
114.119.145.187 - - [19/Oct/2022:23:58:16 -0700] "GET /PDFContent/03%20CBSE/07%20Class%20XII/Biology/CBSE_XII_BIOLOGY_LS03_%20HUMAN%20REPRODUCTION_%20LACTATION.pdf HTTP/1.1" 200 519607 "https://brainbox.co.in/PDFContent/03%20CBSE/07%20Class%20XII/Biology/?C=N%3BO%3DD" "Mozilla/5.0 (Linux; Android 7.0;) AppleWebKit/537.36 (KHTML, like Gecko) Mobile Safari/537.36 (compatible; PetalBot;+https://webmaster.petalsearch.com/site/petalbot)" "brainbox.co.in"
114.119.145.187 - - [20/Oct/2022:00:04:14 -0700] "GET /PDFContent/02%20APSB/06%20Class%20XI/Maths/?C=M%3BO%3DA HTTP/1.1" 200 352 "https://brainbox.co.in/PDFContent/02%20APSB/06%20Class%20XI/Maths/?C=N%3BO%3DD" "Mozilla/5.0 (Linux; Android 7.0;) AppleWebKit/537.36 (KHTML, like Gecko) Mobile Safari/537.36 (compatible; PetalBot;+https://webmaster.petalsearch.com/site/petalbot)" "brainbox.co.in"
114.119.135.132 - - [20/Oct/2022:00:10:13 -0700] "GET /PDFContent/01%20TSB/01%20Class%20VI/?C=N%3BO%3DD HTTP/1.1" 200 496 "https://brainbox.co.in/PDFContent/01%20TSB/01%20Class%20VI/" "Mozilla/5.0 (Linux; Android 7.0;) AppleWebKit/537.36 (KHTML, like Gecko) Mobile Safari/537.36 (compatible; PetalBot;+https://webmaster.petalsearch.com/site/petalbot)" "brainbox.co.in"
114.119.145.174 - - [20/Oct/2022:00:16:17 -0700] "GET /PDFContent/01%20TSB/03%20Class%20VIII/English/TSBoard_English_VIII_LS3C_Summary.pdf HTTP/1.1" 200 92522 "https://brainbox.co.in/PDFContent/01%20TSB/03%20Class%20VIII/English/" "Mozilla/5.0 (Linux; Android 7.0;) AppleWebKit/537.36 (KHTML, like Gecko) Mobile Safari/537.36 (compatible; PetalBot;+https://webmaster.petalsearch.com/site/petalbot)" "brainbox.co.in"
114.119.145.160 - - [20/Oct/2022:00:22:17 -0700] "GET /PDFContent/03%20CBSE/06%20Class%20XI/Maths/COMPLEX%20NUMBERS%20AND%20QUADRATIC%20EQUATIONS/Complex%20Numbers%20&%20Quadratic%20Equations_T02_Integral%20powers%20of%20i.pdf HTTP/1.1" 200 258364 "https://brainbox.co.in/PDFContent/03%20CBSE/06%20Class%20XI/Maths/COMPLEX%20NUMBERS%20AND%20QUADRATIC%20EQUATIONS/?C=D%3BO%3DA" "Mozilla/5.0 (Linux; Android 7.0;) AppleWebKit/537.36 (KHTML, like Gecko) Mobile Safari/537.36 (compatible; PetalBot;+https://webmaster.petalsearch.com/site/petalbot)" "brainbox.co.in"
5.255.231.122 - - [20/Oct/2022:00:22:54 -0700] "GET /PDFContent/02%20APSB/03%20Class%20VIII/Hindi/ HTTP/1.1" 200 353 "-" "Mozilla/5.0 (compatible; YandexBot/3.0; +http://yandex.com/bots)" "brainbox.co.in"
95.108.213.38 - - [20/Oct/2022:00:24:28 -0700] "GET /PDFContent/Beetle/CLASS%20II/ HTTP/1.1" 200 463 "-" "Mozilla/5.0 (compatible; YandexBot/3.0; +http://yandex.com/bots)" "brainbox.co.in"
114.119.145.160 - - [20/Oct/2022:00:28:19 -0700] "GET /PDFContent/03%20CBSE/04%20Class%20IX/Biology/Tissues/CBSE_IX_Biology_Tissues_Simple%20permament%20tissues-types HTTP/1.1" 200 318438 "https://brainboxschool.com/material/CBSE/IX/Biology/TISSUES.html" "Mozilla/5.0 (Linux; Android 7.0;) AppleWebKit/537.36 (KHTML, like Gecko) Mobile Safari/537.36 (compatible; PetalBot;+https://webmaster.petalsearch.com/site/petalbot)" "brainbox.co.in"
114.119.135.132 - - [20/Oct/2022:00:34:23 -0700] "GET /PDFContent/01%20TSB/05%20Class%20X/Biology/TRANSPORTATION/?C=M%3BO%3DA HTTP/1.1" 200 479 "https://brainbox.co.in/PDFContent/01%20TSB/05%20Class%20X/Biology/TRANSPORTATION/?C=D%3BO%3DA" "Mozilla/5.0 (Linux; Android 7.0;) AppleWebKit/537.36 (KHTML, like Gecko) Mobile Safari/537.36 (compatible; PetalBot;+https://webmaster.petalsearch.com/site/petalbot)" "brainbox.co.in"
5.255.231.121 - - [20/Oct/2022:00:34:26 -0700] "GET /PDFContent/04%20ICSE/01%20Class%20VI/Telugu/ HTTP/1.1" 200 354 "-" "Mozilla/5.0 (compatible; YandexBot/3.0; +http://yandex.com/bots)" "brainbox.co.in"
95.108.213.62 - - [20/Oct/2022:00:34:29 -0700] "GET /PDFContent/04%20ICSE/01%20Class%20VI/Telugu/ HTTP/1.1" 200 354 "-" "Mozilla/5.0 (compatible; YandexBot/3.0; +http://yandex.com/bots)" "brainbox.co.in"
114.119.145.174 - - [20/Oct/2022:00:40:16 -0700] "GET /PDFContent/03%20CBSE/02%20Class%20VII/Science/LIGHT/?C=M%3BO%3DA HTTP/1.1" 200 520 "https://brainbox.co.in/PDFContent/03%20CBSE/02%20Class%20VII/Science/LIGHT/?C=N%3BO%3DD" "Mozilla/5.0 (Linux; Android 7.0;) AppleWebKit/537.36 (KHTML, like Gecko) Mobile Safari/537.36 (compatible; PetalBot;+https://webmaster.petalsearch.com/site/petalbot)" "brainbox.co.in"
114.119.145.174 - - [20/Oct/2022:00:46:14 -0700] "GET /PDFContent/03%20CBSE/04%20Class%20IX/Biology/Fundamental%20Unit%20of%20Life/Shape%20and%20Size%20of%20Cell HTTP/1.1" 200 244467 "https://brainboxschool.com/material/CBSE/IX/Biology/THE_FUNDAMENTAL_UNIT_OF_LIFE.html" "Mozilla/5.0 (Linux; Android 7.0;) AppleWebKit/537.36 (KHTML, like Gecko) Mobile Safari/537.36 (compatible; PetalBot;+https://webmaster.petalsearch.com/site/petalbot)" "brainbox.co.in"
5.255.253.164 - - [20/Oct/2022:00:50:14 -0700] "GET /PDFContent/Beetle/CLASS%20III/ENGLISH/SEM%202/Lesson%202%20-%20The%20mouse%20maid.pdf HTTP/1.1" 200 135833 "-" "Mozilla/5.0 (compatible; YandexBot/3.0; +http://yandex.com/bots)" "brainbox.co.in"
114.119.135.132 - - [20/Oct/2022:00:52:16 -0700] "GET /PDFContent/Beetle/CLASS%20V/MATHEMATICS/SEM%202/ HTTP/1.1" 200 608 "https://brainbox.co.in/PDFContent/Beetle/CLASS%20V/MATHEMATICS/?C=N%3BO%3DD" "Mozilla/5.0 (Linux; Android 7.0;) AppleWebKit/537.36 (KHTML, like Gecko) Mobile Safari/537.36 (compatible; PetalBot;+https://webmaster.petalsearch.com/site/petalbot)" "brainbox.co.in"
95.108.213.23 - - [20/Oct/2022:00:56:18 -0700] "GET /PDFContent/04%20ICSE/06%20Class%20XI/Maths/?C=N;O=A HTTP/1.1" 200 353 "-" "Mozilla/5.0 (compatible; YandexBot/3.0; +http://yandex.com/bots)" "brainbox.co.in"
114.119.145.175 - - [20/Oct/2022:00:58:30 -0700] "GET /PDFContent/03%20CBSE/03%20Class%20VIII/Biology/Cell%20Structures/?C=M%3BO%3DA HTTP/1.1" 200 768 "https://brainbox.co.in/PDFContent/03%20CBSE/03%20Class%20VIII/Biology/Cell%20Structures/?C=D%3BO%3DA" "Mozilla/5.0 (Linux; Android 7.0;) AppleWebKit/537.36 (KHTML, like Gecko) Mobile Safari/537.36 (compatible; PetalBot;+https://webmaster.petalsearch.com/site/petalbot)" "brainbox.co.in"
114.119.145.175 - - [20/Oct/2022:01:04:23 -0700] "GET /PDFContent/03%20CBSE/06%20Class%20XI/Physics/MOTION%20IN%20STRAIGHT%20LINE/CBSE_XI_PHYSCIS_LS03_MOTION%20IN%20A%20STRAIGHT%20LINE_PROB_09.pdf HTTP/1.1" 200 503600 "https://brainbox.co.in/PDFContent/03%20CBSE/06%20Class%20XI/Physics/MOTION%20IN%20STRAIGHT%20LINE/?C=D%3BO%3DA" "Mozilla/5.0 (Linux; Android 7.0;) AppleWebKit/537.36 (KHTML, like Gecko) Mobile Safari/537.36 (compatible; PetalBot;+https://webmaster.petalsearch.com/site/petalbot)" "brainbox.co.in"
114.119.145.187 - - [20/Oct/2022:01:10:24 -0700] "GET /PDFContent/04%20ICSE/03%20Class%20VIII/Telugu/?C=S%3BO%3DA HTTP/1.1" 200 355 "https://brainbox.co.in/PDFContent/04%20ICSE/03%20Class%20VIII/Telugu/?C=N%3BO%3DD" "Mozilla/5.0 (Linux; Android 7.0;) AppleWebKit/537.36 (KHTML, like Gecko) Mobile Safari/537.36 (compatible; PetalBot;+https://webmaster.petalsearch.com/site/petalbot)" "brainbox.co.in"
114.119.145.187 - - [20/Oct/2022:01:16:20 -0700] "GET /PDFContent/03%20CBSE/04%20Class%20IX/Biology/Fundamental%20Unit%20of%20Life/Questions%20&%20Answers HTTP/1.1" 200 320759 "https://brainboxschool.com/material/CBSE/IX/Biology/THE_FUNDAMENTAL_UNIT_OF_LIFE.html" "Mozilla/5.0 (Linux; Android 7.0;) AppleWebKit/537.36 (KHTML, like Gecko) Mobile Safari/537.36 (compatible; PetalBot;+https://webmaster.petalsearch.com/site/petalbot)" "brainbox.co.in"
114.119.135.132 - - [20/Oct/2022:01:22:28 -0700] "GET /PDFContent/03%20CBSE/04%20Class%20IX/Physics/Motion/Prob-07 HTTP/1.1" 200 291115 "https://brainboxschool.com/material/CBSE/IX/Physics/MOTION.html" "Mozilla/5.0 (Linux; Android 7.0;) AppleWebKit/537.36 (KHTML, like Gecko) Mobile Safari/537.36 (compatible; PetalBot;+https://webmaster.petalsearch.com/site/petalbot)" "brainbox.co.in"
114.119.145.187 - - [20/Oct/2022:01:28:28 -0700] "GET /PDFContent/03%20CBSE/05%20Class%20X/Hindi/CBSE_X_HINDI_LS02_BALGOBIN%20BHAGAT_SUMMARY%20IN%20ENGLISH.pdf HTTP/1.1" 200 315818 "https://brainbox.co.in/PDFContent/03%20CBSE/05%20Class%20X/Hindi/?C=S%3BO%3DA" "Mozilla/5.0 (Linux; Android 7.0;) AppleWebKit/537.36 (KHTML, like Gecko) Mobile Safari/537.36 (compatible; PetalBot;+https://webmaster.petalsearch.com/site/petalbot)" "brainbox.co.in"
114.119.135.132 - - [20/Oct/2022:01:34:26 -0700] "GET /PDFContent/01%20TSB/05%20Class%20X/Hindi/BARASTE%20BADAL/TSB_X_HINDI_LS01_BARASTE%20BADAL_POEM.pdf HTTP/1.1" 200 431423 "https://brainbox.co.in/PDFContent/01%20TSB/05%20Class%20X/Hindi/BARASTE%20BADAL/" "Mozilla/5.0 (Linux; Android 7.0;) AppleWebKit/537.36 (KHTML, like Gecko) Mobile Safari/537.36 (compatible; PetalBot;+https://webmaster.petalsearch.com/site/petalbot)" "brainbox.co.in"
114.119.145.174 - - [20/Oct/2022:01:40:17 -0700] "GET /PDFContent/01%20TSB/03%20Class%20VIII/English/LS1C/?C=S%3BO%3DA HTTP/1.1" 200 518 "https://brainbox.co.in/PDFContent/01%20TSB/03%20Class%20VIII/English/LS1C/?C=N%3BO%3DD" "Mozilla/5.0 (Linux; Android 7.0;) AppleWebKit/537.36 (KHTML, like Gecko) Mobile Safari/537.36 (compatible; PetalBot;+https://webmaster.petalsearch.com/site/petalbot)" "brainbox.co.in"
114.119.145.187 - - [20/Oct/2022:01:46:15 -0700] "GET /PDFContent/Beetle/CLASS%20V/MATHEMATICS/SEM%202/?C=N%3BO%3DD HTTP/1.1" 200 608 "https://brainbox.co.in/PDFContent/Beetle/CLASS%20V/MATHEMATICS/SEM%202/?C=S%3BO%3DA" "Mozilla/5.0 (Linux; Android 7.0;) AppleWebKit/537.36 (KHTML, like Gecko) Mobile Safari/537.36 (compatible; PetalBot;+https://webmaster.petalsearch.com/site/petalbot)" "brainbox.co.in"
114.119.145.175 - - [20/Oct/2022:01:52:08 -0700] "GET /PDFContent/01%20TSB/ HTTP/1.1" 200 504 "https://brainbox.co.in/PDFContent/01%20TSB/04%20Class%20IX/?C=M%3BO%3DA" "Mozilla/5.0 (Linux; Android 7.0;) AppleWebKit/537.36 (KHTML, like Gecko) Mobile Safari/537.36 (compatible; PetalBot;+https://webmaster.petalsearch.com/site/petalbot)" "brainbox.co.in"
54.193.99.76 - - [20/Oct/2022:01:53:11 -0700] "GET /~richard/templates/beez/US/uk/paypal/login.htm HTTP/1.1" 404 73 "-" "Mozilla/5.0 (Macintosh; Intel Mac OS X 10_10_5) AppleWebKit/537.36 (KHTML, like Gecko) Chrome/52.0.2743.116 Safari/537.36" "brainbox.co.in"
114.119.135.132 - - [20/Oct/2022:01:58:26 -0700] "GET /PDFContent/04%20ICSE/06%20Class%20XI/?C=D%3BO%3DA HTTP/1.1" 200 463 "https://brainbox.co.in/PDFContent/04%20ICSE/06%20Class%20XI/?C=N%3BO%3DD" "Mozilla/5.0 (Linux; Android 7.0;) AppleWebKit/537.36 (KHTML, like Gecko) Mobile Safari/537.36 (compatible; PetalBot;+https://webmaster.petalsearch.com/site/petalbot)" "brainbox.co.in"
114.119.145.175 - - [20/Oct/2022:02:04:37 -0700] "GET /PDFContent/03%20CBSE/04%20Class%20IX/Biology/WHY%20DO%20WE%20FALL%20ILL/Why%20Do%20We%20Fall%20Ill_T03_Principles%20of%20treatment.pdf HTTP/1.1" 200 186060 "https://brainbox.co.in/PDFContent/03%20CBSE/04%20Class%20IX/Biology/WHY%20DO%20WE%20FALL%20ILL/?C=M%3BO%3DA" "Mozilla/5.0 (Linux; Android 7.0;) AppleWebKit/537.36 (KHTML, like Gecko) Mobile Safari/537.36 (compatible; PetalBot;+https://webmaster.petalsearch.com/site/petalbot)" "brainbox.co.in"
87.250.224.146 - - [20/Oct/2022:02:07:50 -0700] "GET /PDFContent/Beetle/CLASS%20III/ENGLISH/SEM%201/Lesson%203%20-%20The%20Talkative%20Tortoise.pdf HTTP/1.1" 200 106696 "-" "Mozilla/5.0 (compatible; YandexBot/3.0; +http://yandex.com/bots)" "brainbox.co.in"
114.119.135.132 - - [20/Oct/2022:02:10:47 -0700] "GET /PDFContent/03%20CBSE/05%20Class%20X/Biology/LIFE%20PROCESSES/?C=N%3BO%3DD HTTP/1.1" 200 671 "https://brainbox.co.in/PDFContent/03%20CBSE/05%20Class%20X/Biology/LIFE%20PROCESSES/?C=D%3BO%3DA" "Mozilla/5.0 (Linux; Android 7.0;) AppleWebKit/537.36 (KHTML, like Gecko) Mobile Safari/537.36 (compatible; PetalBot;+https://webmaster.petalsearch.com/site/petalbot)" "brainbox.co.in"
114.119.145.174 - - [20/Oct/2022:02:16:48 -0700] "GET /PDFContent/03%20CBSE/04%20Class%20IX/Biology/Fundamental%20Unit%20of%20Life/Cytoplasm HTTP/1.1" 200 224100 "https://brainboxschool.com/material/CBSE/IX/Biology/THE_FUNDAMENTAL_UNIT_OF_LIFE.html" "Mozilla/5.0 (Linux; Android 7.0;) AppleWebKit/537.36 (KHTML, like Gecko) Mobile Safari/537.36 (compatible; PetalBot;+https://webmaster.petalsearch.com/site/petalbot)" "brainbox.co.in"
114.119.145.174 - - [20/Oct/2022:02:22:54 -0700] "GET /PDFContent/03%20CBSE/03%20Class%20VIII/Maths/PRACTICAL%20GEOMETRY/ HTTP/1.1" 200 748 "https://brainbox.co.in/PDFContent/03%20CBSE/03%20Class%20VIII/Maths/" "Mozilla/5.0 (Linux; Android 7.0;) AppleWebKit/537.36 (KHTML, like Gecko) Mobile Safari/537.36 (compatible; PetalBot;+https://webmaster.petalsearch.com/site/petalbot)" "brainbox.co.in"
114.119.145.175 - - [20/Oct/2022:02:28:53 -0700] "GET /PDFContent/03%20CBSE/02%20Class%20VII/Hindi/Word%20Meaning/CBSC_VII_LS04_GUBBARE%20PAR%20CHEETA_WORD%20MEANING.pdf HTTP/1.1" 200 272679 "https://brainbox.co.in/PDFContent/03%20CBSE/02%20Class%20VII/Hindi/Word%20Meaning/?C=N%3BO%3DD" "Mozilla/5.0 (Linux; Android 7.0;) AppleWebKit/537.36 (KHTML, like Gecko) Mobile Safari/537.36 (compatible; PetalBot;+https://webmaster.petalsearch.com/site/petalbot)" "brainbox.co.in"
114.119.145.187 - - [20/Oct/2022:02:34:55 -0700] "GET /PDFContent/01%20TSB/05%20Class%20X/Biology/TRANSPORTATION/Transportation_T01_Intro.pdf HTTP/1.1" 200 237757 "https://brainbox.co.in/PDFContent/01%20TSB/05%20Class%20X/Biology/TRANSPORTATION/?C=M%3BO%3DA" "Mozilla/5.0 (Linux; Android 7.0;) AppleWebKit/537.36 (KHTML, like Gecko) Mobile Safari/537.36 (compatible; PetalBot;+https://webmaster.petalsearch.com/site/petalbot)" "brainbox.co.in"
5.255.231.106 - - [20/Oct/2022:02:38:59 -0700] "GET /robots.txt HTTP/1.1" 404 73 "-" "Mozilla/5.0 (compatible; YandexBot/3.0; +http://yandex.com/bots)" "brainbox.co.in"
213.180.203.72 - - [20/Oct/2022:02:39:03 -0700] "GET /PDFContent/Beetle/CLASS%20V/SOCIAL/?C=S;O=A HTTP/1.1" 200 396 "-" "Mozilla/5.0 (compatible; YandexBot/3.0; +http://yandex.com/bots)" "brainbox.co.in"
114.119.145.160 - - [20/Oct/2022:02:40:58 -0700] "GET /PDFContent/03%20CBSE/02%20Class%20VII/Hindi/Word%20Meaning/CBSC_VII_LS01_CHIDIYA%20AUR%20CHURUNGUN_WORD%20MEANING.pdf HTTP/1.1" 200 610818 "https://brainbox.co.in/PDFContent/03%20CBSE/02%20Class%20VII/Hindi/Word%20Meaning/?C=N%3BO%3DD" "Mozilla/5.0 (Linux; Android 7.0;) AppleWebKit/537.36 (KHTML, like Gecko) Mobile Safari/537.36 (compatible; PetalBot;+https://webmaster.petalsearch.com/site/petalbot)" "brainbox.co.in"
114.119.145.174 - - [20/Oct/2022:02:52:50 -0700] "GET /PDFContent/04%20ICSE/06%20Class%20XI/Hindi/?C=S%3BO%3DA HTTP/1.1" 200 352 "https://brainbox.co.in/PDFContent/04%20ICSE/06%20Class%20XI/Hindi/?C=N%3BO%3DD" "Mozilla/5.0 (Linux; Android 7.0;) AppleWebKit/537.36 (KHTML, like Gecko) Mobile Safari/537.36 (compatible; PetalBot;+https://webmaster.petalsearch.com/site/petalbot)" "brainbox.co.in"
213.180.203.21 - - [20/Oct/2022:02:54:53 -0700] "GET /PDFContent/01%20TSB/01%20Class%20VI/Physics/?C=D;O=A HTTP/1.1" 200 351 "-" "Mozilla/5.0 (compatible; YandexBot/3.0; +http://yandex.com/bots)" "brainbox.co.in"
114.119.135.132 - - [20/Oct/2022:02:58:51 -0700] "GET /PDFContent/03%20CBSE/07%20Class%20XII/Chemistry/SOLUTIONS/Solutions_T10_Reverse%20osmosis.pdf HTTP/1.1" 200 139353 "https://brainbox.co.in/PDFContent/03%20CBSE/07%20Class%20XII/Chemistry/SOLUTIONS/?C=M%3BO%3DA" "Mozilla/5.0 (Linux; Android 7.0;) AppleWebKit/537.36 (KHTML, like Gecko) Mobile Safari/537.36 (compatible; PetalBot;+https://webmaster.petalsearch.com/site/petalbot)" "brainbox.co.in"
114.119.145.187 - - [20/Oct/2022:03:04:51 -0700] "GET /PDFContent/Beetle/?C=M%3BO%3DA HTTP/1.1" 200 428 "https://brainbox.co.in/PDFContent/Beetle/?C=S%3BO%3DA" "Mozilla/5.0 (Linux; Android 7.0;) AppleWebKit/537.36 (KHTML, like Gecko) Mobile Safari/537.36 (compatible; PetalBot;+https://webmaster.petalsearch.com/site/petalbot)" "brainbox.co.in"
135.181.79.106 - - [20/Oct/2022:03:09:27 -0700] "GET /robots.txt HTTP/1.1" 404 73 "-" "Mozilla/5.0 (compatible; MJ12bot/v1.4.8; http://mj12bot.com/)" "brainbox.co.in"
135.181.79.106 - - [20/Oct/2022:03:09:29 -0700] "GET /PDFContent/01%20TSB/07%20Class%20XII/Maths/LS02A_De%20Moivre%E2%80%99s%20theorem/ HTTP/1.1" 200 512 "-" "Mozilla/5.0 (compatible; MJ12bot/v1.4.8; http://mj12bot.com/)" "brainbox.co.in"
5.45.207.125 - - [20/Oct/2022:03:10:01 -0700] "GET /PDFContent/04%20ICSE/05%20Class%20X/Chemistry/?C=M;O=A HTTP/1.1" 200 354 "-" "Mozilla/5.0 (compatible; YandexBot/3.0; +http://yandex.com/bots)" "brainbox.co.in"
114.119.135.132 - - [20/Oct/2022:03:10:46 -0700] "GET /PDFContent/03%20CBSE/05%20Class%20X/Biology/CBSE_X_BIOLOGY_LS07_CONTROL%20AND%20CO-ORDINATION_HORMONES.pdf HTTP/1.1" 200 691677 "https://brainbox.co.in/PDFContent/03%20CBSE/05%20Class%20X/Biology/" "Mozilla/5.0 (Linux; Android 7.0;) AppleWebKit/537.36 (KHTML, like Gecko) Mobile Safari/537.36 (compatible; PetalBot;+https://webmaster.petalsearch.com/site/petalbot)" "brainbox.co.in"
114.119.145.187 - - [20/Oct/2022:03:16:57 -0700] "GET /PDFContent/01%20TSB/07%20Class%20XII/Chemistry/?C=N%3BO%3DD HTTP/1.1" 200 356 "https://brainbox.co.in/PDFContent/01%20TSB/07%20Class%20XII/Chemistry/?C=S%3BO%3DA" "Mozilla/5.0 (Linux; Android 7.0;) AppleWebKit/537.36 (KHTML, like Gecko) Mobile Safari/537.36 (compatible; PetalBot;+https://webmaster.petalsearch.com/site/petalbot)" "brainbox.co.in"
114.119.145.174 - - [20/Oct/2022:03:22:57 -0700] "GET /PDFContent/01%20TSB/02%20Class%20VII/English/01LS4B/?C=M%3BO%3DA HTTP/1.1" 200 475 "https://brainbox.co.in/PDFContent/01%20TSB/02%20Class%20VII/English/01LS4B/?C=D%3BO%3DA" "Mozilla/5.0 (Linux; Android 7.0;) AppleWebKit/537.36 (KHTML, like Gecko) Mobile Safari/537.36 (compatible; PetalBot;+https://webmaster.petalsearch.com/site/petalbot)" "brainbox.co.in"
114.119.145.187 - - [20/Oct/2022:03:28:56 -0700] "GET /PDFContent/03%20CBSE/07%20Class%20XII/Maths/ HTTP/1.1" 200 748 "https://brainbox.co.in/PDFContent/03%20CBSE/07%20Class%20XII/Maths/CBSE_XII_MATHS_LS08_APPLICATION%20OF%20INTEGRALS/?C=D%3BO%3DA" "Mozilla/5.0 (Linux; Android 7.0;) AppleWebKit/537.36 (KHTML, like Gecko) Mobile Safari/537.36 (compatible; PetalBot;+https://webmaster.petalsearch.com/site/petalbot)" "brainbox.co.in"
114.119.145.174 - - [20/Oct/2022:03:34:58 -0700] "GET /PDFContent/03%20CBSE/05%20Class%20X/Chemistry/?C=M%3BO%3DA HTTP/1.1" 200 465 "https://brainbox.co.in/PDFContent/03%20CBSE/05%20Class%20X/Chemistry/?C=D%3BO%3DA" "Mozilla/5.0 (Linux; Android 7.0;) AppleWebKit/537.36 (KHTML, like Gecko) Mobile Safari/537.36 (compatible; PetalBot;+https://webmaster.petalsearch.com/site/petalbot)" "brainbox.co.in"
5.255.231.121 - - [20/Oct/2022:03:36:48 -0700] "GET /PDFContent/01%20TSB/05%20Class%20X/English/OR%20WILL%20THE%20DREAMER%20WAKE/?C=M;O=A HTTP/1.1" 200 545 "-" "Mozilla/5.0 (compatible; YandexBot/3.0; +http://yandex.com/bots)" "brainbox.co.in"
213.180.203.21 - - [20/Oct/2022:03:37:28 -0700] "GET /PDFContent/Beetle/CLASS%20III/SOCIAL/SEM%201/Lesson%2010.%20The%20Food%20We%20Eat.pdf HTTP/1.1" 200 - "-" "Mozilla/5.0 (compatible; YandexBot/3.0; +http://yandex.com/bots)" "brainbox.co.in"
157.55.39.180 - - [20/Oct/2022:03:38:00 -0700] "GET /PDFContent/03%20CBSE/04%20Class%20IX/Biology/Tissues/CBSE_IX_Biology_Tissues_Simple%20permament%20tissues-types HTTP/1.1" 200 318438 "-" "Mozilla/5.0 (compatible; bingbot/2.0; +http://www.bing.com/bingbot.htm)" "brainbox.co.in"
114.119.145.160 - - [20/Oct/2022:03:40:54 -0700] "GET /PDFContent/01%20TSB/02%20Class%20VII/English/TSBoard_English_VII_LS1C_QnA.pdf HTTP/1.1" 200 191735 "https://brainbox.co.in/PDFContent/01%20TSB/02%20Class%20VII/English/?C=D%3BO%3DA" "Mozilla/5.0 (Linux; Android 7.0;) AppleWebKit/537.36 (KHTML, like Gecko) Mobile Safari/537.36 (compatible; PetalBot;+https://webmaster.petalsearch.com/site/petalbot)" "brainbox.co.in"
114.119.145.160 - - [20/Oct/2022:03:47:00 -0700] "GET /PDFContent/03%20CBSE/02%20Class%20VII/Science/LIGHT/CBSE_VII_SCIENCE_REFLECTION%20OF%20LIGHT.pdf HTTP/1.1" 200 309230 "https://brainbox.co.in/PDFContent/03%20CBSE/02%20Class%20VII/Science/LIGHT/?C=D%3BO%3DA" "Mozilla/5.0 (Linux; Android 7.0;) AppleWebKit/537.36 (KHTML, like Gecko) Mobile Safari/537.36 (compatible; PetalBot;+https://webmaster.petalsearch.com/site/petalbot)" "brainbox.co.in"
114.119.145.160 - - [20/Oct/2022:03:52:55 -0700] "GET /PDFContent/01%20TSB/03%20Class%20VIII/English/LS3B/TSB_VIII_ENGLISH_LS3B_THE%20SELFISH%20GIANT%20P2_LESSON%20EXPLANATION.pdf HTTP/1.1" 200 355547 "https://brainbox.co.in/PDFContent/01%20TSB/03%20Class%20VIII/English/LS3B/?C=S%3BO%3DA" "Mozilla/5.0 (Linux; Android 7.0;) AppleWebKit/537.36 (KHTML, like Gecko) Mobile Safari/537.36 (compatible; PetalBot;+https://webmaster.petalsearch.com/site/petalbot)" "brainbox.co.in"
114.119.145.175 - - [20/Oct/2022:03:58:53 -0700] "GET /PDFContent/01%20TSB/05%20Class%20X/Maths/?C=S%3BO%3DA HTTP/1.1" 200 351 "https://brainbox.co.in/PDFContent/01%20TSB/05%20Class%20X/Maths/" "Mozilla/5.0 (Linux; Android 7.0;) AppleWebKit/537.36 (KHTML, like Gecko) Mobile Safari/537.36 (compatible; PetalBot;+https://webmaster.petalsearch.com/site/petalbot)" "brainbox.co.in"
43.230.214.34 - - [20/Oct/2022:04:00:26 -0700] "GET /PDFContent//01%20TSB/01%20Class%20VI/Maths/01%20KNOWING%20OUR%20NUMBERS/KNOWING%20OUR%20NUMBERS_Part%201%20Intro.pdf HTTP/1.1" 200 153276 "https://donbosco.brainboxschool.com/" "Mozilla/5.0 (Windows NT 10.0; Win64; x64) AppleWebKit/537.36 (KHTML, like Gecko) Chrome/106.0.0.0 Safari/537.36" "brainbox.co.in"
114.119.145.160 - - [20/Oct/2022:04:04:49 -0700] "GET /PDFContent/04%20ICSE/07%20Class%20XII/Sanskrit/?C=S%3BO%3DA HTTP/1.1" 200 355 "https://brainbox.co.in/PDFContent/04%20ICSE/07%20Class%20XII/Sanskrit/?C=D%3BO%3DA" "Mozilla/5.0 (Linux; Android 7.0;) AppleWebKit/537.36 (KHTML, like Gecko) Mobile Safari/537.36 (compatible; PetalBot;+https://webmaster.petalsearch.com/site/petalbot)" "brainbox.co.in"
114.119.145.187 - - [20/Oct/2022:04:10:51 -0700] "GET /PDFContent/01%20TSB/03%20Class%20VIII/English/LS1B/New/?C=N%3BO%3DD HTTP/1.1" 200 527 "https://brainbox.co.in/PDFContent/01%20TSB/03%20Class%20VIII/English/LS1B/New/" "Mozilla/5.0 (Linux; Android 7.0;) AppleWebKit/537.36 (KHTML, like Gecko) Mobile Safari/537.36 (compatible; PetalBot;+https://webmaster.petalsearch.com/site/petalbot)" "brainbox.co.in"
114.119.145.160 - - [20/Oct/2022:04:16:47 -0700] "GET /PDFContent/04%20ICSE/02%20Class%20VII/Sanskrit/ HTTP/1.1" 200 355 "https://brainbox.co.in/PDFContent/04%20ICSE/02%20Class%20VII/?C=N%3BO%3DD" "Mozilla/5.0 (Linux; Android 7.0;) AppleWebKit/537.36 (KHTML, like Gecko) Mobile Safari/537.36 (compatible; PetalBot;+https://webmaster.petalsearch.com/site/petalbot)" "brainbox.co.in"
213.180.203.22 - - [20/Oct/2022:04:21:12 -0700] "GET /PDFContent/01%20TSB/06%20Class%20XI/Physics/?C=N;O=D HTTP/1.1" 200 352 "-" "Mozilla/5.0 (compatible; YandexBot/3.0; +http://yandex.com/bots)" "brainbox.co.in"
114.119.145.175 - - [20/Oct/2022:04:22:53 -0700] "GET /PDFContent/03%20CBSE/06%20Class%20XI/Biology/TRANSPORT%20IN%20PLANTS/Transport%20in%20plants_T08,9_Long%20distance%20transport%20of%20water.pdf HTTP/1.1" 200 307652 "https://brainbox.co.in/PDFContent/03%20CBSE/06%20Class%20XI/Biology/TRANSPORT%20IN%20PLANTS/?C=S%3BO%3DA" "Mozilla/5.0 (Linux; Android 7.0;) AppleWebKit/537.36 (KHTML, like Gecko) Mobile Safari/537.36 (compatible; PetalBot;+https://webmaster.petalsearch.com/site/petalbot)" "brainbox.co.in"
114.119.135.132 - - [20/Oct/2022:04:28:54 -0700] "GET /PDFContent/01%20TSB/04%20Class%20IX/Biology/Challenging%20in%20Improving%20Agricultural/TS_IX_BIOLOGY_CHALLENGES%20%20IN%20IMPROVING%20AGRICULTURAL_Poultry%20farming HTTP/1.1" 200 204147 "https://brainboxschool.com/material/TSB/IX/Biology/CHALLENGES_IN_IMPROVING_AGRICULTURAL_PRODUCTION.html" "Mozilla/5.0 (Linux; Android 7.0;) AppleWebKit/537.36 (KHTML, like Gecko) Mobile Safari/537.36 (compatible; PetalBot;+https://webmaster.petalsearch.com/site/petalbot)" "brainbox.co.in"
66.249.79.88 - - [20/Oct/2022:04:33:37 -0700] "GET /robots.txt HTTP/1.1" 404 88 "-" "Mozilla/5.0 (compatible; Googlebot/2.1; +http://www.google.com/bot.html)" "brainbox.co.in"
66.249.79.84 - - [20/Oct/2022:04:34:20 -0700] "GET /ads.txt HTTP/1.1" 404 88 "-" "Mozilla/5.0 (compatible; Googlebot/2.1; +http://www.google.com/bot.html)" "brainbox.co.in"
114.119.145.174 - - [20/Oct/2022:04:34:52 -0700] "GET /PDFContent/03%20CBSE/07%20Class%20XII/Physics/ELECTRIC%20CHARGES%20AND%20FIELDS/CBSE_XII_PHYSCIS_LS01_ELECTRIC%20CHARGES%20AND%20FIELDS_ELECTRIC%20FLUX.pdf HTTP/1.1" 200 282203 "https://brainbox.co.in/PDFContent/03%20CBSE/07%20Class%20XII/Physics/ELECTRIC%20CHARGES%20AND%20FIELDS/" "Mozilla/5.0 (Linux; Android 7.0;) AppleWebKit/537.36 (KHTML, like Gecko) Mobile Safari/537.36 (compatible; PetalBot;+https://webmaster.petalsearch.com/site/petalbot)" "brainbox.co.in"
114.119.145.160 - - [20/Oct/2022:04:40:53 -0700] "GET /PDFContent/04%20ICSE/05%20Class%20X/Sanskrit/?C=D%3BO%3DA HTTP/1.1" 200 354 "https://brainbox.co.in/PDFContent/04%20ICSE/05%20Class%20X/Sanskrit/?C=N%3BO%3DD" "Mozilla/5.0 (Linux; Android 7.0;) AppleWebKit/537.36 (KHTML, like Gecko) Mobile Safari/537.36 (compatible; PetalBot;+https://webmaster.petalsearch.com/site/petalbot)" "brainbox.co.in"
114.119.145.194 - - [20/Oct/2022:04:41:42 -0700] "GET /robots.txt HTTP/1.1" 404 88 "-" "Mozilla/5.0 (compatible;PetalBot;+https://webmaster.petalsearch.com/site/petalbot)" "brainbox.co.in"
114.119.145.175 - - [20/Oct/2022:04:46:56 -0700] "GET /PDFContent/01%20TSB/03%20Class%20VIII/English/LS3B/?C=D%3BO%3DA HTTP/1.1" 200 542 "https://brainbox.co.in/PDFContent/01%20TSB/03%20Class%20VIII/English/LS3B/?C=S%3BO%3DA" "Mozilla/5.0 (Linux; Android 7.0;) AppleWebKit/537.36 (KHTML, like Gecko) Mobile Safari/537.36 (compatible; PetalBot;+https://webmaster.petalsearch.com/site/petalbot)" "brainbox.co.in"
213.180.203.21 - - [20/Oct/2022:04:50:45 -0700] "GET /PDFContent/CBSE_X_HINDI_LS03_SAANA%20HATH%20JODI_QESTION%20&%20ANSWERS.pdf HTTP/1.1" 200 910886 "-" "Mozilla/5.0 (compatible; YandexBot/3.0; +http://yandex.com/bots)" "brainbox.co.in"
114.119.145.160 - - [20/Oct/2022:04:52:57 -0700] "GET /PDFContent/01%20TSB/03%20Class%20VIII/English/LS8B/TSB_VIII_ENGLISH_LS08B_BE%20THANKFUL_Questions%20and%20answers.pdf HTTP/1.1" 200 325513 "https://brainbox.co.in/PDFContent/01%20TSB/03%20Class%20VIII/English/LS8B/?C=S%3BO%3DA" "Mozilla/5.0 (Linux; Android 7.0;) AppleWebKit/537.36 (KHTML, like Gecko) Mobile Safari/537.36 (compatible; PetalBot;+https://webmaster.petalsearch.com/site/petalbot)" "brainbox.co.in"
5.255.231.121 - - [20/Oct/2022:04:53:40 -0700] "GET /PDFContent/Beetle/CLASS%20II/ENGLISH/Lesson%201%20-%20Back%20to%20school.pdf HTTP/1.1" 200 90229 "-" "Mozilla/5.0 (compatible; YandexBot/3.0; +http://yandex.com/bots)" "brainbox.co.in"
5.255.231.104 - - [20/Oct/2022:04:53:43 -0700] "GET /PDFContent/Beetle/CLASS%20II/ENGLISH/Lesson%201%20-%20Back%20to%20school.pdf HTTP/1.1" 200 90229 "-" "Mozilla/5.0 (compatible; YandexBot/3.0; +http://yandex.com/bots)" "brainbox.co.in"
114.119.145.174 - - [20/Oct/2022:04:59:01 -0700] "GET /PDFContent/03%20CBSE/06%20Class%20XI/Chemistry/GENERAL%20ORGANIC%20CHEMISTRY/GENERAL%20ORGANIC%20CHEMISTRY_T09_Electromeric%20effect.pdf HTTP/1.1" 200 276302 "https://brainbox.co.in/PDFContent/03%20CBSE/06%20Class%20XI/Chemistry/GENERAL%20ORGANIC%20CHEMISTRY/" "Mozilla/5.0 (Linux; Android 7.0;) AppleWebKit/537.36 (KHTML, like Gecko) Mobile Safari/537.36 (compatible; PetalBot;+https://webmaster.petalsearch.com/site/petalbot)" "brainbox.co.in"
114.119.145.174 - - [20/Oct/2022:05:05:02 -0700] "GET /PDFContent/Beetle/CLASS%20IV/MATHEMATICS%202/?C=S%3BO%3DA HTTP/1.1" 200 579 "https://brainbox.co.in/PDFContent/Beetle/CLASS%20IV/MATHEMATICS%202/?C=D%3BO%3DA" "Mozilla/5.0 (Linux; Android 7.0;) AppleWebKit/537.36 (KHTML, like Gecko) Mobile Safari/537.36 (compatible; PetalBot;+https://webmaster.petalsearch.com/site/petalbot)" "brainbox.co.in"
114.119.135.132 - - [20/Oct/2022:05:11:02 -0700] "GET /PDFContent/Beetle/CLASS%20IV/ENGLISH%20SEM%202/Lesson%203%20-%20The%20Emperor%E2%80%99s%20New%20Clothes.pdf HTTP/1.1" 200 155207 "https://brainbox.co.in/PDFContent/Beetle/CLASS%20IV/ENGLISH%20SEM%202/" "Mozilla/5.0 (Linux; Android 7.0;) AppleWebKit/537.36 (KHTML, like Gecko) Mobile Safari/537.36 (compatible; PetalBot;+https://webmaster.petalsearch.com/site/petalbot)" "brainbox.co.in"
103.145.255.142 - - [20/Oct/2022:05:12:16 -0700] "GET / HTTP/1.1" 200 432 "-" "Mozilla/5.0 (X11; Ubuntu; Linux i686; rv:28.0) Gecko/20100101 Firefox/28.0" "brainbox.co.in"
135.181.79.106 - - [20/Oct/2022:05:16:32 -0700] "GET /robots.txt HTTP/1.1" 404 73 "-" "Mozilla/5.0 (compatible; MJ12bot/v1.4.8; http://mj12bot.com/)" "www.brainbox.co.in"
135.181.79.106 - - [20/Oct/2022:05:16:35 -0700] "GET /PDFContent/01%20TSB/07%20Class%20XII/Maths/LS02A_De%20Moivre%E2%80%99s%20theorem/ HTTP/1.1" 200 512 "-" "Mozilla/5.0 (compatible; MJ12bot/v1.4.8; http://mj12bot.com/)" "www.brainbox.co.in"
114.119.145.187 - - [20/Oct/2022:05:16:52 -0700] "GET /PDFContent/01%20TSB/02%20Class%20VII/English/TSBoard_English_VII_LS1A_Introduction.pdf.pdf HTTP/1.1" 200 270998 "https://brainbox.co.in/PDFContent/01%20TSB/02%20Class%20VII/English/?C=D%3BO%3DA" "Mozilla/5.0 (Linux; Android 7.0;) AppleWebKit/537.36 (KHTML, like Gecko) Mobile Safari/537.36 (compatible; PetalBot;+https://webmaster.petalsearch.com/site/petalbot)" "brainbox.co.in"
87.250.224.125 - - [20/Oct/2022:05:21:01 -0700] "GET /PDFContent/02%20APSB/06%20Class%20XI/Sanskrit/ HTTP/1.1" 200 355 "-" "Mozilla/5.0 (compatible; YandexBot/3.0; +http://yandex.com/bots)" "brainbox.co.in"
157.55.39.21 - - [20/Oct/2022:05:23:08 -0700] "GET /PDFContent/03%20CBSE/06%20Class%20XI/Biology/Cell-The%20unit%20of%20life/Lysosomes HTTP/1.1" 404 88 "-" "Mozilla/5.0 (compatible; bingbot/2.0; +http://www.bing.com/bingbot.htm)" "brainbox.co.in"
114.119.135.132 - - [20/Oct/2022:05:28:47 -0700] "GET /PDFContent/01%20TSB/02%20Class%20VII/Hindi/word%20meaning/TSV_VII_LS04_hindi%20diwas_WORD%20MEANING.pdf HTTP/1.1" 200 87031 "https://brainbox.co.in/PDFContent/01%20TSB/02%20Class%20VII/Hindi/word%20meaning/" "Mozilla/5.0 (Linux; Android 7.0;) AppleWebKit/537.36 (KHTML, like Gecko) Mobile Safari/537.36 (compatible; PetalBot;+https://webmaster.petalsearch.com/site/petalbot)" "brainbox.co.in"
18.117.227.211 - - [20/Oct/2022:05:31:46 -0700] "GET /~richard/templates/beez/US/uk/paypal/login.htm HTTP/1.1" 404 73 "-" "Mozilla/5.0 (Macintosh; Intel Mac OS X 10_10_5) AppleWebKit/537.36 (KHTML, like Gecko) Chrome/52.0.2743.116 Safari/537.36" "brainbox.co.in"
114.119.145.175 - - [20/Oct/2022:05:35:03 -0700] "GET /PDFContent/03%20CBSE/03%20Class%20VIII/Chemistry/CHEMICAL%20EFFECTS%20OF%20ELECTRIC%20CURRENT/Chemical%20Effects%20of%20Electric%20current_Electric%20conductors_T02.pdf HTTP/1.1" 200 222928 "https://brainbox.co.in/PDFContent/03%20CBSE/03%20Class%20VIII/Chemistry/CHEMICAL%20EFFECTS%20OF%20ELECTRIC%20CURRENT/?C=M%3BO%3DA" "Mozilla/5.0 (Linux; Android 7.0;) AppleWebKit/537.36 (KHTML, like Gecko) Mobile Safari/537.36 (compatible; PetalBot;+https://webmaster.petalsearch.com/site/petalbot)" "brainbox.co.in"
114.119.145.174 - - [20/Oct/2022:05:41:16 -0700] "GET /PDFContent/03%20CBSE/04%20Class%20IX/Maths/CBSE_IX_MATHS_LS12_HERON'S%20FORMULA_EQUILATERAL%20TRIANGLE.pdf HTTP/1.1" 200 283565 "https://brainbox.co.in/PDFContent/03%20CBSE/04%20Class%20IX/Maths/?C=M%3BO%3DA" "Mozilla/5.0 (Linux; Android 7.0;) AppleWebKit/537.36 (KHTML, like Gecko) Mobile Safari/537.36 (compatible; PetalBot;+https://webmaster.petalsearch.com/site/petalbot)" "brainbox.co.in"
114.119.145.187 - - [20/Oct/2022:05:47:21 -0700] "GET /PDFContent/01%20TSB/03%20Class%20VIII/English/LS2A/New/TSB_VIII_ENGLISH_LS02A_OLIVER%20ASKS%20FOR%20MORE_INTRODUCTION.pdf HTTP/1.1" 200 348137 "https://brainbox.co.in/PDFContent/01%20TSB/03%20Class%20VIII/English/LS2A/New/?C=S%3BO%3DA" "Mozilla/5.0 (Linux; Android 7.0;) AppleWebKit/537.36 (KHTML, like Gecko) Mobile Safari/537.36 (compatible; PetalBot;+https://webmaster.petalsearch.com/site/petalbot)" "brainbox.co.in"
114.119.145.187 - - [20/Oct/2022:05:53:23 -0700] "GET /PDFContent/03%20CBSE/04%20Class%20IX/Physics/Motion/Prob-10 HTTP/1.1" 200 234642 "https://brainboxschool.com/material/CBSE/IX/Physics/MOTION.html" "Mozilla/5.0 (Linux; Android 7.0;) AppleWebKit/537.36 (KHTML, like Gecko) Mobile Safari/537.36 (compatible; PetalBot;+https://webmaster.petalsearch.com/site/petalbot)" "brainbox.co.in"
114.119.145.174 - - [20/Oct/2022:05:59:29 -0700] "GET /PDFContent/03%20CBSE/01%20Class%20VI/Telugu/ HTTP/1.1" 200 353 "https://brainbox.co.in/PDFContent/03%20CBSE/01%20Class%20VI/?C=D%3BO%3DA" "Mozilla/5.0 (Linux; Android 7.0;) AppleWebKit/537.36 (KHTML, like Gecko) Mobile Safari/537.36 (compatible; PetalBot;+https://webmaster.petalsearch.com/site/petalbot)" "brainbox.co.in"
114.119.145.174 - - [20/Oct/2022:06:05:31 -0700] "GET /PDFContent/04%20ICSE/04%20Class%20IX/English/?C=N%3BO%3DD HTTP/1.1" 200 352 "https://brainbox.co.in/PDFContent/04%20ICSE/04%20Class%20IX/English/?C=M%3BO%3DA" "Mozilla/5.0 (Linux; Android 7.0;) AppleWebKit/537.36 (KHTML, like Gecko) Mobile Safari/537.36 (compatible; PetalBot;+https://webmaster.petalsearch.com/site/petalbot)" "brainbox.co.in"
13.52.214.140 - - [20/Oct/2022:06:05:39 -0700] "GET /~richard/templates/beez/US/uk/paypal/login.htm HTTP/1.1" 404 73 "-" "Mozilla/5.0 (Macintosh; Intel Mac OS X 10_10_5) AppleWebKit/537.36 (KHTML, like Gecko) Chrome/52.0.2743.116 Safari/537.36" "brainbox.co.in"
5.255.253.164 - - [20/Oct/2022:06:10:40 -0700] "GET /robots.txt HTTP/1.1" 404 73 "-" "Mozilla/5.0 (compatible; YandexBot/3.0; +http://yandex.com/bots)" "brainbox.co.in"
213.180.203.21 - - [20/Oct/2022:06:10:44 -0700] "GET /PDFContent/04%20ICSE/04%20Class%20IX/?C=S;O=A HTTP/1.1" 200 462 "-" "Mozilla/5.0 (compatible; YandexBot/3.0; +http://yandex.com/bots)" "brainbox.co.in"
114.119.135.132 - - [20/Oct/2022:06:11:37 -0700] "GET /PDFContent/03%20CBSE/06%20Class%20XI/Biology/TRANSPORT%20IN%20PLANTS/?C=S%3BO%3DA HTTP/1.1" 200 661 "https://brainbox.co.in/PDFContent/03%20CBSE/06%20Class%20XI/Biology/TRANSPORT%20IN%20PLANTS/?C=D%3BO%3DA" "Mozilla/5.0 (Linux; Android 7.0;) AppleWebKit/537.36 (KHTML, like Gecko) Mobile Safari/537.36 (compatible; PetalBot;+https://webmaster.petalsearch.com/site/petalbot)" "brainbox.co.in"
87.250.224.146 - - [20/Oct/2022:06:15:28 -0700] "GET /PDFContent/04%20ICSE/04%20Class%20IX/Hindi/?C=M;O=D HTTP/1.1" 200 349 "-" "Mozilla/5.0 (compatible; YandexBot/3.0; +http://yandex.com/bots)" "brainbox.co.in"
5.255.231.106 - - [20/Oct/2022:06:16:27 -0700] "GET /PDFContent/02%20APSB/07%20Class%20XII/Chemistry/?C=S;O=D HTTP/1.1" 200 355 "-" "Mozilla/5.0 (compatible; YandexBot/3.0; +http://yandex.com/bots)" "brainbox.co.in"
114.119.145.175 - - [20/Oct/2022:06:17:39 -0700] "GET /PDFContent/03%20CBSE/07%20Class%20XII/Maths/CBSE_XII_MATHS_LS12_LINEAR%20PROGRAMMING_EXAMPLE_3.pdf HTTP/1.1" 200 372654 "https://brainbox.co.in/PDFContent/03%20CBSE/07%20Class%20XII/Maths/?C=S%3BO%3DA" "Mozilla/5.0 (Linux; Android 7.0;) AppleWebKit/537.36 (KHTML, like Gecko) Mobile Safari/537.36 (compatible; PetalBot;+https://webmaster.petalsearch.com/site/petalbot)" "brainbox.co.in"
114.119.135.132 - - [20/Oct/2022:06:23:41 -0700] "GET /PDFContent/Beetle/CLASS%20I/MATHEMATICS%201-2/?C=S%3BO%3DA HTTP/1.1" 200 640 "https://brainbox.co.in/PDFContent/Beetle/CLASS%20I/MATHEMATICS%201-2/?C=D%3BO%3DA" "Mozilla/5.0 (Linux; Android 7.0;) AppleWebKit/537.36 (KHTML, like Gecko) Mobile Safari/537.36 (compatible; PetalBot;+https://webmaster.petalsearch.com/site/petalbot)" "brainbox.co.in"
5.45.207.125 - - [20/Oct/2022:06:25:48 -0700] "GET /PDFContent/01%20TSB/01%20Class%20VI/Telugu/VARSHAM/TSB_VI_TELUGU_LS03_VARSHAM_Ardhula.pdf HTTP/1.1" 200 806412 "-" "Mozilla/5.0 (compatible; YandexBot/3.0; +http://yandex.com/bots)" "brainbox.co.in"
114.119.145.174 - - [20/Oct/2022:06:29:47 -0700] "GET /PDFContent/01%20TSB/05%20Class%20X/English/A%20TALE%20OF%20THREE%20VILLAGES/?C=D%3BO%3DA HTTP/1.1" 200 544 "https://brainbox.co.in/PDFContent/01%20TSB/05%20Class%20X/English/A%20TALE%20OF%20THREE%20VILLAGES/" "Mozilla/5.0 (Linux; Android 7.0;) AppleWebKit/537.36 (KHTML, like Gecko) Mobile Safari/537.36 (compatible; PetalBot;+https://webmaster.petalsearch.com/site/petalbot)" "brainbox.co.in"
114.119.145.160 - - [20/Oct/2022:06:35:46 -0700] "GET /PDFContent/03%20CBSE/03%20Class%20VIII/Chemistry/Metals%20&%20Non-Metals/Chemical%20properties%20of%20Metals HTTP/1.1" 200 293270 "https://brainboxschool.com/material/CBSE/VIII/Chemistry/METALS_&_NON-METALS.html" "Mozilla/5.0 (Linux; Android 7.0;) AppleWebKit/537.36 (KHTML, like Gecko) Mobile Safari/537.36 (compatible; PetalBot;+https://webmaster.petalsearch.com/site/petalbot)" "brainbox.co.in"
114.119.145.187 - - [20/Oct/2022:06:41:49 -0700] "GET /PDFContent/03%20CBSE/05%20Class%20X/Biology/How%20to%20do%20organsims%20reproduce/CBSE_X_BIOLOGY_HOW%20TO%20DO%20ORGANISMS%20REPRODUCE_Male%20Reproductive%20System.pdf HTTP/1.1" 200 429412 "https://brainbox.co.in/PDFContent/03%20CBSE/05%20Class%20X/Biology/How%20to%20do%20organsims%20reproduce/?C=D%3BO%3DA" "Mozilla/5.0 (Linux; Android 7.0;) AppleWebKit/537.36 (KHTML, like Gecko) Mobile Safari/537.36 (compatible; PetalBot;+https://webmaster.petalsearch.com/site/petalbot)" "brainbox.co.in"
114.119.145.187 - - [20/Oct/2022:06:47:54 -0700] "GET /PDFContent/03%20CBSE/05%20Class%20X/Biology/How%20to%20do%20organsims%20reproduce/CBSE_X_BIOLOGY_HOW%20TO%20DO%20ORGANISMS%20REPRODUCE_Sexual%20reproduction%20in%20Plants.pdf HTTP/1.1" 200 375657 "https://brainbox.co.in/PDFContent/03%20CBSE/05%20Class%20X/Biology/How%20to%20do%20organsims%20reproduce/?C=D%3BO%3DA" "Mozilla/5.0 (Linux; Android 7.0;) AppleWebKit/537.36 (KHTML, like Gecko) Mobile Safari/537.36 (compatible; PetalBot;+https://webmaster.petalsearch.com/site/petalbot)" "brainbox.co.in"
114.119.145.174 - - [20/Oct/2022:06:54:00 -0700] "GET /PDFContent/03%20CBSE/03%20Class%20VIII/Biology/Fundamental%20Unit%20of%20Life/Plastid.pdf HTTP/1.1" 200 176582 "https://brainbox.co.in/PDFContent/03%20CBSE/03%20Class%20VIII/Biology/Fundamental%20Unit%20of%20Life/?C=N%3BO%3DD" "Mozilla/5.0 (Linux; Android 7.0;) AppleWebKit/537.36 (KHTML, like Gecko) Mobile Safari/537.36 (compatible; PetalBot;+https://webmaster.petalsearch.com/site/petalbot)" "brainbox.co.in"
114.119.145.160 - - [20/Oct/2022:07:00:05 -0700] "GET /PDFContent/Beetle/CLASS%20I/ENGLISH%201-2/Lesson%201%20-%20The%20magic%20carpet.pdf HTTP/1.1" 200 226469 "https://brainbox.co.in/PDFContent/Beetle/CLASS%20I/ENGLISH%201-2/?C=N%3BO%3DD" "Mozilla/5.0 (Linux; Android 7.0;) AppleWebKit/537.36 (KHTML, like Gecko) Mobile Safari/537.36 (compatible; PetalBot;+https://webmaster.petalsearch.com/site/petalbot)" "brainbox.co.in"
114.119.145.160 - - [20/Oct/2022:07:06:04 -0700] "GET /PDFContent/01%20TSB/04%20Class%20IX/Biology/Challenging%20in%20Improving%20Agricultural/TS_IX_BIOLOGY_CHALLENGES%20%20IN%20IMPROVING%20AGRICULTURAL_Increasing%20Population%20Ways.pdf HTTP/1.1" 200 420824 "https://brainbox.co.in/PDFContent/01%20TSB/04%20Class%20IX/Biology/Challenging%20in%20Improving%20Agricultural/?C=S%3BO%3DA" "Mozilla/5.0 (Linux; Android 7.0;) AppleWebKit/537.36 (KHTML, like Gecko) Mobile Safari/537.36 (compatible; PetalBot;+https://webmaster.petalsearch.com/site/petalbot)" "brainbox.co.in"
194.38.20.161 - - [20/Oct/2022:07:07:08 -0700] "GET / HTTP/1.1" 200 1155 "-" "ALittle Client" "brainbox.co.in"
194.38.20.161 - - [20/Oct/2022:07:07:09 -0700] "GET / HTTP/1.1" 200 1155 "-" "ALittle Client" "brainbox.co.in"
194.38.20.161 - - [20/Oct/2022:07:07:11 -0700] "GET / HTTP/1.1" 200 1155 "-" "ALittle Client" "brainbox.co.in"
114.119.145.174 - - [20/Oct/2022:07:12:12 -0700] "GET /PDFContent/Beetle/CLASS%20IV/ENGLISH/Lesson%207%20%E2%80%90%20The%20wish.pdf HTTP/1.1" 200 76025 "https://brainbox.co.in/PDFContent/Beetle/CLASS%20IV/ENGLISH/?C=M%3BO%3DA" "Mozilla/5.0 (Linux; Android 7.0;) AppleWebKit/537.36 (KHTML, like Gecko) Mobile Safari/537.36 (compatible; PetalBot;+https://webmaster.petalsearch.com/site/petalbot)" "brainbox.co.in"
114.119.145.160 - - [20/Oct/2022:07:18:22 -0700] "GET /PDFContent/04%20ICSE/03%20Class%20VIII/Hindi/?C=D%3BO%3DA HTTP/1.1" 200 354 "https://brainbox.co.in/PDFContent/04%20ICSE/03%20Class%20VIII/Hindi/?C=S%3BO%3DA" "Mozilla/5.0 (Linux; Android 7.0;) AppleWebKit/537.36 (KHTML, like Gecko) Mobile Safari/537.36 (compatible; PetalBot;+https://webmaster.petalsearch.com/site/petalbot)" "brainbox.co.in"
