114.119.145.174 - - [09/Oct/2022:12:08:20 -0700] "GET /PDFContent/01%20TSB/01%20Class%20VI/Sanskrit/?C=N%3BO%3DD HTTP/1.1" 200 352 "https://brainbox.co.in/PDFContent/01%20TSB/01%20Class%20VI/Sanskrit/?C=S%3BO%3DA" "Mozilla/5.0 (Linux; Android 7.0;) AppleWebKit/537.36 (KHTML, like Gecko) Mobile Safari/537.36 (compatible; PetalBot;+https://webmaster.petalsearch.com/site/petalbot)" "brainbox.co.in"
51.222.253.19 - - [09/Oct/2022:12:10:59 -0700] "GET /PDFContent/01%20TSB/06%20Class%20XI/Maths/ HTTP/1.1" 200 391 "-" "Mozilla/5.0 (compatible; AhrefsBot/7.0; +http://ahrefs.com/robot/)" "brainbox.co.in"
114.119.145.187 - - [09/Oct/2022:12:13:59 -0700] "GET /PDFContent/03%20CBSE/04%20Class%20IX/Biology/Improvement%20in%20Food%20resources/CBSE_IX_BIOLOGY_IMPROVEMENT%20IN%20FOOD%20RESOURCES_Cropping%20Pattern.pdf HTTP/1.1" 200 947039 "https://brainbox.co.in/PDFContent/03%20CBSE/04%20Class%20IX/Biology/Improvement%20in%20Food%20resources/?C=S%3BO%3DA" "Mozilla/5.0 (Linux; Android 7.0;) AppleWebKit/537.36 (KHTML, like Gecko) Mobile Safari/537.36 (compatible; PetalBot;+https://webmaster.petalsearch.com/site/petalbot)" "brainbox.co.in"
51.222.253.2 - - [09/Oct/2022:12:17:08 -0700] "GET /PDFContent/02%20APSB/01%20Class%20VI/Sanskrit/?C=N;O=D HTTP/1.1" 200 352 "-" "Mozilla/5.0 (compatible; AhrefsBot/7.0; +http://ahrefs.com/robot/)" "brainbox.co.in"
114.119.135.132 - - [09/Oct/2022:12:19:26 -0700] "GET /PDFContent/03%20CBSE/04%20Class%20IX/Biology/CBSE_lX_BIOLOGY_LS07_DIVERSTY%20IN%20LIVING%20ORGANISMS_PTERIDOPHYTA.pdf HTTP/1.1" 200 399282 "https://brainbox.co.in/PDFContent/03%20CBSE/04%20Class%20IX/Biology/?C=D%3BO%3DA" "Mozilla/5.0 (Linux; Android 7.0;) AppleWebKit/537.36 (KHTML, like Gecko) Mobile Safari/537.36 (compatible; PetalBot;+https://webmaster.petalsearch.com/site/petalbot)" "brainbox.co.in"
51.222.253.20 - - [09/Oct/2022:12:23:15 -0700] "GET /PDFContent/03%20CBSE/04%20Class%20IX/Biology/WHY%20DO%20WE%20FALL%20ILL/?C=N;O=D HTTP/1.1" 200 522 "-" "Mozilla/5.0 (compatible; AhrefsBot/7.0; +http://ahrefs.com/robot/)" "brainbox.co.in"
114.119.145.160 - - [09/Oct/2022:12:24:50 -0700] "GET /PDFContent/CBSE_X_HINDI_LS03_SAANA%20HATH%20JODI_SUMMARY.pdf HTTP/1.1" 200 335939 "https://brainbox.co.in/PDFContent/" "Mozilla/5.0 (Linux; Android 7.0;) AppleWebKit/537.36 (KHTML, like Gecko) Mobile Safari/537.36 (compatible; PetalBot;+https://webmaster.petalsearch.com/site/petalbot)" "brainbox.co.in"
51.222.253.17 - - [09/Oct/2022:12:28:50 -0700] "GET /PDFContent/04%20ICSE/05%20Class%20X/Chemistry/?C=D;O=A HTTP/1.1" 200 354 "-" "Mozilla/5.0 (compatible; AhrefsBot/7.0; +http://ahrefs.com/robot/)" "brainbox.co.in"
114.119.135.132 - - [09/Oct/2022:12:30:13 -0700] "GET /PDFContent/04%20ICSE/06%20Class%20XI/Maths/?C=N%3BO%3DD HTTP/1.1" 200 353 "https://brainbox.co.in/PDFContent/04%20ICSE/06%20Class%20XI/Maths/?C=N%3BO%3DD" "Mozilla/5.0 (Linux; Android 7.0;) AppleWebKit/537.36 (KHTML, like Gecko) Mobile Safari/537.36 (compatible; PetalBot;+https://webmaster.petalsearch.com/site/petalbot)" "brainbox.co.in"
51.222.253.18 - - [09/Oct/2022:12:35:11 -0700] "GET /PDFContent/04%20ICSE/05%20Class%20X/English/?C=M;O=A HTTP/1.1" 200 353 "-" "Mozilla/5.0 (compatible; AhrefsBot/7.0; +http://ahrefs.com/robot/)" "brainbox.co.in"
114.119.145.160 - - [09/Oct/2022:12:35:40 -0700] "GET /PDFContent/01%20TSB/03%20Class%20VIII/English/LS6A/TSB_VIII_ENGLISH_LS06A_THE%20STORY%20OF%20IKAT_Questions%20and%20Answers.pdf HTTP/1.1" 200 321047 "https://brainbox.co.in/PDFContent/01%20TSB/03%20Class%20VIII/English/LS6A/" "Mozilla/5.0 (Linux; Android 7.0;) AppleWebKit/537.36 (KHTML, like Gecko) Mobile Safari/537.36 (compatible; PetalBot;+https://webmaster.petalsearch.com/site/petalbot)" "brainbox.co.in"
114.119.135.132 - - [09/Oct/2022:12:41:18 -0700] "GET /PDFContent/03%20CBSE/05%20Class%20X/Biology/How%20to%20do%20organsims%20reproduce/CBSE_X_BIOLOGY_HOW%20TO%20DO%20ORGANISMS%20REPRODUCE_Modes HTTP/1.1" 200 225812 "https://brainboxschool.com/material/CBSE/X/Biology/HOW_DO_ORGANISMS_REPRODUCE.html" "Mozilla/5.0 (Linux; Android 7.0;) AppleWebKit/537.36 (KHTML, like Gecko) Mobile Safari/537.36 (compatible; PetalBot;+https://webmaster.petalsearch.com/site/petalbot)" "brainbox.co.in"
51.222.253.20 - - [09/Oct/2022:12:41:38 -0700] "GET /PDFContent/01%20TSB/05%20Class%20X/Biology/NUTRITION/?C=D;O=A HTTP/1.1" 200 516 "-" "Mozilla/5.0 (compatible; AhrefsBot/7.0; +http://ahrefs.com/robot/)" "brainbox.co.in"
114.119.145.160 - - [09/Oct/2022:12:47:01 -0700] "GET /PDFContent/Beetle/CLASS%20II/?C=D%3BO%3DA HTTP/1.1" 200 463 "https://brainbox.co.in/PDFContent/Beetle/CLASS%20II/" "Mozilla/5.0 (Linux; Android 7.0;) AppleWebKit/537.36 (KHTML, like Gecko) Mobile Safari/537.36 (compatible; PetalBot;+https://webmaster.petalsearch.com/site/petalbot)" "brainbox.co.in"
51.222.253.4 - - [09/Oct/2022:12:47:43 -0700] "GET /PDFContent/01%20TSB/03%20Class%20VIII/English/LS6A/?C=M;O=D HTTP/1.1" 200 535 "-" "Mozilla/5.0 (compatible; AhrefsBot/7.0; +http://ahrefs.com/robot/)" "brainbox.co.in"
114.119.145.175 - - [09/Oct/2022:12:52:41 -0700] "GET /PDFContent/03%20CBSE/04%20Class%20IX/Biology/Fundamental%20Unit%20of%20Life/Cytoplasm HTTP/1.1" 200 224100 "https://brainboxschool.com/material/CBSE/IX/Biology/THE_FUNDAMENTAL_UNIT_OF_LIFE.html" "Mozilla/5.0 (Linux; Android 7.0;) AppleWebKit/537.36 (KHTML, like Gecko) Mobile Safari/537.36 (compatible; PetalBot;+https://webmaster.petalsearch.com/site/petalbot)" "brainbox.co.in"
51.222.253.20 - - [09/Oct/2022:12:53:36 -0700] "GET /PDFContent/04%20ICSE/05%20Class%20X/Chemistry/?C=M;O=A HTTP/1.1" 200 354 "-" "Mozilla/5.0 (compatible; AhrefsBot/7.0; +http://ahrefs.com/robot/)" "brainbox.co.in"
18.191.33.203 - - [09/Oct/2022:12:53:43 -0700] "GET /~richard/templates/beez/US/uk/paypal/login.htm HTTP/1.1" 404 73 "-" "Mozilla/5.0 (Macintosh; Intel Mac OS X 10_10_5) AppleWebKit/537.36 (KHTML, like Gecko) Chrome/52.0.2743.116 Safari/537.36" "brainbox.co.in"
114.119.145.187 - - [09/Oct/2022:12:58:20 -0700] "GET /PDFContent/01%20TSB/03%20Class%20VIII/English/LS3B/TSB_VIII_ENGLISH_LS3B_THE%20SELFISH%20GIANT%20P2_MORALS.pdf HTTP/1.1" 200 346445 "https://brainbox.co.in/PDFContent/01%20TSB/03%20Class%20VIII/English/LS3B/?C=S%3BO%3DA" "Mozilla/5.0 (Linux; Android 7.0;) AppleWebKit/537.36 (KHTML, like Gecko) Mobile Safari/537.36 (compatible; PetalBot;+https://webmaster.petalsearch.com/site/petalbot)" "brainbox.co.in"
51.222.253.7 - - [09/Oct/2022:12:59:52 -0700] "GET /PDFContent/SPECIAL%20CROUSE/Part%201%20Grammar%20Essentials/STD_VIII/ HTTP/1.1" 200 512 "-" "Mozilla/5.0 (compatible; AhrefsBot/7.0; +http://ahrefs.com/robot/)" "brainbox.co.in"
114.119.145.174 - - [09/Oct/2022:13:03:47 -0700] "GET /PDFContent/02%20APSB/03%20Class%20VIII/Telugu/?C=M%3BO%3DA HTTP/1.1" 200 355 "https://brainbox.co.in/PDFContent/02%20APSB/03%20Class%20VIII/Telugu/" "Mozilla/5.0 (Linux; Android 7.0;) AppleWebKit/537.36 (KHTML, like Gecko) Mobile Safari/537.36 (compatible; PetalBot;+https://webmaster.petalsearch.com/site/petalbot)" "brainbox.co.in"
51.222.253.9 - - [09/Oct/2022:13:05:22 -0700] "GET /PDFContent/SPECIAL%20CROUSE/Part%201%20Grammar%20Essentials/STD_VIII/?C=S;O=A HTTP/1.1" 200 511 "-" "Mozilla/5.0 (compatible; AhrefsBot/7.0; +http://ahrefs.com/robot/)" "brainbox.co.in"
114.119.145.187 - - [09/Oct/2022:13:09:07 -0700] "GET /PDFContent/03%20CBSE/04%20Class%20IX/Physics/Gravitation/CBSE_IX_PHYSICS_LS10_GRAVITATION_PROB_04.pdf HTTP/1.1" 200 267623 "https://brainboxschool.com/material/CBSE/IX/Physics/GRAVITATION.html" "Mozilla/5.0 (Linux; Android 7.0;) AppleWebKit/537.36 (KHTML, like Gecko) Mobile Safari/537.36 (compatible; PetalBot;+https://webmaster.petalsearch.com/site/petalbot)" "brainbox.co.in"
51.222.253.4 - - [09/Oct/2022:13:11:05 -0700] "GET /PDFContent/SPECIAL%20CROUSE/Part%201%20Grammar%20Essentials/?C=S;O=A HTTP/1.1" 200 456 "-" "Mozilla/5.0 (compatible; AhrefsBot/7.0; +http://ahrefs.com/robot/)" "brainbox.co.in"
114.119.145.174 - - [09/Oct/2022:13:14:28 -0700] "GET /PDFContent/02%20APSB/01%20Class%20VI/Physics/?C=N%3BO%3DD HTTP/1.1" 200 353 "https://brainbox.co.in/PDFContent/02%20APSB/01%20Class%20VI/Physics/?C=M%3BO%3DA" "Mozilla/5.0 (Linux; Android 7.0;) AppleWebKit/537.36 (KHTML, like Gecko) Mobile Safari/537.36 (compatible; PetalBot;+https://webmaster.petalsearch.com/site/petalbot)" "brainbox.co.in"
188.166.230.142 - - [09/Oct/2022:13:17:07 -0700] "GET /feed/ HTTP/1.1" 404 73 "-" "Mozilla/5.0 (Windows NT 10.0; Win64; x64) AppleWebKit/537.36 (KHTML, like Gecko) Chrome/95.0.4638.69 Safari/537.36" "brainbox.co.in"
51.222.253.8 - - [09/Oct/2022:13:17:11 -0700] "GET /PDFContent/04%20ICSE/05%20Class%20X/English/?C=D;O=A HTTP/1.1" 200 353 "-" "Mozilla/5.0 (compatible; AhrefsBot/7.0; +http://ahrefs.com/robot/)" "brainbox.co.in"
188.166.230.142 - - [09/Oct/2022:13:17:16 -0700] "GET /wp1/wp-includes/wlwmanifest.xml HTTP/1.1" 404 73 "-" "Mozilla/5.0 (Windows NT 10.0; Win64; x64) AppleWebKit/537.36 (KHTML, like Gecko) Chrome/95.0.4638.69 Safari/537.36" "brainbox.co.in"
188.166.230.142 - - [09/Oct/2022:13:17:17 -0700] "GET /test/wp-includes/wlwmanifest.xml HTTP/1.1" 404 73 "-" "Mozilla/5.0 (Windows NT 10.0; Win64; x64) AppleWebKit/537.36 (KHTML, like Gecko) Chrome/95.0.4638.69 Safari/537.36" "brainbox.co.in"
51.222.253.12 - - [09/Oct/2022:13:23:10 -0700] "GET /PDFContent/03%20CBSE/01%20Class%20VI/Telugu/?C=N;O=D HTTP/1.1" 200 352 "-" "Mozilla/5.0 (compatible; AhrefsBot/7.0; +http://ahrefs.com/robot/)" "brainbox.co.in"
114.119.145.187 - - [09/Oct/2022:13:25:10 -0700] "GET /PDFContent/01%20TSB/03%20Class%20VIII/English/LS8C/TSB_VIII_ENGLISH_LS08C_THE%20DEAD%20RAT_EXPLANATION.pdf HTTP/1.1" 200 333229 "https://brainbox.co.in/PDFContent/01%20TSB/03%20Class%20VIII/English/LS8C/?C=M%3BO%3DA" "Mozilla/5.0 (Linux; Android 7.0;) AppleWebKit/537.36 (KHTML, like Gecko) Mobile Safari/537.36 (compatible; PetalBot;+https://webmaster.petalsearch.com/site/petalbot)" "brainbox.co.in"
51.222.253.17 - - [09/Oct/2022:13:29:22 -0700] "GET /PDFContent/02%20APSB/01%20Class%20VI/Chemistry/?C=S;O=A HTTP/1.1" 200 355 "-" "Mozilla/5.0 (compatible; AhrefsBot/7.0; +http://ahrefs.com/robot/)" "brainbox.co.in"
51.222.253.6 - - [09/Oct/2022:13:35:13 -0700] "GET /PDFContent/01%20TSB/01%20Class%20VI/Telugu/VARSHAM/?C=S;O=A HTTP/1.1" 200 464 "-" "Mozilla/5.0 (compatible; AhrefsBot/7.0; +http://ahrefs.com/robot/)" "brainbox.co.in"
114.119.145.187 - - [09/Oct/2022:13:36:16 -0700] "GET /PDFContent/03%20CBSE/05%20Class%20X/Hindi/CBSE_X_HINDI_LS02_BALGOBIN%20BHAGAT_IMPORTANT%20CHARACTERS.pdf HTTP/1.1" 200 410111 "https://brainbox.co.in/PDFContent/03%20CBSE/05%20Class%20X/Hindi/?C=S%3BO%3DA" "Mozilla/5.0 (Linux; Android 7.0;) AppleWebKit/537.36 (KHTML, like Gecko) Mobile Safari/537.36 (compatible; PetalBot;+https://webmaster.petalsearch.com/site/petalbot)" "brainbox.co.in"
51.222.253.16 - - [09/Oct/2022:13:41:02 -0700] "GET /PDFContent/04%20ICSE/06%20Class%20XI/Hindi/?C=M;O=A HTTP/1.1" 200 352 "-" "Mozilla/5.0 (compatible; AhrefsBot/7.0; +http://ahrefs.com/robot/)" "brainbox.co.in"
114.119.145.174 - - [09/Oct/2022:13:42:03 -0700] "GET /PDFContent/03%20CBSE/03%20Class%20VIII/Maths/PRACTICAL%20GEOMETRY/Practical%20Geometry_T08_To%20construct%20a%20square%20when%20its%20side%20is%20given.pdf HTTP/1.1" 200 303058 "https://brainbox.co.in/PDFContent/03%20CBSE/03%20Class%20VIII/Maths/PRACTICAL%20GEOMETRY/?C=M%3BO%3DA" "Mozilla/5.0 (Linux; Android 7.0;) AppleWebKit/537.36 (KHTML, like Gecko) Mobile Safari/537.36 (compatible; PetalBot;+https://webmaster.petalsearch.com/site/petalbot)" "brainbox.co.in"
114.119.145.175 - - [09/Oct/2022:13:47:41 -0700] "GET /PDFContent/03%20CBSE/07%20Class%20XII/Biology/BIOTECHNOLOGY-PRINCIPLES%20AND%20PROCESES/?C=S%3BO%3DA HTTP/1.1" 200 716 "https://brainbox.co.in/PDFContent/03%20CBSE/07%20Class%20XII/Biology/BIOTECHNOLOGY-PRINCIPLES%20AND%20PROCESES/?C=D%3BO%3DA" "Mozilla/5.0 (Linux; Android 7.0;) AppleWebKit/537.36 (KHTML, like Gecko) Mobile Safari/537.36 (compatible; PetalBot;+https://webmaster.petalsearch.com/site/petalbot)" "brainbox.co.in"
51.222.253.2 - - [09/Oct/2022:13:47:44 -0700] "GET /PDFContent/01%20TSB/05%20Class%20X/Biology/NUTRITION/?C=M;O=A HTTP/1.1" 200 516 "-" "Mozilla/5.0 (compatible; AhrefsBot/7.0; +http://ahrefs.com/robot/)" "brainbox.co.in"
54.193.143.55 - - [09/Oct/2022:13:52:35 -0700] "GET /~richard/templates/beez/US/uk/paypal/login.htm HTTP/1.1" 404 73 "-" "Mozilla/5.0 (Macintosh; Intel Mac OS X 10_10_5) AppleWebKit/537.36 (KHTML, like Gecko) Chrome/52.0.2743.116 Safari/537.36" "brainbox.co.in"
114.119.145.187 - - [09/Oct/2022:13:53:21 -0700] "GET /PDFContent/SPECIAL%20CROUSE/Part%201%20Grammar%20Essentials/STD_VIII/UNIT-3.pdf HTTP/1.1" 200 269959 "https://brainbox.co.in/PDFContent/SPECIAL%20CROUSE/Part%201%20Grammar%20Essentials/STD_VIII/?C=S%3BO%3DA" "Mozilla/5.0 (Linux; Android 7.0;) AppleWebKit/537.36 (KHTML, like Gecko) Mobile Safari/537.36 (compatible; PetalBot;+https://webmaster.petalsearch.com/site/petalbot)" "brainbox.co.in"
51.222.253.3 - - [09/Oct/2022:13:53:51 -0700] "GET /PDFContent/04%20ICSE/05%20Class%20X/Maths/?C=D;O=A HTTP/1.1" 200 351 "-" "Mozilla/5.0 (compatible; AhrefsBot/7.0; +http://ahrefs.com/robot/)" "brainbox.co.in"
114.119.135.132 - - [09/Oct/2022:13:58:46 -0700] "GET /PDFContent/03%20CBSE/02%20Class%20VII/Science/ELECTRIC%20CURRENT%20AND%20ITS%20EFFECTS/?C=N%3BO%3DD HTTP/1.1" 200 630 "https://brainbox.co.in/PDFContent/03%20CBSE/02%20Class%20VII/Science/ELECTRIC%20CURRENT%20AND%20ITS%20EFFECTS/?C=D%3BO%3DA" "Mozilla/5.0 (Linux; Android 7.0;) AppleWebKit/537.36 (KHTML, like Gecko) Mobile Safari/537.36 (compatible; PetalBot;+https://webmaster.petalsearch.com/site/petalbot)" "brainbox.co.in"
51.222.253.4 - - [09/Oct/2022:14:00:20 -0700] "GET /PDFContent/04%20ICSE/05%20Class%20X/Maths/?C=M;O=A HTTP/1.1" 200 351 "-" "Mozilla/5.0 (compatible; AhrefsBot/7.0; +http://ahrefs.com/robot/)" "brainbox.co.in"
114.119.135.132 - - [09/Oct/2022:14:04:06 -0700] "GET /PDFContent/03%20CBSE/07%20Class%20XII/Physics/ELECTRIC%20CHARGES%20AND%20FIELDS/CBSE_XII_PHYSCIS_LS01_ELECTRIC%20CHARGES%20AND%20FIELDS_ELECTRI%20DIPOLE%20AND%20QUADRUPOLE.pdf HTTP/1.1" 200 290691 "https://brainbox.co.in/PDFContent/03%20CBSE/07%20Class%20XII/Physics/ELECTRIC%20CHARGES%20AND%20FIELDS/?C=D%3BO%3DA" "Mozilla/5.0 (Linux; Android 7.0;) AppleWebKit/537.36 (KHTML, like Gecko) Mobile Safari/537.36 (compatible; PetalBot;+https://webmaster.petalsearch.com/site/petalbot)" "brainbox.co.in"
51.222.253.9 - - [09/Oct/2022:14:06:29 -0700] "GET /PDFContent/01%20TSB/02%20Class%20VII/Science/MOTION%20AND%20TIME/?C=M;O=A HTTP/1.1" 200 499 "-" "Mozilla/5.0 (compatible; AhrefsBot/7.0; +http://ahrefs.com/robot/)" "brainbox.co.in"
114.119.145.187 - - [09/Oct/2022:14:09:27 -0700] "GET /PDFContent/03%20CBSE/07%20Class%20XII/Biology/CBSE_XII_BIOLOGY_LS03_%20HUMAN%20REPRODUCTION_SECONDARY%20SEX%20ORGANS_SEMINAL%20VESICLE.pdf HTTP/1.1" 200 465593 "https://brainbox.co.in/PDFContent/03%20CBSE/07%20Class%20XII/Biology/?C=S%3BO%3DA" "Mozilla/5.0 (Linux; Android 7.0;) AppleWebKit/537.36 (KHTML, like Gecko) Mobile Safari/537.36 (compatible; PetalBot;+https://webmaster.petalsearch.com/site/petalbot)" "brainbox.co.in"
35.196.106.224 - - [09/Oct/2022:14:11:11 -0700] "GET /robots.txt HTTP/1.1" 404 88 "-" "ZoominfoBot (zoominfobot at zoominfo dot com)" "www.brainbox.co.in"
35.196.106.224 - - [09/Oct/2022:14:11:12 -0700] "GET /robots.txt HTTP/1.1" 404 88 "-" "ZoominfoBot (zoominfobot at zoominfo dot com)" "www.brainbox.co.in"
35.196.106.224 - - [09/Oct/2022:14:11:12 -0700] "GET / HTTP/1.1" 200 432 "-" "ZoominfoBot (zoominfobot at zoominfo dot com)" "www.brainbox.co.in"
51.222.253.14 - - [09/Oct/2022:14:12:40 -0700] "GET /PDFContent/03%20CBSE/02%20Class%20VII/Hindi/?C=M;O=D HTTP/1.1" 200 458 "-" "Mozilla/5.0 (compatible; AhrefsBot/7.0; +http://ahrefs.com/robot/)" "brainbox.co.in"
114.119.145.174 - - [09/Oct/2022:14:14:46 -0700] "GET /PDFContent/01%20TSB/05%20Class%20X/English/THE%20STOREYED%20HOUSE%20P2/TSB_X_ENGLISH_LS05B_THE%20STOREYED%20HOUSE%20P2_INTRODUCTION.pdf HTTP/1.1" 200 233567 "https://brainbox.co.in/PDFContent/01%20TSB/05%20Class%20X/English/THE%20STOREYED%20HOUSE%20P2/" "Mozilla/5.0 (Linux; Android 7.0;) AppleWebKit/537.36 (KHTML, like Gecko) Mobile Safari/537.36 (compatible; PetalBot;+https://webmaster.petalsearch.com/site/petalbot)" "brainbox.co.in"
185.191.171.15 - - [09/Oct/2022:14:16:17 -0700] "GET /robots.txt HTTP/1.1" 404 88 "-" "Mozilla/5.0 (compatible; SemrushBot/7~bl; +http://www.semrush.com/bot.html)" "brainbox.co.in"
185.191.171.42 - - [09/Oct/2022:14:16:21 -0700] "GET /PDFContent/Beetle/CLASS%20III/MATHEMATICS/SEM%202/?C=M%3BO%3DA HTTP/1.1" 200 623 "-" "Mozilla/5.0 (compatible; SemrushBot/7~bl; +http://www.semrush.com/bot.html)" "brainbox.co.in"
51.222.253.12 - - [09/Oct/2022:14:18:33 -0700] "GET /PDFContent/04%20ICSE/05%20Class%20X/Hindi/?C=D;O=A HTTP/1.1" 200 351 "-" "Mozilla/5.0 (compatible; AhrefsBot/7.0; +http://ahrefs.com/robot/)" "brainbox.co.in"
114.119.145.160 - - [09/Oct/2022:14:20:05 -0700] "GET /PDFContent/03%20CBSE/02%20Class%20VII/Hindi/Ques%20&%20Ans/CBSC_VII_LS01_CHIDIYA%20AUR%20CHURUNGUN_QUES%20&%20ANS.pdf HTTP/1.1" 200 282958 "https://brainbox.co.in/PDFContent/03%20CBSE/02%20Class%20VII/Hindi/Ques%20&%20Ans/?C=D%3BO%3DA" "Mozilla/5.0 (Linux; Android 7.0;) AppleWebKit/537.36 (KHTML, like Gecko) Mobile Safari/537.36 (compatible; PetalBot;+https://webmaster.petalsearch.com/site/petalbot)" "brainbox.co.in"
51.222.253.5 - - [09/Oct/2022:14:24:45 -0700] "GET /PDFContent/03%20CBSE/07%20Class%20XII/?C=M;O=A HTTP/1.1" 200 514 "-" "Mozilla/5.0 (compatible; AhrefsBot/7.0; +http://ahrefs.com/robot/)" "brainbox.co.in"
114.119.135.132 - - [09/Oct/2022:14:25:28 -0700] "GET /PDFContent/03%20CBSE/02%20Class%20VII/Hindi/GLOSSARY/?C=M%3BO%3DA HTTP/1.1" 200 661 "https://brainbox.co.in/PDFContent/03%20CBSE/02%20Class%20VII/Hindi/GLOSSARY/?C=S%3BO%3DA" "Mozilla/5.0 (Linux; Android 7.0;) AppleWebKit/537.36 (KHTML, like Gecko) Mobile Safari/537.36 (compatible; PetalBot;+https://webmaster.petalsearch.com/site/petalbot)" "brainbox.co.in"
51.222.253.5 - - [09/Oct/2022:14:31:00 -0700] "GET /PDFContent/01%20TSB/05%20Class%20X/Biology/NUTRITION/?C=S;O=A HTTP/1.1" 200 517 "-" "Mozilla/5.0 (compatible; AhrefsBot/7.0; +http://ahrefs.com/robot/)" "brainbox.co.in"
114.119.145.160 - - [09/Oct/2022:14:31:09 -0700] "GET /PDFContent/03%20CBSE/06%20Class%20XI/Maths/CBSE_XI_MATHS_LS07_PERMUTATION%20&COMBINATION_FACTORIAL%20NOTATION.pdf HTTP/1.1" 200 390680 "https://brainbox.co.in/PDFContent/03%20CBSE/06%20Class%20XI/Maths/?C=N%3BO%3DD" "Mozilla/5.0 (Linux; Android 7.0;) AppleWebKit/537.36 (KHTML, like Gecko) Mobile Safari/537.36 (compatible; PetalBot;+https://webmaster.petalsearch.com/site/petalbot)" "brainbox.co.in"
114.119.145.174 - - [09/Oct/2022:14:36:52 -0700] "GET /PDFContent/01%20TSB/02%20Class%20VII/Hindi/ques%20&%20ans/TSB_VII_LS12_HAMARA%20TEWHAR%20_QUES%20&%20ANS.pdf HTTP/1.1" 200 228214 "https://brainbox.co.in/PDFContent/01%20TSB/02%20Class%20VII/Hindi/ques%20&%20ans/?C=N%3BO%3DD" "Mozilla/5.0 (Linux; Android 7.0;) AppleWebKit/537.36 (KHTML, like Gecko) Mobile Safari/537.36 (compatible; PetalBot;+https://webmaster.petalsearch.com/site/petalbot)" "brainbox.co.in"
51.222.253.19 - - [09/Oct/2022:14:37:02 -0700] "GET /PDFContent/01%20TSB/02%20Class%20VII/Science/FOOD%20COMPONENTS/?C=M;O=A HTTP/1.1" 200 560 "-" "Mozilla/5.0 (compatible; AhrefsBot/7.0; +http://ahrefs.com/robot/)" "brainbox.co.in"
114.119.145.174 - - [09/Oct/2022:14:42:28 -0700] "GET /PDFContent/03%20CBSE/05%20Class%20X/Physics/REFLECTION%20AND%20REFRACTION/CBSE_X_PHYSCIS_LS10_REFLECTION%20&%20REFRACTION_POWER%20OF%20LENS.pdf HTTP/1.1" 200 375957 "https://brainboxschool.com/material/CBSE/X/Physics/REFLECTION_&_REFRACTION.html" "Mozilla/5.0 (Linux; Android 7.0;) AppleWebKit/537.36 (KHTML, like Gecko) Mobile Safari/537.36 (compatible; PetalBot;+https://webmaster.petalsearch.com/site/petalbot)" "brainbox.co.in"
51.222.253.6 - - [09/Oct/2022:14:43:12 -0700] "GET /PDFContent/04%20ICSE/05%20Class%20X/Maths/?C=S;O=A HTTP/1.1" 200 351 "-" "Mozilla/5.0 (compatible; AhrefsBot/7.0; +http://ahrefs.com/robot/)" "brainbox.co.in"
114.119.145.160 - - [09/Oct/2022:14:47:56 -0700] "GET /PDFContent/01%20TSB/03%20Class%20VIII/English/LS1C/New/?C=S%3BO%3DA HTTP/1.1" 200 518 "https://brainbox.co.in/PDFContent/01%20TSB/03%20Class%20VIII/English/LS1C/New/?C=M%3BO%3DA" "Mozilla/5.0 (Linux; Android 7.0;) AppleWebKit/537.36 (KHTML, like Gecko) Mobile Safari/537.36 (compatible; PetalBot;+https://webmaster.petalsearch.com/site/petalbot)" "brainbox.co.in"
51.222.253.13 - - [09/Oct/2022:14:49:29 -0700] "GET /PDFContent/Beetle/CLASS%20II/?C=M;O=D HTTP/1.1" 200 462 "-" "Mozilla/5.0 (compatible; AhrefsBot/7.0; +http://ahrefs.com/robot/)" "brainbox.co.in"
114.119.145.174 - - [09/Oct/2022:14:53:31 -0700] "GET / HTTP/1.1" 200 432 "-" "Mozilla/5.0 (Linux; Android 7.0;) AppleWebKit/537.36 (KHTML, like Gecko) Mobile Safari/537.36 (compatible; PetalBot;+https://webmaster.petalsearch.com/site/petalbot)" "brainbox.co.in"
51.222.253.2 - - [09/Oct/2022:14:55:57 -0700] "GET /PDFContent/01%20TSB/02%20Class%20VII/Science/MOTION%20AND%20TIME/?C=S;O=A HTTP/1.1" 200 499 "-" "Mozilla/5.0 (compatible; AhrefsBot/7.0; +http://ahrefs.com/robot/)" "brainbox.co.in"
114.119.135.132 - - [09/Oct/2022:14:59:02 -0700] "GET /PDFContent/01%20TSB/07%20Class%20XII/?C=S%3BO%3DA HTTP/1.1" 200 464 "https://brainbox.co.in/PDFContent/01%20TSB/07%20Class%20XII/?C=N%3BO%3DD" "Mozilla/5.0 (Linux; Android 7.0;) AppleWebKit/537.36 (KHTML, like Gecko) Mobile Safari/537.36 (compatible; PetalBot;+https://webmaster.petalsearch.com/site/petalbot)" "brainbox.co.in"
51.222.253.7 - - [09/Oct/2022:15:02:42 -0700] "GET /PDFContent/01%20TSB/03%20Class%20VIII/Sanskrit/?C=S;O=A HTTP/1.1" 200 355 "-" "Mozilla/5.0 (compatible; AhrefsBot/7.0; +http://ahrefs.com/robot/)" "brainbox.co.in"
114.119.145.187 - - [09/Oct/2022:15:04:14 -0700] "GET /PDFContent/03%20CBSE/07%20Class%20XII/Maths/?C=S%3BO%3DA HTTP/1.1" 200 748 "https://brainbox.co.in/PDFContent/03%20CBSE/07%20Class%20XII/Maths/" "Mozilla/5.0 (Linux; Android 7.0;) AppleWebKit/537.36 (KHTML, like Gecko) Mobile Safari/537.36 (compatible; PetalBot;+https://webmaster.petalsearch.com/site/petalbot)" "brainbox.co.in"
51.222.253.3 - - [09/Oct/2022:15:08:19 -0700] "GET /PDFContent/SPECIAL%20CROUSE/Part%201%20Grammar%20Essentials/?C=D;O=A HTTP/1.1" 200 456 "-" "Mozilla/5.0 (compatible; AhrefsBot/7.0; +http://ahrefs.com/robot/)" "brainbox.co.in"
114.119.145.175 - - [09/Oct/2022:15:09:31 -0700] "GET /PDFContent/03%20CBSE/03%20Class%20VIII/Biology/Fundamental%20Unit%20of%20Life/?C=N%3BO%3DD HTTP/1.1" 200 424 "https://brainbox.co.in/PDFContent/03%20CBSE/03%20Class%20VIII/Biology/Fundamental%20Unit%20of%20Life/?C=S%3BO%3DA" "Mozilla/5.0 (Linux; Android 7.0;) AppleWebKit/537.36 (KHTML, like Gecko) Mobile Safari/537.36 (compatible; PetalBot;+https://webmaster.petalsearch.com/site/petalbot)" "brainbox.co.in"
51.222.253.20 - - [09/Oct/2022:15:14:20 -0700] "GET /PDFContent/SPECIAL%20CROUSE/Part%201%20Grammar%20Essentials/?C=M;O=A HTTP/1.1" 200 456 "-" "Mozilla/5.0 (compatible; AhrefsBot/7.0; +http://ahrefs.com/robot/)" "brainbox.co.in"
114.119.145.187 - - [09/Oct/2022:15:14:49 -0700] "GET /PDFContent/01%20TSB/03%20Class%20VIII/English/LS2A/New/TSB_VIII_ENGLISH_LS02A_OLIVER%20ASKS%20FOR%20MORE_CHARACTERS%20EXPLAINED.pdf HTTP/1.1" 200 349007 "https://brainbox.co.in/PDFContent/01%20TSB/03%20Class%20VIII/English/LS2A/New/?C=S%3BO%3DA" "Mozilla/5.0 (Linux; Android 7.0;) AppleWebKit/537.36 (KHTML, like Gecko) Mobile Safari/537.36 (compatible; PetalBot;+https://webmaster.petalsearch.com/site/petalbot)" "brainbox.co.in"
114.119.145.175 - - [09/Oct/2022:15:20:03 -0700] "GET /taskdiary/?C=N%3BO%3DD HTTP/1.1" 200 314 "https://brainbox.co.in/taskdiary/?C=S%3BO%3DA" "Mozilla/5.0 (Linux; Android 7.0;) AppleWebKit/537.36 (KHTML, like Gecko) Mobile Safari/537.36 (compatible; PetalBot;+https://webmaster.petalsearch.com/site/petalbot)" "brainbox.co.in"
51.222.253.15 - - [09/Oct/2022:15:20:56 -0700] "GET /PDFContent/04%20ICSE/06%20Class%20XI/Hindi/?C=D;O=A HTTP/1.1" 200 352 "-" "Mozilla/5.0 (compatible; AhrefsBot/7.0; +http://ahrefs.com/robot/)" "brainbox.co.in"
114.119.145.174 - - [09/Oct/2022:15:25:14 -0700] "GET /PDFContent/03%20CBSE/04%20Class%20IX/Sanskrit/?C=M%3BO%3DA HTTP/1.1" 200 354 "https://brainbox.co.in/PDFContent/03%20CBSE/04%20Class%20IX/Sanskrit/?C=S%3BO%3DA" "Mozilla/5.0 (Linux; Android 7.0;) AppleWebKit/537.36 (KHTML, like Gecko) Mobile Safari/537.36 (compatible; PetalBot;+https://webmaster.petalsearch.com/site/petalbot)" "brainbox.co.in"
51.222.253.9 - - [09/Oct/2022:15:29:40 -0700] "GET /PDFContent/SPECIAL%20CROUSE/Part%201%20Grammar%20Essentials/STD_III/ HTTP/1.1" 200 671 "-" "Mozilla/5.0 (compatible; AhrefsBot/7.0; +http://ahrefs.com/robot/)" "brainbox.co.in"
114.119.145.187 - - [09/Oct/2022:15:30:27 -0700] "GET /PDFContent/Beetle/CLASS%20I/?C=M%3BO%3DA HTTP/1.1" 200 469 "https://brainbox.co.in/PDFContent/Beetle/CLASS%20I/?C=N%3BO%3DD" "Mozilla/5.0 (Linux; Android 7.0;) AppleWebKit/537.36 (KHTML, like Gecko) Mobile Safari/537.36 (compatible; PetalBot;+https://webmaster.petalsearch.com/site/petalbot)" "brainbox.co.in"
114.119.145.174 - - [09/Oct/2022:15:35:37 -0700] "GET /PDFContent/03%20CBSE/02%20Class%20VII/Science/HEAT/CBSE_VII_RADIATION.MOB.pdf HTTP/1.1" 200 286062 "https://brainbox.co.in/PDFContent/03%20CBSE/02%20Class%20VII/Science/HEAT/?C=S%3BO%3DA" "Mozilla/5.0 (Linux; Android 7.0;) AppleWebKit/537.36 (KHTML, like Gecko) Mobile Safari/537.36 (compatible; PetalBot;+https://webmaster.petalsearch.com/site/petalbot)" "brainbox.co.in"
51.222.253.18 - - [09/Oct/2022:15:35:49 -0700] "GET /PDFContent/04%20ICSE/06%20Class%20XI/Maths/?C=D;O=A HTTP/1.1" 200 353 "-" "Mozilla/5.0 (compatible; AhrefsBot/7.0; +http://ahrefs.com/robot/)" "brainbox.co.in"
93.158.161.60 - - [09/Oct/2022:15:36:09 -0700] "GET /robots.txt HTTP/1.1" 404 73 "-" "Mozilla/5.0 (compatible; YandexBot/3.0; +http://yandex.com/bots)" "brainbox.co.in"
93.158.161.55 - - [09/Oct/2022:15:36:13 -0700] "GET /PDFContent/Beetle/CLASS%20III/SOCIAL/SEM%202/Lesson%2011.%20The%20life%20of%20early%20humans.pdf HTTP/1.1" 200 136806 "-" "Mozilla/5.0 (compatible; YandexBot/3.0; +http://yandex.com/bots)" "brainbox.co.in"
114.119.135.132 - - [09/Oct/2022:15:40:46 -0700] "GET /PDFContent/03%20CBSE/06%20Class%20XI/Biology/TRANSPORT%20IN%20PLANTS/Transport%20in%20plants_T08,9_Long%20distance%20transport%20of%20water.pdf HTTP/1.1" 200 307652 "https://brainbox.co.in/PDFContent/03%20CBSE/06%20Class%20XI/Biology/TRANSPORT%20IN%20PLANTS/?C=S%3BO%3DA" "Mozilla/5.0 (Linux; Android 7.0;) AppleWebKit/537.36 (KHTML, like Gecko) Mobile Safari/537.36 (compatible; PetalBot;+https://webmaster.petalsearch.com/site/petalbot)" "brainbox.co.in"
51.222.253.7 - - [09/Oct/2022:15:42:13 -0700] "GET /PDFContent/Beetle/CLASS%20V/SOCIAL/SEM%202/ HTTP/1.1" 200 719 "-" "Mozilla/5.0 (compatible; AhrefsBot/7.0; +http://ahrefs.com/robot/)" "brainbox.co.in"
114.119.145.175 - - [09/Oct/2022:15:45:57 -0700] "GET /PDFContent/Beetle/CLASS%20V/ENGLISH/?C=D%3BO%3DA HTTP/1.1" 200 403 "https://brainbox.co.in/PDFContent/Beetle/CLASS%20V/ENGLISH/" "Mozilla/5.0 (Linux; Android 7.0;) AppleWebKit/537.36 (KHTML, like Gecko) Mobile Safari/537.36 (compatible; PetalBot;+https://webmaster.petalsearch.com/site/petalbot)" "brainbox.co.in"
51.222.253.20 - - [09/Oct/2022:15:48:10 -0700] "GET /PDFContent/01%20TSB/04%20Class%20IX/Chemistry/?C=M;O=A HTTP/1.1" 200 355 "-" "Mozilla/5.0 (compatible; AhrefsBot/7.0; +http://ahrefs.com/robot/)" "brainbox.co.in"
114.119.145.174 - - [09/Oct/2022:15:51:11 -0700] "GET /PDFContent/Beetle/CLASS%20V/SCIENCE/SEM%201/?C=D%3BO%3DA HTTP/1.1" 200 646 "https://brainbox.co.in/PDFContent/Beetle/CLASS%20V/SCIENCE/SEM%201/?C=N%3BO%3DD" "Mozilla/5.0 (Linux; Android 7.0;) AppleWebKit/537.36 (KHTML, like Gecko) Mobile Safari/537.36 (compatible; PetalBot;+https://webmaster.petalsearch.com/site/petalbot)" "brainbox.co.in"
51.222.253.5 - - [09/Oct/2022:15:54:22 -0700] "GET /PDFContent/01%20TSB/02%20Class%20VII/Science/FOOD%20COMPONENTS/?C=S;O=A HTTP/1.1" 200 561 "-" "Mozilla/5.0 (compatible; AhrefsBot/7.0; +http://ahrefs.com/robot/)" "brainbox.co.in"
114.119.135.132 - - [09/Oct/2022:15:56:25 -0700] "GET /PDFContent/01%20TSB/04%20Class%20IX/Biology/Challenging%20in%20Improving%20Agricultural/TS_IX_BIOLOGY_CHALLENGES%20%20IN%20IMPROVING%20AGRICULTURAL_Questions%20&%20Answers.pdf HTTP/1.1" 200 259456 "https://brainbox.co.in/PDFContent/01%20TSB/04%20Class%20IX/Biology/Challenging%20in%20Improving%20Agricultural/?C=S%3BO%3DA" "Mozilla/5.0 (Linux; Android 7.0;) AppleWebKit/537.36 (KHTML, like Gecko) Mobile Safari/537.36 (compatible; PetalBot;+https://webmaster.petalsearch.com/site/petalbot)" "brainbox.co.in"
3.144.205.226 - - [09/Oct/2022:15:56:55 -0700] "GET /~richard/templates/beez/US/uk/paypal/login.htm HTTP/1.1" 404 73 "-" "Mozilla/5.0 (Macintosh; Intel Mac OS X 10_10_5) AppleWebKit/537.36 (KHTML, like Gecko) Chrome/52.0.2743.116 Safari/537.36" "brainbox.co.in"
51.222.253.18 - - [09/Oct/2022:16:00:30 -0700] "GET /PDFContent/SPECIAL%20CROUSE/Part%201%20Grammar%20Essentials/STD_VII/ HTTP/1.1" 200 501 "-" "Mozilla/5.0 (compatible; AhrefsBot/7.0; +http://ahrefs.com/robot/)" "brainbox.co.in"
114.119.145.187 - - [09/Oct/2022:16:01:45 -0700] "GET /PDFContent/03%20CBSE/03%20Class%20VIII/English/?C=M%3BO%3DA HTTP/1.1" 200 400 "https://brainbox.co.in/PDFContent/03%20CBSE/03%20Class%20VIII/English/?C=S%3BO%3DA" "Mozilla/5.0 (Linux; Android 7.0;) AppleWebKit/537.36 (KHTML, like Gecko) Mobile Safari/537.36 (compatible; PetalBot;+https://webmaster.petalsearch.com/site/petalbot)" "brainbox.co.in"
51.222.253.13 - - [09/Oct/2022:16:06:40 -0700] "GET /PDFContent/03%20CBSE/04%20Class%20IX/Chemistry/ATOMS%20AND%20MOLECULES/?C=N;O=D HTTP/1.1" 200 608 "-" "Mozilla/5.0 (compatible; AhrefsBot/7.0; +http://ahrefs.com/robot/)" "brainbox.co.in"
114.119.145.187 - - [09/Oct/2022:16:07:03 -0700] "GET /PDFContent/03%20CBSE/03%20Class%20VIII/Biology/Cell%20Structures/Plastid.pdf HTTP/1.1" 200 254972 "https://brainbox.co.in/PDFContent/03%20CBSE/03%20Class%20VIII/Biology/Cell%20Structures/?C=M%3BO%3DA" "Mozilla/5.0 (Linux; Android 7.0;) AppleWebKit/537.36 (KHTML, like Gecko) Mobile Safari/537.36 (compatible; PetalBot;+https://webmaster.petalsearch.com/site/petalbot)" "brainbox.co.in"
51.222.253.3 - - [09/Oct/2022:16:13:11 -0700] "GET /PDFContent/04%20ICSE/?C=D;O=A HTTP/1.1" 200 458 "-" "Mozilla/5.0 (compatible; AhrefsBot/7.0; +http://ahrefs.com/robot/)" "brainbox.co.in"
51.222.253.7 - - [09/Oct/2022:16:19:44 -0700] "GET /PDFContent/04%20ICSE/06%20Class%20XI/Maths/?C=M;O=A HTTP/1.1" 200 353 "-" "Mozilla/5.0 (compatible; AhrefsBot/7.0; +http://ahrefs.com/robot/)" "brainbox.co.in"
51.222.253.15 - - [09/Oct/2022:16:26:04 -0700] "GET /PDFContent/01%20TSB/05%20Class%20X/English/ABANDONED/?C=S;O=A HTTP/1.1" 200 497 "-" "Mozilla/5.0 (compatible; AhrefsBot/7.0; +http://ahrefs.com/robot/)" "brainbox.co.in"
51.222.253.13 - - [09/Oct/2022:16:32:28 -0700] "GET /PDFContent/01%20TSB/04%20Class%20IX/Chemistry/?C=D;O=A HTTP/1.1" 200 354 "-" "Mozilla/5.0 (compatible; AhrefsBot/7.0; +http://ahrefs.com/robot/)" "brainbox.co.in"
194.38.20.161 - - [09/Oct/2022:16:34:19 -0700] "GET /wp-content/themes/u-design/scripts/admin/uploadify/uploadify.css HTTP/1.1" 404 73 "-" "ALittle Client" "brainbox.co.in"
51.222.253.3 - - [09/Oct/2022:16:38:42 -0700] "GET /PDFContent/01%20TSB/03%20Class%20VIII/Sanskrit/?C=M;O=A HTTP/1.1" 200 355 "-" "Mozilla/5.0 (compatible; AhrefsBot/7.0; +http://ahrefs.com/robot/)" "brainbox.co.in"
51.222.253.2 - - [09/Oct/2022:16:44:22 -0700] "GET /PDFContent/01%20TSB/03%20Class%20VIII/Sanskrit/?C=D;O=A HTTP/1.1" 200 355 "-" "Mozilla/5.0 (compatible; AhrefsBot/7.0; +http://ahrefs.com/robot/)" "brainbox.co.in"
51.222.253.18 - - [09/Oct/2022:16:50:14 -0700] "GET /PDFContent/04%20ICSE/06%20Class%20XI/Hindi/?C=S;O=A HTTP/1.1" 200 352 "-" "Mozilla/5.0 (compatible; AhrefsBot/7.0; +http://ahrefs.com/robot/)" "brainbox.co.in"
114.119.145.187 - - [09/Oct/2022:16:51:40 -0700] "GET /PDFContent/01%20TSB/02%20Class%20VII/Telugu/?C=S%3BO%3DA HTTP/1.1" 200 353 "https://brainbox.co.in/PDFContent/01%20TSB/02%20Class%20VII/Telugu/?C=M%3BO%3DA" "Mozilla/5.0 (Linux; Android 7.0;) AppleWebKit/537.36 (KHTML, like Gecko) Mobile Safari/537.36 (compatible; PetalBot;+https://webmaster.petalsearch.com/site/petalbot)" "brainbox.co.in"
51.222.253.9 - - [09/Oct/2022:16:55:20 -0700] "GET /PDFContent/04%20ICSE/06%20Class%20XI/Maths/?C=S;O=A HTTP/1.1" 200 353 "-" "Mozilla/5.0 (compatible; AhrefsBot/7.0; +http://ahrefs.com/robot/)" "brainbox.co.in"
114.119.145.160 - - [09/Oct/2022:16:56:52 -0700] "GET /PDFContent/01%20TSB/07%20Class%20XII/Chemistry/?C=N%3BO%3DD HTTP/1.1" 200 356 "https://brainbox.co.in/PDFContent/01%20TSB/07%20Class%20XII/Chemistry/?C=S%3BO%3DA" "Mozilla/5.0 (Linux; Android 7.0;) AppleWebKit/537.36 (KHTML, like Gecko) Mobile Safari/537.36 (compatible; PetalBot;+https://webmaster.petalsearch.com/site/petalbot)" "brainbox.co.in"
