51.222.253.1 - - [09/Oct/2022:06:15:01 -0700] "GET /MySQL_Database/js/vendor/codemirror/lib/codemirror.css?v=4.8.4 HTTP/1.1" 200 2531 "-" "Mozilla/5.0 (compatible; AhrefsBot/7.0; +http://ahrefs.com/robot/)" "brainbox.co.in"
51.222.253.13 - - [09/Oct/2022:06:15:02 -0700] "GET /MySQL_Database/js/whitelist.php?v=4.8.4&lang=en HTTP/1.1" 200 57 "-" "Mozilla/5.0 (compatible; AhrefsBot/7.0; +http://ahrefs.com/robot/)" "brainbox.co.in"
51.222.253.9 - - [09/Oct/2022:06:15:02 -0700] "GET /MySQL_Database/js/vendor/codemirror/addon/lint/lint.css?v=4.8.4 HTTP/1.1" 200 1267 "-" "Mozilla/5.0 (compatible; AhrefsBot/7.0; +http://ahrefs.com/robot/)" "brainbox.co.in"
51.222.253.1 - - [09/Oct/2022:06:15:03 -0700] "GET /MySQL_Database/js/common.js?v=4.8.4 HTTP/1.1" 200 4719 "-" "Mozilla/5.0 (compatible; AhrefsBot/7.0; +http://ahrefs.com/robot/)" "brainbox.co.in"
51.222.253.8 - - [09/Oct/2022:06:15:03 -0700] "GET /MySQL_Database/js/functions.js?v=4.8.4 HTTP/1.1" 200 40441 "-" "Mozilla/5.0 (compatible; AhrefsBot/7.0; +http://ahrefs.com/robot/)" "brainbox.co.in"
51.222.253.10 - - [09/Oct/2022:06:15:04 -0700] "GET /MySQL_Database/js/keyhandler.js?v=4.8.4 HTTP/1.1" 200 1071 "-" "Mozilla/5.0 (compatible; AhrefsBot/7.0; +http://ahrefs.com/robot/)" "brainbox.co.in"
51.222.253.9 - - [09/Oct/2022:06:15:05 -0700] "GET /MySQL_Database/js/vendor/codemirror/addon/hint/show-hint.css?v=4.8.4 HTTP/1.1" 200 324 "-" "Mozilla/5.0 (compatible; AhrefsBot/7.0; +http://ahrefs.com/robot/)" "brainbox.co.in"
51.222.253.18 - - [09/Oct/2022:06:15:05 -0700] "GET /MySQL_Database/js/navigation.js?v=4.8.4 HTTP/1.1" 200 11850 "-" "Mozilla/5.0 (compatible; AhrefsBot/7.0; +http://ahrefs.com/robot/)" "brainbox.co.in"
51.222.253.16 - - [09/Oct/2022:06:15:06 -0700] "GET /MySQL_Database/js/vendor/jquery/jquery-ui-timepicker-addon.js?v=4.8.4 HTTP/1.1" 200 18929 "-" "Mozilla/5.0 (compatible; AhrefsBot/7.0; +http://ahrefs.com/robot/)" "brainbox.co.in"
51.222.253.17 - - [09/Oct/2022:06:15:06 -0700] "GET /MySQL_Database/phpmyadmin.css.php?nocache=4819908862ltr&server=1 HTTP/1.1" 200 20760 "-" "Mozilla/5.0 (compatible; AhrefsBot/7.0; +http://ahrefs.com/robot/)" "brainbox.co.in"
51.222.253.3 - - [09/Oct/2022:06:15:07 -0700] "GET /MySQL_Database/js/vendor/js.cookie.js?v=4.8.4 HTTP/1.1" 200 1481 "-" "Mozilla/5.0 (compatible; AhrefsBot/7.0; +http://ahrefs.com/robot/)" "brainbox.co.in"
51.222.253.11 - - [09/Oct/2022:06:15:08 -0700] "GET /MySQL_Database/js/config.js?v=4.8.4 HTTP/1.1" 200 6662 "-" "Mozilla/5.0 (compatible; AhrefsBot/7.0; +http://ahrefs.com/robot/)" "brainbox.co.in"
51.222.253.20 - - [09/Oct/2022:06:15:08 -0700] "GET /MySQL_Database/js/vendor/codemirror/lib/codemirror.js?v=4.8.4 HTTP/1.1" 200 102817 "-" "Mozilla/5.0 (compatible; AhrefsBot/7.0; +http://ahrefs.com/robot/)" "brainbox.co.in"
51.222.253.9 - - [09/Oct/2022:06:15:10 -0700] "GET /MySQL_Database/js/vendor/codemirror/mode/sql/sql.js?v=4.8.4 HTTP/1.1" 200 12538 "-" "Mozilla/5.0 (compatible; AhrefsBot/7.0; +http://ahrefs.com/robot/)" "brainbox.co.in"
51.222.253.5 - - [09/Oct/2022:06:15:10 -0700] "GET /MySQL_Database/themes/pmahomme/jquery/jquery-ui.css HTTP/1.1" 200 8486 "-" "Mozilla/5.0 (compatible; AhrefsBot/7.0; +http://ahrefs.com/robot/)" "brainbox.co.in"
51.222.253.10 - - [09/Oct/2022:06:15:11 -0700] "GET /MySQL_Database/js/vendor/jquery/jquery-ui.min.js?v=4.8.4 HTTP/1.1" 200 67759 "-" "Mozilla/5.0 (compatible; AhrefsBot/7.0; +http://ahrefs.com/robot/)" "brainbox.co.in"
51.222.253.20 - - [09/Oct/2022:06:15:12 -0700] "GET /MySQL_Database/js/messages.php?l=en&v=4.8.4&lang=en HTTP/1.1" 200 8822 "-" "Mozilla/5.0 (compatible; AhrefsBot/7.0; +http://ahrefs.com/robot/)" "brainbox.co.in"
51.222.253.18 - - [09/Oct/2022:06:15:18 -0700] "GET /MySQL_Database/js/cross_framing_protection.js?v=4.8.4 HTTP/1.1" 200 302 "-" "Mozilla/5.0 (compatible; AhrefsBot/7.0; +http://ahrefs.com/robot/)" "brainbox.co.in"
51.222.253.3 - - [09/Oct/2022:06:15:19 -0700] "GET /MySQL_Database/js/vendor/jquery/jquery.debounce-1.0.5.js?v=4.8.4 HTTP/1.1" 200 529 "-" "Mozilla/5.0 (compatible; AhrefsBot/7.0; +http://ahrefs.com/robot/)" "brainbox.co.in"
51.222.253.7 - - [09/Oct/2022:06:15:19 -0700] "GET /MySQL_Database/js/rte.js?v=4.8.4 HTTP/1.1" 200 8385 "-" "Mozilla/5.0 (compatible; AhrefsBot/7.0; +http://ahrefs.com/robot/)" "brainbox.co.in"
51.222.253.14 - - [09/Oct/2022:06:15:20 -0700] "GET /MySQL_Database/js/vendor/codemirror/addon/runmode/runmode.js?v=4.8.4 HTTP/1.1" 200 1039 "-" "Mozilla/5.0 (compatible; AhrefsBot/7.0; +http://ahrefs.com/robot/)" "brainbox.co.in"
51.222.253.16 - - [09/Oct/2022:06:15:20 -0700] "GET /MySQL_Database/js/vendor/codemirror/addon/lint/lint.js?v=4.8.4 HTTP/1.1" 200 2581 "-" "Mozilla/5.0 (compatible; AhrefsBot/7.0; +http://ahrefs.com/robot/)" "brainbox.co.in"
51.222.253.8 - - [09/Oct/2022:06:15:21 -0700] "GET /MySQL_Database/js/ajax.js?v=4.8.4 HTTP/1.1" 200 7651 "-" "Mozilla/5.0 (compatible; AhrefsBot/7.0; +http://ahrefs.com/robot/)" "brainbox.co.in"
51.222.253.7 - - [09/Oct/2022:06:15:21 -0700] "GET /MySQL_Database/js/indexes.js?v=4.8.4 HTTP/1.1" 200 6165 "-" "Mozilla/5.0 (compatible; AhrefsBot/7.0; +http://ahrefs.com/robot/)" "brainbox.co.in"
51.222.253.12 - - [09/Oct/2022:06:15:22 -0700] "GET /MySQL_Database/js/console.js?v=4.8.4 HTTP/1.1" 200 10338 "-" "Mozilla/5.0 (compatible; AhrefsBot/7.0; +http://ahrefs.com/robot/)" "brainbox.co.in"
51.222.253.16 - - [09/Oct/2022:06:15:22 -0700] "GET /MySQL_Database/themes/pmahomme/img/logo_right.png HTTP/1.1" 200 4306 "-" "Mozilla/5.0 (compatible; AhrefsBot/7.0; +http://ahrefs.com/robot/)" "brainbox.co.in"
51.222.253.9 - - [09/Oct/2022:06:15:23 -0700] "GET /MySQL_Database/js/shortcuts_handler.js?v=4.8.4 HTTP/1.1" 200 733 "-" "Mozilla/5.0 (compatible; AhrefsBot/7.0; +http://ahrefs.com/robot/)" "brainbox.co.in"
51.222.253.11 - - [09/Oct/2022:06:15:23 -0700] "GET /MySQL_Database/themes/pmahomme/css/printview.css?v=4.8.4 HTTP/1.1" 200 1024 "-" "Mozilla/5.0 (compatible; AhrefsBot/7.0; +http://ahrefs.com/robot/)" "brainbox.co.in"
51.222.253.11 - - [09/Oct/2022:06:15:24 -0700] "GET /MySQL_Database/js/vendor/jquery/jquery.event.drag-2.2.js?v=4.8.4 HTTP/1.1" 200 4237 "-" "Mozilla/5.0 (compatible; AhrefsBot/7.0; +http://ahrefs.com/robot/)" "brainbox.co.in"
51.222.253.7 - - [09/Oct/2022:06:15:24 -0700] "GET /MySQL_Database/js/vendor/codemirror/addon/hint/show-hint.js?v=4.8.4 HTTP/1.1" 200 4546 "-" "Mozilla/5.0 (compatible; AhrefsBot/7.0; +http://ahrefs.com/robot/)" "brainbox.co.in"
51.222.253.13 - - [09/Oct/2022:06:15:25 -0700] "GET /MySQL_Database/js/vendor/sprintf.js?v=4.8.4 HTTP/1.1" 200 2549 "-" "Mozilla/5.0 (compatible; AhrefsBot/7.0; +http://ahrefs.com/robot/)" "brainbox.co.in"
51.222.253.15 - - [09/Oct/2022:06:15:25 -0700] "GET /MySQL_Database/js/vendor/jquery/jquery.validate.js?v=4.8.4 HTTP/1.1" 200 13046 "-" "Mozilla/5.0 (compatible; AhrefsBot/7.0; +http://ahrefs.com/robot/)" "brainbox.co.in"
51.222.253.12 - - [09/Oct/2022:06:15:26 -0700] "GET /MySQL_Database/js/page_settings.js?v=4.8.4 HTTP/1.1" 200 639 "-" "Mozilla/5.0 (compatible; AhrefsBot/7.0; +http://ahrefs.com/robot/)" "brainbox.co.in"
51.222.253.3 - - [09/Oct/2022:06:15:27 -0700] "GET /MySQL_Database/js/doclinks.js?v=4.8.4 HTTP/1.1" 200 3763 "-" "Mozilla/5.0 (compatible; AhrefsBot/7.0; +http://ahrefs.com/robot/)" "brainbox.co.in"
51.222.253.2 - - [09/Oct/2022:06:15:27 -0700] "GET /MySQL_Database/js/error_report.js?v=4.8.4 HTTP/1.1" 200 2513 "-" "Mozilla/5.0 (compatible; AhrefsBot/7.0; +http://ahrefs.com/robot/)" "brainbox.co.in"
51.222.253.17 - - [09/Oct/2022:06:15:27 -0700] "GET /MySQL_Database/js/vendor/jquery/jquery.ba-hashchange-1.3.js?v=4.8.4 HTTP/1.1" 200 5333 "-" "Mozilla/5.0 (compatible; AhrefsBot/7.0; +http://ahrefs.com/robot/)" "brainbox.co.in"
51.222.253.10 - - [09/Oct/2022:06:15:28 -0700] "GET /MySQL_Database/themes/dot.gif HTTP/1.1" 200 43 "-" "Mozilla/5.0 (compatible; AhrefsBot/7.0; +http://ahrefs.com/robot/)" "brainbox.co.in"
51.222.253.14 - - [09/Oct/2022:06:15:28 -0700] "GET /MySQL_Database/js/codemirror/addon/lint/sql-lint.js?v=4.8.4 HTTP/1.1" 200 433 "-" "Mozilla/5.0 (compatible; AhrefsBot/7.0; +http://ahrefs.com/robot/)" "brainbox.co.in"
51.222.253.3 - - [09/Oct/2022:06:15:29 -0700] "GET /MySQL_Database/js/vendor/codemirror/addon/hint/sql-hint.js?v=4.8.4 HTTP/1.1" 200 2635 "-" "Mozilla/5.0 (compatible; AhrefsBot/7.0; +http://ahrefs.com/robot/)" "brainbox.co.in"
51.222.253.13 - - [09/Oct/2022:06:15:29 -0700] "GET /MySQL_Database/js/vendor/jquery/jquery-migrate.js?v=4.8.4 HTTP/1.1" 200 5811 "-" "Mozilla/5.0 (compatible; AhrefsBot/7.0; +http://ahrefs.com/robot/)" "brainbox.co.in"
114.119.145.187 - - [09/Oct/2022:06:15:59 -0700] "GET /PDFContent/01%20TSB/03%20Class%20VIII/English/LS5B/?C=D%3BO%3DA HTTP/1.1" 200 536 "https://brainbox.co.in/PDFContent/01%20TSB/03%20Class%20VIII/English/LS5B/" "Mozilla/5.0 (Linux; Android 7.0;) AppleWebKit/537.36 (KHTML, like Gecko) Mobile Safari/537.36 (compatible; PetalBot;+https://webmaster.petalsearch.com/site/petalbot)" "brainbox.co.in"
114.119.145.187 - - [09/Oct/2022:06:21:32 -0700] "GET /PDFContent/SPECIAL%20CROUSE/Part%201%20Grammar%20Essentials/STD_VIII/UNIT-6.pdf HTTP/1.1" 200 291159 "https://brainbox.co.in/PDFContent/SPECIAL%20CROUSE/Part%201%20Grammar%20Essentials/STD_VIII/?C=S%3BO%3DA" "Mozilla/5.0 (Linux; Android 7.0;) AppleWebKit/537.36 (KHTML, like Gecko) Mobile Safari/537.36 (compatible; PetalBot;+https://webmaster.petalsearch.com/site/petalbot)" "brainbox.co.in"
51.222.253.20 - - [09/Oct/2022:06:21:59 -0700] "GET /PDFContent/04%20ICSE/07%20Class%20XII/?C=D;O=A HTTP/1.1" 200 464 "-" "Mozilla/5.0 (compatible; AhrefsBot/7.0; +http://ahrefs.com/robot/)" "brainbox.co.in"
114.119.145.175 - - [09/Oct/2022:06:27:07 -0700] "GET /PDFContent/03%20CBSE/07%20Class%20XII/Chemistry/SOLUTIONS/?C=M%3BO%3DA HTTP/1.1" 200 696 "https://brainbox.co.in/PDFContent/03%20CBSE/07%20Class%20XII/Chemistry/SOLUTIONS/?C=D%3BO%3DA" "Mozilla/5.0 (Linux; Android 7.0;) AppleWebKit/537.36 (KHTML, like Gecko) Mobile Safari/537.36 (compatible; PetalBot;+https://webmaster.petalsearch.com/site/petalbot)" "brainbox.co.in"
51.222.253.16 - - [09/Oct/2022:06:28:50 -0700] "GET /PDFContent/03%20CBSE/07%20Class%20XII/Physics/ELECTRIC%20CHARGES%20AND%20FIELDS/ HTTP/1.1" 200 687 "-" "Mozilla/5.0 (compatible; AhrefsBot/7.0; +http://ahrefs.com/robot/)" "brainbox.co.in"
114.119.145.187 - - [09/Oct/2022:06:32:38 -0700] "GET /PDFContent/03%20CBSE/05%20Class%20X/Hindi/CBSE_X_HINDI_LS03_SAANA%20HATH%20JODI_CUE%20WORDS.pdf HTTP/1.1" 200 446959 "https://brainbox.co.in/PDFContent/03%20CBSE/05%20Class%20X/Hindi/?C=S%3BO%3DA" "Mozilla/5.0 (Linux; Android 7.0;) AppleWebKit/537.36 (KHTML, like Gecko) Mobile Safari/537.36 (compatible; PetalBot;+https://webmaster.petalsearch.com/site/petalbot)" "brainbox.co.in"
51.222.253.8 - - [09/Oct/2022:06:35:58 -0700] "GET /PDFContent/01%20TSB/01%20Class%20VI/?C=M;O=D HTTP/1.1" 200 491 "-" "Mozilla/5.0 (compatible; AhrefsBot/7.0; +http://ahrefs.com/robot/)" "brainbox.co.in"
114.119.135.132 - - [09/Oct/2022:06:38:10 -0700] "GET /PDFContent/03%20CBSE/02%20Class%20VII/Science/WATER%20A%20PRECIOUS%20RESOURCE/?C=M%3BO%3DA HTTP/1.1" 200 507 "https://brainbox.co.in/PDFContent/03%20CBSE/02%20Class%20VII/Science/WATER%20A%20PRECIOUS%20RESOURCE/" "Mozilla/5.0 (Linux; Android 7.0;) AppleWebKit/537.36 (KHTML, like Gecko) Mobile Safari/537.36 (compatible; PetalBot;+https://webmaster.petalsearch.com/site/petalbot)" "brainbox.co.in"
51.222.253.7 - - [09/Oct/2022:06:43:02 -0700] "GET /PDFContent/01%20TSB/04%20Class%20IX/?C=M;O=A HTTP/1.1" 200 499 "-" "Mozilla/5.0 (compatible; AhrefsBot/7.0; +http://ahrefs.com/robot/)" "brainbox.co.in"
114.119.135.132 - - [09/Oct/2022:06:43:44 -0700] "GET /PDFContent/01%20TSB/03%20Class%20VIII/English/LS5B/TSB_VIII_ENGLISH_LS05B_THE%20TREASURE%20WITHIN_P2_Glossary.pdf HTTP/1.1" 200 252761 "https://brainbox.co.in/PDFContent/01%20TSB/03%20Class%20VIII/English/LS5B/" "Mozilla/5.0 (Linux; Android 7.0;) AppleWebKit/537.36 (KHTML, like Gecko) Mobile Safari/537.36 (compatible; PetalBot;+https://webmaster.petalsearch.com/site/petalbot)" "brainbox.co.in"
114.119.145.175 - - [09/Oct/2022:06:49:06 -0700] "GET /PDFContent/01%20TSB/01%20Class%20VI/Hindi/ HTTP/1.1" 200 350 "https://brainbox.co.in/PDFContent/01%20TSB/01%20Class%20VI/?C=N%3BO%3DD" "Mozilla/5.0 (Linux; Android 7.0;) AppleWebKit/537.36 (KHTML, like Gecko) Mobile Safari/537.36 (compatible; PetalBot;+https://webmaster.petalsearch.com/site/petalbot)" "brainbox.co.in"
51.222.253.20 - - [09/Oct/2022:06:49:52 -0700] "GET /PDFContent/Beetle/CLASS%20V/MATHEMATICS/SEM%201/ HTTP/1.1" 200 542 "-" "Mozilla/5.0 (compatible; AhrefsBot/7.0; +http://ahrefs.com/robot/)" "brainbox.co.in"
114.119.145.174 - - [09/Oct/2022:06:54:30 -0700] "GET /PDFContent/02%20APSB/06%20Class%20XI/Sanskrit/?C=M%3BO%3DA HTTP/1.1" 200 355 "https://brainbox.co.in/PDFContent/02%20APSB/06%20Class%20XI/Sanskrit/?C=D%3BO%3DA" "Mozilla/5.0 (Linux; Android 7.0;) AppleWebKit/537.36 (KHTML, like Gecko) Mobile Safari/537.36 (compatible; PetalBot;+https://webmaster.petalsearch.com/site/petalbot)" "brainbox.co.in"
51.222.253.15 - - [09/Oct/2022:06:57:22 -0700] "GET /PDFContent/Beetle/CLASS%20III/SCIENCE/SEM%201/ HTTP/1.1" 200 625 "-" "Mozilla/5.0 (compatible; AhrefsBot/7.0; +http://ahrefs.com/robot/)" "brainbox.co.in"
114.119.135.132 - - [09/Oct/2022:07:00:03 -0700] "GET /PDFContent/01%20TSB/03%20Class%20VIII/English/TSBoard_English_VIII_LS3A_Introduction.pdf HTTP/1.1" 200 165574 "https://brainboxschool.com/material/TSB/VIII/English/3A_The_Selfish_Giant.html" "Mozilla/5.0 (Linux; Android 7.0;) AppleWebKit/537.36 (KHTML, like Gecko) Mobile Safari/537.36 (compatible; PetalBot;+https://webmaster.petalsearch.com/site/petalbot)" "brainbox.co.in"
51.222.253.4 - - [09/Oct/2022:07:04:27 -0700] "GET /PDFContent/04%20ICSE/05%20Class%20X/English/?C=S;O=A HTTP/1.1" 200 353 "-" "Mozilla/5.0 (compatible; AhrefsBot/7.0; +http://ahrefs.com/robot/)" "brainbox.co.in"
114.119.145.175 - - [09/Oct/2022:07:05:29 -0700] "GET /PDFContent/03%20CBSE/06%20Class%20XI/Maths/CBSE_XI_MATHS_LS07_PERMUTATION%20&COMBINATION_EXAMPLE_1.pdf HTTP/1.1" 200 369200 "https://brainbox.co.in/PDFContent/03%20CBSE/06%20Class%20XI/Maths/?C=N%3BO%3DD" "Mozilla/5.0 (Linux; Android 7.0;) AppleWebKit/537.36 (KHTML, like Gecko) Mobile Safari/537.36 (compatible; PetalBot;+https://webmaster.petalsearch.com/site/petalbot)" "brainbox.co.in"
77.88.5.172 - - [09/Oct/2022:07:07:55 -0700] "GET /PDFContent/Beetle/CLASS%20III/SOCIAL/SEM%201/Lesson%203.%20The%20earth%E2%80%99s%20neighbours.pdf HTTP/1.1" 200 92501 "-" "Mozilla/5.0 (compatible; YandexBot/3.0; +http://yandex.com/bots)" "brainbox.co.in"
114.119.135.132 - - [09/Oct/2022:07:10:53 -0700] "GET /PDFContent/01%20TSB/04%20Class%20IX/Sanskrit/?C=N%3BO%3DD HTTP/1.1" 200 354 "https://brainbox.co.in/PDFContent/01%20TSB/04%20Class%20IX/Sanskrit/?C=N%3BO%3DD" "Mozilla/5.0 (Linux; Android 7.0;) AppleWebKit/537.36 (KHTML, like Gecko) Mobile Safari/537.36 (compatible; PetalBot;+https://webmaster.petalsearch.com/site/petalbot)" "brainbox.co.in"
51.222.253.19 - - [09/Oct/2022:07:12:35 -0700] "GET /PDFContent/01%20TSB/02%20Class%20VII/Science/HEAT%20-%20MEASUREMENT/?C=D;O=A HTTP/1.1" 200 499 "-" "Mozilla/5.0 (compatible; AhrefsBot/7.0; +http://ahrefs.com/robot/)" "brainbox.co.in"
114.119.145.160 - - [09/Oct/2022:07:16:17 -0700] "GET /PDFContent/01%20TSB/05%20Class%20X/English/OR%20WILL%20THE%20DREAMER%20WAKE/TSB_X_ENGLISH_LS06B_OR%20WILL%20THE%20DREAMER%20WAKE_GLOSSARY.pdf HTTP/1.1" 200 250237 "https://brainbox.co.in/PDFContent/01%20TSB/05%20Class%20X/English/OR%20WILL%20THE%20DREAMER%20WAKE/?C=S%3BO%3DA" "Mozilla/5.0 (Linux; Android 7.0;) AppleWebKit/537.36 (KHTML, like Gecko) Mobile Safari/537.36 (compatible; PetalBot;+https://webmaster.petalsearch.com/site/petalbot)" "brainbox.co.in"
51.222.253.13 - - [09/Oct/2022:07:19:44 -0700] "GET /PDFContent/04%20ICSE/05%20Class%20X/?C=D;O=A HTTP/1.1" 200 463 "-" "Mozilla/5.0 (compatible; AhrefsBot/7.0; +http://ahrefs.com/robot/)" "brainbox.co.in"
114.119.145.187 - - [09/Oct/2022:07:21:49 -0700] "GET /PDFContent/04%20ICSE/05%20Class%20X/English/ HTTP/1.1" 200 353 "https://brainbox.co.in/PDFContent/04%20ICSE/05%20Class%20X/?C=M%3BO%3DA" "Mozilla/5.0 (Linux; Android 7.0;) AppleWebKit/537.36 (KHTML, like Gecko) Mobile Safari/537.36 (compatible; PetalBot;+https://webmaster.petalsearch.com/site/petalbot)" "brainbox.co.in"
114.119.145.160 - - [09/Oct/2022:07:27:16 -0700] "GET /PDFContent/03%20CBSE/04%20Class%20IX/Biology/Tissues/?C=M%3BO%3DA HTTP/1.1" 200 638 "https://brainbox.co.in/PDFContent/03%20CBSE/04%20Class%20IX/Biology/Tissues/?C=N%3BO%3DD" "Mozilla/5.0 (Linux; Android 7.0;) AppleWebKit/537.36 (KHTML, like Gecko) Mobile Safari/537.36 (compatible; PetalBot;+https://webmaster.petalsearch.com/site/petalbot)" "brainbox.co.in"
51.222.253.20 - - [09/Oct/2022:07:28:03 -0700] "GET /PDFContent/02%20APSB/02%20Class%20VII/?C=S;O=A HTTP/1.1" 200 463 "-" "Mozilla/5.0 (compatible; AhrefsBot/7.0; +http://ahrefs.com/robot/)" "brainbox.co.in"
114.119.145.175 - - [09/Oct/2022:07:32:43 -0700] "GET /PDFContent/01%20TSB/07%20Class%20XII/Physics/?C=N%3BO%3DD HTTP/1.1" 200 354 "https://brainbox.co.in/PDFContent/01%20TSB/07%20Class%20XII/Physics/?C=N%3BO%3DD" "Mozilla/5.0 (Linux; Android 7.0;) AppleWebKit/537.36 (KHTML, like Gecko) Mobile Safari/537.36 (compatible; PetalBot;+https://webmaster.petalsearch.com/site/petalbot)" "brainbox.co.in"
51.222.253.1 - - [09/Oct/2022:07:35:05 -0700] "GET /PDFContent/Beetle/CLASS%20IV/MATHEMATICS%202/?C=S;O=D HTTP/1.1" 200 577 "-" "Mozilla/5.0 (compatible; AhrefsBot/7.0; +http://ahrefs.com/robot/)" "brainbox.co.in"
114.119.145.160 - - [09/Oct/2022:07:38:11 -0700] "GET /PDFContent/Beetle/CLASS%20IV/MATHEMATICS%202/Lesson%207.%20Data%20Handling.pdf HTTP/1.1" 200 122453 "https://brainbox.co.in/PDFContent/Beetle/CLASS%20IV/MATHEMATICS%202/?C=S%3BO%3DA" "Mozilla/5.0 (Linux; Android 7.0;) AppleWebKit/537.36 (KHTML, like Gecko) Mobile Safari/537.36 (compatible; PetalBot;+https://webmaster.petalsearch.com/site/petalbot)" "brainbox.co.in"
51.222.253.8 - - [09/Oct/2022:07:41:39 -0700] "GET /PDFContent/01%20TSB/02%20Class%20VII/Science/HEAT%20-%20MEASUREMENT/?C=S;O=A HTTP/1.1" 200 497 "-" "Mozilla/5.0 (compatible; AhrefsBot/7.0; +http://ahrefs.com/robot/)" "brainbox.co.in"
114.119.135.132 - - [09/Oct/2022:07:43:46 -0700] "GET /PDFContent/02%20APSB/01%20Class%20VI/Maths/ HTTP/1.1" 200 352 "https://brainbox.co.in/PDFContent/02%20APSB/01%20Class%20VI/?C=M%3BO%3DA" "Mozilla/5.0 (Linux; Android 7.0;) AppleWebKit/537.36 (KHTML, like Gecko) Mobile Safari/537.36 (compatible; PetalBot;+https://webmaster.petalsearch.com/site/petalbot)" "brainbox.co.in"
51.222.253.6 - - [09/Oct/2022:07:48:19 -0700] "GET /PDFContent/04%20ICSE/05%20Class%20X/Telugu/?C=M;O=A HTTP/1.1" 200 353 "-" "Mozilla/5.0 (compatible; AhrefsBot/7.0; +http://ahrefs.com/robot/)" "brainbox.co.in"
3.135.244.117 - - [09/Oct/2022:07:49:13 -0700] "GET /~richard/templates/beez/US/uk/paypal/login.htm HTTP/1.1" 404 73 "-" "Mozilla/5.0 (Macintosh; Intel Mac OS X 10_10_5) AppleWebKit/537.36 (KHTML, like Gecko) Chrome/52.0.2743.116 Safari/537.36" "brainbox.co.in"
114.119.145.175 - - [09/Oct/2022:07:49:17 -0700] "GET /PDFContent/03%20CBSE/04%20Class%20IX/Maths/CBSE_IX_MATHS_LS12_HERON'S%20FORMULA_HERON'S%20FORMULA.pdf HTTP/1.1" 200 436111 "https://brainbox.co.in/PDFContent/03%20CBSE/04%20Class%20IX/Maths/?C=M%3BO%3DA" "Mozilla/5.0 (Linux; Android 7.0;) AppleWebKit/537.36 (KHTML, like Gecko) Mobile Safari/537.36 (compatible; PetalBot;+https://webmaster.petalsearch.com/site/petalbot)" "brainbox.co.in"
114.119.135.132 - - [09/Oct/2022:07:54:48 -0700] "GET /PDFContent/01%20TSB/03%20Class%20VIII/English/TSBoard_English_VIII_LS3B_Lesson_Explanation.pdf.pdf HTTP/1.1" 200 46871 "https://brainbox.co.in/PDFContent/01%20TSB/03%20Class%20VIII/English/" "Mozilla/5.0 (Linux; Android 7.0;) AppleWebKit/537.36 (KHTML, like Gecko) Mobile Safari/537.36 (compatible; PetalBot;+https://webmaster.petalsearch.com/site/petalbot)" "brainbox.co.in"
51.222.253.11 - - [09/Oct/2022:07:55:00 -0700] "GET /PDFContent/01%20TSB/04%20Class%20IX/?C=S;O=A HTTP/1.1" 200 498 "-" "Mozilla/5.0 (compatible; AhrefsBot/7.0; +http://ahrefs.com/robot/)" "brainbox.co.in"
114.119.135.132 - - [09/Oct/2022:08:00:16 -0700] "GET /PDFContent/04%20ICSE/01%20Class%20VI/Chemistry/?C=N%3BO%3DD HTTP/1.1" 200 355 "https://brainbox.co.in/PDFContent/04%20ICSE/01%20Class%20VI/Chemistry/?C=S%3BO%3DA" "Mozilla/5.0 (Linux; Android 7.0;) AppleWebKit/537.36 (KHTML, like Gecko) Mobile Safari/537.36 (compatible; PetalBot;+https://webmaster.petalsearch.com/site/petalbot)" "brainbox.co.in"
51.222.253.17 - - [09/Oct/2022:08:02:12 -0700] "GET /PDFContent/04%20ICSE/05%20Class%20X/?C=M;O=A HTTP/1.1" 200 463 "-" "Mozilla/5.0 (compatible; AhrefsBot/7.0; +http://ahrefs.com/robot/)" "brainbox.co.in"
114.119.145.187 - - [09/Oct/2022:08:05:49 -0700] "GET /PDFContent/03%20CBSE/06%20Class%20XI/Maths/SETS/Sets_Universal%20Sets%20,%20Complement%20of%20a%20set%20&%20sets%20operations.pdf HTTP/1.1" 200 206141 "https://brainbox.co.in/PDFContent/03%20CBSE/06%20Class%20XI/Maths/SETS/" "Mozilla/5.0 (Linux; Android 7.0;) AppleWebKit/537.36 (KHTML, like Gecko) Mobile Safari/537.36 (compatible; PetalBot;+https://webmaster.petalsearch.com/site/petalbot)" "brainbox.co.in"
51.222.253.7 - - [09/Oct/2022:08:09:15 -0700] "GET /PDFContent/01%20TSB/05%20Class%20X/Hindi/BARASTE%20BADAL/?C=M;O=A HTTP/1.1" 200 469 "-" "Mozilla/5.0 (compatible; AhrefsBot/7.0; +http://ahrefs.com/robot/)" "brainbox.co.in"
114.119.135.132 - - [09/Oct/2022:08:11:26 -0700] "GET /PDFContent/SPECIAL%20CROUSE/Part%204%20MECHANICS%20OF%20WRITING/?C=N%3BO%3DD HTTP/1.1" 200 570 "https://brainbox.co.in/PDFContent/SPECIAL%20CROUSE/Part%204%20MECHANICS%20OF%20WRITING/?C=M%3BO%3DA" "Mozilla/5.0 (Linux; Android 7.0;) AppleWebKit/537.36 (KHTML, like Gecko) Mobile Safari/537.36 (compatible; PetalBot;+https://webmaster.petalsearch.com/site/petalbot)" "brainbox.co.in"
51.222.253.11 - - [09/Oct/2022:08:16:16 -0700] "GET /PDFContent/01%20TSB/05%20Class%20X/English/THE%20STOREYED%20HOUSE%20P1/?C=D;O=A HTTP/1.1" 200 548 "-" "Mozilla/5.0 (compatible; AhrefsBot/7.0; +http://ahrefs.com/robot/)" "brainbox.co.in"
114.119.145.160 - - [09/Oct/2022:08:16:53 -0700] "GET /PDFContent/01%20TSB/02%20Class%20VII/English/TSBoard_English_VII_LS1A_GLOSSARY.pdf.pdf HTTP/1.1" 200 445096 "https://brainbox.co.in/PDFContent/01%20TSB/02%20Class%20VII/English/?C=S%3BO%3DA" "Mozilla/5.0 (Linux; Android 7.0;) AppleWebKit/537.36 (KHTML, like Gecko) Mobile Safari/537.36 (compatible; PetalBot;+https://webmaster.petalsearch.com/site/petalbot)" "brainbox.co.in"
40.77.167.55 - - [09/Oct/2022:08:20:52 -0700] "GET /PDFContent/03%20CBSE/03%20Class%20VIII/Physics/Summary.pdf HTTP/1.1" 200 355928 "-" "Mozilla/5.0 AppleWebKit/537.36 (KHTML, like Gecko; compatible; bingbot/2.0; +http://www.bing.com/bingbot.htm) Chrome/103.0.5060.134 Safari/537.36" "brainbox.co.in"
114.119.145.160 - - [09/Oct/2022:08:22:16 -0700] "GET /PDFContent/01%20TSB/02%20Class%20VII/Hindi/Glossary/TSB_VII_LS17_SAHSI%20SUNITA_GLOSSARY.pdf HTTP/1.1" 200 611646 "https://brainbox.co.in/PDFContent/01%20TSB/02%20Class%20VII/Hindi/Glossary/?C=M%3BO%3DA" "Mozilla/5.0 (Linux; Android 7.0;) AppleWebKit/537.36 (KHTML, like Gecko) Mobile Safari/537.36 (compatible; PetalBot;+https://webmaster.petalsearch.com/site/petalbot)" "brainbox.co.in"
51.222.253.19 - - [09/Oct/2022:08:23:09 -0700] "GET /PDFContent/Beetle/CLASS%20III/SCIENCE/SEM%202/ HTTP/1.1" 200 606 "-" "Mozilla/5.0 (compatible; AhrefsBot/7.0; +http://ahrefs.com/robot/)" "brainbox.co.in"
114.119.145.174 - - [09/Oct/2022:08:27:37 -0700] "GET /PDFContent/01%20TSB/03%20Class%20VIII/English/LS1A/?C=N%3BO%3DD HTTP/1.1" 200 607 "https://brainbox.co.in/PDFContent/01%20TSB/03%20Class%20VIII/English/LS1A/?C=S%3BO%3DA" "Mozilla/5.0 (Linux; Android 7.0;) AppleWebKit/537.36 (KHTML, like Gecko) Mobile Safari/537.36 (compatible; PetalBot;+https://webmaster.petalsearch.com/site/petalbot)" "brainbox.co.in"
51.222.253.6 - - [09/Oct/2022:08:30:33 -0700] "GET /PDFContent/01%20TSB/05%20Class%20X/English/THE%20STOREYED%20HOUSE%20P1/?C=M;O=A HTTP/1.1" 200 548 "-" "Mozilla/5.0 (compatible; AhrefsBot/7.0; +http://ahrefs.com/robot/)" "brainbox.co.in"
114.119.145.187 - - [09/Oct/2022:08:32:57 -0700] "GET /PDFContent/Beetle/CLASS%20V/SCIENCE/ HTTP/1.1" 200 398 "https://brainbox.co.in/PDFContent/Beetle/CLASS%20V/SCIENCE/SEM2/?C=D%3BO%3DA" "Mozilla/5.0 (Linux; Android 7.0;) AppleWebKit/537.36 (KHTML, like Gecko) Mobile Safari/537.36 (compatible; PetalBot;+https://webmaster.petalsearch.com/site/petalbot)" "brainbox.co.in"
51.222.253.14 - - [09/Oct/2022:08:37:40 -0700] "GET /PDFContent/01%20TSB/05%20Class%20X/Hindi/BARASTE%20BADAL/?C=S;O=A HTTP/1.1" 200 469 "-" "Mozilla/5.0 (compatible; AhrefsBot/7.0; +http://ahrefs.com/robot/)" "brainbox.co.in"
114.119.145.160 - - [09/Oct/2022:08:38:21 -0700] "GET /PDFContent/03%20CBSE/02%20Class%20VII/Science/WINDS%20STORMS%20AND%20CYCLONES/?C=D%3BO%3DA HTTP/1.1" 200 516 "https://brainbox.co.in/PDFContent/03%20CBSE/02%20Class%20VII/Science/WINDS%20STORMS%20AND%20CYCLONES/" "Mozilla/5.0 (Linux; Android 7.0;) AppleWebKit/537.36 (KHTML, like Gecko) Mobile Safari/537.36 (compatible; PetalBot;+https://webmaster.petalsearch.com/site/petalbot)" "brainbox.co.in"
114.119.145.174 - - [09/Oct/2022:08:43:58 -0700] "GET /PDFContent/01%20TSB/03%20Class%20VIII/English/LS5C/?C=S%3BO%3DA HTTP/1.1" 200 535 "https://brainbox.co.in/PDFContent/01%20TSB/03%20Class%20VIII/English/LS5C/?C=D%3BO%3DA" "Mozilla/5.0 (Linux; Android 7.0;) AppleWebKit/537.36 (KHTML, like Gecko) Mobile Safari/537.36 (compatible; PetalBot;+https://webmaster.petalsearch.com/site/petalbot)" "brainbox.co.in"
51.222.253.13 - - [09/Oct/2022:08:44:45 -0700] "GET /PDFContent/01%20TSB/04%20Class%20IX/?C=D;O=A HTTP/1.1" 200 498 "-" "Mozilla/5.0 (compatible; AhrefsBot/7.0; +http://ahrefs.com/robot/)" "brainbox.co.in"
114.119.145.187 - - [09/Oct/2022:08:49:33 -0700] "GET /PDFContent/01%20TSB/05%20Class%20X/English/ABANDONED/?C=D%3BO%3DA HTTP/1.1" 200 499 "https://brainbox.co.in/PDFContent/01%20TSB/05%20Class%20X/English/ABANDONED/?C=N%3BO%3DD" "Mozilla/5.0 (Linux; Android 7.0;) AppleWebKit/537.36 (KHTML, like Gecko) Mobile Safari/537.36 (compatible; PetalBot;+https://webmaster.petalsearch.com/site/petalbot)" "brainbox.co.in"
51.222.253.9 - - [09/Oct/2022:08:51:44 -0700] "GET /PDFContent/04%20ICSE/05%20Class%20X/?C=S;O=A HTTP/1.1" 200 463 "-" "Mozilla/5.0 (compatible; AhrefsBot/7.0; +http://ahrefs.com/robot/)" "brainbox.co.in"
114.119.145.174 - - [09/Oct/2022:08:55:07 -0700] "GET /PDFContent/01%20TSB/06%20Class%20XI/Maths/LOCUS/Locus_T08_Solved%20Problem%203_Area%20of%20Triangle_Method_I.pdf HTTP/1.1" 200 221871 "https://brainbox.co.in/PDFContent/01%20TSB/06%20Class%20XI/Maths/LOCUS/?C=S%3BO%3DA" "Mozilla/5.0 (Linux; Android 7.0;) AppleWebKit/537.36 (KHTML, like Gecko) Mobile Safari/537.36 (compatible; PetalBot;+https://webmaster.petalsearch.com/site/petalbot)" "brainbox.co.in"
51.222.253.15 - - [09/Oct/2022:08:58:36 -0700] "GET /PDFContent/SPECIAL%20CROUSE/Part%201%20Grammar%20Essentials/STD_VIII/?C=M;O=A HTTP/1.1" 200 512 "-" "Mozilla/5.0 (compatible; AhrefsBot/7.0; +http://ahrefs.com/robot/)" "brainbox.co.in"
114.119.135.132 - - [09/Oct/2022:09:00:30 -0700] "GET /PDFContent/04%20ICSE/07%20Class%20XII/Hindi/?C=M%3BO%3DA HTTP/1.1" 200 354 "https://brainbox.co.in/PDFContent/04%20ICSE/07%20Class%20XII/Hindi/?C=D%3BO%3DA" "Mozilla/5.0 (Linux; Android 7.0;) AppleWebKit/537.36 (KHTML, like Gecko) Mobile Safari/537.36 (compatible; PetalBot;+https://webmaster.petalsearch.com/site/petalbot)" "brainbox.co.in"
51.222.253.20 - - [09/Oct/2022:09:05:41 -0700] "GET /PDFContent/01%20TSB/05%20Class%20X/English/THE%20STOREYED%20HOUSE%20P1/?C=S;O=A HTTP/1.1" 200 550 "-" "Mozilla/5.0 (compatible; AhrefsBot/7.0; +http://ahrefs.com/robot/)" "brainbox.co.in"
114.119.145.175 - - [09/Oct/2022:09:05:50 -0700] "GET /PDFContent/04%20ICSE/01%20Class%20VI/Sanskrit/ HTTP/1.1" 200 354 "https://brainbox.co.in/PDFContent/04%20ICSE/01%20Class%20VI/?C=D%3BO%3DA" "Mozilla/5.0 (Linux; Android 7.0;) AppleWebKit/537.36 (KHTML, like Gecko) Mobile Safari/537.36 (compatible; PetalBot;+https://webmaster.petalsearch.com/site/petalbot)" "brainbox.co.in"
114.119.145.187 - - [09/Oct/2022:09:11:12 -0700] "GET /PDFContent/01%20TSB/04%20Class%20IX/Biology/Challenging%20in%20Improving%20Agricultural/TSB_IX_BIOLOGY_CHALLENGES%20%20IN%20IMPROVING%20AGRICULTURAL_Animal%20Husbandary HTTP/1.1" 200 304700 "https://brainboxschool.com/material/TSB/IX/Biology/CHALLENGES_IN_IMPROVING_AGRICULTURAL_PRODUCTION.html" "Mozilla/5.0 (Linux; Android 7.0;) AppleWebKit/537.36 (KHTML, like Gecko) Mobile Safari/537.36 (compatible; PetalBot;+https://webmaster.petalsearch.com/site/petalbot)" "brainbox.co.in"
51.222.253.5 - - [09/Oct/2022:09:12:57 -0700] "GET /PDFContent/02%20APSB/04%20Class%20IX/Maths/?C=N;O=D HTTP/1.1" 200 350 "-" "Mozilla/5.0 (compatible; AhrefsBot/7.0; +http://ahrefs.com/robot/)" "brainbox.co.in"
114.119.145.187 - - [09/Oct/2022:09:16:41 -0700] "GET /PDFContent/04%20ICSE/04%20Class%20IX/?C=D%3BO%3DA HTTP/1.1" 200 462 "https://brainbox.co.in/PDFContent/04%20ICSE/04%20Class%20IX/?C=S%3BO%3DA" "Mozilla/5.0 (Linux; Android 7.0;) AppleWebKit/537.36 (KHTML, like Gecko) Mobile Safari/537.36 (compatible; PetalBot;+https://webmaster.petalsearch.com/site/petalbot)" "brainbox.co.in"
51.222.253.1 - - [09/Oct/2022:09:20:19 -0700] "GET /PDFContent/01%20TSB/05%20Class%20X/English/7A_MY%20CHILDHOOD/?C=D;O=A HTTP/1.1" 200 511 "-" "Mozilla/5.0 (compatible; AhrefsBot/7.0; +http://ahrefs.com/robot/)" "brainbox.co.in"
114.119.145.175 - - [09/Oct/2022:09:22:25 -0700] "GET /PDFContent/03%20CBSE/02%20Class%20VII/Science/?C=M%3BO%3DA HTTP/1.1" 200 833 "https://brainbox.co.in/PDFContent/03%20CBSE/02%20Class%20VII/Science/?C=S%3BO%3DA" "Mozilla/5.0 (Linux; Android 7.0;) AppleWebKit/537.36 (KHTML, like Gecko) Mobile Safari/537.36 (compatible; PetalBot;+https://webmaster.petalsearch.com/site/petalbot)" "brainbox.co.in"
51.222.253.1 - - [09/Oct/2022:09:26:48 -0700] "GET /PDFContent/01%20TSB/03%20Class%20VIII/English/LS4B/?C=S;O=D HTTP/1.1" 200 497 "-" "Mozilla/5.0 (compatible; AhrefsBot/7.0; +http://ahrefs.com/robot/)" "brainbox.co.in"
114.119.145.175 - - [09/Oct/2022:09:28:12 -0700] "GET /PDFContent/01%20TSB/03%20Class%20VIII/English/LS3A/TSB_VIII_ENGLISH_LS3A_%20THE%20SELFISH%20GIANT%20P1_INTRODUCTION.pdf HTTP/1.1" 200 348772 "https://brainbox.co.in/PDFContent/01%20TSB/03%20Class%20VIII/English/LS3A/?C=N%3BO%3DD" "Mozilla/5.0 (Linux; Android 7.0;) AppleWebKit/537.36 (KHTML, like Gecko) Mobile Safari/537.36 (compatible; PetalBot;+https://webmaster.petalsearch.com/site/petalbot)" "brainbox.co.in"
51.222.253.18 - - [09/Oct/2022:09:33:09 -0700] "GET /PDFContent/03%20CBSE/04%20Class%20IX/?C=N;O=A HTTP/1.1" 200 522 "-" "Mozilla/5.0 (compatible; AhrefsBot/7.0; +http://ahrefs.com/robot/)" "brainbox.co.in"
114.119.145.175 - - [09/Oct/2022:09:39:11 -0700] "GET /PDFContent/03%20CBSE/04%20Class%20IX/Maths/POLYNOMIALS/CBSE_IX_MATHS_LS02_POLYNOMIALS_DIFFERENCE%20BETWEEN%20ZERO%20POLYNOMIAL%20AND%20ZERO%20OF%20THE%20POLYNOMIAL.pdf HTTP/1.1" 200 245875 "https://brainbox.co.in/PDFContent/03%20CBSE/04%20Class%20IX/Maths/POLYNOMIALS/?C=D%3BO%3DA" "Mozilla/5.0 (Linux; Android 7.0;) AppleWebKit/537.36 (KHTML, like Gecko) Mobile Safari/537.36 (compatible; PetalBot;+https://webmaster.petalsearch.com/site/petalbot)" "brainbox.co.in"
51.222.253.11 - - [09/Oct/2022:09:40:08 -0700] "GET /PDFContent/04%20ICSE/04%20Class%20IX/Hindi/?C=D;O=A HTTP/1.1" 200 350 "-" "Mozilla/5.0 (compatible; AhrefsBot/7.0; +http://ahrefs.com/robot/)" "brainbox.co.in"
93.158.161.60 - - [09/Oct/2022:09:42:00 -0700] "GET /robots.txt HTTP/1.1" 404 73 "-" "Mozilla/5.0 (compatible; YandexBot/3.0; +http://yandex.com/bots)" "brainbox.co.in"
77.88.5.162 - - [09/Oct/2022:09:42:04 -0700] "GET /PDFContent/Beetle/CLASS%20IV/ENGLISH/Lesson%203%20-%20The%20musician%20of%20Bremen.pdf HTTP/1.1" 200 101170 "-" "Mozilla/5.0 (compatible; YandexBot/3.0; +http://yandex.com/bots)" "brainbox.co.in"
114.119.135.132 - - [09/Oct/2022:09:44:36 -0700] "GET /PDFContent/03%20CBSE/ HTTP/1.1" 200 501 "https://brainbox.co.in/PDFContent/03%20CBSE/06%20Class%20XI/?C=M%3BO%3DA" "Mozilla/5.0 (Linux; Android 7.0;) AppleWebKit/537.36 (KHTML, like Gecko) Mobile Safari/537.36 (compatible; PetalBot;+https://webmaster.petalsearch.com/site/petalbot)" "brainbox.co.in"
185.191.171.38 - - [09/Oct/2022:09:45:27 -0700] "GET /robots.txt HTTP/1.1" 404 88 "-" "Mozilla/5.0 (compatible; SemrushBot/7~bl; +http://www.semrush.com/bot.html)" "brainbox.co.in"
185.191.171.44 - - [09/Oct/2022:09:45:27 -0700] "GET /PDFContent/02%20APSB/03%20Class%20VIII/Hindi/?C=N%3BO%3DD HTTP/1.1" 200 353 "-" "Mozilla/5.0 (compatible; SemrushBot/7~bl; +http://www.semrush.com/bot.html)" "brainbox.co.in"
51.222.253.5 - - [09/Oct/2022:09:47:02 -0700] "GET /PDFContent/02%20APSB/?C=S;O=A HTTP/1.1" 200 458 "-" "Mozilla/5.0 (compatible; AhrefsBot/7.0; +http://ahrefs.com/robot/)" "brainbox.co.in"
114.119.145.174 - - [09/Oct/2022:09:50:04 -0700] "GET /PDFContent/01%20TSB/04%20Class%20IX/Biology/Challenging%20in%20Improving%20Agricultural/TS_IX_BIOLOGY_CHALLENGES%20%20IN%20IMPROVING%20AGRICULTURAL_Increasing%20Population%20Ways.pdf HTTP/1.1" 200 420824 "https://brainbox.co.in/PDFContent/01%20TSB/04%20Class%20IX/Biology/Challenging%20in%20Improving%20Agricultural/?C=S%3BO%3DA" "Mozilla/5.0 (Linux; Android 7.0;) AppleWebKit/537.36 (KHTML, like Gecko) Mobile Safari/537.36 (compatible; PetalBot;+https://webmaster.petalsearch.com/site/petalbot)" "brainbox.co.in"
13.57.214.136 - - [09/Oct/2022:09:52:23 -0700] "GET /~richard/templates/beez/US/uk/paypal/login.htm HTTP/1.1" 404 73 "-" "Mozilla/5.0 (Macintosh; Intel Mac OS X 10_10_5) AppleWebKit/537.36 (KHTML, like Gecko) Chrome/52.0.2743.116 Safari/537.36" "brainbox.co.in"
51.222.253.2 - - [09/Oct/2022:09:53:58 -0700] "GET /PDFContent/SPECIAL%20CROUSE/Part%201%20Grammar%20Essentials/STD_VIII/?C=D;O=A HTTP/1.1" 200 512 "-" "Mozilla/5.0 (compatible; AhrefsBot/7.0; +http://ahrefs.com/robot/)" "brainbox.co.in"
114.119.145.175 - - [09/Oct/2022:09:55:45 -0700] "GET /PDFContent/03%20CBSE/06%20Class%20XI/Maths/SETS/Sets_Examples1%20&%20Example2.pdf HTTP/1.1" 200 203151 "https://brainbox.co.in/PDFContent/03%20CBSE/06%20Class%20XI/Maths/SETS/" "Mozilla/5.0 (Linux; Android 7.0;) AppleWebKit/537.36 (KHTML, like Gecko) Mobile Safari/537.36 (compatible; PetalBot;+https://webmaster.petalsearch.com/site/petalbot)" "brainbox.co.in"
51.222.253.20 - - [09/Oct/2022:10:00:37 -0700] "GET /PDFContent/01%20TSB/05%20Class%20X/English/?C=N;O=D HTTP/1.1" 200 608 "-" "Mozilla/5.0 (compatible; AhrefsBot/7.0; +http://ahrefs.com/robot/)" "brainbox.co.in"
114.119.145.175 - - [09/Oct/2022:10:01:26 -0700] "GET /PDFContent/03%20CBSE/03%20Class%20VIII/English/SUPPLEMENTARY/HOW%20THE%20CAMEL%20GOT%20HIS%20HUMP/CBSE_VIII_SUP%20ENGLISH_LS01_HOW%20THE%20CAMEL%20GOT%20HIS%20HUMP_INTRODUCTION.pdf HTTP/1.1" 200 333413 "https://brainbox.co.in/PDFContent/03%20CBSE/03%20Class%20VIII/English/SUPPLEMENTARY/HOW%20THE%20CAMEL%20GOT%20HIS%20HUMP/" "Mozilla/5.0 (Linux; Android 7.0;) AppleWebKit/537.36 (KHTML, like Gecko) Mobile Safari/537.36 (compatible; PetalBot;+https://webmaster.petalsearch.com/site/petalbot)" "brainbox.co.in"
51.222.253.17 - - [09/Oct/2022:10:06:50 -0700] "GET /PDFContent/04%20ICSE/04%20Class%20IX/Hindi/?C=M;O=A HTTP/1.1" 200 350 "-" "Mozilla/5.0 (compatible; AhrefsBot/7.0; +http://ahrefs.com/robot/)" "brainbox.co.in"
114.119.145.175 - - [09/Oct/2022:10:07:07 -0700] "GET /PDFContent/Beetle/CLASS%20IV/SCIENCE%202/Lesson%205.%20Matter.pdf HTTP/1.1" 200 135919 "https://brainbox.co.in/PDFContent/Beetle/CLASS%20IV/SCIENCE%202/?C=N%3BO%3DD" "Mozilla/5.0 (Linux; Android 7.0;) AppleWebKit/537.36 (KHTML, like Gecko) Mobile Safari/537.36 (compatible; PetalBot;+https://webmaster.petalsearch.com/site/petalbot)" "brainbox.co.in"
167.248.133.63 - - [09/Oct/2022:10:08:26 -0700] "GET / HTTP/1.1" 200 432 "-" "Mozilla/5.0 (compatible; CensysInspect/1.1; +https://about.censys.io/)" "www.brainbox.co.in"
167.248.133.63 - - [09/Oct/2022:10:08:26 -0700] "GET / HTTP/1.1" 200 432 "-" "Mozilla/5.0 (compatible; CensysInspect/1.1; +https://about.censys.io/)" "www.brainbox.co.in"
167.248.133.63 - - [09/Oct/2022:10:08:32 -0700] "GET /favicon.ico HTTP/1.1" 404 88 "-" "Mozilla/5.0 (compatible; CensysInspect/1.1; +https://about.censys.io/)" "www.brainbox.co.in"
167.248.133.63 - - [09/Oct/2022:10:08:32 -0700] "GET /favicon.ico HTTP/1.1" 404 88 "-" "Mozilla/5.0 (compatible; CensysInspect/1.1; +https://about.censys.io/)" "www.brainbox.co.in"
185.191.171.39 - - [09/Oct/2022:10:10:26 -0700] "GET /PDFContent/04%20ICSE/05%20Class%20X/English/?C=D%3BO%3DA HTTP/1.1" 200 353 "-" "Mozilla/5.0 (compatible; SemrushBot/7~bl; +http://www.semrush.com/bot.html)" "brainbox.co.in"
114.119.145.175 - - [09/Oct/2022:10:12:38 -0700] "GET /PDFContent/Beetle/CLASS%20I/EVS%201-2/Lesson%206.%20Our%20universe.pdf HTTP/1.1" 200 203272 "https://brainbox.co.in/PDFContent/Beetle/CLASS%20I/EVS%201-2/?C=M%3BO%3DA" "Mozilla/5.0 (Linux; Android 7.0;) AppleWebKit/537.36 (KHTML, like Gecko) Mobile Safari/537.36 (compatible; PetalBot;+https://webmaster.petalsearch.com/site/petalbot)" "brainbox.co.in"
51.222.253.1 - - [09/Oct/2022:10:13:31 -0700] "GET /PDFContent/01%20TSB/03%20Class%20VIII/?C=M;O=A HTTP/1.1" 200 513 "-" "Mozilla/5.0 (compatible; AhrefsBot/7.0; +http://ahrefs.com/robot/)" "brainbox.co.in"
114.119.145.187 - - [09/Oct/2022:10:18:02 -0700] "GET /PDFContent/02%20APSB/ HTTP/1.1" 200 458 "https://brainbox.co.in/PDFContent/02%20APSB/03%20Class%20VIII/?C=S%3BO%3DA" "Mozilla/5.0 (Linux; Android 7.0;) AppleWebKit/537.36 (KHTML, like Gecko) Mobile Safari/537.36 (compatible; PetalBot;+https://webmaster.petalsearch.com/site/petalbot)" "brainbox.co.in"
51.222.253.4 - - [09/Oct/2022:10:20:30 -0700] "GET /PDFContent/02%20APSB/06%20Class%20XI/Hindi/?C=N;O=D HTTP/1.1" 200 351 "-" "Mozilla/5.0 (compatible; AhrefsBot/7.0; +http://ahrefs.com/robot/)" "brainbox.co.in"
114.119.145.160 - - [09/Oct/2022:10:23:23 -0700] "GET /PDFContent/01%20TSB/05%20Class%20X/English/6A,ENVIRONMENT/TSB_X_ENGLISH_LS06A_ENVIRONMENT_EXTRA%20QUESTIONS.pdf HTTP/1.1" 200 327289 "https://brainbox.co.in/PDFContent/01%20TSB/05%20Class%20X/English/6A,ENVIRONMENT/?C=S%3BO%3DA" "Mozilla/5.0 (Linux; Android 7.0;) AppleWebKit/537.36 (KHTML, like Gecko) Mobile Safari/537.36 (compatible; PetalBot;+https://webmaster.petalsearch.com/site/petalbot)" "brainbox.co.in"
51.222.253.19 - - [09/Oct/2022:10:27:19 -0700] "GET /PDFContent/04%20ICSE/04%20Class%20IX/Maths/?C=M;O=A HTTP/1.1" 200 351 "-" "Mozilla/5.0 (compatible; AhrefsBot/7.0; +http://ahrefs.com/robot/)" "brainbox.co.in"
114.119.145.160 - - [09/Oct/2022:10:28:46 -0700] "GET /PDFContent/01%20TSB/02%20Class%20VII/Science/ELECTRICITY/2.%20ELECTRIC%20CIRCUITS.pdf HTTP/1.1" 200 157088 "https://brainbox.co.in/PDFContent/01%20TSB/02%20Class%20VII/Science/ELECTRICITY/" "Mozilla/5.0 (Linux; Android 7.0;) AppleWebKit/537.36 (KHTML, like Gecko) Mobile Safari/537.36 (compatible; PetalBot;+https://webmaster.petalsearch.com/site/petalbot)" "brainbox.co.in"
51.222.253.8 - - [09/Oct/2022:10:34:08 -0700] "GET /PDFContent/02%20APSB/02%20Class%20VII/Physics/?C=N;O=D HTTP/1.1" 200 351 "-" "Mozilla/5.0 (compatible; AhrefsBot/7.0; +http://ahrefs.com/robot/)" "brainbox.co.in"
114.119.145.175 - - [09/Oct/2022:10:34:13 -0700] "GET /PDFContent/01%20TSB/05%20Class%20X/English/6A,ENVIRONMENT/?C=M%3BO%3DA HTTP/1.1" 200 518 "https://brainbox.co.in/PDFContent/01%20TSB/05%20Class%20X/English/6A,ENVIRONMENT/?C=S%3BO%3DA" "Mozilla/5.0 (Linux; Android 7.0;) AppleWebKit/537.36 (KHTML, like Gecko) Mobile Safari/537.36 (compatible; PetalBot;+https://webmaster.petalsearch.com/site/petalbot)" "brainbox.co.in"
114.119.145.175 - - [09/Oct/2022:10:39:41 -0700] "GET /PDFContent/03%20CBSE/03%20Class%20VIII/Maths/INTRODUCTION%20TO%20GRAPHS/Introduction%20to%20Graphs_Locating%20a%20point%20In%20a%20Cartesian%20plane%20through%20an%20line.pdf HTTP/1.1" 200 157217 "https://brainbox.co.in/PDFContent/03%20CBSE/03%20Class%20VIII/Maths/INTRODUCTION%20TO%20GRAPHS/?C=S%3BO%3DA" "Mozilla/5.0 (Linux; Android 7.0;) AppleWebKit/537.36 (KHTML, like Gecko) Mobile Safari/537.36 (compatible; PetalBot;+https://webmaster.petalsearch.com/site/petalbot)" "brainbox.co.in"
51.222.253.18 - - [09/Oct/2022:10:40:33 -0700] "GET /PDFContent/04%20ICSE/04%20Class%20IX/Hindi/?C=S;O=A HTTP/1.1" 200 350 "-" "Mozilla/5.0 (compatible; AhrefsBot/7.0; +http://ahrefs.com/robot/)" "brainbox.co.in"
114.119.145.160 - - [09/Oct/2022:10:45:12 -0700] "GET /PDFContent/03%20CBSE/03%20Class%20VIII/Physics/?C=D%3BO%3DA HTTP/1.1" 200 917 "https://brainbox.co.in/PDFContent/03%20CBSE/03%20Class%20VIII/Physics/" "Mozilla/5.0 (Linux; Android 7.0;) AppleWebKit/537.36 (KHTML, like Gecko) Mobile Safari/537.36 (compatible; PetalBot;+https://webmaster.petalsearch.com/site/petalbot)" "brainbox.co.in"
51.222.253.18 - - [09/Oct/2022:10:46:37 -0700] "GET /PDFContent/02%20APSB/?C=M;O=A HTTP/1.1" 200 458 "-" "Mozilla/5.0 (compatible; AhrefsBot/7.0; +http://ahrefs.com/robot/)" "brainbox.co.in"
114.119.145.175 - - [09/Oct/2022:10:50:41 -0700] "GET /PDFContent/04%20ICSE/04%20Class%20IX/English/?C=S%3BO%3DA HTTP/1.1" 200 352 "https://brainbox.co.in/PDFContent/04%20ICSE/04%20Class%20IX/English/?C=M%3BO%3DA" "Mozilla/5.0 (Linux; Android 7.0;) AppleWebKit/537.36 (KHTML, like Gecko) Mobile Safari/537.36 (compatible; PetalBot;+https://webmaster.petalsearch.com/site/petalbot)" "brainbox.co.in"
51.222.253.7 - - [09/Oct/2022:10:52:43 -0700] "GET /PDFContent/02%20APSB/?C=D;O=A HTTP/1.1" 200 458 "-" "Mozilla/5.0 (compatible; AhrefsBot/7.0; +http://ahrefs.com/robot/)" "brainbox.co.in"
114.119.145.175 - - [09/Oct/2022:10:56:15 -0700] "GET /PDFContent/01%20TSB/02%20Class%20VII/English/TSBoard_English_VII_LS2A_Questions_and_Answers.pdf HTTP/1.1" 200 199349 "https://brainbox.co.in/PDFContent/01%20TSB/02%20Class%20VII/English/?C=S%3BO%3DA" "Mozilla/5.0 (Linux; Android 7.0;) AppleWebKit/537.36 (KHTML, like Gecko) Mobile Safari/537.36 (compatible; PetalBot;+https://webmaster.petalsearch.com/site/petalbot)" "brainbox.co.in"
51.222.253.9 - - [09/Oct/2022:10:58:56 -0700] "GET /PDFContent/03%20CBSE/04%20Class%20IX/?C=D;O=A HTTP/1.1" 200 522 "-" "Mozilla/5.0 (compatible; AhrefsBot/7.0; +http://ahrefs.com/robot/)" "brainbox.co.in"
114.119.145.175 - - [09/Oct/2022:11:01:45 -0700] "GET /PDFContent/03%20CBSE/06%20Class%20XI/Chemistry/?C=S%3BO%3DA HTTP/1.1" 200 485 "https://brainbox.co.in/PDFContent/03%20CBSE/06%20Class%20XI/Chemistry/?C=D%3BO%3DA" "Mozilla/5.0 (Linux; Android 7.0;) AppleWebKit/537.36 (KHTML, like Gecko) Mobile Safari/537.36 (compatible; PetalBot;+https://webmaster.petalsearch.com/site/petalbot)" "brainbox.co.in"
51.222.253.13 - - [09/Oct/2022:11:04:46 -0700] "GET /PDFContent/03%20CBSE/04%20Class%20IX/?C=M;O=A HTTP/1.1" 200 524 "-" "Mozilla/5.0 (compatible; AhrefsBot/7.0; +http://ahrefs.com/robot/)" "brainbox.co.in"
114.119.145.160 - - [09/Oct/2022:11:07:27 -0700] "GET /PDFContent/03%20CBSE/05%20Class%20X/Biology/Our%20Environment/Questions%20and%20Answers HTTP/1.1" 200 273899 "https://brainboxschool.com/material/CBSE/X/Biology/OUR_ENVIRONMENT.html" "Mozilla/5.0 (Linux; Android 7.0;) AppleWebKit/537.36 (KHTML, like Gecko) Mobile Safari/537.36 (compatible; PetalBot;+https://webmaster.petalsearch.com/site/petalbot)" "brainbox.co.in"
51.222.253.2 - - [09/Oct/2022:11:10:22 -0700] "GET /PDFContent/01%20TSB/05%20Class%20X/English/7A_MY%20CHILDHOOD/?C=S;O=A HTTP/1.1" 200 511 "-" "Mozilla/5.0 (compatible; AhrefsBot/7.0; +http://ahrefs.com/robot/)" "brainbox.co.in"
114.119.145.160 - - [09/Oct/2022:11:13:08 -0700] "GET /PDFContent/03%20CBSE/07%20Class%20XII/Chemistry/SOLID%20STATE/ HTTP/1.1" 200 781 "https://brainbox.co.in/PDFContent/03%20CBSE/07%20Class%20XII/Chemistry/?C=N%3BO%3DD" "Mozilla/5.0 (Linux; Android 7.0;) AppleWebKit/537.36 (KHTML, like Gecko) Mobile Safari/537.36 (compatible; PetalBot;+https://webmaster.petalsearch.com/site/petalbot)" "brainbox.co.in"
93.158.161.37 - - [09/Oct/2022:11:14:54 -0700] "GET /PDFContent/01%20TSB/02%20Class%20VII/English/TSBoard_English_VII_LS1B_QnA.pdf HTTP/1.1" 200 365628 "-" "Mozilla/5.0 (compatible; YandexBot/3.0; +http://yandex.com/bots)" "brainbox.co.in"
51.222.253.7 - - [09/Oct/2022:11:16:29 -0700] "GET /PDFContent/03%20CBSE/04%20Class%20IX/?C=S;O=A HTTP/1.1" 200 523 "-" "Mozilla/5.0 (compatible; AhrefsBot/7.0; +http://ahrefs.com/robot/)" "brainbox.co.in"
114.119.145.187 - - [09/Oct/2022:11:18:57 -0700] "GET /PDFContent/03%20CBSE/07%20Class%20XII/Maths/CBSE_XII_MATHS_LS07_INDEFINITE%20INTEGRALS_NOTES_3.pdf HTTP/1.1" 200 382047 "https://brainbox.co.in/PDFContent/03%20CBSE/07%20Class%20XII/Maths/" "Mozilla/5.0 (Linux; Android 7.0;) AppleWebKit/537.36 (KHTML, like Gecko) Mobile Safari/537.36 (compatible; PetalBot;+https://webmaster.petalsearch.com/site/petalbot)" "brainbox.co.in"
51.222.253.13 - - [09/Oct/2022:11:22:32 -0700] "GET /PDFContent/01%20TSB/05%20Class%20X/English/7A_MY%20CHILDHOOD/?C=M;O=A HTTP/1.1" 200 511 "-" "Mozilla/5.0 (compatible; AhrefsBot/7.0; +http://ahrefs.com/robot/)" "brainbox.co.in"
114.119.145.160 - - [09/Oct/2022:11:24:35 -0700] "GET /PDFContent/01%20TSB/02%20Class%20VII/English/01LS4B/TSBoard_English_Vll-LS04B_Introduction.pdf HTTP/1.1" 200 198618 "https://brainbox.co.in/PDFContent/01%20TSB/02%20Class%20VII/English/01LS4B/?C=D%3BO%3DA" "Mozilla/5.0 (Linux; Android 7.0;) AppleWebKit/537.36 (KHTML, like Gecko) Mobile Safari/537.36 (compatible; PetalBot;+https://webmaster.petalsearch.com/site/petalbot)" "brainbox.co.in"
51.222.253.2 - - [09/Oct/2022:11:29:11 -0700] "GET /PDFContent/04%20ICSE/05%20Class%20X/Chemistry/?C=S;O=A HTTP/1.1" 200 354 "-" "Mozilla/5.0 (compatible; AhrefsBot/7.0; +http://ahrefs.com/robot/)" "brainbox.co.in"
114.119.145.175 - - [09/Oct/2022:11:30:02 -0700] "GET /PDFContent/Beetle/CLASS%20II/EVS/Lesson%202.%20My%20family.pdf HTTP/1.1" 200 127375 "https://brainbox.co.in/PDFContent/Beetle/CLASS%20II/EVS/" "Mozilla/5.0 (Linux; Android 7.0;) AppleWebKit/537.36 (KHTML, like Gecko) Mobile Safari/537.36 (compatible; PetalBot;+https://webmaster.petalsearch.com/site/petalbot)" "brainbox.co.in"
51.222.253.12 - - [09/Oct/2022:11:35:19 -0700] "GET /PDFContent/01%20TSB/01%20Class%20VI/Physics/?C=D;O=A HTTP/1.1" 200 351 "-" "Mozilla/5.0 (compatible; AhrefsBot/7.0; +http://ahrefs.com/robot/)" "brainbox.co.in"
114.119.145.160 - - [09/Oct/2022:11:35:23 -0700] "GET /PDFContent/01%20TSB/05%20Class%20X/English/ABANDONED/?C=M%3BO%3DA HTTP/1.1" 200 499 "https://brainbox.co.in/PDFContent/01%20TSB/05%20Class%20X/English/ABANDONED/?C=N%3BO%3DD" "Mozilla/5.0 (Linux; Android 7.0;) AppleWebKit/537.36 (KHTML, like Gecko) Mobile Safari/537.36 (compatible; PetalBot;+https://webmaster.petalsearch.com/site/petalbot)" "brainbox.co.in"
114.119.145.174 - - [09/Oct/2022:11:40:41 -0700] "GET /PDFContent/03%20CBSE/02%20Class%20VII/Hindi/Word%20Meaning/?C=M%3BO%3DA HTTP/1.1" 200 694 "https://brainbox.co.in/PDFContent/03%20CBSE/02%20Class%20VII/Hindi/Word%20Meaning/?C=N%3BO%3DD" "Mozilla/5.0 (Linux; Android 7.0;) AppleWebKit/537.36 (KHTML, like Gecko) Mobile Safari/537.36 (compatible; PetalBot;+https://webmaster.petalsearch.com/site/petalbot)" "brainbox.co.in"
51.222.253.19 - - [09/Oct/2022:11:41:12 -0700] "GET /PDFContent/03%20CBSE/01%20Class%20VI/Physics/?C=N;O=D HTTP/1.1" 200 352 "-" "Mozilla/5.0 (compatible; AhrefsBot/7.0; +http://ahrefs.com/robot/)" "brainbox.co.in"
114.119.145.187 - - [09/Oct/2022:11:45:59 -0700] "GET /PDFContent/03%20CBSE/05%20Class%20X/Hindi/SPARSH/LS15/CBSE_X_HINDI_10B_LS15_AB%20KAHAN%20DOOSRON%20KE%20DUKH%20SE%20DUKHI%20HONEVALE_SUMMARY.pdf HTTP/1.1" 200 926227 "https://brainbox.co.in/PDFContent/03%20CBSE/05%20Class%20X/Hindi/SPARSH/LS15/?C=D%3BO%3DA" "Mozilla/5.0 (Linux; Android 7.0;) AppleWebKit/537.36 (KHTML, like Gecko) Mobile Safari/537.36 (compatible; PetalBot;+https://webmaster.petalsearch.com/site/petalbot)" "brainbox.co.in"
51.222.253.6 - - [09/Oct/2022:11:47:22 -0700] "GET /PDFContent/Beetle/CLASS%20III/MATHEMATICS/SEM%202/ HTTP/1.1" 200 623 "-" "Mozilla/5.0 (compatible; AhrefsBot/7.0; +http://ahrefs.com/robot/)" "brainbox.co.in"
114.119.145.187 - - [09/Oct/2022:11:51:28 -0700] "GET /PDFContent/03%20CBSE/03%20Class%20VIII/Biology/Cell%20Structures/Prokaryotes%20and%20Eukaryotes.pdf HTTP/1.1" 200 222479 "https://brainbox.co.in/PDFContent/03%20CBSE/03%20Class%20VIII/Biology/Cell%20Structures/?C=M%3BO%3DA" "Mozilla/5.0 (Linux; Android 7.0;) AppleWebKit/537.36 (KHTML, like Gecko) Mobile Safari/537.36 (compatible; PetalBot;+https://webmaster.petalsearch.com/site/petalbot)" "brainbox.co.in"
51.222.253.1 - - [09/Oct/2022:11:53:49 -0700] "GET /PDFContent/03%20CBSE/04%20Class%20IX/Physics/Work%20and%20Energy/?C=N;O=D HTTP/1.1" 200 532 "-" "Mozilla/5.0 (compatible; AhrefsBot/7.0; +http://ahrefs.com/robot/)" "brainbox.co.in"
114.119.145.174 - - [09/Oct/2022:11:56:56 -0700] "GET /PDFContent/01%20TSB/01%20Class%20VI/Chemistry/?C=D%3BO%3DA HTTP/1.1" 200 352 "https://brainbox.co.in/PDFContent/01%20TSB/01%20Class%20VI/Chemistry/?C=M%3BO%3DA" "Mozilla/5.0 (Linux; Android 7.0;) AppleWebKit/537.36 (KHTML, like Gecko) Mobile Safari/537.36 (compatible; PetalBot;+https://webmaster.petalsearch.com/site/petalbot)" "brainbox.co.in"
51.222.253.6 - - [09/Oct/2022:11:59:32 -0700] "GET /PDFContent/04%20ICSE/04%20Class%20IX/Maths/?C=D;O=A HTTP/1.1" 200 351 "-" "Mozilla/5.0 (compatible; AhrefsBot/7.0; +http://ahrefs.com/robot/)" "brainbox.co.in"
114.119.145.187 - - [09/Oct/2022:12:02:34 -0700] "GET /PDFContent/04%20ICSE/02%20Class%20VII/Sanskrit/?C=D%3BO%3DA HTTP/1.1" 200 355 "https://brainbox.co.in/PDFContent/04%20ICSE/02%20Class%20VII/Sanskrit/?C=S%3BO%3DA" "Mozilla/5.0 (Linux; Android 7.0;) AppleWebKit/537.36 (KHTML, like Gecko) Mobile Safari/537.36 (compatible; PetalBot;+https://webmaster.petalsearch.com/site/petalbot)" "brainbox.co.in"
51.222.253.1 - - [09/Oct/2022:12:05:27 -0700] "GET /PDFContent/SPECIAL%20CROUSE/Part%201%20Grammar%20Essentials/STD_IX/?C=N;O=D HTTP/1.1" 200 499 "-" "Mozilla/5.0 (compatible; AhrefsBot/7.0; +http://ahrefs.com/robot/)" "brainbox.co.in"
