185.191.171.5 - - [08/Oct/2022:21:36:22 -0700] "GET /PDFContent/02%20APSB/06%20Class%20XI/Hindi/?C=M%3BO%3DA HTTP/1.1" 200 353 "-" "Mozilla/5.0 (compatible; SemrushBot/7~bl; +http://www.semrush.com/bot.html)" "brainbox.co.in"
77.88.5.162 - - [08/Oct/2022:21:38:43 -0700] "GET /robots.txt HTTP/1.1" 404 73 "-" "Mozilla/5.0 (compatible; YandexBot/3.0; +http://yandex.com/bots)" "brainbox.co.in"
114.119.145.160 - - [08/Oct/2022:21:38:45 -0700] "GET /PDFContent/01%20TSB/03%20Class%20VIII/English/TSB_VIII_LS4A_THE%20FUN%20THEY%20HAD_Introduction.pdf HTTP/1.1" 200 100194 "https://brainbox.co.in/PDFContent/01%20TSB/03%20Class%20VIII/English/" "Mozilla/5.0 (Linux; Android 7.0;) AppleWebKit/537.36 (KHTML, like Gecko) Mobile Safari/537.36 (compatible; PetalBot;+https://webmaster.petalsearch.com/site/petalbot)" "brainbox.co.in"
77.88.5.162 - - [08/Oct/2022:21:38:46 -0700] "GET /PDFContent/Beetle/CLASS%20III/ENGLISH/SEM%201/Lesson%208%20-%20Chintu%20goes%20to%20school.pdf HTTP/1.1" 200 105628 "-" "Mozilla/5.0 (compatible; YandexBot/3.0; +http://yandex.com/bots)" "brainbox.co.in"
185.191.171.36 - - [08/Oct/2022:21:39:27 -0700] "GET /PDFContent/01%20TSB/06%20Class%20XI/English/ HTTP/1.1" 200 354 "-" "Mozilla/5.0 (compatible; SemrushBot/7~bl; +http://www.semrush.com/bot.html)" "brainbox.co.in"
185.191.171.17 - - [08/Oct/2022:21:41:28 -0700] "GET /PDFContent/04%20ICSE/02%20Class%20VII/Telugu/?C=S%3BO%3DA HTTP/1.1" 200 354 "-" "Mozilla/5.0 (compatible; SemrushBot/7~bl; +http://www.semrush.com/bot.html)" "brainbox.co.in"
51.222.253.5 - - [08/Oct/2022:21:42:49 -0700] "GET /PDFContent/01%20TSB/02%20Class%20VII/?C=M;O=A HTTP/1.1" 200 505 "-" "Mozilla/5.0 (compatible; AhrefsBot/7.0; +http://ahrefs.com/robot/)" "brainbox.co.in"
114.119.135.132 - - [08/Oct/2022:21:44:21 -0700] "GET /PDFContent/02%20APSB/07%20Class%20XII/Hindi/?C=S%3BO%3DA HTTP/1.1" 200 354 "https://brainbox.co.in/PDFContent/02%20APSB/07%20Class%20XII/Hindi/" "Mozilla/5.0 (Linux; Android 7.0;) AppleWebKit/537.36 (KHTML, like Gecko) Mobile Safari/537.36 (compatible; PetalBot;+https://webmaster.petalsearch.com/site/petalbot)" "brainbox.co.in"
51.222.253.9 - - [08/Oct/2022:21:49:48 -0700] "GET /PDFContent/03%20CBSE/02%20Class%20VII/Sanskrit/?C=N;O=D HTTP/1.1" 200 353 "-" "Mozilla/5.0 (compatible; AhrefsBot/7.0; +http://ahrefs.com/robot/)" "brainbox.co.in"
114.119.145.175 - - [08/Oct/2022:21:49:50 -0700] "GET /PDFContent/04%20ICSE/05%20Class%20X/Chemistry/?C=N%3BO%3DD HTTP/1.1" 200 354 "https://brainbox.co.in/PDFContent/04%20ICSE/05%20Class%20X/Chemistry/?C=S%3BO%3DA" "Mozilla/5.0 (Linux; Android 7.0;) AppleWebKit/537.36 (KHTML, like Gecko) Mobile Safari/537.36 (compatible; PetalBot;+https://webmaster.petalsearch.com/site/petalbot)" "brainbox.co.in"
185.191.171.45 - - [08/Oct/2022:21:50:49 -0700] "GET /robots.txt HTTP/1.1" 404 88 "-" "Mozilla/5.0 (compatible; SemrushBot/7~bl; +http://www.semrush.com/bot.html)" "brainbox.co.in"
185.191.171.24 - - [08/Oct/2022:21:50:50 -0700] "GET /PDFContent/Beetle/CLASS%20II/ENGLISH/?C=M%3BO%3DA HTTP/1.1" 200 624 "-" "Mozilla/5.0 (compatible; SemrushBot/7~bl; +http://www.semrush.com/bot.html)" "brainbox.co.in"
185.191.171.33 - - [08/Oct/2022:21:51:57 -0700] "GET /PDFContent/04%20ICSE/05%20Class%20X/Maths/?C=S%3BO%3DA HTTP/1.1" 200 351 "-" "Mozilla/5.0 (compatible; SemrushBot/7~bl; +http://www.semrush.com/bot.html)" "brainbox.co.in"
13.57.17.208 - - [08/Oct/2022:21:52:40 -0700] "GET /~richard/templates/beez/US/uk/paypal/login.htm HTTP/1.1" 404 73 "-" "Mozilla/5.0 (Macintosh; Intel Mac OS X 10_10_5) AppleWebKit/537.36 (KHTML, like Gecko) Chrome/52.0.2743.116 Safari/537.36" "brainbox.co.in"
185.191.171.2 - - [08/Oct/2022:21:55:12 -0700] "GET /PDFContent/04%20ICSE/06%20Class%20XI/English/?C=M%3BO%3DA HTTP/1.1" 200 354 "-" "Mozilla/5.0 (compatible; SemrushBot/7~bl; +http://www.semrush.com/bot.html)" "brainbox.co.in"
114.119.145.160 - - [08/Oct/2022:21:55:32 -0700] "GET /PDFContent/03%20CBSE/07%20Class%20XII/Biology/CBSE_XII_BIOLOGY_LS03_HUMAN%20REPRODUCTION_GASTRULATION.pdf HTTP/1.1" 200 789093 "https://brainbox.co.in/PDFContent/03%20CBSE/07%20Class%20XII/Biology/?C=S%3BO%3DA" "Mozilla/5.0 (Linux; Android 7.0;) AppleWebKit/537.36 (KHTML, like Gecko) Mobile Safari/537.36 (compatible; PetalBot;+https://webmaster.petalsearch.com/site/petalbot)" "brainbox.co.in"
185.191.171.5 - - [08/Oct/2022:21:56:51 -0700] "GET /PDFContent/04%20ICSE/01%20Class%20VI/Maths/?C=S%3BO%3DA HTTP/1.1" 200 352 "-" "Mozilla/5.0 (compatible; SemrushBot/7~bl; +http://www.semrush.com/bot.html)" "brainbox.co.in"
51.222.253.8 - - [08/Oct/2022:21:56:55 -0700] "GET /PDFContent/04%20ICSE/07%20Class%20XII/English/?C=M;O=A HTTP/1.1" 200 355 "-" "Mozilla/5.0 (compatible; AhrefsBot/7.0; +http://ahrefs.com/robot/)" "brainbox.co.in"
185.191.171.4 - - [08/Oct/2022:22:00:23 -0700] "GET /PDFContent/SPECIAL%20CROUSE/Part%201%20Grammar%20Essentials/STD_V/?C=D%3BO%3DA HTTP/1.1" 200 501 "-" "Mozilla/5.0 (compatible; SemrushBot/7~bl; +http://www.semrush.com/bot.html)" "brainbox.co.in"
114.119.145.175 - - [08/Oct/2022:22:00:58 -0700] "GET /PDFContent/03%20CBSE/04%20Class%20IX/Biology/CBSE_lX_BIOLOGY_LS07_DIVERSTY%20IN%20LIVING%20ORGANISMS_INTRODUCTION%20TO%20ANIMALIA.pdf HTTP/1.1" 200 537850 "https://brainbox.co.in/PDFContent/03%20CBSE/04%20Class%20IX/Biology/?C=D%3BO%3DA" "Mozilla/5.0 (Linux; Android 7.0;) AppleWebKit/537.36 (KHTML, like Gecko) Mobile Safari/537.36 (compatible; PetalBot;+https://webmaster.petalsearch.com/site/petalbot)" "brainbox.co.in"
51.222.253.17 - - [08/Oct/2022:22:03:30 -0700] "GET /PDFContent/03%20CBSE/03%20Class%20VIII/Chemistry/ HTTP/1.1" 200 631 "-" "Mozilla/5.0 (compatible; AhrefsBot/7.0; +http://ahrefs.com/robot/)" "brainbox.co.in"
185.191.171.5 - - [08/Oct/2022:22:04:00 -0700] "GET /PDFContent/03%20CBSE/03%20Class%20VIII/Maths/PRACTICAL%20GEOMETRY/?C=N%3BO%3DD HTTP/1.1" 200 748 "-" "Mozilla/5.0 (compatible; SemrushBot/7~bl; +http://www.semrush.com/bot.html)" "brainbox.co.in"
185.191.171.43 - - [08/Oct/2022:22:04:15 -0700] "GET /PDFContent/03%20CBSE/05%20Class%20X/Sanskrit/?C=M%3BO%3DA HTTP/1.1" 200 354 "-" "Mozilla/5.0 (compatible; SemrushBot/7~bl; +http://www.semrush.com/bot.html)" "brainbox.co.in"
185.191.171.2 - - [08/Oct/2022:22:05:52 -0700] "GET /PDFContent/03%20CBSE/02%20Class%20VII/Hindi/?C=N%3BO%3DD HTTP/1.1" 200 459 "-" "Mozilla/5.0 (compatible; SemrushBot/7~bl; +http://www.semrush.com/bot.html)" "brainbox.co.in"
185.191.171.4 - - [08/Oct/2022:22:05:54 -0700] "GET /PDFContent/01%20TSB/05%20Class%20X/Telugu/ HTTP/1.1" 200 352 "-" "Mozilla/5.0 (compatible; SemrushBot/7~bl; +http://www.semrush.com/bot.html)" "brainbox.co.in"
114.119.145.187 - - [08/Oct/2022:22:06:33 -0700] "GET /PDFContent/02%20APSB/05%20Class%20X/Physics/?C=M%3BO%3DA HTTP/1.1" 200 354 "https://brainbox.co.in/PDFContent/02%20APSB/05%20Class%20X/Physics/" "Mozilla/5.0 (Linux; Android 7.0;) AppleWebKit/537.36 (KHTML, like Gecko) Mobile Safari/537.36 (compatible; PetalBot;+https://webmaster.petalsearch.com/site/petalbot)" "brainbox.co.in"
185.191.171.9 - - [08/Oct/2022:22:08:40 -0700] "GET /PDFContent/03%20CBSE/02%20Class%20VII/Science/WATER%20A%20PRECIOUS%20RESOURCE/?C=D%3BO%3DA HTTP/1.1" 200 507 "-" "Mozilla/5.0 (compatible; SemrushBot/7~bl; +http://www.semrush.com/bot.html)" "brainbox.co.in"
185.191.171.2 - - [08/Oct/2022:22:09:31 -0700] "GET /PDFContent/01%20TSB/02%20Class%20VII/?C=N%3BO%3DD HTTP/1.1" 200 505 "-" "Mozilla/5.0 (compatible; SemrushBot/7~bl; +http://www.semrush.com/bot.html)" "brainbox.co.in"
51.222.253.6 - - [08/Oct/2022:22:10:18 -0700] "GET /PDFContent/01%20TSB/01%20Class%20VI/Maths/01%20KNOWING%20OUR%20NUMBERS/ HTTP/1.1" 200 596 "-" "Mozilla/5.0 (compatible; AhrefsBot/7.0; +http://ahrefs.com/robot/)" "brainbox.co.in"
114.119.135.132 - - [08/Oct/2022:22:12:04 -0700] "GET /PDFContent/01%20TSB/03%20Class%20VIII/Biology/ HTTP/1.1" 200 431 "https://brainbox.co.in/PDFContent/01%20TSB/03%20Class%20VIII/" "Mozilla/5.0 (Linux; Android 7.0;) AppleWebKit/537.36 (KHTML, like Gecko) Mobile Safari/537.36 (compatible; PetalBot;+https://webmaster.petalsearch.com/site/petalbot)" "brainbox.co.in"
185.191.171.26 - - [08/Oct/2022:22:15:32 -0700] "GET /PDFContent/04%20ICSE/01%20Class%20VI/English/?C=M%3BO%3DA HTTP/1.1" 200 353 "-" "Mozilla/5.0 (compatible; SemrushBot/7~bl; +http://www.semrush.com/bot.html)" "brainbox.co.in"
185.191.171.34 - - [08/Oct/2022:22:15:57 -0700] "GET /PDFContent/03%20CBSE/03%20Class%20VIII/Chemistry/Combustion%20and%20Flames/?C=S%3BO%3DA HTTP/1.1" 200 612 "-" "Mozilla/5.0 (compatible; SemrushBot/7~bl; +http://www.semrush.com/bot.html)" "brainbox.co.in"
51.222.253.7 - - [08/Oct/2022:22:17:00 -0700] "GET /PDFContent/01%20TSB/01%20Class%20VI/Telugu/SNEHABANDHAM/ HTTP/1.1" 200 537 "-" "Mozilla/5.0 (compatible; AhrefsBot/7.0; +http://ahrefs.com/robot/)" "brainbox.co.in"
114.119.145.160 - - [08/Oct/2022:22:17:42 -0700] "GET /PDFContent/Beetle/CLASS%20V/SOCIAL/SEM%202/ HTTP/1.1" 200 719 "https://brainbox.co.in/PDFContent/Beetle/CLASS%20V/SOCIAL/?C=N%3BO%3DD" "Mozilla/5.0 (Linux; Android 7.0;) AppleWebKit/537.36 (KHTML, like Gecko) Mobile Safari/537.36 (compatible; PetalBot;+https://webmaster.petalsearch.com/site/petalbot)" "brainbox.co.in"
185.191.171.14 - - [08/Oct/2022:22:19:04 -0700] "GET /PDFContent/03%20CBSE/07%20Class%20XII/Telugu/?C=N%3BO%3DD HTTP/1.1" 200 355 "-" "Mozilla/5.0 (compatible; SemrushBot/7~bl; +http://www.semrush.com/bot.html)" "brainbox.co.in"
185.191.171.40 - - [08/Oct/2022:22:20:21 -0700] "GET /PDFContent/SPECIAL%20CROUSE/Part%201%20Grammar%20Essentials/?C=S%3BO%3DA HTTP/1.1" 200 456 "-" "Mozilla/5.0 (compatible; SemrushBot/7~bl; +http://www.semrush.com/bot.html)" "brainbox.co.in"
20.210.203.2 - - [08/Oct/2022:22:22:57 -0700] "GET / HTTP/1.1" 200 1155 "-" "Mozilla/5.0 (Windows NT 10.0; Win64; x64) AppleWebKit/537.36 (KHTML, like Gecko) Chrome/78.0.3904.108 Safari/537.36" "brainbox.co.in"
20.210.203.2 - - [08/Oct/2022:22:22:58 -0700] "GET /wp-includes/wlwmanifest.xml HTTP/1.1" 404 73 "-" "Mozilla/5.0 (Windows NT 10.0; Win64; x64) AppleWebKit/537.36 (KHTML, like Gecko) Chrome/78.0.3904.108 Safari/537.36" "brainbox.co.in"
20.210.203.2 - - [08/Oct/2022:22:22:58 -0700] "GET /xmlrpc.php?rsd HTTP/1.1" 404 73 "-" "Mozilla/5.0 (Windows NT 10.0; Win64; x64) AppleWebKit/537.36 (KHTML, like Gecko) Chrome/78.0.3904.108 Safari/537.36" "brainbox.co.in"
20.210.203.2 - - [08/Oct/2022:22:22:59 -0700] "GET / HTTP/1.1" 200 1155 "-" "Mozilla/5.0 (Windows NT 10.0; Win64; x64) AppleWebKit/537.36 (KHTML, like Gecko) Chrome/78.0.3904.108 Safari/537.36" "brainbox.co.in"
20.210.203.2 - - [08/Oct/2022:22:22:59 -0700] "GET /blog/wp-includes/wlwmanifest.xml HTTP/1.1" 404 73 "-" "Mozilla/5.0 (Windows NT 10.0; Win64; x64) AppleWebKit/537.36 (KHTML, like Gecko) Chrome/78.0.3904.108 Safari/537.36" "brainbox.co.in"
20.210.203.2 - - [08/Oct/2022:22:23:00 -0700] "GET /web/wp-includes/wlwmanifest.xml HTTP/1.1" 404 73 "-" "Mozilla/5.0 (Windows NT 10.0; Win64; x64) AppleWebKit/537.36 (KHTML, like Gecko) Chrome/78.0.3904.108 Safari/537.36" "brainbox.co.in"
20.210.203.2 - - [08/Oct/2022:22:23:00 -0700] "GET /wordpress/wp-includes/wlwmanifest.xml HTTP/1.1" 404 73 "-" "Mozilla/5.0 (Windows NT 10.0; Win64; x64) AppleWebKit/537.36 (KHTML, like Gecko) Chrome/78.0.3904.108 Safari/537.36" "brainbox.co.in"
20.210.203.2 - - [08/Oct/2022:22:23:01 -0700] "GET /website/wp-includes/wlwmanifest.xml HTTP/1.1" 404 73 "-" "Mozilla/5.0 (Windows NT 10.0; Win64; x64) AppleWebKit/537.36 (KHTML, like Gecko) Chrome/78.0.3904.108 Safari/537.36" "brainbox.co.in"
20.210.203.2 - - [08/Oct/2022:22:23:01 -0700] "GET /wp/wp-includes/wlwmanifest.xml HTTP/1.1" 404 73 "-" "Mozilla/5.0 (Windows NT 10.0; Win64; x64) AppleWebKit/537.36 (KHTML, like Gecko) Chrome/78.0.3904.108 Safari/537.36" "brainbox.co.in"
20.210.203.2 - - [08/Oct/2022:22:23:01 -0700] "GET /news/wp-includes/wlwmanifest.xml HTTP/1.1" 404 73 "-" "Mozilla/5.0 (Windows NT 10.0; Win64; x64) AppleWebKit/537.36 (KHTML, like Gecko) Chrome/78.0.3904.108 Safari/537.36" "brainbox.co.in"
20.210.203.2 - - [08/Oct/2022:22:23:02 -0700] "GET /2018/wp-includes/wlwmanifest.xml HTTP/1.1" 404 73 "-" "Mozilla/5.0 (Windows NT 10.0; Win64; x64) AppleWebKit/537.36 (KHTML, like Gecko) Chrome/78.0.3904.108 Safari/537.36" "brainbox.co.in"
20.210.203.2 - - [08/Oct/2022:22:23:02 -0700] "GET /2019/wp-includes/wlwmanifest.xml HTTP/1.1" 404 73 "-" "Mozilla/5.0 (Windows NT 10.0; Win64; x64) AppleWebKit/537.36 (KHTML, like Gecko) Chrome/78.0.3904.108 Safari/537.36" "brainbox.co.in"
20.210.203.2 - - [08/Oct/2022:22:23:03 -0700] "GET /shop/wp-includes/wlwmanifest.xml HTTP/1.1" 404 73 "-" "Mozilla/5.0 (Windows NT 10.0; Win64; x64) AppleWebKit/537.36 (KHTML, like Gecko) Chrome/78.0.3904.108 Safari/537.36" "brainbox.co.in"
20.210.203.2 - - [08/Oct/2022:22:23:03 -0700] "GET /wp1/wp-includes/wlwmanifest.xml HTTP/1.1" 404 73 "-" "Mozilla/5.0 (Windows NT 10.0; Win64; x64) AppleWebKit/537.36 (KHTML, like Gecko) Chrome/78.0.3904.108 Safari/537.36" "brainbox.co.in"
20.210.203.2 - - [08/Oct/2022:22:23:04 -0700] "GET /test/wp-includes/wlwmanifest.xml HTTP/1.1" 404 73 "-" "Mozilla/5.0 (Windows NT 10.0; Win64; x64) AppleWebKit/537.36 (KHTML, like Gecko) Chrome/78.0.3904.108 Safari/537.36" "brainbox.co.in"
20.210.203.2 - - [08/Oct/2022:22:23:04 -0700] "GET /media/wp-includes/wlwmanifest.xml HTTP/1.1" 404 73 "-" "Mozilla/5.0 (Windows NT 10.0; Win64; x64) AppleWebKit/537.36 (KHTML, like Gecko) Chrome/78.0.3904.108 Safari/537.36" "brainbox.co.in"
20.210.203.2 - - [08/Oct/2022:22:23:04 -0700] "GET /wp2/wp-includes/wlwmanifest.xml HTTP/1.1" 404 73 "-" "Mozilla/5.0 (Windows NT 10.0; Win64; x64) AppleWebKit/537.36 (KHTML, like Gecko) Chrome/78.0.3904.108 Safari/537.36" "brainbox.co.in"
20.210.203.2 - - [08/Oct/2022:22:23:05 -0700] "GET /site/wp-includes/wlwmanifest.xml HTTP/1.1" 404 73 "-" "Mozilla/5.0 (Windows NT 10.0; Win64; x64) AppleWebKit/537.36 (KHTML, like Gecko) Chrome/78.0.3904.108 Safari/537.36" "brainbox.co.in"
20.210.203.2 - - [08/Oct/2022:22:23:05 -0700] "GET /cms/wp-includes/wlwmanifest.xml HTTP/1.1" 404 73 "-" "Mozilla/5.0 (Windows NT 10.0; Win64; x64) AppleWebKit/537.36 (KHTML, like Gecko) Chrome/78.0.3904.108 Safari/537.36" "brainbox.co.in"
20.210.203.2 - - [08/Oct/2022:22:23:06 -0700] "GET /sito/wp-includes/wlwmanifest.xml HTTP/1.1" 404 73 "-" "Mozilla/5.0 (Windows NT 10.0; Win64; x64) AppleWebKit/537.36 (KHTML, like Gecko) Chrome/78.0.3904.108 Safari/537.36" "brainbox.co.in"
114.119.145.187 - - [08/Oct/2022:22:23:20 -0700] "GET /PDFContent/01%20TSB/03%20Class%20VIII/English/LS4C/?C=D%3BO%3DA HTTP/1.1" 200 539 "https://brainbox.co.in/PDFContent/01%20TSB/03%20Class%20VIII/English/LS4C/?C=S%3BO%3DA" "Mozilla/5.0 (Linux; Android 7.0;) AppleWebKit/537.36 (KHTML, like Gecko) Mobile Safari/537.36 (compatible; PetalBot;+https://webmaster.petalsearch.com/site/petalbot)" "brainbox.co.in"
51.222.253.17 - - [08/Oct/2022:22:24:02 -0700] "GET /PDFContent/03%20CBSE/02%20Class%20VII/Maths/?C=N;O=D HTTP/1.1" 200 351 "-" "Mozilla/5.0 (compatible; AhrefsBot/7.0; +http://ahrefs.com/robot/)" "brainbox.co.in"
114.119.135.132 - - [08/Oct/2022:22:28:59 -0700] "GET /PDFContent/01%20TSB/04%20Class%20IX/Biology/Challenging%20in%20Improving%20Agricultural/TS_IX_BIOLOGY_CHALLENGES%20%20IN%20IMPROVING%20AGRICULTURAL_Cropping%20Pattern HTTP/1.1" 200 953858 "https://brainboxschool.com/material/TSB/IX/Biology/CHALLENGES_IN_IMPROVING_AGRICULTURAL_PRODUCTION.html" "Mozilla/5.0 (Linux; Android 7.0;) AppleWebKit/537.36 (KHTML, like Gecko) Mobile Safari/537.36 (compatible; PetalBot;+https://webmaster.petalsearch.com/site/petalbot)" "brainbox.co.in"
185.191.171.22 - - [08/Oct/2022:22:29:08 -0700] "GET /PDFContent/01%20TSB/06%20Class%20XI/Chemistry/ HTTP/1.1" 200 355 "-" "Mozilla/5.0 (compatible; SemrushBot/7~bl; +http://www.semrush.com/bot.html)" "brainbox.co.in"
51.222.253.3 - - [08/Oct/2022:22:30:43 -0700] "GET /PDFContent/Beetle/CLASS%20IV/SOCAIL%20SEM%202/ HTTP/1.1" 200 704 "-" "Mozilla/5.0 (compatible; AhrefsBot/7.0; +http://ahrefs.com/robot/)" "brainbox.co.in"
185.191.171.23 - - [08/Oct/2022:22:31:14 -0700] "GET /PDFContent/Beetle/CLASS%20III/SOCIAL/?C=D%3BO%3DA HTTP/1.1" 200 406 "-" "Mozilla/5.0 (compatible; SemrushBot/7~bl; +http://www.semrush.com/bot.html)" "brainbox.co.in"
185.191.171.8 - - [08/Oct/2022:22:34:25 -0700] "GET /PDFContent/02%20APSB/05%20Class%20X/Telugu/?C=S%3BO%3DA HTTP/1.1" 200 353 "-" "Mozilla/5.0 (compatible; SemrushBot/7~bl; +http://www.semrush.com/bot.html)" "brainbox.co.in"
114.119.135.132 - - [08/Oct/2022:22:34:36 -0700] "GET /PDFContent/01%20TSB/05%20Class%20X/English/OR%20WILL%20THE%20DREAMER%20WAKE/TSB_X_ENGLISH_LS06B_OR%20WILL%20THE%20DREAMER%20WAKE_GLOSSARY.pdf HTTP/1.1" 200 250237 "https://brainbox.co.in/PDFContent/01%20TSB/05%20Class%20X/English/OR%20WILL%20THE%20DREAMER%20WAKE/?C=M%3BO%3DA" "Mozilla/5.0 (Linux; Android 7.0;) AppleWebKit/537.36 (KHTML, like Gecko) Mobile Safari/537.36 (compatible; PetalBot;+https://webmaster.petalsearch.com/site/petalbot)" "brainbox.co.in"
185.191.171.2 - - [08/Oct/2022:22:34:46 -0700] "GET /PDFContent/02%20APSB/01%20Class%20VI/?C=D%3BO%3DA HTTP/1.1" 200 463 "-" "Mozilla/5.0 (compatible; SemrushBot/7~bl; +http://www.semrush.com/bot.html)" "brainbox.co.in"
185.191.171.12 - - [08/Oct/2022:22:35:17 -0700] "GET /PDFContent/04%20ICSE/01%20Class%20VI/Sanskrit/?C=S%3BO%3DA HTTP/1.1" 200 354 "-" "Mozilla/5.0 (compatible; SemrushBot/7~bl; +http://www.semrush.com/bot.html)" "brainbox.co.in"
51.222.253.11 - - [08/Oct/2022:22:37:09 -0700] "GET /PDFContent/01%20TSB/02%20Class%20VII/?C=S;O=A HTTP/1.1" 200 505 "-" "Mozilla/5.0 (compatible; AhrefsBot/7.0; +http://ahrefs.com/robot/)" "brainbox.co.in"
185.191.171.37 - - [08/Oct/2022:22:37:30 -0700] "GET /PDFContent/03%20CBSE/03%20Class%20VIII/Maths/INTRODUCTION%20TO%20GRAPHS/?C=M%3BO%3DA HTTP/1.1" 200 660 "-" "Mozilla/5.0 (compatible; SemrushBot/7~bl; +http://www.semrush.com/bot.html)" "brainbox.co.in"
114.119.145.174 - - [08/Oct/2022:22:40:14 -0700] "GET /PDFContent/01%20TSB/03%20Class%20VIII/English/LS3B/TSB_VIII_ENGLISH_LS3B_THE%20SELFISH%20GIANT%20P2_LESSON%20EXPLANATION.pdf HTTP/1.1" 200 355547 "https://brainbox.co.in/PDFContent/01%20TSB/03%20Class%20VIII/English/LS3B/?C=S%3BO%3DA" "Mozilla/5.0 (Linux; Android 7.0;) AppleWebKit/537.36 (KHTML, like Gecko) Mobile Safari/537.36 (compatible; PetalBot;+https://webmaster.petalsearch.com/site/petalbot)" "brainbox.co.in"
51.222.253.17 - - [08/Oct/2022:22:44:25 -0700] "GET /SchoolERP/ HTTP/1.1" 200 2322 "-" "Mozilla/5.0 (compatible; AhrefsBot/7.0; +http://ahrefs.com/robot/)" "brainbox.co.in"
51.222.253.18 - - [08/Oct/2022:22:44:28 -0700] "GET /SchoolERP/js/ajax.js?v=4.8.4 HTTP/1.1" 200 7651 "-" "Mozilla/5.0 (compatible; AhrefsBot/7.0; +http://ahrefs.com/robot/)" "brainbox.co.in"
51.222.253.6 - - [08/Oct/2022:22:44:28 -0700] "GET /SchoolERP/js/rte.js?v=4.8.4 HTTP/1.1" 200 8385 "-" "Mozilla/5.0 (compatible; AhrefsBot/7.0; +http://ahrefs.com/robot/)" "brainbox.co.in"
51.222.253.1 - - [08/Oct/2022:22:44:29 -0700] "GET /SchoolERP/js/menu-resizer.js?v=4.8.4 HTTP/1.1" 200 2295 "-" "Mozilla/5.0 (compatible; AhrefsBot/7.0; +http://ahrefs.com/robot/)" "brainbox.co.in"
51.222.253.10 - - [08/Oct/2022:22:44:29 -0700] "GET /SchoolERP/js/vendor/sprintf.js?v=4.8.4 HTTP/1.1" 200 2549 "-" "Mozilla/5.0 (compatible; AhrefsBot/7.0; +http://ahrefs.com/robot/)" "brainbox.co.in"
51.222.253.9 - - [08/Oct/2022:22:44:30 -0700] "GET /SchoolERP/js/common.js?v=4.8.4 HTTP/1.1" 200 4719 "-" "Mozilla/5.0 (compatible; AhrefsBot/7.0; +http://ahrefs.com/robot/)" "brainbox.co.in"
51.222.253.10 - - [08/Oct/2022:22:44:30 -0700] "GET /SchoolERP/themes/pmahomme/img/logo_right.png HTTP/1.1" 200 4306 "-" "Mozilla/5.0 (compatible; AhrefsBot/7.0; +http://ahrefs.com/robot/)" "brainbox.co.in"
51.222.253.15 - - [08/Oct/2022:22:44:31 -0700] "GET /SchoolERP/js/cross_framing_protection.js?v=4.8.4 HTTP/1.1" 200 302 "-" "Mozilla/5.0 (compatible; AhrefsBot/7.0; +http://ahrefs.com/robot/)" "brainbox.co.in"
51.222.253.7 - - [08/Oct/2022:22:44:31 -0700] "GET /SchoolERP/phpmyadmin.css.php?nocache=4810077929ltr&server=1 HTTP/1.1" 200 20760 "-" "Mozilla/5.0 (compatible; AhrefsBot/7.0; +http://ahrefs.com/robot/)" "brainbox.co.in"
51.222.253.7 - - [08/Oct/2022:22:44:32 -0700] "GET /SchoolERP/themes/pmahomme/css/printview.css?v=4.8.4 HTTP/1.1" 200 1024 "-" "Mozilla/5.0 (compatible; AhrefsBot/7.0; +http://ahrefs.com/robot/)" "brainbox.co.in"
51.222.253.17 - - [08/Oct/2022:22:44:33 -0700] "GET /SchoolERP/js/config.js?v=4.8.4 HTTP/1.1" 200 6662 "-" "Mozilla/5.0 (compatible; AhrefsBot/7.0; +http://ahrefs.com/robot/)" "brainbox.co.in"
51.222.253.11 - - [08/Oct/2022:22:44:33 -0700] "GET /SchoolERP/js/vendor/codemirror/lib/codemirror.js?v=4.8.4 HTTP/1.1" 200 102817 "-" "Mozilla/5.0 (compatible; AhrefsBot/7.0; +http://ahrefs.com/robot/)" "brainbox.co.in"
51.222.253.2 - - [08/Oct/2022:22:44:34 -0700] "GET /SchoolERP/js/doclinks.js?v=4.8.4 HTTP/1.1" 200 3763 "-" "Mozilla/5.0 (compatible; AhrefsBot/7.0; +http://ahrefs.com/robot/)" "brainbox.co.in"
51.222.253.1 - - [08/Oct/2022:22:44:35 -0700] "GET /SchoolERP/js/vendor/jquery/jquery-ui-timepicker-addon.js?v=4.8.4 HTTP/1.1" 200 18929 "-" "Mozilla/5.0 (compatible; AhrefsBot/7.0; +http://ahrefs.com/robot/)" "brainbox.co.in"
51.222.253.18 - - [08/Oct/2022:22:44:36 -0700] "GET /SchoolERP/js/vendor/codemirror/addon/hint/sql-hint.js?v=4.8.4 HTTP/1.1" 200 2635 "-" "Mozilla/5.0 (compatible; AhrefsBot/7.0; +http://ahrefs.com/robot/)" "brainbox.co.in"
51.222.253.4 - - [08/Oct/2022:22:44:36 -0700] "GET /SchoolERP/js/navigation.js?v=4.8.4 HTTP/1.1" 200 11850 "-" "Mozilla/5.0 (compatible; AhrefsBot/7.0; +http://ahrefs.com/robot/)" "brainbox.co.in"
51.222.253.14 - - [08/Oct/2022:22:44:37 -0700] "GET /SchoolERP/js/vendor/codemirror/addon/hint/show-hint.js?v=4.8.4 HTTP/1.1" 200 4546 "-" "Mozilla/5.0 (compatible; AhrefsBot/7.0; +http://ahrefs.com/robot/)" "brainbox.co.in"
51.222.253.15 - - [08/Oct/2022:22:44:43 -0700] "GET /SchoolERP/js/vendor/codemirror/addon/runmode/runmode.js?v=4.8.4 HTTP/1.1" 200 1039 "-" "Mozilla/5.0 (compatible; AhrefsBot/7.0; +http://ahrefs.com/robot/)" "brainbox.co.in"
51.222.253.8 - - [08/Oct/2022:22:44:43 -0700] "GET /SchoolERP/js/vendor/jquery/jquery-ui.min.js?v=4.8.4 HTTP/1.1" 200 67759 "-" "Mozilla/5.0 (compatible; AhrefsBot/7.0; +http://ahrefs.com/robot/)" "brainbox.co.in"
51.222.253.13 - - [08/Oct/2022:22:44:45 -0700] "GET /SchoolERP/js/functions.js?v=4.8.4 HTTP/1.1" 200 40441 "-" "Mozilla/5.0 (compatible; AhrefsBot/7.0; +http://ahrefs.com/robot/)" "brainbox.co.in"
51.222.253.20 - - [08/Oct/2022:22:44:46 -0700] "GET /SchoolERP/js/console.js?v=4.8.4 HTTP/1.1" 200 10338 "-" "Mozilla/5.0 (compatible; AhrefsBot/7.0; +http://ahrefs.com/robot/)" "brainbox.co.in"
51.222.253.1 - - [08/Oct/2022:22:44:46 -0700] "GET /SchoolERP/js/indexes.js?v=4.8.4 HTTP/1.1" 200 6165 "-" "Mozilla/5.0 (compatible; AhrefsBot/7.0; +http://ahrefs.com/robot/)" "brainbox.co.in"
51.222.253.5 - - [08/Oct/2022:22:44:47 -0700] "GET /SchoolERP/js/vendor/jquery/jquery.min.js?v=4.8.4 HTTP/1.1" 200 30307 "-" "Mozilla/5.0 (compatible; AhrefsBot/7.0; +http://ahrefs.com/robot/)" "brainbox.co.in"
51.222.253.6 - - [08/Oct/2022:22:44:48 -0700] "GET /SchoolERP/themes/pmahomme/jquery/jquery-ui.css HTTP/1.1" 200 8486 "-" "Mozilla/5.0 (compatible; AhrefsBot/7.0; +http://ahrefs.com/robot/)" "brainbox.co.in"
51.222.253.19 - - [08/Oct/2022:22:44:48 -0700] "GET /SchoolERP/js/codemirror/addon/lint/sql-lint.js?v=4.8.4 HTTP/1.1" 200 433 "-" "Mozilla/5.0 (compatible; AhrefsBot/7.0; +http://ahrefs.com/robot/)" "brainbox.co.in"
51.222.253.9 - - [08/Oct/2022:22:44:49 -0700] "GET /SchoolERP/js/whitelist.php?v=4.8.4&lang=en HTTP/1.1" 200 57 "-" "Mozilla/5.0 (compatible; AhrefsBot/7.0; +http://ahrefs.com/robot/)" "brainbox.co.in"
51.222.253.5 - - [08/Oct/2022:22:44:49 -0700] "GET /SchoolERP/js/messages.php?l=en&v=4.8.4&lang=en HTTP/1.1" 200 8822 "-" "Mozilla/5.0 (compatible; AhrefsBot/7.0; +http://ahrefs.com/robot/)" "brainbox.co.in"
51.222.253.12 - - [08/Oct/2022:22:44:51 -0700] "GET /SchoolERP/js/vendor/jquery/jquery.debounce-1.0.5.js?v=4.8.4 HTTP/1.1" 200 529 "-" "Mozilla/5.0 (compatible; AhrefsBot/7.0; +http://ahrefs.com/robot/)" "brainbox.co.in"
51.222.253.17 - - [08/Oct/2022:22:44:51 -0700] "GET /SchoolERP/js/page_settings.js?v=4.8.4 HTTP/1.1" 200 639 "-" "Mozilla/5.0 (compatible; AhrefsBot/7.0; +http://ahrefs.com/robot/)" "brainbox.co.in"
51.222.253.10 - - [08/Oct/2022:22:44:51 -0700] "GET /SchoolERP/themes/dot.gif HTTP/1.1" 200 43 "-" "Mozilla/5.0 (compatible; AhrefsBot/7.0; +http://ahrefs.com/robot/)" "brainbox.co.in"
51.222.253.4 - - [08/Oct/2022:22:44:52 -0700] "GET /SchoolERP/js/keyhandler.js?v=4.8.4 HTTP/1.1" 200 1071 "-" "Mozilla/5.0 (compatible; AhrefsBot/7.0; +http://ahrefs.com/robot/)" "brainbox.co.in"
51.222.253.20 - - [08/Oct/2022:22:44:52 -0700] "GET /SchoolERP/js/vendor/codemirror/addon/hint/show-hint.css?v=4.8.4 HTTP/1.1" 200 324 "-" "Mozilla/5.0 (compatible; AhrefsBot/7.0; +http://ahrefs.com/robot/)" "brainbox.co.in"
51.222.253.16 - - [08/Oct/2022:22:44:53 -0700] "GET /SchoolERP/js/shortcuts_handler.js?v=4.8.4 HTTP/1.1" 200 733 "-" "Mozilla/5.0 (compatible; AhrefsBot/7.0; +http://ahrefs.com/robot/)" "brainbox.co.in"
51.222.253.20 - - [08/Oct/2022:22:44:53 -0700] "GET /SchoolERP/js/error_report.js?v=4.8.4 HTTP/1.1" 200 2513 "-" "Mozilla/5.0 (compatible; AhrefsBot/7.0; +http://ahrefs.com/robot/)" "brainbox.co.in"
51.222.253.14 - - [08/Oct/2022:22:44:54 -0700] "GET /SchoolERP/js/vendor/codemirror/mode/sql/sql.js?v=4.8.4 HTTP/1.1" 200 12538 "-" "Mozilla/5.0 (compatible; AhrefsBot/7.0; +http://ahrefs.com/robot/)" "brainbox.co.in"
51.222.253.4 - - [08/Oct/2022:22:44:54 -0700] "GET /SchoolERP/js/vendor/codemirror/addon/lint/lint.js?v=4.8.4 HTTP/1.1" 200 2581 "-" "Mozilla/5.0 (compatible; AhrefsBot/7.0; +http://ahrefs.com/robot/)" "brainbox.co.in"
51.222.253.1 - - [08/Oct/2022:22:44:55 -0700] "GET /SchoolERP/js/vendor/codemirror/addon/lint/lint.css?v=4.8.4 HTTP/1.1" 200 1267 "-" "Mozilla/5.0 (compatible; AhrefsBot/7.0; +http://ahrefs.com/robot/)" "brainbox.co.in"
51.222.253.3 - - [08/Oct/2022:22:44:55 -0700] "GET /SchoolERP/js/vendor/jquery/jquery.ba-hashchange-1.3.js?v=4.8.4 HTTP/1.1" 200 5333 "-" "Mozilla/5.0 (compatible; AhrefsBot/7.0; +http://ahrefs.com/robot/)" "brainbox.co.in"
51.222.253.17 - - [08/Oct/2022:22:44:56 -0700] "GET /SchoolERP/js/vendor/jquery/jquery-migrate.js?v=4.8.4 HTTP/1.1" 200 5811 "-" "Mozilla/5.0 (compatible; AhrefsBot/7.0; +http://ahrefs.com/robot/)" "brainbox.co.in"
51.222.253.16 - - [08/Oct/2022:22:44:56 -0700] "GET /SchoolERP/js/vendor/jquery/jquery.mousewheel.js?v=4.8.4 HTTP/1.1" 200 2550 "-" "Mozilla/5.0 (compatible; AhrefsBot/7.0; +http://ahrefs.com/robot/)" "brainbox.co.in"
51.222.253.20 - - [08/Oct/2022:22:44:56 -0700] "GET /SchoolERP/js/vendor/js.cookie.js?v=4.8.4 HTTP/1.1" 200 1481 "-" "Mozilla/5.0 (compatible; AhrefsBot/7.0; +http://ahrefs.com/robot/)" "brainbox.co.in"
51.222.253.10 - - [08/Oct/2022:22:44:57 -0700] "GET /SchoolERP/js/vendor/jquery/jquery.event.drag-2.2.js?v=4.8.4 HTTP/1.1" 200 4237 "-" "Mozilla/5.0 (compatible; AhrefsBot/7.0; +http://ahrefs.com/robot/)" "brainbox.co.in"
51.222.253.5 - - [08/Oct/2022:22:44:57 -0700] "GET /SchoolERP/js/vendor/tracekit.js?v=4.8.4 HTTP/1.1" 200 11381 "-" "Mozilla/5.0 (compatible; AhrefsBot/7.0; +http://ahrefs.com/robot/)" "brainbox.co.in"
51.222.253.19 - - [08/Oct/2022:22:44:58 -0700] "GET /SchoolERP/js/vendor/jquery/jquery.validate.js?v=4.8.4 HTTP/1.1" 200 13046 "-" "Mozilla/5.0 (compatible; AhrefsBot/7.0; +http://ahrefs.com/robot/)" "brainbox.co.in"
51.222.253.15 - - [08/Oct/2022:22:44:58 -0700] "GET /SchoolERP/js/vendor/codemirror/lib/codemirror.css?v=4.8.4 HTTP/1.1" 200 2531 "-" "Mozilla/5.0 (compatible; AhrefsBot/7.0; +http://ahrefs.com/robot/)" "brainbox.co.in"
114.119.145.174 - - [08/Oct/2022:22:45:55 -0700] "GET /PDFContent/Beetle/CLASS%20IV/ENGLISH%20SEM%202/ HTTP/1.1" 200 671 "https://brainbox.co.in/PDFContent/Beetle/CLASS%20IV/?C=M%3BO%3DA" "Mozilla/5.0 (Linux; Android 7.0;) AppleWebKit/537.36 (KHTML, like Gecko) Mobile Safari/537.36 (compatible; PetalBot;+https://webmaster.petalsearch.com/site/petalbot)" "brainbox.co.in"
185.191.171.39 - - [08/Oct/2022:22:50:24 -0700] "GET /PDFContent/Beetle/CLASS%20II/ENGLISH/?C=N%3BO%3DD HTTP/1.1" 200 624 "-" "Mozilla/5.0 (compatible; SemrushBot/7~bl; +http://www.semrush.com/bot.html)" "brainbox.co.in"
51.222.253.7 - - [08/Oct/2022:22:50:58 -0700] "GET /PDFContent/Beetle/CLASS%20IV/SOCIAL/ HTTP/1.1" 200 688 "-" "Mozilla/5.0 (compatible; AhrefsBot/7.0; +http://ahrefs.com/robot/)" "brainbox.co.in"
185.191.171.20 - - [08/Oct/2022:22:51:22 -0700] "GET /robots.txt HTTP/1.1" 404 88 "-" "Mozilla/5.0 (compatible; SemrushBot/7~bl; +http://www.semrush.com/bot.html)" "brainbox.co.in"
185.191.171.39 - - [08/Oct/2022:22:51:23 -0700] "GET /PDFContent/Beetle/CLASS%20I/ENGLISH/ HTTP/1.1" 200 681 "-" "Mozilla/5.0 (compatible; SemrushBot/7~bl; +http://www.semrush.com/bot.html)" "brainbox.co.in"
114.119.145.187 - - [08/Oct/2022:22:51:40 -0700] "GET /PDFContent/01%20TSB/03%20Class%20VIII/English/LS7C/?C=M%3BO%3DA HTTP/1.1" 200 525 "https://brainbox.co.in/PDFContent/01%20TSB/03%20Class%20VIII/English/LS7C/?C=D%3BO%3DA" "Mozilla/5.0 (Linux; Android 7.0;) AppleWebKit/537.36 (KHTML, like Gecko) Mobile Safari/537.36 (compatible; PetalBot;+https://webmaster.petalsearch.com/site/petalbot)" "brainbox.co.in"
185.191.171.17 - - [08/Oct/2022:22:53:27 -0700] "GET /PDFContent/03%20CBSE/02%20Class%20VII/Science/SOIL/?C=D%3BO%3DA HTTP/1.1" 200 498 "-" "Mozilla/5.0 (compatible; SemrushBot/7~bl; +http://www.semrush.com/bot.html)" "brainbox.co.in"
114.119.145.174 - - [08/Oct/2022:22:57:19 -0700] "GET /PDFContent/03%20CBSE/06%20Class%20XI/Physics/MOTION%20IN%20STRAIGHT%20LINE/ HTTP/1.1" 200 829 "https://brainbox.co.in/PDFContent/03%20CBSE/06%20Class%20XI/Physics/?C=S%3BO%3DA" "Mozilla/5.0 (Linux; Android 7.0;) AppleWebKit/537.36 (KHTML, like Gecko) Mobile Safari/537.36 (compatible; PetalBot;+https://webmaster.petalsearch.com/site/petalbot)" "brainbox.co.in"
51.222.253.11 - - [08/Oct/2022:22:57:49 -0700] "GET /PDFContent/Beetle/CLASS%20I/?C=S;O=A HTTP/1.1" 200 469 "-" "Mozilla/5.0 (compatible; AhrefsBot/7.0; +http://ahrefs.com/robot/)" "brainbox.co.in"
34.139.197.220 - - [08/Oct/2022:22:59:20 -0700] "GET /robots.txt HTTP/1.1" 404 88 "-" "ZoominfoBot (zoominfobot at zoominfo dot com)" "brainbox.co.in"
34.139.197.220 - - [08/Oct/2022:22:59:21 -0700] "GET /robots.txt HTTP/1.1" 404 88 "-" "ZoominfoBot (zoominfobot at zoominfo dot com)" "brainbox.co.in"
34.139.197.220 - - [08/Oct/2022:22:59:21 -0700] "GET / HTTP/1.1" 200 432 "-" "ZoominfoBot (zoominfobot at zoominfo dot com)" "brainbox.co.in"
114.119.135.132 - - [08/Oct/2022:23:03:03 -0700] "GET /PDFContent/04%20ICSE/04%20Class%20IX/Sanskrit/?C=M%3BO%3DA HTTP/1.1" 200 353 "https://brainbox.co.in/PDFContent/04%20ICSE/04%20Class%20IX/Sanskrit/?C=N%3BO%3DD" "Mozilla/5.0 (Linux; Android 7.0;) AppleWebKit/537.36 (KHTML, like Gecko) Mobile Safari/537.36 (compatible; PetalBot;+https://webmaster.petalsearch.com/site/petalbot)" "brainbox.co.in"
51.222.253.6 - - [08/Oct/2022:23:04:25 -0700] "GET /PDFContent/02%20APSB/05%20Class%20X/Maths/?C=M;O=A HTTP/1.1" 200 352 "-" "Mozilla/5.0 (compatible; AhrefsBot/7.0; +http://ahrefs.com/robot/)" "brainbox.co.in"
185.191.171.38 - - [08/Oct/2022:23:04:41 -0700] "GET /PDFContent/02%20APSB/02%20Class%20VII/Maths/?C=D%3BO%3DA HTTP/1.1" 200 352 "-" "Mozilla/5.0 (compatible; SemrushBot/7~bl; +http://www.semrush.com/bot.html)" "brainbox.co.in"
185.191.171.18 - - [08/Oct/2022:23:05:34 -0700] "GET /PDFContent/02%20APSB/06%20Class%20XI/Hindi/?C=D%3BO%3DA HTTP/1.1" 200 353 "-" "Mozilla/5.0 (compatible; SemrushBot/7~bl; +http://www.semrush.com/bot.html)" "brainbox.co.in"
185.191.171.11 - - [08/Oct/2022:23:07:23 -0700] "GET /PDFContent/04%20ICSE/02%20Class%20VII/Chemistry/?C=M%3BO%3DA HTTP/1.1" 200 355 "-" "Mozilla/5.0 (compatible; SemrushBot/7~bl; +http://www.semrush.com/bot.html)" "brainbox.co.in"
114.119.145.175 - - [08/Oct/2022:23:08:47 -0700] "GET /PDFContent/03%20CBSE/04%20Class%20IX/Physics/Motion/Speed HTTP/1.1" 200 215475 "https://brainboxschool.com/material/CBSE/IX/Physics/MOTION.html" "Mozilla/5.0 (Linux; Android 7.0;) AppleWebKit/537.36 (KHTML, like Gecko) Mobile Safari/537.36 (compatible; PetalBot;+https://webmaster.petalsearch.com/site/petalbot)" "brainbox.co.in"
51.222.253.12 - - [08/Oct/2022:23:10:54 -0700] "GET /PDFContent/03%20CBSE/03%20Class%20VIII/?C=S;O=A HTTP/1.1" 200 551 "-" "Mozilla/5.0 (compatible; AhrefsBot/7.0; +http://ahrefs.com/robot/)" "brainbox.co.in"
114.119.135.132 - - [08/Oct/2022:23:14:29 -0700] "GET /PDFContent/SPECIAL%20CROUSE/Part%201%20Grammar%20Essentials/STD_VII/UNIT-5.pdf HTTP/1.1" 200 236367 "https://brainbox.co.in/PDFContent/SPECIAL%20CROUSE/Part%201%20Grammar%20Essentials/STD_VII/?C=N%3BO%3DD" "Mozilla/5.0 (Linux; Android 7.0;) AppleWebKit/537.36 (KHTML, like Gecko) Mobile Safari/537.36 (compatible; PetalBot;+https://webmaster.petalsearch.com/site/petalbot)" "brainbox.co.in"
18.222.228.186 - - [08/Oct/2022:23:15:54 -0700] "GET /~richard/templates/beez/US/uk/paypal/login.htm HTTP/1.1" 404 73 "-" "Mozilla/5.0 (Macintosh; Intel Mac OS X 10_10_5) AppleWebKit/537.36 (KHTML, like Gecko) Chrome/52.0.2743.116 Safari/537.36" "brainbox.co.in"
51.222.253.1 - - [08/Oct/2022:23:17:12 -0700] "GET /PDFContent/01%20TSB/03%20Class%20VIII/?C=D;O=A HTTP/1.1" 200 515 "-" "Mozilla/5.0 (compatible; AhrefsBot/7.0; +http://ahrefs.com/robot/)" "brainbox.co.in"
114.119.145.175 - - [08/Oct/2022:23:20:05 -0700] "GET /PDFContent/01%20TSB/03%20Class%20VIII/English/LS7A/?C=S%3BO%3DA HTTP/1.1" 200 519 "https://brainbox.co.in/PDFContent/01%20TSB/03%20Class%20VIII/English/LS7A/?C=D%3BO%3DA" "Mozilla/5.0 (Linux; Android 7.0;) AppleWebKit/537.36 (KHTML, like Gecko) Mobile Safari/537.36 (compatible; PetalBot;+https://webmaster.petalsearch.com/site/petalbot)" "brainbox.co.in"
51.222.253.3 - - [08/Oct/2022:23:24:25 -0700] "GET /PDFContent/Beetle/CLASS%20I/?C=D;O=A HTTP/1.1" 200 469 "-" "Mozilla/5.0 (compatible; AhrefsBot/7.0; +http://ahrefs.com/robot/)" "brainbox.co.in"
114.119.135.132 - - [08/Oct/2022:23:25:50 -0700] "GET /PDFContent/04%20ICSE/02%20Class%20VII/Sanskrit/ HTTP/1.1" 200 355 "https://brainbox.co.in/PDFContent/04%20ICSE/02%20Class%20VII/?C=S%3BO%3DA" "Mozilla/5.0 (Linux; Android 7.0;) AppleWebKit/537.36 (KHTML, like Gecko) Mobile Safari/537.36 (compatible; PetalBot;+https://webmaster.petalsearch.com/site/petalbot)" "brainbox.co.in"
114.119.145.187 - - [08/Oct/2022:23:31:16 -0700] "GET /PDFContent/03%20CBSE/02%20Class%20VII/?C=S%3BO%3DA HTTP/1.1" 200 495 "https://brainbox.co.in/PDFContent/03%20CBSE/02%20Class%20VII/?C=D%3BO%3DA" "Mozilla/5.0 (Linux; Android 7.0;) AppleWebKit/537.36 (KHTML, like Gecko) Mobile Safari/537.36 (compatible; PetalBot;+https://webmaster.petalsearch.com/site/petalbot)" "brainbox.co.in"
51.222.253.13 - - [08/Oct/2022:23:31:25 -0700] "GET /PDFContent/Beetle/CLASS%20IV/SOCIAL/?C=N;O=D HTTP/1.1" 200 687 "-" "Mozilla/5.0 (compatible; AhrefsBot/7.0; +http://ahrefs.com/robot/)" "brainbox.co.in"
114.119.135.132 - - [08/Oct/2022:23:36:36 -0700] "GET /PDFContent/Beetle/CLASS%20V/SCIENCE/SEM%201/Lesson%206.%20The%20air%20around%20you.pdf HTTP/1.1" 200 88813 "https://brainbox.co.in/PDFContent/Beetle/CLASS%20V/SCIENCE/SEM%201/?C=N%3BO%3DD" "Mozilla/5.0 (Linux; Android 7.0;) AppleWebKit/537.36 (KHTML, like Gecko) Mobile Safari/537.36 (compatible; PetalBot;+https://webmaster.petalsearch.com/site/petalbot)" "brainbox.co.in"
51.222.253.1 - - [08/Oct/2022:23:38:09 -0700] "GET /PDFContent/01%20TSB/03%20Class%20VIII/?C=S;O=A HTTP/1.1" 200 515 "-" "Mozilla/5.0 (compatible; AhrefsBot/7.0; +http://ahrefs.com/robot/)" "brainbox.co.in"
185.191.171.38 - - [08/Oct/2022:23:38:50 -0700] "GET /PDFContent/01%20TSB/02%20Class%20VII/Physics/ HTTP/1.1" 200 353 "-" "Mozilla/5.0 (compatible; SemrushBot/7~bl; +http://www.semrush.com/bot.html)" "brainbox.co.in"
114.119.145.175 - - [08/Oct/2022:23:41:57 -0700] "GET /PDFContent/Beetle/CLASS%20IV/SOCIAL/LESSON%204.%20THE%20GREAT%20INDIAN%20DESERT.pdf HTTP/1.1" 200 114857 "https://brainbox.co.in/PDFContent/Beetle/CLASS%20IV/SOCIAL/?C=M%3BO%3DA" "Mozilla/5.0 (Linux; Android 7.0;) AppleWebKit/537.36 (KHTML, like Gecko) Mobile Safari/537.36 (compatible; PetalBot;+https://webmaster.petalsearch.com/site/petalbot)" "brainbox.co.in"
51.222.253.14 - - [08/Oct/2022:23:44:48 -0700] "GET /PDFContent/Beetle/CLASS%20I/?C=M;O=A HTTP/1.1" 200 469 "-" "Mozilla/5.0 (compatible; AhrefsBot/7.0; +http://ahrefs.com/robot/)" "brainbox.co.in"
114.119.145.175 - - [08/Oct/2022:23:47:20 -0700] "GET /PDFContent/03%20CBSE/03%20Class%20VIII/Chemistry/ HTTP/1.1" 200 631 "https://brainbox.co.in/PDFContent/03%20CBSE/03%20Class%20VIII/Chemistry/CHEMICAL%20EFFECTS%20OF%20ELECTRIC%20CURRENT/" "Mozilla/5.0 (Linux; Android 7.0;) AppleWebKit/537.36 (KHTML, like Gecko) Mobile Safari/537.36 (compatible; PetalBot;+https://webmaster.petalsearch.com/site/petalbot)" "brainbox.co.in"
185.191.171.26 - - [08/Oct/2022:23:47:21 -0700] "GET /PDFContent/04%20ICSE/02%20Class%20VII/Chemistry/?C=N%3BO%3DD HTTP/1.1" 200 355 "-" "Mozilla/5.0 (compatible; SemrushBot/7~bl; +http://www.semrush.com/bot.html)" "brainbox.co.in"
66.249.79.84 - - [08/Oct/2022:23:49:21 -0700] "GET /robots.txt HTTP/1.1" 404 88 "-" "Mozilla/5.0 (compatible; Googlebot/2.1; +http://www.google.com/bot.html)" "brainbox.co.in"
66.249.79.84 - - [08/Oct/2022:23:49:35 -0700] "GET /ads.txt HTTP/1.1" 404 88 "-" "Mozilla/5.0 (compatible; Googlebot/2.1; +http://www.google.com/bot.html)" "brainbox.co.in"
185.191.171.37 - - [08/Oct/2022:23:49:54 -0700] "GET /PDFContent/04%20ICSE/04%20Class%20IX/Maths/?C=M%3BO%3DA HTTP/1.1" 200 351 "-" "Mozilla/5.0 (compatible; SemrushBot/7~bl; +http://www.semrush.com/bot.html)" "brainbox.co.in"
51.222.253.1 - - [08/Oct/2022:23:51:33 -0700] "GET /PDFContent/01%20TSB/05%20Class%20X/English/6A,ENVIRONMENT/?C=D;O=A HTTP/1.1" 200 518 "-" "Mozilla/5.0 (compatible; AhrefsBot/7.0; +http://ahrefs.com/robot/)" "brainbox.co.in"
185.191.171.1 - - [08/Oct/2022:23:52:36 -0700] "GET /robots.txt HTTP/1.1" 404 88 "-" "Mozilla/5.0 (compatible; SemrushBot/7~bl; +http://www.semrush.com/bot.html)" "brainbox.co.in"
185.191.171.7 - - [08/Oct/2022:23:52:36 -0700] "GET /PDFContent/04%20ICSE/02%20Class%20VII/Hindi/?C=N%3BO%3DD HTTP/1.1" 200 353 "-" "Mozilla/5.0 (compatible; SemrushBot/7~bl; +http://www.semrush.com/bot.html)" "brainbox.co.in"
114.119.145.174 - - [08/Oct/2022:23:52:40 -0700] "GET /PDFContent/01%20TSB/02%20Class%20VII/Hindi/word%20meaning/ HTTP/1.1" 200 920 "https://brainbox.co.in/PDFContent/01%20TSB/02%20Class%20VII/Hindi/?C=S%3BO%3DA" "Mozilla/5.0 (Linux; Android 7.0;) AppleWebKit/537.36 (KHTML, like Gecko) Mobile Safari/537.36 (compatible; PetalBot;+https://webmaster.petalsearch.com/site/petalbot)" "brainbox.co.in"
185.191.171.23 - - [08/Oct/2022:23:57:25 -0700] "GET /PDFContent/01%20TSB/01%20Class%20VI/?C=N%3BO%3DD HTTP/1.1" 200 496 "-" "Mozilla/5.0 (compatible; SemrushBot/7~bl; +http://www.semrush.com/bot.html)" "brainbox.co.in"
114.119.145.175 - - [08/Oct/2022:23:58:02 -0700] "GET /PDFContent/Beetle/CLASS%20II/MATHEMATICS%20SEM%202/Lesson%208.%20Measurement%20of%20mass.pdf HTTP/1.1" 200 608282 "https://brainbox.co.in/PDFContent/Beetle/CLASS%20II/MATHEMATICS%20SEM%202/?C=M%3BO%3DA" "Mozilla/5.0 (Linux; Android 7.0;) AppleWebKit/537.36 (KHTML, like Gecko) Mobile Safari/537.36 (compatible; PetalBot;+https://webmaster.petalsearch.com/site/petalbot)" "brainbox.co.in"
51.222.253.13 - - [08/Oct/2022:23:58:25 -0700] "GET /PDFContent/03%20CBSE/03%20Class%20VIII/Sanskrit/ HTTP/1.1" 200 454 "-" "Mozilla/5.0 (compatible; AhrefsBot/7.0; +http://ahrefs.com/robot/)" "brainbox.co.in"
185.191.171.22 - - [09/Oct/2022:00:01:31 -0700] "GET /PDFContent/04%20ICSE/05%20Class%20X/Hindi/?C=S%3BO%3DA HTTP/1.1" 200 351 "-" "Mozilla/5.0 (compatible; SemrushBot/7~bl; +http://www.semrush.com/bot.html)" "brainbox.co.in"
114.119.145.175 - - [09/Oct/2022:00:03:23 -0700] "GET /PDFContent/01%20TSB/04%20Class%20IX/ HTTP/1.1" 200 498 "https://brainbox.co.in/PDFContent/01%20TSB/04%20Class%20IX/Maths/?C=M%3BO%3DA" "Mozilla/5.0 (Linux; Android 7.0;) AppleWebKit/537.36 (KHTML, like Gecko) Mobile Safari/537.36 (compatible; PetalBot;+https://webmaster.petalsearch.com/site/petalbot)" "brainbox.co.in"
185.191.171.1 - - [09/Oct/2022:00:05:11 -0700] "GET /PDFContent/02%20APSB/03%20Class%20VIII/Hindi/?C=D%3BO%3DA HTTP/1.1" 200 353 "-" "Mozilla/5.0 (compatible; SemrushBot/7~bl; +http://www.semrush.com/bot.html)" "brainbox.co.in"
51.222.253.10 - - [09/Oct/2022:00:05:27 -0700] "GET /PDFContent/01%20TSB/05%20Class%20X/English/6A,ENVIRONMENT/?C=M;O=A HTTP/1.1" 200 518 "-" "Mozilla/5.0 (compatible; AhrefsBot/7.0; +http://ahrefs.com/robot/)" "brainbox.co.in"
114.119.145.174 - - [09/Oct/2022:00:08:47 -0700] "GET /PDFContent/01%20TSB/02%20Class%20VII/Hindi/word%20meaning/TSV_VII_LS19_AATMVISWAS_WORD%20MEANING.pdf HTTP/1.1" 200 191834 "https://brainbox.co.in/PDFContent/01%20TSB/02%20Class%20VII/Hindi/word%20meaning/" "Mozilla/5.0 (Linux; Android 7.0;) AppleWebKit/537.36 (KHTML, like Gecko) Mobile Safari/537.36 (compatible; PetalBot;+https://webmaster.petalsearch.com/site/petalbot)" "brainbox.co.in"
185.191.171.18 - - [09/Oct/2022:00:10:48 -0700] "GET /PDFContent/03%20CBSE/03%20Class%20VIII/Chemistry/CHEMICAL%20EFFECTS%20OF%20ELECTRIC%20CURRENT/?C=N%3BO%3DD HTTP/1.1" 200 550 "-" "Mozilla/5.0 (compatible; SemrushBot/7~bl; +http://www.semrush.com/bot.html)" "brainbox.co.in"
51.222.253.2 - - [09/Oct/2022:00:12:25 -0700] "GET /PDFContent/03%20CBSE/02%20Class%20VII/Science/ HTTP/1.1" 200 833 "-" "Mozilla/5.0 (compatible; AhrefsBot/7.0; +http://ahrefs.com/robot/)" "brainbox.co.in"
185.191.171.34 - - [09/Oct/2022:00:13:21 -0700] "GET /PDFContent/03%20CBSE/03%20Class%20VIII/Physics/Stars%20&%20Evolution/?C=M%3BO%3DA HTTP/1.1" 200 554 "-" "Mozilla/5.0 (compatible; SemrushBot/7~bl; +http://www.semrush.com/bot.html)" "brainbox.co.in"
114.119.135.132 - - [09/Oct/2022:00:14:08 -0700] "GET /PDFContent/01%20TSB/03%20Class%20VIII/English/LS4A/TSB_VIII_ENGLISH_LS4A_THE%20FUN%20THEY%20HAD_QUESTIONS%20AND%20ANSWERS.pdf HTTP/1.1" 200 349165 "https://brainbox.co.in/PDFContent/01%20TSB/03%20Class%20VIII/English/LS4A/?C=S%3BO%3DA" "Mozilla/5.0 (Linux; Android 7.0;) AppleWebKit/537.36 (KHTML, like Gecko) Mobile Safari/537.36 (compatible; PetalBot;+https://webmaster.petalsearch.com/site/petalbot)" "brainbox.co.in"
51.222.253.17 - - [09/Oct/2022:00:19:07 -0700] "GET /PDFContent/Beetle/CLASS%20I/?C=M;O=D HTTP/1.1" 200 466 "-" "Mozilla/5.0 (compatible; AhrefsBot/7.0; +http://ahrefs.com/robot/)" "brainbox.co.in"
114.119.145.175 - - [09/Oct/2022:00:19:28 -0700] "GET /PDFContent/03%20CBSE/04%20Class%20IX/Maths/LINEAR%20EQUATIONS%20IN%20TWO%20VARIABLES/CBSE_IX_MATHS_LS04_LINEAR%20EQUATIONS%20IN%20%20TWO%20VARIABLES_LINEAR%20EQUATION.pdf HTTP/1.1" 200 460395 "https://brainbox.co.in/PDFContent/03%20CBSE/04%20Class%20IX/Maths/LINEAR%20EQUATIONS%20IN%20TWO%20VARIABLES/?C=S%3BO%3DA" "Mozilla/5.0 (Linux; Android 7.0;) AppleWebKit/537.36 (KHTML, like Gecko) Mobile Safari/537.36 (compatible; PetalBot;+https://webmaster.petalsearch.com/site/petalbot)" "brainbox.co.in"
185.191.171.12 - - [09/Oct/2022:00:23:48 -0700] "GET /PDFContent/03%20CBSE/03%20Class%20VIII/Physics/SOME%20NATURAL%20PHENOMENA/?C=M%3BO%3DA HTTP/1.1" 200 547 "-" "Mozilla/5.0 (compatible; SemrushBot/7~bl; +http://www.semrush.com/bot.html)" "brainbox.co.in"
114.119.145.174 - - [09/Oct/2022:00:24:49 -0700] "GET /PDFContent/03%20CBSE/05%20Class%20X/Hindi/ HTTP/1.1" 200 1378 "https://brainbox.co.in/PDFContent/03%20CBSE/05%20Class%20X/?C=N%3BO%3DD" "Mozilla/5.0 (Linux; Android 7.0;) AppleWebKit/537.36 (KHTML, like Gecko) Mobile Safari/537.36 (compatible; PetalBot;+https://webmaster.petalsearch.com/site/petalbot)" "brainbox.co.in"
51.222.253.12 - - [09/Oct/2022:00:25:39 -0700] "GET /PDFContent/01%20TSB/03%20Class%20VIII/English/LS2B/?C=N;O=D HTTP/1.1" 200 602 "-" "Mozilla/5.0 (compatible; AhrefsBot/7.0; +http://ahrefs.com/robot/)" "brainbox.co.in"
114.119.145.187 - - [09/Oct/2022:00:30:09 -0700] "GET /PDFContent/01%20TSB/03%20Class%20VIII/English/LS1B/New/?C=M%3BO%3DA HTTP/1.1" 200 527 "https://brainbox.co.in/PDFContent/01%20TSB/03%20Class%20VIII/English/LS1B/New/" "Mozilla/5.0 (Linux; Android 7.0;) AppleWebKit/537.36 (KHTML, like Gecko) Mobile Safari/537.36 (compatible; PetalBot;+https://webmaster.petalsearch.com/site/petalbot)" "brainbox.co.in"
185.191.171.20 - - [09/Oct/2022:00:30:58 -0700] "GET /PDFContent/04%20ICSE/06%20Class%20XI/Physics/?C=N%3BO%3DD HTTP/1.1" 200 354 "-" "Mozilla/5.0 (compatible; SemrushBot/7~bl; +http://www.semrush.com/bot.html)" "brainbox.co.in"
51.222.253.20 - - [09/Oct/2022:00:32:15 -0700] "GET /PDFContent/03%20CBSE/04%20Class%20IX/Biology/WHY%20DO%20WE%20FALL%20ILL/?C=D;O=A HTTP/1.1" 200 524 "-" "Mozilla/5.0 (compatible; AhrefsBot/7.0; +http://ahrefs.com/robot/)" "brainbox.co.in"
114.119.145.187 - - [09/Oct/2022:00:35:32 -0700] "GET /PDFContent/04%20ICSE/01%20Class%20VI/Chemistry/?C=N%3BO%3DD HTTP/1.1" 200 355 "https://brainbox.co.in/PDFContent/04%20ICSE/01%20Class%20VI/Chemistry/?C=S%3BO%3DA" "Mozilla/5.0 (Linux; Android 7.0;) AppleWebKit/537.36 (KHTML, like Gecko) Mobile Safari/537.36 (compatible; PetalBot;+https://webmaster.petalsearch.com/site/petalbot)" "brainbox.co.in"
51.222.253.7 - - [09/Oct/2022:00:38:31 -0700] "GET /PDFContent/04%20ICSE/04%20Class%20IX/Physics/?C=D;O=A HTTP/1.1" 200 352 "-" "Mozilla/5.0 (compatible; AhrefsBot/7.0; +http://ahrefs.com/robot/)" "brainbox.co.in"
185.191.171.9 - - [09/Oct/2022:00:39:00 -0700] "GET /PDFContent/03%20CBSE/03%20Class%20VIII/Physics/Light/?C=M%3BO%3DA HTTP/1.1" 200 519 "-" "Mozilla/5.0 (compatible; SemrushBot/7~bl; +http://www.semrush.com/bot.html)" "brainbox.co.in"
114.119.145.174 - - [09/Oct/2022:00:40:53 -0700] "GET /PDFContent/01%20TSB/03%20Class%20VIII/English/LS3A/TSB_VIII_ENGLISH_LS3A_%20THE%20SELFISH%20GIANT%20P1_INTRODUCTION.pdf HTTP/1.1" 200 348772 "https://brainbox.co.in/PDFContent/01%20TSB/03%20Class%20VIII/English/LS3A/?C=N%3BO%3DD" "Mozilla/5.0 (Linux; Android 7.0;) AppleWebKit/537.36 (KHTML, like Gecko) Mobile Safari/537.36 (compatible; PetalBot;+https://webmaster.petalsearch.com/site/petalbot)" "brainbox.co.in"
185.191.171.44 - - [09/Oct/2022:00:44:14 -0700] "GET /PDFContent/01%20TSB/05%20Class%20X/?C=D%3BO%3DA HTTP/1.1" 200 508 "-" "Mozilla/5.0 (compatible; SemrushBot/7~bl; +http://www.semrush.com/bot.html)" "brainbox.co.in"
51.222.253.13 - - [09/Oct/2022:00:44:53 -0700] "GET /PDFContent/04%20ICSE/04%20Class%20IX/Physics/?C=M;O=A HTTP/1.1" 200 352 "-" "Mozilla/5.0 (compatible; AhrefsBot/7.0; +http://ahrefs.com/robot/)" "brainbox.co.in"
114.119.145.187 - - [09/Oct/2022:00:46:20 -0700] "GET /PDFContent/03%20CBSE/07%20Class%20XII/Chemistry/SOLUTIONS/ HTTP/1.1" 200 696 "https://brainbox.co.in/PDFContent/03%20CBSE/07%20Class%20XII/Chemistry/?C=N%3BO%3DD" "Mozilla/5.0 (Linux; Android 7.0;) AppleWebKit/537.36 (KHTML, like Gecko) Mobile Safari/537.36 (compatible; PetalBot;+https://webmaster.petalsearch.com/site/petalbot)" "brainbox.co.in"
185.191.171.9 - - [09/Oct/2022:00:49:15 -0700] "GET /PDFContent/03%20CBSE/03%20Class%20VIII/Physics/FRICTION/?C=D%3BO%3DA HTTP/1.1" 200 587 "-" "Mozilla/5.0 (compatible; SemrushBot/7~bl; +http://www.semrush.com/bot.html)" "brainbox.co.in"
51.222.253.15 - - [09/Oct/2022:00:51:17 -0700] "GET /PDFContent/04%20ICSE/04%20Class%20IX/Physics/?C=S;O=A HTTP/1.1" 200 352 "-" "Mozilla/5.0 (compatible; AhrefsBot/7.0; +http://ahrefs.com/robot/)" "brainbox.co.in"
114.119.145.187 - - [09/Oct/2022:00:51:45 -0700] "GET /PDFContent/Beetle/CLASS%20V/SCIENCE/ HTTP/1.1" 200 398 "https://brainbox.co.in/PDFContent/Beetle/CLASS%20V/SCIENCE/SEM%201/?C=N%3BO%3DD" "Mozilla/5.0 (Linux; Android 7.0;) AppleWebKit/537.36 (KHTML, like Gecko) Mobile Safari/537.36 (compatible; PetalBot;+https://webmaster.petalsearch.com/site/petalbot)" "brainbox.co.in"
185.191.171.18 - - [09/Oct/2022:00:53:32 -0700] "GET /robots.txt HTTP/1.1" 404 88 "-" "Mozilla/5.0 (compatible; SemrushBot/7~bl; +http://www.semrush.com/bot.html)" "brainbox.co.in"
185.191.171.3 - - [09/Oct/2022:00:53:33 -0700] "GET /PDFContent/03%20CBSE/02%20Class%20VII/Sanskrit/?C=N%3BO%3DD HTTP/1.1" 200 355 "-" "Mozilla/5.0 (compatible; SemrushBot/7~bl; +http://www.semrush.com/bot.html)" "brainbox.co.in"
114.119.145.174 - - [09/Oct/2022:00:57:15 -0700] "GET /PDFContent/01%20TSB/03%20Class%20VIII/English/LS2A/TSBoard_English_VIII_LS2A_characters.pdf HTTP/1.1" 200 191115 "https://brainbox.co.in/PDFContent/01%20TSB/03%20Class%20VIII/English/LS2A/?C=M%3BO%3DA" "Mozilla/5.0 (Linux; Android 7.0;) AppleWebKit/537.36 (KHTML, like Gecko) Mobile Safari/537.36 (compatible; PetalBot;+https://webmaster.petalsearch.com/site/petalbot)" "brainbox.co.in"
51.222.253.20 - - [09/Oct/2022:00:57:45 -0700] "GET /PDFContent/04%20ICSE/04%20Class%20IX/Maths/?C=S;O=A HTTP/1.1" 200 351 "-" "Mozilla/5.0 (compatible; AhrefsBot/7.0; +http://ahrefs.com/robot/)" "brainbox.co.in"
185.191.171.17 - - [09/Oct/2022:00:58:30 -0700] "GET /PDFContent/03%20CBSE/01%20Class%20VI/?C=S%3BO%3DA HTTP/1.1" 200 471 "-" "Mozilla/5.0 (compatible; SemrushBot/7~bl; +http://www.semrush.com/bot.html)" "brainbox.co.in"
185.191.171.3 - - [09/Oct/2022:01:01:45 -0700] "GET /PDFContent/02%20APSB/02%20Class%20VII/English/?C=D%3BO%3DA HTTP/1.1" 200 353 "-" "Mozilla/5.0 (compatible; SemrushBot/7~bl; +http://www.semrush.com/bot.html)" "brainbox.co.in"
114.119.145.174 - - [09/Oct/2022:01:02:44 -0700] "GET /PDFContent/Beetle/CLASS%20I/EVS/Lesson%209.%20People%20who%20help%20us.pdf HTTP/1.1" 200 36958 "https://brainbox.co.in/PDFContent/Beetle/CLASS%20I/EVS/?C=N%3BO%3DD" "Mozilla/5.0 (Linux; Android 7.0;) AppleWebKit/537.36 (KHTML, like Gecko) Mobile Safari/537.36 (compatible; PetalBot;+https://webmaster.petalsearch.com/site/petalbot)" "brainbox.co.in"
51.222.253.15 - - [09/Oct/2022:01:04:13 -0700] "GET /PDFContent/04%20ICSE/04%20Class%20IX/Telugu/?C=D;O=A HTTP/1.1" 200 352 "-" "Mozilla/5.0 (compatible; AhrefsBot/7.0; +http://ahrefs.com/robot/)" "brainbox.co.in"
