66.249.79.202 - - [03/Oct/2022:17:00:19 -0700] "GET /robots.txt HTTP/1.1" 404 88 "-" "Mozilla/5.0 (compatible; Googlebot/2.1; +http://www.google.com/bot.html)" "www.brainbox.co.in"
114.119.145.174 - - [03/Oct/2022:17:05:28 -0700] "GET /PDFContent/Beetle/CLASS%20II/ENGLISH%20SEM%202/Lesson%202%20-%20My%20neighbour.pdf HTTP/1.1" 200 134439 "https://brainbox.co.in/PDFContent/Beetle/CLASS%20II/ENGLISH%20SEM%202/?C=N%3BO%3DD" "Mozilla/5.0 (Linux; Android 7.0;) AppleWebKit/537.36 (KHTML, like Gecko) Mobile Safari/537.36 (compatible; PetalBot;+https://webmaster.petalsearch.com/site/petalbot)" "brainbox.co.in"
54.36.148.47 - - [03/Oct/2022:17:09:10 -0700] "GET /PDFContent/01%20TSB/05%20Class%20X/ HTTP/1.1" 200 508 "-" "Mozilla/5.0 (compatible; AhrefsBot/7.0; +http://ahrefs.com/robot/)" "brainbox.co.in"
114.119.145.174 - - [03/Oct/2022:17:12:01 -0700] "GET /PDFContent/01%20TSB/01%20Class%20VI/Physics/?C=M%3BO%3DA HTTP/1.1" 200 351 "https://brainbox.co.in/PDFContent/01%20TSB/01%20Class%20VI/Physics/?C=D%3BO%3DA" "Mozilla/5.0 (Linux; Android 7.0;) AppleWebKit/537.36 (KHTML, like Gecko) Mobile Safari/537.36 (compatible; PetalBot;+https://webmaster.petalsearch.com/site/petalbot)" "brainbox.co.in"
114.119.145.187 - - [03/Oct/2022:17:18:45 -0700] "GET /PDFContent/03%20CBSE/06%20Class%20XI/Maths/QUADRATIC%20EQUATIONS/?C=N%3BO%3DD HTTP/1.1" 200 781 "https://brainbox.co.in/PDFContent/03%20CBSE/06%20Class%20XI/Maths/QUADRATIC%20EQUATIONS/" "Mozilla/5.0 (Linux; Android 7.0;) AppleWebKit/537.36 (KHTML, like Gecko) Mobile Safari/537.36 (compatible; PetalBot;+https://webmaster.petalsearch.com/site/petalbot)" "brainbox.co.in"
95.108.213.76 - - [03/Oct/2022:17:22:58 -0700] "GET /robots.txt HTTP/1.1" 404 73 "-" "Mozilla/5.0 (compatible; YandexBot/3.0; +http://yandex.com/bots)" "brainbox.co.in"
5.255.253.107 - - [03/Oct/2022:17:23:11 -0700] "GET /PDFContent/04%20ICSE/01%20Class%20VI/Maths/ HTTP/1.1" 200 352 "-" "Mozilla/5.0 (compatible; YandexBot/3.0; +http://yandex.com/bots)" "brainbox.co.in"
157.55.39.83 - - [03/Oct/2022:17:25:05 -0700] "GET /PDFContent/03%20CBSE/07%20Class%20XII/Maths/PROBABILITY/CBSE_XII_MATHS_LS13_PROBABILITY_ADDITION%20THEOREM.pdf HTTP/1.1" 200 320331 "-" "Mozilla/5.0 (compatible; bingbot/2.0; +http://www.bing.com/bingbot.htm)" "brainbox.co.in"
114.119.135.132 - - [03/Oct/2022:17:25:11 -0700] "GET /PDFContent/03%20CBSE/03%20Class%20VIII/Biology/Fundamental%20Unit%20of%20Life/?C=N%3BO%3DD HTTP/1.1" 200 424 "https://brainbox.co.in/PDFContent/03%20CBSE/03%20Class%20VIII/Biology/Fundamental%20Unit%20of%20Life/?C=S%3BO%3DA" "Mozilla/5.0 (Linux; Android 7.0;) AppleWebKit/537.36 (KHTML, like Gecko) Mobile Safari/537.36 (compatible; PetalBot;+https://webmaster.petalsearch.com/site/petalbot)" "brainbox.co.in"
185.191.171.36 - - [03/Oct/2022:17:28:39 -0700] "GET /robots.txt HTTP/1.1" 404 88 "-" "Mozilla/5.0 (compatible; SemrushBot/7~bl; +http://www.semrush.com/bot.html)" "brainbox.co.in"
185.191.171.37 - - [03/Oct/2022:17:28:39 -0700] "GET /PDFContent/03%20CBSE/05%20Class%20X/Maths/COORDINATE%20GEOMETRY/?C=S%3BO%3DA HTTP/1.1" 200 698 "-" "Mozilla/5.0 (compatible; SemrushBot/7~bl; +http://www.semrush.com/bot.html)" "brainbox.co.in"
114.119.135.132 - - [03/Oct/2022:17:31:49 -0700] "GET /PDFContent/04%20ICSE/04%20Class%20IX/English/ HTTP/1.1" 200 352 "https://brainbox.co.in/PDFContent/04%20ICSE/04%20Class%20IX/?C=D%3BO%3DA" "Mozilla/5.0 (Linux; Android 7.0;) AppleWebKit/537.36 (KHTML, like Gecko) Mobile Safari/537.36 (compatible; PetalBot;+https://webmaster.petalsearch.com/site/petalbot)" "brainbox.co.in"
114.119.145.160 - - [03/Oct/2022:17:38:25 -0700] "GET /PDFContent/Beetle/CLASS%20IV/SOCIAL/?C=D%3BO%3DA HTTP/1.1" 200 688 "https://brainbox.co.in/PDFContent/Beetle/CLASS%20IV/SOCIAL/?C=M%3BO%3DA" "Mozilla/5.0 (Linux; Android 7.0;) AppleWebKit/537.36 (KHTML, like Gecko) Mobile Safari/537.36 (compatible; PetalBot;+https://webmaster.petalsearch.com/site/petalbot)" "brainbox.co.in"
114.119.135.132 - - [03/Oct/2022:17:45:08 -0700] "GET /PDFContent/01%20TSB/03%20Class%20VIII/English/LS2A/New/TSB_VIII_ENGLISH_LS02A_OLIVER%20ASKS%20FOR%20MORE_GLOSSARY%202.pdf HTTP/1.1" 200 471137 "https://brainbox.co.in/PDFContent/01%20TSB/03%20Class%20VIII/English/LS2A/New/?C=S%3BO%3DA" "Mozilla/5.0 (Linux; Android 7.0;) AppleWebKit/537.36 (KHTML, like Gecko) Mobile Safari/537.36 (compatible; PetalBot;+https://webmaster.petalsearch.com/site/petalbot)" "brainbox.co.in"
114.119.135.132 - - [03/Oct/2022:17:52:00 -0700] "GET /PDFContent/01%20TSB/02%20Class%20VII/Hindi/word%20meaning/ HTTP/1.1" 200 920 "https://brainbox.co.in/PDFContent/01%20TSB/02%20Class%20VII/Hindi/" "Mozilla/5.0 (Linux; Android 7.0;) AppleWebKit/537.36 (KHTML, like Gecko) Mobile Safari/537.36 (compatible; PetalBot;+https://webmaster.petalsearch.com/site/petalbot)" "brainbox.co.in"
54.241.223.206 - - [03/Oct/2022:17:52:31 -0700] "GET /~richard/templates/beez/US/uk/paypal/login.htm HTTP/1.1" 404 73 "-" "Mozilla/5.0 (Macintosh; Intel Mac OS X 10_10_5) AppleWebKit/537.36 (KHTML, like Gecko) Chrome/52.0.2743.116 Safari/537.36" "brainbox.co.in"
54.36.148.69 - - [03/Oct/2022:17:55:56 -0700] "GET /PDFContent/01%20TSB/03%20Class%20VIII/ HTTP/1.1" 200 515 "-" "Mozilla/5.0 (compatible; AhrefsBot/7.0; +http://ahrefs.com/robot/)" "brainbox.co.in"
114.119.145.174 - - [03/Oct/2022:17:58:44 -0700] "GET /PDFContent/03%20CBSE/06%20Class%20XI/Chemistry/CHEMICAL%20BONDING/?C=N%3BO%3DD HTTP/1.1" 200 667 "https://brainbox.co.in/PDFContent/03%20CBSE/06%20Class%20XI/Chemistry/CHEMICAL%20BONDING/?C=M%3BO%3DA" "Mozilla/5.0 (Linux; Android 7.0;) AppleWebKit/537.36 (KHTML, like Gecko) Mobile Safari/537.36 (compatible; PetalBot;+https://webmaster.petalsearch.com/site/petalbot)" "brainbox.co.in"
114.119.145.175 - - [03/Oct/2022:18:05:16 -0700] "GET /PDFContent/01%20TSB/?C=M%3BO%3DA HTTP/1.1" 200 504 "https://brainbox.co.in/PDFContent/01%20TSB/?C=S%3BO%3DA" "Mozilla/5.0 (Linux; Android 7.0;) AppleWebKit/537.36 (KHTML, like Gecko) Mobile Safari/537.36 (compatible; PetalBot;+https://webmaster.petalsearch.com/site/petalbot)" "brainbox.co.in"
114.119.145.187 - - [03/Oct/2022:18:12:11 -0700] "GET /PDFContent/02%20APSB/07%20Class%20XII/Physics/ HTTP/1.1" 200 355 "https://brainbox.co.in/PDFContent/02%20APSB/07%20Class%20XII/?C=M%3BO%3DA" "Mozilla/5.0 (Linux; Android 7.0;) AppleWebKit/537.36 (KHTML, like Gecko) Mobile Safari/537.36 (compatible; PetalBot;+https://webmaster.petalsearch.com/site/petalbot)" "brainbox.co.in"
3.143.231.140 - - [03/Oct/2022:18:16:58 -0700] "GET /~richard/templates/beez/US/uk/paypal/login.htm HTTP/1.1" 404 73 "-" "Mozilla/5.0 (Macintosh; Intel Mac OS X 10_10_5) AppleWebKit/537.36 (KHTML, like Gecko) Chrome/52.0.2743.116 Safari/537.36" "brainbox.co.in"
114.119.135.132 - - [03/Oct/2022:18:18:50 -0700] "GET /PDFContent/04%20ICSE/06%20Class%20XI/Chemistry/ HTTP/1.1" 200 356 "https://brainbox.co.in/PDFContent/04%20ICSE/06%20Class%20XI/?C=N%3BO%3DD" "Mozilla/5.0 (Linux; Android 7.0;) AppleWebKit/537.36 (KHTML, like Gecko) Mobile Safari/537.36 (compatible; PetalBot;+https://webmaster.petalsearch.com/site/petalbot)" "brainbox.co.in"
157.55.39.228 - - [03/Oct/2022:18:22:57 -0700] "GET /PDFContent/03%20CBSE/04%20Class%20IX/Maths/POLYNOMIALS/CBSE_IX_MATHS_LS02_POLYNOMIALS_BI%20QUADRATIC%20POLYNOMIAL_02.pdf HTTP/1.1" 200 363801 "-" "Mozilla/5.0 AppleWebKit/537.36 (KHTML, like Gecko; compatible; bingbot/2.0; +http://www.bing.com/bingbot.htm) Chrome/103.0.5060.134 Safari/537.36" "brainbox.co.in"
114.119.145.174 - - [03/Oct/2022:18:25:35 -0700] "GET /PDFContent/03%20CBSE/07%20Class%20XII/Maths/?C=D%3BO%3DA HTTP/1.1" 200 748 "https://brainbox.co.in/PDFContent/03%20CBSE/07%20Class%20XII/Maths/?C=M%3BO%3DA" "Mozilla/5.0 (Linux; Android 7.0;) AppleWebKit/537.36 (KHTML, like Gecko) Mobile Safari/537.36 (compatible; PetalBot;+https://webmaster.petalsearch.com/site/petalbot)" "brainbox.co.in"
185.191.171.13 - - [03/Oct/2022:18:31:11 -0700] "GET /robots.txt HTTP/1.1" 404 88 "-" "Mozilla/5.0 (compatible; SemrushBot/7~bl; +http://www.semrush.com/bot.html)" "brainbox.co.in"
185.191.171.21 - - [03/Oct/2022:18:31:16 -0700] "GET /PDFContent/03%20CBSE/04%20Class%20IX/Telugu/?C=N%3BO%3DD HTTP/1.1" 200 354 "-" "Mozilla/5.0 (compatible; SemrushBot/7~bl; +http://www.semrush.com/bot.html)" "brainbox.co.in"
114.119.135.132 - - [03/Oct/2022:18:32:23 -0700] "GET /PDFContent/01%20TSB/04%20Class%20IX/Sanskrit/?C=N%3BO%3DD HTTP/1.1" 200 354 "https://brainbox.co.in/PDFContent/01%20TSB/04%20Class%20IX/Sanskrit/?C=N%3BO%3DD" "Mozilla/5.0 (Linux; Android 7.0;) AppleWebKit/537.36 (KHTML, like Gecko) Mobile Safari/537.36 (compatible; PetalBot;+https://webmaster.petalsearch.com/site/petalbot)" "brainbox.co.in"
54.36.148.110 - - [03/Oct/2022:18:34:40 -0700] "GET /PDFContent/03%20CBSE/07%20Class%20XII/ HTTP/1.1" 200 513 "-" "Mozilla/5.0 (compatible; AhrefsBot/7.0; +http://ahrefs.com/robot/)" "brainbox.co.in"
114.119.135.132 - - [03/Oct/2022:18:39:12 -0700] "GET /PDFContent/03%20CBSE/04%20Class%20IX/Maths/CBSE_IX_MATHS_LS03_COORDINATE%20GEOMETRY/Coordinate%20Geometry_T07_Solved%20Problem%201.pdf HTTP/1.1" 200 253206 "https://brainbox.co.in/PDFContent/03%20CBSE/04%20Class%20IX/Maths/CBSE_IX_MATHS_LS03_COORDINATE%20GEOMETRY/?C=D%3BO%3DA" "Mozilla/5.0 (Linux; Android 7.0;) AppleWebKit/537.36 (KHTML, like Gecko) Mobile Safari/537.36 (compatible; PetalBot;+https://webmaster.petalsearch.com/site/petalbot)" "brainbox.co.in"
114.119.145.174 - - [03/Oct/2022:18:45:48 -0700] "GET /PDFContent/01%20TSB/04%20Class%20IX/Biology/Challenging%20in%20Improving%20Agricultural/TS_IX_BIOLOGY_CHALLENGES%20%20IN%20IMPROVING%20AGRICULTURAL_Questions%20&%20Answers.pdf HTTP/1.1" 200 259456 "https://brainbox.co.in/PDFContent/01%20TSB/04%20Class%20IX/Biology/Challenging%20in%20Improving%20Agricultural/?C=S%3BO%3DA" "Mozilla/5.0 (Linux; Android 7.0;) AppleWebKit/537.36 (KHTML, like Gecko) Mobile Safari/537.36 (compatible; PetalBot;+https://webmaster.petalsearch.com/site/petalbot)" "brainbox.co.in"
114.119.145.175 - - [03/Oct/2022:18:52:43 -0700] "GET /PDFContent/02%20APSB/04%20Class%20IX/Physics/?C=N%3BO%3DD HTTP/1.1" 200 354 "https://brainbox.co.in/PDFContent/02%20APSB/04%20Class%20IX/Physics/?C=D%3BO%3DA" "Mozilla/5.0 (Linux; Android 7.0;) AppleWebKit/537.36 (KHTML, like Gecko) Mobile Safari/537.36 (compatible; PetalBot;+https://webmaster.petalsearch.com/site/petalbot)" "brainbox.co.in"
114.119.145.187 - - [03/Oct/2022:18:59:36 -0700] "GET /PDFContent/01%20TSB/07%20Class%20XII/Physics/?C=N%3BO%3DD HTTP/1.1" 200 354 "https://brainbox.co.in/PDFContent/01%20TSB/07%20Class%20XII/Physics/?C=N%3BO%3DD" "Mozilla/5.0 (Linux; Android 7.0;) AppleWebKit/537.36 (KHTML, like Gecko) Mobile Safari/537.36 (compatible; PetalBot;+https://webmaster.petalsearch.com/site/petalbot)" "brainbox.co.in"
114.119.145.187 - - [03/Oct/2022:19:06:15 -0700] "GET /PDFContent/01%20TSB/02%20Class%20VII/English/TSBoard_English_VII_LS1A_QnA.pdf.pdf HTTP/1.1" 200 198964 "https://brainbox.co.in/PDFContent/01%20TSB/02%20Class%20VII/English/?C=S%3BO%3DA" "Mozilla/5.0 (Linux; Android 7.0;) AppleWebKit/537.36 (KHTML, like Gecko) Mobile Safari/537.36 (compatible; PetalBot;+https://webmaster.petalsearch.com/site/petalbot)" "brainbox.co.in"
114.119.145.187 - - [03/Oct/2022:19:12:49 -0700] "GET /PDFContent/01%20TSB/03%20Class%20VIII/Chemistry/?C=N%3BO%3DD HTTP/1.1" 200 458 "https://brainbox.co.in/PDFContent/01%20TSB/03%20Class%20VIII/Chemistry/?C=M%3BO%3DA" "Mozilla/5.0 (Linux; Android 7.0;) AppleWebKit/537.36 (KHTML, like Gecko) Mobile Safari/537.36 (compatible; PetalBot;+https://webmaster.petalsearch.com/site/petalbot)" "brainbox.co.in"
54.36.149.32 - - [03/Oct/2022:19:15:50 -0700] "GET /PDFContent/03%20CBSE/04%20Class%20IX/Physics/Work%20and%20Energy/?C=M;O=A HTTP/1.1" 200 532 "-" "Mozilla/5.0 (compatible; AhrefsBot/7.0; +http://ahrefs.com/robot/)" "brainbox.co.in"
114.119.145.175 - - [03/Oct/2022:19:19:21 -0700] "GET /PDFContent/Beetle/CLASS%20IV/MATHEMATICS%202/Lesson%207.%20Data%20Handling.pdf HTTP/1.1" 200 122453 "https://brainbox.co.in/PDFContent/Beetle/CLASS%20IV/MATHEMATICS%202/?C=D%3BO%3DA" "Mozilla/5.0 (Linux; Android 7.0;) AppleWebKit/537.36 (KHTML, like Gecko) Mobile Safari/537.36 (compatible; PetalBot;+https://webmaster.petalsearch.com/site/petalbot)" "brainbox.co.in"
114.119.145.175 - - [03/Oct/2022:19:26:06 -0700] "GET / HTTP/1.1" 200 432 "-" "Mozilla/5.0 (Linux; Android 7.0;) AppleWebKit/537.36 (KHTML, like Gecko) Mobile Safari/537.36 (compatible; PetalBot;+https://webmaster.petalsearch.com/site/petalbot)" "brainbox.co.in"
114.119.145.174 - - [03/Oct/2022:19:39:26 -0700] "GET /PDFContent/03%20CBSE/06%20Class%20XI/Chemistry/HYDROCARBONS/Hydrocarbons_T03_Physical%20&%20Chemical%20properties.pdf HTTP/1.1" 200 245886 "https://brainbox.co.in/PDFContent/03%20CBSE/06%20Class%20XI/Chemistry/HYDROCARBONS/?C=M%3BO%3DA" "Mozilla/5.0 (Linux; Android 7.0;) AppleWebKit/537.36 (KHTML, like Gecko) Mobile Safari/537.36 (compatible; PetalBot;+https://webmaster.petalsearch.com/site/petalbot)" "brainbox.co.in"
114.119.145.187 - - [03/Oct/2022:19:53:17 -0700] "GET /PDFContent/Beetle/CLASS%20V/SOCIAL/?C=D%3BO%3DA HTTP/1.1" 200 395 "https://brainbox.co.in/PDFContent/Beetle/CLASS%20V/SOCIAL/" "Mozilla/5.0 (Linux; Android 7.0;) AppleWebKit/537.36 (KHTML, like Gecko) Mobile Safari/537.36 (compatible; PetalBot;+https://webmaster.petalsearch.com/site/petalbot)" "brainbox.co.in"
54.36.149.82 - - [03/Oct/2022:19:56:47 -0700] "GET /PDFContent/01%20TSB/05%20Class%20X/English/ HTTP/1.1" 200 610 "-" "Mozilla/5.0 (compatible; AhrefsBot/7.0; +http://ahrefs.com/robot/)" "brainbox.co.in"
157.55.39.228 - - [03/Oct/2022:20:00:27 -0700] "GET /PDFContent/03%20CBSE/04%20Class%20IX/Maths/POLYNOMIALS/CBSE_IX_MATHS_LS02_POLYNOMIALS_USE%20OF%20FACTOR%20TEOREM%20FACTORIZATION.pdf HTTP/1.1" 200 194885 "-" "Mozilla/5.0 (compatible; bingbot/2.0; +http://www.bing.com/bingbot.htm)" "brainbox.co.in"
114.119.145.175 - - [03/Oct/2022:20:07:15 -0700] "GET /PDFContent/03%20CBSE/05%20Class%20X/Hindi/SPARSH/LS10/CBSE_X_HINDI_10B_LS10_PREMCHAND_BADE%20BHAI%20SAAHAB_INTRODUCTION.pdf HTTP/1.1" 200 673142 "https://brainbox.co.in/PDFContent/03%20CBSE/05%20Class%20X/Hindi/SPARSH/LS10/?C=N%3BO%3DD" "Mozilla/5.0 (Linux; Android 7.0;) AppleWebKit/537.36 (KHTML, like Gecko) Mobile Safari/537.36 (compatible; PetalBot;+https://webmaster.petalsearch.com/site/petalbot)" "brainbox.co.in"
87.250.224.185 - - [03/Oct/2022:20:09:20 -0700] "GET /PDFContent/03%20CBSE/04%20Class%20IX/ HTTP/1.1" 200 522 "-" "Mozilla/5.0 (compatible; YandexBot/3.0; +http://yandex.com/bots)" "brainbox.co.in"
114.119.145.175 - - [03/Oct/2022:20:15:02 -0700] "GET /PDFContent/01%20TSB/04%20Class%20IX/Biology/Challenging%20in%20Improving%20Agricultural/TS_IX_BIOLOGY_CHALLENGES%20%20IN%20IMPROVING%20AGRICULTURAL_Fertilizers.pdf HTTP/1.1" 200 636423 "https://brainbox.co.in/PDFContent/01%20TSB/04%20Class%20IX/Biology/Challenging%20in%20Improving%20Agricultural/?C=S%3BO%3DA" "Mozilla/5.0 (Linux; Android 7.0;) AppleWebKit/537.36 (KHTML, like Gecko) Mobile Safari/537.36 (compatible; PetalBot;+https://webmaster.petalsearch.com/site/petalbot)" "brainbox.co.in"
114.119.145.174 - - [03/Oct/2022:20:22:49 -0700] "GET /PDFContent/01%20TSB/03%20Class%20VIII/English/LS3C/?C=N%3BO%3DD HTTP/1.1" 200 509 "https://brainbox.co.in/PDFContent/01%20TSB/03%20Class%20VIII/English/LS3C/?C=D%3BO%3DA" "Mozilla/5.0 (Linux; Android 7.0;) AppleWebKit/537.36 (KHTML, like Gecko) Mobile Safari/537.36 (compatible; PetalBot;+https://webmaster.petalsearch.com/site/petalbot)" "brainbox.co.in"
114.119.145.160 - - [03/Oct/2022:20:30:10 -0700] "GET /PDFContent/01%20TSB/02%20Class%20VII/ HTTP/1.1" 200 505 "https://brainbox.co.in/PDFContent/01%20TSB/02%20Class%20VII/Science/?C=M%3BO%3DA" "Mozilla/5.0 (Linux; Android 7.0;) AppleWebKit/537.36 (KHTML, like Gecko) Mobile Safari/537.36 (compatible; PetalBot;+https://webmaster.petalsearch.com/site/petalbot)" "brainbox.co.in"
54.36.148.26 - - [03/Oct/2022:20:31:03 -0700] "GET /PDFContent/03%20CBSE/07%20Class%20XII/Maths/ HTTP/1.1" 200 748 "-" "Mozilla/5.0 (compatible; AhrefsBot/7.0; +http://ahrefs.com/robot/)" "brainbox.co.in"
114.119.145.187 - - [03/Oct/2022:20:37:17 -0700] "GET /PDFContent/03%20CBSE/05%20Class%20X/Biology/ HTTP/1.1" 200 643 "https://brainbox.co.in/PDFContent/03%20CBSE/05%20Class%20X/?C=N%3BO%3DD" "Mozilla/5.0 (Linux; Android 7.0;) AppleWebKit/537.36 (KHTML, like Gecko) Mobile Safari/537.36 (compatible; PetalBot;+https://webmaster.petalsearch.com/site/petalbot)" "brainbox.co.in"
114.119.145.174 - - [03/Oct/2022:20:44:30 -0700] "GET /PDFContent/03%20CBSE/03%20Class%20VIII/Hindi/?C=M%3BO%3DA HTTP/1.1" 200 351 "https://brainbox.co.in/PDFContent/03%20CBSE/03%20Class%20VIII/Hindi/?C=D%3BO%3DA" "Mozilla/5.0 (Linux; Android 7.0;) AppleWebKit/537.36 (KHTML, like Gecko) Mobile Safari/537.36 (compatible; PetalBot;+https://webmaster.petalsearch.com/site/petalbot)" "brainbox.co.in"
114.119.145.160 - - [03/Oct/2022:20:51:17 -0700] "GET /PDFContent/03%20CBSE/02%20Class%20VII/Science/?C=M%3BO%3DA HTTP/1.1" 200 833 "https://brainbox.co.in/PDFContent/03%20CBSE/02%20Class%20VII/Science/?C=S%3BO%3DA" "Mozilla/5.0 (Linux; Android 7.0;) AppleWebKit/537.36 (KHTML, like Gecko) Mobile Safari/537.36 (compatible; PetalBot;+https://webmaster.petalsearch.com/site/petalbot)" "brainbox.co.in"
114.119.145.187 - - [03/Oct/2022:20:58:18 -0700] "GET /PDFContent/01%20TSB/03%20Class%20VIII/English/LS4A/TSB_VIII_ENGLISH_LS4A_THE%20FUN%20THEY%20HAD.pdf HTTP/1.1" 200 348396 "https://brainbox.co.in/PDFContent/01%20TSB/03%20Class%20VIII/English/LS4A/?C=S%3BO%3DA" "Mozilla/5.0 (Linux; Android 7.0;) AppleWebKit/537.36 (KHTML, like Gecko) Mobile Safari/537.36 (compatible; PetalBot;+https://webmaster.petalsearch.com/site/petalbot)" "brainbox.co.in"
114.119.145.187 - - [03/Oct/2022:21:05:24 -0700] "GET /PDFContent/Beetle/CLASS%20I/ENGLISH%201-2/Lesson%203%20-%20The%20Clever%20Fox.pdf HTTP/1.1" 200 155988 "https://brainbox.co.in/PDFContent/Beetle/CLASS%20I/ENGLISH%201-2/?C=N%3BO%3DD" "Mozilla/5.0 (Linux; Android 7.0;) AppleWebKit/537.36 (KHTML, like Gecko) Mobile Safari/537.36 (compatible; PetalBot;+https://webmaster.petalsearch.com/site/petalbot)" "brainbox.co.in"
54.36.148.238 - - [03/Oct/2022:21:07:40 -0700] "GET /PDFContent/03%20CBSE/04%20Class%20IX/Maths/HERON'S%20FORMULA/?C=D;O=A HTTP/1.1" 200 462 "-" "Mozilla/5.0 (compatible; AhrefsBot/7.0; +http://ahrefs.com/robot/)" "brainbox.co.in"
185.191.171.39 - - [03/Oct/2022:21:11:42 -0700] "GET /robots.txt HTTP/1.1" 404 88 "-" "Mozilla/5.0 (compatible; SemrushBot/7~bl; +http://www.semrush.com/bot.html)" "brainbox.co.in"
185.191.171.22 - - [03/Oct/2022:21:11:44 -0700] "GET /PDFContent/03%20CBSE/06%20Class%20XI/Biology/Cell-The%20unit%20of%20life/?C=M%3BO%3DA HTTP/1.1" 200 805 "-" "Mozilla/5.0 (compatible; SemrushBot/7~bl; +http://www.semrush.com/bot.html)" "brainbox.co.in"
114.119.145.160 - - [03/Oct/2022:21:12:24 -0700] "GET /PDFContent/03%20CBSE/02%20Class%20VII/Hindi/GLOSSARY/?C=M%3BO%3DA HTTP/1.1" 200 661 "https://brainbox.co.in/PDFContent/03%20CBSE/02%20Class%20VII/Hindi/GLOSSARY/" "Mozilla/5.0 (Linux; Android 7.0;) AppleWebKit/537.36 (KHTML, like Gecko) Mobile Safari/537.36 (compatible; PetalBot;+https://webmaster.petalsearch.com/site/petalbot)" "brainbox.co.in"
114.119.145.160 - - [03/Oct/2022:21:19:34 -0700] "GET /PDFContent/01%20TSB/03%20Class%20VIII/English/LS2B/New/?C=N%3BO%3DD HTTP/1.1" 200 516 "https://brainbox.co.in/PDFContent/01%20TSB/03%20Class%20VIII/English/LS2B/New/?C=S%3BO%3DA" "Mozilla/5.0 (Linux; Android 7.0;) AppleWebKit/537.36 (KHTML, like Gecko) Mobile Safari/537.36 (compatible; PetalBot;+https://webmaster.petalsearch.com/site/petalbot)" "brainbox.co.in"
114.119.145.175 - - [03/Oct/2022:21:26:38 -0700] "GET /PDFContent/01%20TSB/03%20Class%20VIII/English/LS7A/TSB_VIII_ENGLISH_LS07A_BONSAILIFE_P1_Questions%20and%20answers.pdf HTTP/1.1" 200 416360 "https://brainbox.co.in/PDFContent/01%20TSB/03%20Class%20VIII/English/LS7A/?C=M%3BO%3DA" "Mozilla/5.0 (Linux; Android 7.0;) AppleWebKit/537.36 (KHTML, like Gecko) Mobile Safari/537.36 (compatible; PetalBot;+https://webmaster.petalsearch.com/site/petalbot)" "brainbox.co.in"
95.108.213.21 - - [03/Oct/2022:21:37:53 -0700] "GET /robots.txt HTTP/1.1" 404 73 "-" "Mozilla/5.0 (compatible; YandexBot/3.0; +http://yandex.com/bots)" "brainbox.co.in"
95.108.213.21 - - [03/Oct/2022:21:37:56 -0700] "GET /PDFContent/04%20ICSE/05%20Class%20X/Hindi/ HTTP/1.1" 200 351 "-" "Mozilla/5.0 (compatible; YandexBot/3.0; +http://yandex.com/bots)" "brainbox.co.in"
114.119.145.160 - - [03/Oct/2022:21:40:47 -0700] "GET /PDFContent/03%20CBSE/05%20Class%20X/Telugu/ HTTP/1.1" 200 353 "https://brainbox.co.in/PDFContent/03%20CBSE/05%20Class%20X/?C=N%3BO%3DD" "Mozilla/5.0 (Linux; Android 7.0;) AppleWebKit/537.36 (KHTML, like Gecko) Mobile Safari/537.36 (compatible; PetalBot;+https://webmaster.petalsearch.com/site/petalbot)" "brainbox.co.in"
54.36.148.247 - - [03/Oct/2022:21:44:43 -0700] "GET /PDFContent/01%20TSB/02%20Class%20VII/English/01LS4A/?C=S;O=A HTTP/1.1" 200 474 "-" "Mozilla/5.0 (compatible; AhrefsBot/7.0; +http://ahrefs.com/robot/)" "brainbox.co.in"
114.119.135.132 - - [03/Oct/2022:21:47:54 -0700] "GET /PDFContent/03%20CBSE/05%20Class%20X/Hindi/SPARSH/LS15/CBSE_X_HINDI_10B_LS15_AB%20KAHAN%20DOOSRON%20KE%20DUKH%20SE%20DUKHI%20HONEVALE_SUMMARY.pdf HTTP/1.1" 200 926227 "https://brainbox.co.in/PDFContent/03%20CBSE/05%20Class%20X/Hindi/SPARSH/LS15/?C=D%3BO%3DA" "Mozilla/5.0 (Linux; Android 7.0;) AppleWebKit/537.36 (KHTML, like Gecko) Mobile Safari/537.36 (compatible; PetalBot;+https://webmaster.petalsearch.com/site/petalbot)" "brainbox.co.in"
50.18.75.156 - - [03/Oct/2022:21:53:18 -0700] "GET /~richard/templates/beez/US/uk/paypal/login.htm HTTP/1.1" 404 73 "-" "Mozilla/5.0 (Macintosh; Intel Mac OS X 10_10_5) AppleWebKit/537.36 (KHTML, like Gecko) Chrome/52.0.2743.116 Safari/537.36" "brainbox.co.in"
114.119.145.175 - - [03/Oct/2022:21:54:50 -0700] "GET /PDFContent/Beetle/CLASS%20II/ENGLISH%20SEM%202/Lesson%207%20-%20Androcles%20and%20the%20lion.pdf HTTP/1.1" 200 134924 "https://brainbox.co.in/PDFContent/Beetle/CLASS%20II/ENGLISH%20SEM%202/?C=N%3BO%3DD" "Mozilla/5.0 (Linux; Android 7.0;) AppleWebKit/537.36 (KHTML, like Gecko) Mobile Safari/537.36 (compatible; PetalBot;+https://webmaster.petalsearch.com/site/petalbot)" "brainbox.co.in"
185.191.171.26 - - [03/Oct/2022:21:59:53 -0700] "GET /PDFContent/04%20ICSE/06%20Class%20XI/Chemistry/ HTTP/1.1" 200 356 "-" "Mozilla/5.0 (compatible; SemrushBot/7~bl; +http://www.semrush.com/bot.html)" "brainbox.co.in"
34.73.240.71 - - [03/Oct/2022:22:01:45 -0700] "GET /robots.txt HTTP/1.1" 404 88 "-" "ZoominfoBot (zoominfobot at zoominfo dot com)" "www.brainbox.co.in"
34.73.240.71 - - [03/Oct/2022:22:01:45 -0700] "GET /robots.txt HTTP/1.1" 404 88 "-" "ZoominfoBot (zoominfobot at zoominfo dot com)" "www.brainbox.co.in"
34.73.240.71 - - [03/Oct/2022:22:01:46 -0700] "GET / HTTP/1.1" 200 432 "-" "ZoominfoBot (zoominfobot at zoominfo dot com)" "www.brainbox.co.in"
114.119.145.175 - - [03/Oct/2022:22:08:43 -0700] "GET /PDFContent/01%20TSB/01%20Class%20VI/Chemistry/?C=D%3BO%3DA HTTP/1.1" 200 352 "https://brainbox.co.in/PDFContent/01%20TSB/01%20Class%20VI/Chemistry/?C=M%3BO%3DA" "Mozilla/5.0 (Linux; Android 7.0;) AppleWebKit/537.36 (KHTML, like Gecko) Mobile Safari/537.36 (compatible; PetalBot;+https://webmaster.petalsearch.com/site/petalbot)" "brainbox.co.in"
114.119.145.175 - - [03/Oct/2022:22:15:41 -0700] "GET /PDFContent/03%20CBSE/03%20Class%20VIII/Maths/ALGEBRAIC%20EXPRESSIONS%20AND%20IDENTITIES/CBSE_VIII_MATHS_LS09_ALGEBRAIC%20EXPRESSION%20OF%20IDENTITIES_EXAMPLE_07.pdf HTTP/1.1" 200 369397 "https://brainbox.co.in/PDFContent/03%20CBSE/03%20Class%20VIII/Maths/ALGEBRAIC%20EXPRESSIONS%20AND%20IDENTITIES/?C=D%3BO%3DA" "Mozilla/5.0 (Linux; Android 7.0;) AppleWebKit/537.36 (KHTML, like Gecko) Mobile Safari/537.36 (compatible; PetalBot;+https://webmaster.petalsearch.com/site/petalbot)" "brainbox.co.in"
185.191.171.15 - - [03/Oct/2022:22:17:09 -0700] "GET /robots.txt HTTP/1.1" 404 88 "-" "Mozilla/5.0 (compatible; SemrushBot/7~bl; +http://www.semrush.com/bot.html)" "brainbox.co.in"
185.191.171.7 - - [03/Oct/2022:22:17:10 -0700] "GET /PDFContent/Beetle/CLASS%20II/EVS%20SEM%202/?C=D%3BO%3DA HTTP/1.1" 200 668 "-" "Mozilla/5.0 (compatible; SemrushBot/7~bl; +http://www.semrush.com/bot.html)" "brainbox.co.in"
54.36.148.23 - - [03/Oct/2022:22:18:34 -0700] "GET /PDFContent/Beetle/CLASS%20II/ HTTP/1.1" 200 463 "-" "Mozilla/5.0 (compatible; AhrefsBot/7.0; +http://ahrefs.com/robot/)" "brainbox.co.in"
114.119.145.174 - - [03/Oct/2022:22:22:49 -0700] "GET /PDFContent/04%20ICSE/06%20Class%20XI/English/?C=N%3BO%3DD HTTP/1.1" 200 354 "https://brainbox.co.in/PDFContent/04%20ICSE/06%20Class%20XI/English/?C=M%3BO%3DA" "Mozilla/5.0 (Linux; Android 7.0;) AppleWebKit/537.36 (KHTML, like Gecko) Mobile Safari/537.36 (compatible; PetalBot;+https://webmaster.petalsearch.com/site/petalbot)" "brainbox.co.in"
114.119.135.132 - - [03/Oct/2022:22:29:59 -0700] "GET /PDFContent/01%20TSB/04%20Class%20IX/?C=S%3BO%3DA HTTP/1.1" 200 498 "https://brainbox.co.in/PDFContent/01%20TSB/04%20Class%20IX/?C=M%3BO%3DA" "Mozilla/5.0 (Linux; Android 7.0;) AppleWebKit/537.36 (KHTML, like Gecko) Mobile Safari/537.36 (compatible; PetalBot;+https://webmaster.petalsearch.com/site/petalbot)" "brainbox.co.in"
138.68.130.131 - - [03/Oct/2022:22:32:08 -0700] "GET /wp-admin/install.php?step=1 HTTP/1.1" 404 88 "-" "Mozilla/5.0 (X11; Linux x86_64; rv:52.0) Gecko/20100101 Firefox/52.0" "brainbox.co.in"
138.68.130.131 - - [03/Oct/2022:22:32:09 -0700] "GET /wp-admin/setup-config.php HTTP/1.1" 404 88 "-" "Mozilla/5.0 (X11; Linux x86_64; rv:52.0) Gecko/20100101 Firefox/52.0" "brainbox.co.in"
138.68.130.131 - - [03/Oct/2022:22:32:11 -0700] "GET /new/wp-admin/install.php?step=1 HTTP/1.1" 404 88 "-" "Mozilla/5.0 (X11; Linux x86_64; rv:52.0) Gecko/20100101 Firefox/52.0" "brainbox.co.in"
138.68.130.131 - - [03/Oct/2022:22:32:12 -0700] "GET /new/wp-admin/setup-config.php HTTP/1.1" 404 88 "-" "Mozilla/5.0 (X11; Linux x86_64; rv:52.0) Gecko/20100101 Firefox/52.0" "brainbox.co.in"
138.68.130.131 - - [03/Oct/2022:22:32:13 -0700] "GET /blog/wp-admin/install.php?step=1 HTTP/1.1" 404 88 "-" "Mozilla/5.0 (X11; Linux x86_64; rv:52.0) Gecko/20100101 Firefox/52.0" "brainbox.co.in"
138.68.130.131 - - [03/Oct/2022:22:32:15 -0700] "GET /blog/wp-admin/setup-config.php HTTP/1.1" 404 88 "-" "Mozilla/5.0 (X11; Linux x86_64; rv:52.0) Gecko/20100101 Firefox/52.0" "brainbox.co.in"
138.68.130.131 - - [03/Oct/2022:22:32:16 -0700] "GET /blogs/wp-admin/install.php?step=1 HTTP/1.1" 404 88 "-" "Mozilla/5.0 (X11; Linux x86_64; rv:52.0) Gecko/20100101 Firefox/52.0" "brainbox.co.in"
138.68.130.131 - - [03/Oct/2022:22:32:17 -0700] "GET /blogs/wp-admin/setup-config.php HTTP/1.1" 404 88 "-" "Mozilla/5.0 (X11; Linux x86_64; rv:52.0) Gecko/20100101 Firefox/52.0" "brainbox.co.in"
138.68.130.131 - - [03/Oct/2022:22:32:18 -0700] "GET /demo/wp-admin/install.php?step=1 HTTP/1.1" 404 88 "-" "Mozilla/5.0 (X11; Linux x86_64; rv:52.0) Gecko/20100101 Firefox/52.0" "brainbox.co.in"
138.68.130.131 - - [03/Oct/2022:22:32:19 -0700] "GET /demo/wp-admin/setup-config.php HTTP/1.1" 404 88 "-" "Mozilla/5.0 (X11; Linux x86_64; rv:52.0) Gecko/20100101 Firefox/52.0" "brainbox.co.in"
138.68.130.131 - - [03/Oct/2022:22:32:21 -0700] "GET /wp/wp-admin/install.php?step=1 HTTP/1.1" 404 88 "-" "Mozilla/5.0 (X11; Linux x86_64; rv:52.0) Gecko/20100101 Firefox/52.0" "brainbox.co.in"
138.68.130.131 - - [03/Oct/2022:22:32:23 -0700] "GET /wp/wp-admin/setup-config.php HTTP/1.1" 404 88 "-" "Mozilla/5.0 (X11; Linux x86_64; rv:52.0) Gecko/20100101 Firefox/52.0" "brainbox.co.in"
138.68.130.131 - - [03/Oct/2022:22:32:24 -0700] "GET /wordpress/wp-admin/install.php?step=1 HTTP/1.1" 404 88 "-" "Mozilla/5.0 (X11; Linux x86_64; rv:52.0) Gecko/20100101 Firefox/52.0" "brainbox.co.in"
138.68.130.131 - - [03/Oct/2022:22:32:25 -0700] "GET /wordpress/wp-admin/setup-config.php HTTP/1.1" 404 88 "-" "Mozilla/5.0 (X11; Linux x86_64; rv:52.0) Gecko/20100101 Firefox/52.0" "brainbox.co.in"
138.68.130.131 - - [03/Oct/2022:22:32:26 -0700] "GET /tes/wp-admin/install.php?step=1 HTTP/1.1" 404 88 "-" "Mozilla/5.0 (X11; Linux x86_64; rv:52.0) Gecko/20100101 Firefox/52.0" "brainbox.co.in"
138.68.130.131 - - [03/Oct/2022:22:32:28 -0700] "GET /tes/wp-admin/setup-config.php HTTP/1.1" 404 88 "-" "Mozilla/5.0 (X11; Linux x86_64; rv:52.0) Gecko/20100101 Firefox/52.0" "brainbox.co.in"
138.68.130.131 - - [03/Oct/2022:22:32:29 -0700] "GET /test/wp-admin/install.php?step=1 HTTP/1.1" 404 88 "-" "Mozilla/5.0 (X11; Linux x86_64; rv:52.0) Gecko/20100101 Firefox/52.0" "brainbox.co.in"
138.68.130.131 - - [03/Oct/2022:22:32:30 -0700] "GET /test/wp-admin/setup-config.php HTTP/1.1" 404 88 "-" "Mozilla/5.0 (X11; Linux x86_64; rv:52.0) Gecko/20100101 Firefox/52.0" "brainbox.co.in"
138.68.130.131 - - [03/Oct/2022:22:32:31 -0700] "GET /web/wp-admin/install.php?step=1 HTTP/1.1" 404 88 "-" "Mozilla/5.0 (X11; Linux x86_64; rv:52.0) Gecko/20100101 Firefox/52.0" "brainbox.co.in"
138.68.130.131 - - [03/Oct/2022:22:32:32 -0700] "GET /web/wp-admin/setup-config.php HTTP/1.1" 404 88 "-" "Mozilla/5.0 (X11; Linux x86_64; rv:52.0) Gecko/20100101 Firefox/52.0" "brainbox.co.in"
138.68.130.131 - - [03/Oct/2022:22:32:34 -0700] "GET /cms/wp-admin/install.php?step=1 HTTP/1.1" 404 88 "-" "Mozilla/5.0 (X11; Linux x86_64; rv:52.0) Gecko/20100101 Firefox/52.0" "brainbox.co.in"
138.68.130.131 - - [03/Oct/2022:22:32:35 -0700] "GET /cms/wp-admin/setup-config.php HTTP/1.1" 404 88 "-" "Mozilla/5.0 (X11; Linux x86_64; rv:52.0) Gecko/20100101 Firefox/52.0" "brainbox.co.in"
138.68.130.131 - - [03/Oct/2022:22:32:36 -0700] "GET /wp-admin/admin-ajax.php HTTP/1.1" 404 88 "-" "Mozilla/5.0 (X11; Linux x86_64; rv:52.0) Gecko/20100101 Firefox/52.0" "brainbox.co.in"
138.68.130.131 - - [03/Oct/2022:22:32:37 -0700] "GET /wp-admin/ HTTP/1.1" 404 88 "-" "Mozilla/5.0 (X11; Linux x86_64; rv:52.0) Gecko/20100101 Firefox/52.0" "brainbox.co.in"
66.249.79.88 - - [03/Oct/2022:22:36:14 -0700] "GET /ads.txt HTTP/1.1" 404 88 "-" "Mozilla/5.0 (compatible; Googlebot/2.1; +http://www.google.com/bot.html)" "brainbox.co.in"
114.119.145.175 - - [03/Oct/2022:22:37:07 -0700] "GET /PDFContent/03%20CBSE/03%20Class%20VIII/Maths/ALGEBRAIC%20EXPRESSIONS%20AND%20IDENTITIES/CBSE_VIII_MATHS_LS09_ALGEBRAIC%20EXPRESSION%20OF%20IDENTITIES_VOLUME%20OF%20RECTANGLE%20BOXES_03.pdf HTTP/1.1" 200 275819 "https://brainbox.co.in/PDFContent/03%20CBSE/03%20Class%20VIII/Maths/ALGEBRAIC%20EXPRESSIONS%20AND%20IDENTITIES/?C=D%3BO%3DA" "Mozilla/5.0 (Linux; Android 7.0;) AppleWebKit/537.36 (KHTML, like Gecko) Mobile Safari/537.36 (compatible; PetalBot;+https://webmaster.petalsearch.com/site/petalbot)" "brainbox.co.in"
114.119.145.187 - - [03/Oct/2022:22:44:12 -0700] "GET /PDFContent/01%20TSB/03%20Class%20VIII/Hindi/?C=D%3BO%3DA HTTP/1.1" 200 353 "https://brainbox.co.in/PDFContent/01%20TSB/03%20Class%20VIII/Hindi/?C=S%3BO%3DA" "Mozilla/5.0 (Linux; Android 7.0;) AppleWebKit/537.36 (KHTML, like Gecko) Mobile Safari/537.36 (compatible; PetalBot;+https://webmaster.petalsearch.com/site/petalbot)" "brainbox.co.in"
114.119.135.132 - - [03/Oct/2022:22:51:14 -0700] "GET /PDFContent/01%20TSB/05%20Class%20X/English/OR%20WILL%20THE%20DREAMER%20WAKE/TSB_X_ENGLISH_LS06B_OR%20WILL%20THE%20DREAMER%20WAKE_EXPLANATION.pdf HTTP/1.1" 200 409346 "https://brainbox.co.in/PDFContent/01%20TSB/05%20Class%20X/English/OR%20WILL%20THE%20DREAMER%20WAKE/" "Mozilla/5.0 (Linux; Android 7.0;) AppleWebKit/537.36 (KHTML, like Gecko) Mobile Safari/537.36 (compatible; PetalBot;+https://webmaster.petalsearch.com/site/petalbot)" "brainbox.co.in"
54.36.148.60 - - [03/Oct/2022:22:55:19 -0700] "GET /PDFContent/03%20CBSE/04%20Class%20IX/Maths/HERON'S%20FORMULA/?C=S;O=A HTTP/1.1" 200 462 "-" "Mozilla/5.0 (compatible; AhrefsBot/7.0; +http://ahrefs.com/robot/)" "brainbox.co.in"
114.119.145.175 - - [03/Oct/2022:22:58:22 -0700] "GET /PDFContent/03%20CBSE/03%20Class%20VIII/Biology/Cell%20Structures/Plastid.pdf HTTP/1.1" 200 254972 "https://brainbox.co.in/PDFContent/03%20CBSE/03%20Class%20VIII/Biology/Cell%20Structures/?C=N%3BO%3DD" "Mozilla/5.0 (Linux; Android 7.0;) AppleWebKit/537.36 (KHTML, like Gecko) Mobile Safari/537.36 (compatible; PetalBot;+https://webmaster.petalsearch.com/site/petalbot)" "brainbox.co.in"
114.119.145.160 - - [03/Oct/2022:23:05:35 -0700] "GET /PDFContent/04%20ICSE/05%20Class%20X/Sanskrit/ HTTP/1.1" 200 354 "https://brainbox.co.in/PDFContent/04%20ICSE/05%20Class%20X/?C=D%3BO%3DA" "Mozilla/5.0 (Linux; Android 7.0;) AppleWebKit/537.36 (KHTML, like Gecko) Mobile Safari/537.36 (compatible; PetalBot;+https://webmaster.petalsearch.com/site/petalbot)" "brainbox.co.in"
114.119.145.187 - - [03/Oct/2022:23:12:37 -0700] "GET /PDFContent/03%20CBSE/05%20Class%20X/Chemistry/?C=N%3BO%3DD HTTP/1.1" 200 465 "https://brainbox.co.in/PDFContent/03%20CBSE/05%20Class%20X/Chemistry/?C=S%3BO%3DA" "Mozilla/5.0 (Linux; Android 7.0;) AppleWebKit/537.36 (KHTML, like Gecko) Mobile Safari/537.36 (compatible; PetalBot;+https://webmaster.petalsearch.com/site/petalbot)" "brainbox.co.in"
114.119.145.160 - - [03/Oct/2022:23:19:44 -0700] "GET /PDFContent/03%20CBSE/05%20Class%20X/Hindi/SPARSH/LS01/ HTTP/1.1" 200 542 "https://brainbox.co.in/PDFContent/03%20CBSE/05%20Class%20X/Hindi/SPARSH/?C=N%3BO%3DD" "Mozilla/5.0 (Linux; Android 7.0;) AppleWebKit/537.36 (KHTML, like Gecko) Mobile Safari/537.36 (compatible; PetalBot;+https://webmaster.petalsearch.com/site/petalbot)" "brainbox.co.in"
114.119.145.174 - - [03/Oct/2022:23:26:48 -0700] "GET /PDFContent/03%20CBSE/02%20Class%20VII/Maths/ HTTP/1.1" 200 353 "https://brainbox.co.in/PDFContent/03%20CBSE/02%20Class%20VII/?C=S%3BO%3DA" "Mozilla/5.0 (Linux; Android 7.0;) AppleWebKit/537.36 (KHTML, like Gecko) Mobile Safari/537.36 (compatible; PetalBot;+https://webmaster.petalsearch.com/site/petalbot)" "brainbox.co.in"
114.119.135.132 - - [03/Oct/2022:23:33:47 -0700] "GET /PDFContent/03%20CBSE/07%20Class%20XII/Maths/PROBABILITY/ HTTP/1.1" 200 649 "https://brainbox.co.in/PDFContent/03%20CBSE/07%20Class%20XII/Maths/?C=M%3BO%3DA" "Mozilla/5.0 (Linux; Android 7.0;) AppleWebKit/537.36 (KHTML, like Gecko) Mobile Safari/537.36 (compatible; PetalBot;+https://webmaster.petalsearch.com/site/petalbot)" "brainbox.co.in"
114.119.145.174 - - [03/Oct/2022:23:40:32 -0700] "GET /PDFContent/03%20CBSE/07%20Class%20XII/Maths/CBSE_XII_MATHS_LS08_APPLICATION%20OF%20INTEGRALS/?C=N%3BO%3DD HTTP/1.1" 200 557 "https://brainbox.co.in/PDFContent/03%20CBSE/07%20Class%20XII/Maths/CBSE_XII_MATHS_LS08_APPLICATION%20OF%20INTEGRALS/?C=D%3BO%3DA" "Mozilla/5.0 (Linux; Android 7.0;) AppleWebKit/537.36 (KHTML, like Gecko) Mobile Safari/537.36 (compatible; PetalBot;+https://webmaster.petalsearch.com/site/petalbot)" "brainbox.co.in"
114.119.145.174 - - [03/Oct/2022:23:47:27 -0700] "GET /PDFContent/Beetle/CLASS%20I/EVS%201-2/Lesson%203.%20Air.pdf HTTP/1.1" 200 409886 "https://brainbox.co.in/PDFContent/Beetle/CLASS%20I/EVS%201-2/?C=M%3BO%3DA" "Mozilla/5.0 (Linux; Android 7.0;) AppleWebKit/537.36 (KHTML, like Gecko) Mobile Safari/537.36 (compatible; PetalBot;+https://webmaster.petalsearch.com/site/petalbot)" "brainbox.co.in"
54.36.148.104 - - [03/Oct/2022:23:48:36 -0700] "GET /PDFContent/02%20APSB/01%20Class%20VI/Chemistry/?C=N;O=D HTTP/1.1" 200 353 "-" "Mozilla/5.0 (compatible; AhrefsBot/7.0; +http://ahrefs.com/robot/)" "brainbox.co.in"
114.119.145.175 - - [03/Oct/2022:23:54:13 -0700] "GET /PDFContent/03%20CBSE/07%20Class%20XII/English/?C=N%3BO%3DD HTTP/1.1" 200 355 "https://brainbox.co.in/PDFContent/03%20CBSE/07%20Class%20XII/English/?C=D%3BO%3DA" "Mozilla/5.0 (Linux; Android 7.0;) AppleWebKit/537.36 (KHTML, like Gecko) Mobile Safari/537.36 (compatible; PetalBot;+https://webmaster.petalsearch.com/site/petalbot)" "brainbox.co.in"
114.119.145.187 - - [04/Oct/2022:00:00:58 -0700] "GET /PDFContent/03%20CBSE/04%20Class%20IX/Biology/?C=D%3BO%3DA HTTP/1.1" 200 917 "https://brainbox.co.in/PDFContent/03%20CBSE/04%20Class%20IX/Biology/?C=N%3BO%3DD" "Mozilla/5.0 (Linux; Android 7.0;) AppleWebKit/537.36 (KHTML, like Gecko) Mobile Safari/537.36 (compatible; PetalBot;+https://webmaster.petalsearch.com/site/petalbot)" "brainbox.co.in"
114.119.135.132 - - [04/Oct/2022:00:07:46 -0700] "GET /PDFContent/01%20TSB/03%20Class%20VIII/English/LS4A/?C=N%3BO%3DD HTTP/1.1" 200 564 "https://brainbox.co.in/PDFContent/01%20TSB/03%20Class%20VIII/English/LS4A/?C=S%3BO%3DA" "Mozilla/5.0 (Linux; Android 7.0;) AppleWebKit/537.36 (KHTML, like Gecko) Mobile Safari/537.36 (compatible; PetalBot;+https://webmaster.petalsearch.com/site/petalbot)" "brainbox.co.in"
114.119.135.132 - - [04/Oct/2022:00:14:37 -0700] "GET /PDFContent/03%20CBSE/05%20Class%20X/Hindi/SPARSH/LS02/CBSE_X_HINDI_10B_LS02_MEERA%20KE%20_PAD_INTRODUCTION.pdf HTTP/1.1" 200 200624 "https://brainbox.co.in/PDFContent/03%20CBSE/05%20Class%20X/Hindi/SPARSH/LS02/?C=N%3BO%3DD" "Mozilla/5.0 (Linux; Android 7.0;) AppleWebKit/537.36 (KHTML, like Gecko) Mobile Safari/537.36 (compatible; PetalBot;+https://webmaster.petalsearch.com/site/petalbot)" "brainbox.co.in"
114.119.135.132 - - [04/Oct/2022:00:21:20 -0700] "GET /PDFContent/01%20TSB/04%20Class%20IX/Maths/Biology/ HTTP/1.1" 200 358 "https://brainbox.co.in/PDFContent/01%20TSB/04%20Class%20IX/Maths/?C=M%3BO%3DA" "Mozilla/5.0 (Linux; Android 7.0;) AppleWebKit/537.36 (KHTML, like Gecko) Mobile Safari/537.36 (compatible; PetalBot;+https://webmaster.petalsearch.com/site/petalbot)" "brainbox.co.in"
114.119.145.175 - - [04/Oct/2022:00:27:59 -0700] "GET /PDFContent/03%20CBSE/02%20Class%20VII/Science/MOTION%20AND%20TIME/CBSE_VII_MOTION%20AND%20TIME_%20Q%20&%20A.pdf HTTP/1.1" 200 354445 "https://brainbox.co.in/PDFContent/03%20CBSE/02%20Class%20VII/Science/MOTION%20AND%20TIME/?C=N%3BO%3DD" "Mozilla/5.0 (Linux; Android 7.0;) AppleWebKit/537.36 (KHTML, like Gecko) Mobile Safari/537.36 (compatible; PetalBot;+https://webmaster.petalsearch.com/site/petalbot)" "brainbox.co.in"
114.119.135.132 - - [04/Oct/2022:00:34:50 -0700] "GET /PDFContent/01%20TSB/06%20Class%20XI/English/?C=N%3BO%3DD HTTP/1.1" 200 354 "https://brainbox.co.in/PDFContent/01%20TSB/06%20Class%20XI/English/?C=D%3BO%3DA" "Mozilla/5.0 (Linux; Android 7.0;) AppleWebKit/537.36 (KHTML, like Gecko) Mobile Safari/537.36 (compatible; PetalBot;+https://webmaster.petalsearch.com/site/petalbot)" "brainbox.co.in"
114.119.145.187 - - [04/Oct/2022:00:41:41 -0700] "GET /PDFContent/03%20CBSE/07%20Class%20XII/Physics/ELECTRIC%20CHARGES%20AND%20FIELDS/?C=D%3BO%3DA HTTP/1.1" 200 687 "https://brainbox.co.in/PDFContent/03%20CBSE/07%20Class%20XII/Physics/ELECTRIC%20CHARGES%20AND%20FIELDS/" "Mozilla/5.0 (Linux; Android 7.0;) AppleWebKit/537.36 (KHTML, like Gecko) Mobile Safari/537.36 (compatible; PetalBot;+https://webmaster.petalsearch.com/site/petalbot)" "brainbox.co.in"
114.119.135.132 - - [04/Oct/2022:00:48:20 -0700] "GET /PDFContent/03%20CBSE/07%20Class%20XII/Maths/PROBABILITY/CBSE_XII_MATHS_LS13_PROBABILITY_%20BAYES%20%20THEOREM_01.pdf HTTP/1.1" 200 270555 "https://brainbox.co.in/PDFContent/03%20CBSE/07%20Class%20XII/Maths/PROBABILITY/?C=N%3BO%3DD" "Mozilla/5.0 (Linux; Android 7.0;) AppleWebKit/537.36 (KHTML, like Gecko) Mobile Safari/537.36 (compatible; PetalBot;+https://webmaster.petalsearch.com/site/petalbot)" "brainbox.co.in"
114.119.145.160 - - [04/Oct/2022:00:55:02 -0700] "GET /PDFContent/SPECIAL%20CROUSE/Part%201%20Grammar%20Essentials/STD_IX/UNIT-5.pdf HTTP/1.1" 200 281400 "https://brainbox.co.in/PDFContent/SPECIAL%20CROUSE/Part%201%20Grammar%20Essentials/STD_IX/?C=D%3BO%3DA" "Mozilla/5.0 (Linux; Android 7.0;) AppleWebKit/537.36 (KHTML, like Gecko) Mobile Safari/537.36 (compatible; PetalBot;+https://webmaster.petalsearch.com/site/petalbot)" "brainbox.co.in"
54.36.149.78 - - [04/Oct/2022:00:57:59 -0700] "GET /PDFContent/01%20TSB/03%20Class%20VIII/?C=M;O=D HTTP/1.1" 200 513 "-" "Mozilla/5.0 (compatible; AhrefsBot/7.0; +http://ahrefs.com/robot/)" "brainbox.co.in"
114.119.145.174 - - [04/Oct/2022:01:01:42 -0700] "GET /PDFContent/03%20CBSE/07%20Class%20XII/Physics/ELECTRIC%20CHARGES%20AND%20FIELDS/CBSE_XII_PHYSCIS_LS01_ELECTRIC%20CHARGES%20AND%20FIELDS_PROB_07.pdf HTTP/1.1" 200 190651 "https://brainbox.co.in/PDFContent/03%20CBSE/07%20Class%20XII/Physics/ELECTRIC%20CHARGES%20AND%20FIELDS/" "Mozilla/5.0 (Linux; Android 7.0;) AppleWebKit/537.36 (KHTML, like Gecko) Mobile Safari/537.36 (compatible; PetalBot;+https://webmaster.petalsearch.com/site/petalbot)" "brainbox.co.in"
114.119.145.187 - - [04/Oct/2022:01:08:35 -0700] "GET /PDFContent/03%20CBSE/07%20Class%20XII/Chemistry/SOLID%20STATE/Solid%20State_T02_CLASIFAICATION%20OF%20CRYSTAL%20LINE%20SOLIDS.pdf HTTP/1.1" 200 225348 "https://brainbox.co.in/PDFContent/03%20CBSE/07%20Class%20XII/Chemistry/SOLID%20STATE/?C=D%3BO%3DA" "Mozilla/5.0 (Linux; Android 7.0;) AppleWebKit/537.36 (KHTML, like Gecko) Mobile Safari/537.36 (compatible; PetalBot;+https://webmaster.petalsearch.com/site/petalbot)" "brainbox.co.in"
114.119.145.187 - - [04/Oct/2022:01:15:17 -0700] "GET /PDFContent/03%20CBSE/04%20Class%20IX/Biology/Improvement%20in%20Food%20resources/?C=M%3BO%3DA HTTP/1.1" 200 688 "https://brainbox.co.in/PDFContent/03%20CBSE/04%20Class%20IX/Biology/Improvement%20in%20Food%20resources/?C=N%3BO%3DD" "Mozilla/5.0 (Linux; Android 7.0;) AppleWebKit/537.36 (KHTML, like Gecko) Mobile Safari/537.36 (compatible; PetalBot;+https://webmaster.petalsearch.com/site/petalbot)" "brainbox.co.in"
114.119.135.132 - - [04/Oct/2022:01:21:47 -0700] "GET /PDFContent/Beetle/CLASS%20II/ENGLISH/Lesson%206%20-%20A%20Game.pdf HTTP/1.1" 200 117100 "https://brainbox.co.in/PDFContent/Beetle/CLASS%20II/ENGLISH/?C=S%3BO%3DA" "Mozilla/5.0 (Linux; Android 7.0;) AppleWebKit/537.36 (KHTML, like Gecko) Mobile Safari/537.36 (compatible; PetalBot;+https://webmaster.petalsearch.com/site/petalbot)" "brainbox.co.in"
114.119.145.187 - - [04/Oct/2022:01:28:31 -0700] "GET /PDFContent/02%20APSB/01%20Class%20VI/Maths/?C=D%3BO%3DA HTTP/1.1" 200 352 "https://brainbox.co.in/PDFContent/02%20APSB/01%20Class%20VI/Maths/" "Mozilla/5.0 (Linux; Android 7.0;) AppleWebKit/537.36 (KHTML, like Gecko) Mobile Safari/537.36 (compatible; PetalBot;+https://webmaster.petalsearch.com/site/petalbot)" "brainbox.co.in"
114.119.145.174 - - [04/Oct/2022:01:35:18 -0700] "GET /PDFContent/01%20TSB/03%20Class%20VIII/English/LS6A/TSB_VIII_ENGLISH_LS06A_THE%20STORY%20OF%20IKAT_Glossary.pdf HTTP/1.1" 200 251051 "https://brainbox.co.in/PDFContent/01%20TSB/03%20Class%20VIII/English/LS6A/?C=D%3BO%3DA" "Mozilla/5.0 (Linux; Android 7.0;) AppleWebKit/537.36 (KHTML, like Gecko) Mobile Safari/537.36 (compatible; PetalBot;+https://webmaster.petalsearch.com/site/petalbot)" "brainbox.co.in"
143.198.32.83 - - [04/Oct/2022:01:36:51 -0700] "GET / HTTP/1.1" 200 1155 "-" "Mozilla/5.0 (Windows NT 10.0; Win64; x64) AppleWebKit/537.36 (KHTML, like Gecko) Chrome/80.0.3987.149 Safari/537.36" "brainbox.co.in"
143.198.32.83 - - [04/Oct/2022:01:36:52 -0700] "GET /wp-includes/wlwmanifest.xml HTTP/1.1" 404 73 "-" "Mozilla/5.0 (Windows NT 10.0; Win64; x64) AppleWebKit/537.36 (KHTML, like Gecko) Chrome/80.0.3987.149 Safari/537.36" "brainbox.co.in"
143.198.32.83 - - [04/Oct/2022:01:36:52 -0700] "GET /xmlrpc.php?rsd HTTP/1.1" 500 4941 "-" "Mozilla/5.0 (Windows NT 10.0; Win64; x64) AppleWebKit/537.36 (KHTML, like Gecko) Chrome/80.0.3987.149 Safari/537.36" "brainbox.co.in"
143.198.32.83 - - [04/Oct/2022:01:36:52 -0700] "GET / HTTP/1.1" 200 1155 "-" "Mozilla/5.0 (Windows NT 10.0; Win64; x64) AppleWebKit/537.36 (KHTML, like Gecko) Chrome/80.0.3987.149 Safari/537.36" "brainbox.co.in"
143.198.32.83 - - [04/Oct/2022:01:36:53 -0700] "GET /blog/wp-includes/wlwmanifest.xml HTTP/1.1" 404 73 "-" "Mozilla/5.0 (Windows NT 10.0; Win64; x64) AppleWebKit/537.36 (KHTML, like Gecko) Chrome/80.0.3987.149 Safari/537.36" "brainbox.co.in"
143.198.32.83 - - [04/Oct/2022:01:36:53 -0700] "GET /web/wp-includes/wlwmanifest.xml HTTP/1.1" 404 73 "-" "Mozilla/5.0 (Windows NT 10.0; Win64; x64) AppleWebKit/537.36 (KHTML, like Gecko) Chrome/80.0.3987.149 Safari/537.36" "brainbox.co.in"
143.198.32.83 - - [04/Oct/2022:01:36:53 -0700] "GET /wordpress/wp-includes/wlwmanifest.xml HTTP/1.1" 404 73 "-" "Mozilla/5.0 (Windows NT 10.0; Win64; x64) AppleWebKit/537.36 (KHTML, like Gecko) Chrome/80.0.3987.149 Safari/537.36" "brainbox.co.in"
143.198.32.83 - - [04/Oct/2022:01:36:54 -0700] "GET /website/wp-includes/wlwmanifest.xml HTTP/1.1" 404 73 "-" "Mozilla/5.0 (Windows NT 10.0; Win64; x64) AppleWebKit/537.36 (KHTML, like Gecko) Chrome/80.0.3987.149 Safari/537.36" "brainbox.co.in"
143.198.32.83 - - [04/Oct/2022:01:36:54 -0700] "GET /wp/wp-includes/wlwmanifest.xml HTTP/1.1" 404 73 "-" "Mozilla/5.0 (Windows NT 10.0; Win64; x64) AppleWebKit/537.36 (KHTML, like Gecko) Chrome/80.0.3987.149 Safari/537.36" "brainbox.co.in"
143.198.32.83 - - [04/Oct/2022:01:36:54 -0700] "GET /news/wp-includes/wlwmanifest.xml HTTP/1.1" 404 73 "-" "Mozilla/5.0 (Windows NT 10.0; Win64; x64) AppleWebKit/537.36 (KHTML, like Gecko) Chrome/80.0.3987.149 Safari/537.36" "brainbox.co.in"
143.198.32.83 - - [04/Oct/2022:01:36:55 -0700] "GET /2018/wp-includes/wlwmanifest.xml HTTP/1.1" 404 73 "-" "Mozilla/5.0 (Windows NT 10.0; Win64; x64) AppleWebKit/537.36 (KHTML, like Gecko) Chrome/80.0.3987.149 Safari/537.36" "brainbox.co.in"
143.198.32.83 - - [04/Oct/2022:01:36:55 -0700] "GET /2019/wp-includes/wlwmanifest.xml HTTP/1.1" 404 73 "-" "Mozilla/5.0 (Windows NT 10.0; Win64; x64) AppleWebKit/537.36 (KHTML, like Gecko) Chrome/80.0.3987.149 Safari/537.36" "brainbox.co.in"
143.198.32.83 - - [04/Oct/2022:01:36:55 -0700] "GET /shop/wp-includes/wlwmanifest.xml HTTP/1.1" 404 73 "-" "Mozilla/5.0 (Windows NT 10.0; Win64; x64) AppleWebKit/537.36 (KHTML, like Gecko) Chrome/80.0.3987.149 Safari/537.36" "brainbox.co.in"
143.198.32.83 - - [04/Oct/2022:01:36:55 -0700] "GET /wp1/wp-includes/wlwmanifest.xml HTTP/1.1" 404 73 "-" "Mozilla/5.0 (Windows NT 10.0; Win64; x64) AppleWebKit/537.36 (KHTML, like Gecko) Chrome/80.0.3987.149 Safari/537.36" "brainbox.co.in"
143.198.32.83 - - [04/Oct/2022:01:36:56 -0700] "GET /test/wp-includes/wlwmanifest.xml HTTP/1.1" 404 73 "-" "Mozilla/5.0 (Windows NT 10.0; Win64; x64) AppleWebKit/537.36 (KHTML, like Gecko) Chrome/80.0.3987.149 Safari/537.36" "brainbox.co.in"
143.198.32.83 - - [04/Oct/2022:01:36:56 -0700] "GET /media/wp-includes/wlwmanifest.xml HTTP/1.1" 404 73 "-" "Mozilla/5.0 (Windows NT 10.0; Win64; x64) AppleWebKit/537.36 (KHTML, like Gecko) Chrome/80.0.3987.149 Safari/537.36" "brainbox.co.in"
143.198.32.83 - - [04/Oct/2022:01:36:56 -0700] "GET /wp2/wp-includes/wlwmanifest.xml HTTP/1.1" 404 73 "-" "Mozilla/5.0 (Windows NT 10.0; Win64; x64) AppleWebKit/537.36 (KHTML, like Gecko) Chrome/80.0.3987.149 Safari/537.36" "brainbox.co.in"
143.198.32.83 - - [04/Oct/2022:01:36:57 -0700] "GET /site/wp-includes/wlwmanifest.xml HTTP/1.1" 404 73 "-" "Mozilla/5.0 (Windows NT 10.0; Win64; x64) AppleWebKit/537.36 (KHTML, like Gecko) Chrome/80.0.3987.149 Safari/537.36" "brainbox.co.in"
143.198.32.83 - - [04/Oct/2022:01:36:57 -0700] "GET /cms/wp-includes/wlwmanifest.xml HTTP/1.1" 404 73 "-" "Mozilla/5.0 (Windows NT 10.0; Win64; x64) AppleWebKit/537.36 (KHTML, like Gecko) Chrome/80.0.3987.149 Safari/537.36" "brainbox.co.in"
143.198.32.83 - - [04/Oct/2022:01:36:57 -0700] "GET /sito/wp-includes/wlwmanifest.xml HTTP/1.1" 404 73 "-" "Mozilla/5.0 (Windows NT 10.0; Win64; x64) AppleWebKit/537.36 (KHTML, like Gecko) Chrome/80.0.3987.149 Safari/537.36" "brainbox.co.in"
114.119.145.174 - - [04/Oct/2022:01:41:48 -0700] "GET /PDFContent/03%20CBSE/03%20Class%20VIII/Chemistry/CHEMICAL%20EFFECTS%20OF%20ELECTRIC%20CURRENT/?C=N%3BO%3DD HTTP/1.1" 200 550 "https://brainbox.co.in/PDFContent/03%20CBSE/03%20Class%20VIII/Chemistry/CHEMICAL%20EFFECTS%20OF%20ELECTRIC%20CURRENT/" "Mozilla/5.0 (Linux; Android 7.0;) AppleWebKit/537.36 (KHTML, like Gecko) Mobile Safari/537.36 (compatible; PetalBot;+https://webmaster.petalsearch.com/site/petalbot)" "brainbox.co.in"
114.119.145.187 - - [04/Oct/2022:01:48:22 -0700] "GET /PDFContent/03%20CBSE/01%20Class%20VI/Chemistry/ HTTP/1.1" 200 407 "https://brainbox.co.in/PDFContent/03%20CBSE/01%20Class%20VI/?C=M%3BO%3DA" "Mozilla/5.0 (Linux; Android 7.0;) AppleWebKit/537.36 (KHTML, like Gecko) Mobile Safari/537.36 (compatible; PetalBot;+https://webmaster.petalsearch.com/site/petalbot)" "brainbox.co.in"
18.144.4.10 - - [04/Oct/2022:01:52:21 -0700] "GET /~richard/templates/beez/US/uk/paypal/login.htm HTTP/1.1" 404 73 "-" "Mozilla/5.0 (Macintosh; Intel Mac OS X 10_10_5) AppleWebKit/537.36 (KHTML, like Gecko) Chrome/52.0.2743.116 Safari/537.36" "brainbox.co.in"
114.119.145.160 - - [04/Oct/2022:01:55:02 -0700] "GET /PDFContent/02%20APSB/02%20Class%20VII/Sanskrit/?C=D%3BO%3DA HTTP/1.1" 200 354 "https://brainbox.co.in/PDFContent/02%20APSB/02%20Class%20VII/Sanskrit/?C=N%3BO%3DD" "Mozilla/5.0 (Linux; Android 7.0;) AppleWebKit/537.36 (KHTML, like Gecko) Mobile Safari/537.36 (compatible; PetalBot;+https://webmaster.petalsearch.com/site/petalbot)" "brainbox.co.in"
114.119.145.160 - - [04/Oct/2022:02:01:39 -0700] "GET /PDFContent/03%20CBSE/03%20Class%20VIII/Biology/Reproduction%20in%20Animals/?C=S%3BO%3DA HTTP/1.1" 200 674 "https://brainbox.co.in/PDFContent/03%20CBSE/03%20Class%20VIII/Biology/Reproduction%20in%20Animals/?C=N%3BO%3DD" "Mozilla/5.0 (Linux; Android 7.0;) AppleWebKit/537.36 (KHTML, like Gecko) Mobile Safari/537.36 (compatible; PetalBot;+https://webmaster.petalsearch.com/site/petalbot)" "brainbox.co.in"
54.36.148.53 - - [04/Oct/2022:02:02:05 -0700] "GET /PDFContent/02%20APSB/05%20Class%20X/Maths/?C=D;O=A HTTP/1.1" 200 352 "-" "Mozilla/5.0 (compatible; AhrefsBot/7.0; +http://ahrefs.com/robot/)" "brainbox.co.in"
40.77.167.55 - - [04/Oct/2022:02:05:11 -0700] "GET /PDFContent/03%20CBSE/04%20Class%20IX/Maths/POLYNOMIALS/CBSE_IX_MATHS_LS02_POLYNOMIALS_CONSTANT%20POLYNOMIAL.pdf HTTP/1.1" 200 254262 "-" "Mozilla/5.0 (compatible; bingbot/2.0; +http://www.bing.com/bingbot.htm)" "brainbox.co.in"
