114.119.135.132 - - [04/Oct/2022:02:08:08 -0700] "GET /PDFContent/02%20APSB/02%20Class%20VII/Hindi/?C=D%3BO%3DA HTTP/1.1" 200 352 "https://brainbox.co.in/PDFContent/02%20APSB/02%20Class%20VII/Hindi/" "Mozilla/5.0 (Linux; Android 7.0;) AppleWebKit/537.36 (KHTML, like Gecko) Mobile Safari/537.36 (compatible; PetalBot;+https://webmaster.petalsearch.com/site/petalbot)" "brainbox.co.in"
114.119.135.132 - - [04/Oct/2022:02:14:32 -0700] "GET /PDFContent/Beetle/CLASS%20IV/SCIENCE/Lesson%201.%20Plants%20make%20their%20own%20food.pdf HTTP/1.1" 200 92720 "https://brainbox.co.in/PDFContent/Beetle/CLASS%20IV/SCIENCE/?C=S%3BO%3DA" "Mozilla/5.0 (Linux; Android 7.0;) AppleWebKit/537.36 (KHTML, like Gecko) Mobile Safari/537.36 (compatible; PetalBot;+https://webmaster.petalsearch.com/site/petalbot)" "brainbox.co.in"
114.119.145.187 - - [04/Oct/2022:02:21:12 -0700] "GET /PDFContent/Beetle/CLASS%20V/SCIENCE/SEM2/Lesson%207.%20Saving%20the%20environment.pdf HTTP/1.1" 200 171720 "https://brainbox.co.in/PDFContent/Beetle/CLASS%20V/SCIENCE/SEM2/?C=D%3BO%3DA" "Mozilla/5.0 (Linux; Android 7.0;) AppleWebKit/537.36 (KHTML, like Gecko) Mobile Safari/537.36 (compatible; PetalBot;+https://webmaster.petalsearch.com/site/petalbot)" "brainbox.co.in"
114.119.145.174 - - [04/Oct/2022:02:27:46 -0700] "GET /PDFContent/03%20CBSE/04%20Class%20IX/Maths/LINEAR%20EQUATIONS%20IN%20TWO%20VARIABLES/?C=S%3BO%3DA HTTP/1.1" 200 846 "https://brainbox.co.in/PDFContent/03%20CBSE/04%20Class%20IX/Maths/LINEAR%20EQUATIONS%20IN%20TWO%20VARIABLES/" "Mozilla/5.0 (Linux; Android 7.0;) AppleWebKit/537.36 (KHTML, like Gecko) Mobile Safari/537.36 (compatible; PetalBot;+https://webmaster.petalsearch.com/site/petalbot)" "brainbox.co.in"
114.119.145.187 - - [04/Oct/2022:02:34:17 -0700] "GET /PDFContent/03%20CBSE/04%20Class%20IX/Biology/CBSE_lX_BIOLOGY_LS07_DIVERSTY%20IN%20LIVING%20ORGANISMS_KINGDOM%20FUNGI.pdf HTTP/1.1" 200 478364 "https://brainbox.co.in/PDFContent/03%20CBSE/04%20Class%20IX/Biology/?C=N%3BO%3DD" "Mozilla/5.0 (Linux; Android 7.0;) AppleWebKit/537.36 (KHTML, like Gecko) Mobile Safari/537.36 (compatible; PetalBot;+https://webmaster.petalsearch.com/site/petalbot)" "brainbox.co.in"
114.119.145.175 - - [04/Oct/2022:02:40:48 -0700] "GET /PDFContent/03%20CBSE/06%20Class%20XI/Physics/GRAVITATION/Gravitation_Earth%20Satellites.pdf HTTP/1.1" 200 215478 "https://brainbox.co.in/PDFContent/03%20CBSE/06%20Class%20XI/Physics/GRAVITATION/?C=N%3BO%3DD" "Mozilla/5.0 (Linux; Android 7.0;) AppleWebKit/537.36 (KHTML, like Gecko) Mobile Safari/537.36 (compatible; PetalBot;+https://webmaster.petalsearch.com/site/petalbot)" "brainbox.co.in"
18.117.161.45 - - [04/Oct/2022:02:43:38 -0700] "GET /~richard/templates/beez/US/uk/paypal/login.htm HTTP/1.1" 404 73 "-" "Mozilla/5.0 (Macintosh; Intel Mac OS X 10_10_5) AppleWebKit/537.36 (KHTML, like Gecko) Chrome/52.0.2743.116 Safari/537.36" "brainbox.co.in"
114.119.135.132 - - [04/Oct/2022:02:47:10 -0700] "GET /PDFContent/SPECIAL%20CROUSE/?C=N%3BO%3DD HTTP/1.1" 200 436 "https://brainbox.co.in/PDFContent/SPECIAL%20CROUSE/?C=M%3BO%3DA" "Mozilla/5.0 (Linux; Android 7.0;) AppleWebKit/537.36 (KHTML, like Gecko) Mobile Safari/537.36 (compatible; PetalBot;+https://webmaster.petalsearch.com/site/petalbot)" "brainbox.co.in"
54.36.149.36 - - [04/Oct/2022:02:51:55 -0700] "GET /PDFContent/01%20TSB/01%20Class%20VI/Telugu/VARSHAM/?C=D;O=A HTTP/1.1" 200 464 "-" "Mozilla/5.0 (compatible; AhrefsBot/7.0; +http://ahrefs.com/robot/)" "brainbox.co.in"
114.119.135.132 - - [04/Oct/2022:02:53:45 -0700] "GET /PDFContent/03%20CBSE/06%20Class%20XI/Chemistry/GENERAL%20ORGANIC%20CHEMISTRY/GENERAL%20ORGANIC%20CHEMISTRY_T10%20_Types%20of%20Organic%20reactions.pdf HTTP/1.1" 200 167154 "https://brainbox.co.in/PDFContent/03%20CBSE/06%20Class%20XI/Chemistry/GENERAL%20ORGANIC%20CHEMISTRY/" "Mozilla/5.0 (Linux; Android 7.0;) AppleWebKit/537.36 (KHTML, like Gecko) Mobile Safari/537.36 (compatible; PetalBot;+https://webmaster.petalsearch.com/site/petalbot)" "brainbox.co.in"
35.231.7.136 - - [04/Oct/2022:02:56:31 -0700] "GET /robots.txt HTTP/1.1" 404 88 "-" "ZoominfoBot (zoominfobot at zoominfo dot com)" "www.brainbox.co.in"
35.231.7.136 - - [04/Oct/2022:02:56:32 -0700] "GET /robots.txt HTTP/1.1" 404 88 "-" "ZoominfoBot (zoominfobot at zoominfo dot com)" "www.brainbox.co.in"
35.231.7.136 - - [04/Oct/2022:02:56:32 -0700] "GET / HTTP/1.1" 200 432 "-" "ZoominfoBot (zoominfobot at zoominfo dot com)" "www.brainbox.co.in"
114.119.145.187 - - [04/Oct/2022:03:00:16 -0700] "GET /PDFContent/03%20CBSE/07%20Class%20XII/Chemistry/SOLUTIONS/Solutions_T10_Reverse%20osmosis.pdf HTTP/1.1" 200 139353 "https://brainbox.co.in/PDFContent/03%20CBSE/07%20Class%20XII/Chemistry/SOLUTIONS/?C=D%3BO%3DA" "Mozilla/5.0 (Linux; Android 7.0;) AppleWebKit/537.36 (KHTML, like Gecko) Mobile Safari/537.36 (compatible; PetalBot;+https://webmaster.petalsearch.com/site/petalbot)" "brainbox.co.in"
114.119.145.160 - - [04/Oct/2022:03:06:41 -0700] "GET /PDFContent/04%20ICSE/01%20Class%20VI/Sanskrit/ HTTP/1.1" 200 354 "https://brainbox.co.in/PDFContent/04%20ICSE/01%20Class%20VI/?C=D%3BO%3DA" "Mozilla/5.0 (Linux; Android 7.0;) AppleWebKit/537.36 (KHTML, like Gecko) Mobile Safari/537.36 (compatible; PetalBot;+https://webmaster.petalsearch.com/site/petalbot)" "brainbox.co.in"
114.119.145.174 - - [04/Oct/2022:03:13:15 -0700] "GET /PDFContent/03%20CBSE/04%20Class%20IX/Hindi/?C=N%3BO%3DD HTTP/1.1" 200 393 "https://brainbox.co.in/PDFContent/03%20CBSE/04%20Class%20IX/Hindi/?C=M%3BO%3DA" "Mozilla/5.0 (Linux; Android 7.0;) AppleWebKit/537.36 (KHTML, like Gecko) Mobile Safari/537.36 (compatible; PetalBot;+https://webmaster.petalsearch.com/site/petalbot)" "brainbox.co.in"
114.119.145.175 - - [04/Oct/2022:03:19:38 -0700] "GET /PDFContent/03%20CBSE/03%20Class%20VIII/Physics/Types%20of%20forces HTTP/1.1" 200 465917 "https://brainboxschool.com/material/CBSE/VIII/Physics/FORCE_AND_PRESSURE.html" "Mozilla/5.0 (Linux; Android 7.0;) AppleWebKit/537.36 (KHTML, like Gecko) Mobile Safari/537.36 (compatible; PetalBot;+https://webmaster.petalsearch.com/site/petalbot)" "brainbox.co.in"
114.119.145.187 - - [04/Oct/2022:03:26:14 -0700] "GET /PDFContent/03%20CBSE/05%20Class%20X/Chemistry/CHEMICAL%20REACTIONS%20&%20EQUATIONS/?C=N%3BO%3DD HTTP/1.1" 200 627 "https://brainbox.co.in/PDFContent/03%20CBSE/05%20Class%20X/Chemistry/CHEMICAL%20REACTIONS%20&%20EQUATIONS/" "Mozilla/5.0 (Linux; Android 7.0;) AppleWebKit/537.36 (KHTML, like Gecko) Mobile Safari/537.36 (compatible; PetalBot;+https://webmaster.petalsearch.com/site/petalbot)" "brainbox.co.in"
114.119.135.132 - - [04/Oct/2022:03:32:42 -0700] "GET /PDFContent/03%20CBSE/05%20Class%20X/Hindi/SPARSH/LS15/?C=M%3BO%3DA HTTP/1.1" 200 539 "https://brainbox.co.in/PDFContent/03%20CBSE/05%20Class%20X/Hindi/SPARSH/LS15/?C=D%3BO%3DA" "Mozilla/5.0 (Linux; Android 7.0;) AppleWebKit/537.36 (KHTML, like Gecko) Mobile Safari/537.36 (compatible; PetalBot;+https://webmaster.petalsearch.com/site/petalbot)" "brainbox.co.in"
185.191.171.44 - - [04/Oct/2022:03:36:00 -0700] "GET /robots.txt HTTP/1.1" 404 88 "-" "Mozilla/5.0 (compatible; SemrushBot/7~bl; +http://www.semrush.com/bot.html)" "brainbox.co.in"
185.191.171.45 - - [04/Oct/2022:03:36:01 -0700] "GET /PDFContent/03%20CBSE/02%20Class%20VII/Science/ELECTRIC%20CURRENT%20AND%20ITS%20EFFECTS/?C=N%3BO%3DD HTTP/1.1" 200 630 "-" "Mozilla/5.0 (compatible; SemrushBot/7~bl; +http://www.semrush.com/bot.html)" "brainbox.co.in"
66.249.79.84 - - [04/Oct/2022:03:38:16 -0700] "GET /robots.txt HTTP/1.1" 404 88 "-" "Mozilla/5.0 (compatible; Googlebot/2.1; +http://www.google.com/bot.html)" "brainbox.co.in"
114.119.145.160 - - [04/Oct/2022:03:39:05 -0700] "GET /PDFContent/03%20CBSE/04%20Class%20IX/Biology/CBSE_lX_BIOLOGY_LS07_DIVERSTY%20IN%20LIVING%20ORGANISMS_KINGDOM%20PROTISTA.pdf HTTP/1.1" 200 708080 "https://brainbox.co.in/PDFContent/03%20CBSE/04%20Class%20IX/Biology/?C=N%3BO%3DD" "Mozilla/5.0 (Linux; Android 7.0;) AppleWebKit/537.36 (KHTML, like Gecko) Mobile Safari/537.36 (compatible; PetalBot;+https://webmaster.petalsearch.com/site/petalbot)" "brainbox.co.in"
195.201.199.99 - - [04/Oct/2022:03:40:25 -0700] "GET /robots.txt HTTP/1.1" 404 73 "-" "Mozilla/5.0 (compatible; MJ12bot/v1.4.8; http://mj12bot.com/)" "brainbox.co.in"
195.201.199.99 - - [04/Oct/2022:03:40:27 -0700] "GET /PDFContent/SPECIAL%20CROUSE/Part%201%20Grammar%20Essentials/STD_IV/UNIT%201%20%E2%80%93%20EKALAVYA.pdf HTTP/1.1" 200 494500 "-" "Mozilla/5.0 (compatible; MJ12bot/v1.4.8; http://mj12bot.com/)" "brainbox.co.in"
195.201.199.99 - - [04/Oct/2022:03:40:30 -0700] "GET /PDFContent/SPECIAL%20CROUSE/Part%201%20Grammar%20Essentials/STD_IV/UNIT%202%20%E2%80%93%20THE%20PANCAKE.pdf HTTP/1.1" 200 485215 "-" "Mozilla/5.0 (compatible; MJ12bot/v1.4.8; http://mj12bot.com/)" "brainbox.co.in"
195.201.199.99 - - [04/Oct/2022:03:40:34 -0700] "GET /PDFContent/SPECIAL%20CROUSE/Part%201%20Grammar%20Essentials/STD_IV/UNIT%203%20%E2%80%93%20WHAT%20IS%20A%20TREE.pdf HTTP/1.1" 200 690004 "-" "Mozilla/5.0 (compatible; MJ12bot/v1.4.8; http://mj12bot.com/)" "brainbox.co.in"
195.201.199.99 - - [04/Oct/2022:03:40:37 -0700] "GET /PDFContent/SPECIAL%20CROUSE/Part%201%20Grammar%20Essentials/STD_IV/UNIT%204%20%E2%80%93%20THE%20MILLER,%20HIS%20SON%20AND%20DONKEY.pdf HTTP/1.1" 200 491966 "-" "Mozilla/5.0 (compatible; MJ12bot/v1.4.8; http://mj12bot.com/)" "brainbox.co.in"
195.201.199.99 - - [04/Oct/2022:03:40:41 -0700] "GET /PDFContent/SPECIAL%20CROUSE/Part%201%20Grammar%20Essentials/STD_IV/UNIT%205%20%E2%80%93%20FUDI%E2%80%99s%20DESERT%20JOURNEY.pdf HTTP/1.1" 200 484885 "-" "Mozilla/5.0 (compatible; MJ12bot/v1.4.8; http://mj12bot.com/)" "brainbox.co.in"
195.201.199.99 - - [04/Oct/2022:03:40:44 -0700] "GET /PDFContent/SPECIAL%20CROUSE/Part%201%20Grammar%20Essentials/STD_IV/UNIT%206%20%E2%80%93%20HONESTY.pdf HTTP/1.1" 200 528824 "-" "Mozilla/5.0 (compatible; MJ12bot/v1.4.8; http://mj12bot.com/)" "brainbox.co.in"
195.201.199.99 - - [04/Oct/2022:03:40:49 -0700] "GET /PDFContent/SPECIAL%20CROUSE/Part%201%20Grammar%20Essentials/STD_IV/UNIT%207%20%E2%80%93%20THE%20BOY%20AND%20THE%20CATAPULT.pdf HTTP/1.1" 200 660874 "-" "Mozilla/5.0 (compatible; MJ12bot/v1.4.8; http://mj12bot.com/)" "brainbox.co.in"
195.201.199.99 - - [04/Oct/2022:03:40:52 -0700] "GET /PDFContent/SPECIAL%20CROUSE/Part%201%20Grammar%20Essentials/STD_IV/UNIT%208%20%E2%80%93%20THE%20UNLUCKY%20FACE.pdf HTTP/1.1" 200 471161 "-" "Mozilla/5.0 (compatible; MJ12bot/v1.4.8; http://mj12bot.com/)" "brainbox.co.in"
195.201.199.99 - - [04/Oct/2022:03:40:57 -0700] "GET /PDFContent/SPECIAL%20CROUSE/STD_III/UNIT%201%20%E2%80%93%20TALKING%20TRAIN.pdf HTTP/1.1" 404 88 "-" "Mozilla/5.0 (compatible; MJ12bot/v1.4.8; http://mj12bot.com/)" "brainbox.co.in"
195.201.199.99 - - [04/Oct/2022:03:40:59 -0700] "GET /PDFContent/SPECIAL%20CROUSE/STD_III/UNIT%202%20%E2%80%93%20SWAMY%20&%20THE%20MAGIC%20BEANS.pdf HTTP/1.1" 404 88 "-" "Mozilla/5.0 (compatible; MJ12bot/v1.4.8; http://mj12bot.com/)" "brainbox.co.in"
195.201.199.99 - - [04/Oct/2022:03:41:03 -0700] "GET /PDFContent/SPECIAL%20CROUSE/STD_III/UNIT%203%20%E2%80%93%20I%20LIKE%20IT%20THIS%20WAY.pdf HTTP/1.1" 404 88 "-" "Mozilla/5.0 (compatible; MJ12bot/v1.4.8; http://mj12bot.com/)" "brainbox.co.in"
195.201.199.99 - - [04/Oct/2022:03:41:08 -0700] "GET /PDFContent/SPECIAL%20CROUSE/STD_III/UNIT%204%20%E2%80%93%20THE%20MOUSE%20&%20THE%20PENCIL.pdf HTTP/1.1" 404 88 "-" "Mozilla/5.0 (compatible; MJ12bot/v1.4.8; http://mj12bot.com/)" "brainbox.co.in"
195.201.199.99 - - [04/Oct/2022:03:41:12 -0700] "GET /PDFContent/SPECIAL%20CROUSE/STD_III/UNIT%205%20%E2%80%93%20THE%20LITTLE%20RED%20HEN.pdf HTTP/1.1" 404 88 "-" "Mozilla/5.0 (compatible; MJ12bot/v1.4.8; http://mj12bot.com/)" "brainbox.co.in"
195.201.199.99 - - [04/Oct/2022:03:41:17 -0700] "GET /PDFContent/SPECIAL%20CROUSE/STD_III/UNIT%206%20%E2%80%93%20MARY%20&%20THE%20THREE%20BEARS.pdf HTTP/1.1" 404 88 "-" "Mozilla/5.0 (compatible; MJ12bot/v1.4.8; http://mj12bot.com/)" "brainbox.co.in"
195.201.199.99 - - [04/Oct/2022:03:41:20 -0700] "GET /PDFContent/SPECIAL%20CROUSE/STD_III/UNIT%207%20%E2%80%93%20THE%20ANIMAL%20SCHOOL.pdf HTTP/1.1" 404 88 "-" "Mozilla/5.0 (compatible; MJ12bot/v1.4.8; http://mj12bot.com/)" "brainbox.co.in"
195.201.199.99 - - [04/Oct/2022:03:41:31 -0700] "GET /PDFContent/SPECIAL%20CROUSE/STD_III/UNIT%208%20%E2%80%93%20BIRBAL%20OUTWITS%20THE%20CHEAT.pdf HTTP/1.1" 404 88 "-" "Mozilla/5.0 (compatible; MJ12bot/v1.4.8; http://mj12bot.com/)" "brainbox.co.in"
195.201.199.99 - - [04/Oct/2022:03:41:36 -0700] "GET /PDFContent/SPECIAL%20CROUSE/STD_IV/UNIT%201%20%E2%80%93%20EKALAVYA.pdf HTTP/1.1" 404 88 "-" "Mozilla/5.0 (compatible; MJ12bot/v1.4.8; http://mj12bot.com/)" "brainbox.co.in"
195.201.199.99 - - [04/Oct/2022:03:41:40 -0700] "GET /PDFContent/SPECIAL%20CROUSE/STD_IV/UNIT%202%20%E2%80%93%20THE%20PANCAKE.pdf HTTP/1.1" 404 88 "-" "Mozilla/5.0 (compatible; MJ12bot/v1.4.8; http://mj12bot.com/)" "brainbox.co.in"
195.201.199.99 - - [04/Oct/2022:03:41:43 -0700] "GET /PDFContent/SPECIAL%20CROUSE/STD_IV/UNIT%203%20%E2%80%93%20WHAT%20IS%20A%20TREE.pdf HTTP/1.1" 404 88 "-" "Mozilla/5.0 (compatible; MJ12bot/v1.4.8; http://mj12bot.com/)" "brainbox.co.in"
195.201.199.99 - - [04/Oct/2022:03:41:48 -0700] "GET /PDFContent/SPECIAL%20CROUSE/STD_IV/UNIT%204%20%E2%80%93%20THE%20MILLER,%20HIS%20SON%20AND%20DONKEY.pdf HTTP/1.1" 404 88 "-" "Mozilla/5.0 (compatible; MJ12bot/v1.4.8; http://mj12bot.com/)" "brainbox.co.in"
195.201.199.99 - - [04/Oct/2022:03:41:50 -0700] "GET /PDFContent/SPECIAL%20CROUSE/STD_IV/UNIT%205%20%E2%80%93%20FUDI%E2%80%99s%20DESERT%20JOURNEY.pdf HTTP/1.1" 404 88 "-" "Mozilla/5.0 (compatible; MJ12bot/v1.4.8; http://mj12bot.com/)" "brainbox.co.in"
195.201.199.99 - - [04/Oct/2022:03:41:54 -0700] "GET /PDFContent/SPECIAL%20CROUSE/STD_IV/UNIT%206%20%E2%80%93%20HONESTY.pdf HTTP/1.1" 404 88 "-" "Mozilla/5.0 (compatible; MJ12bot/v1.4.8; http://mj12bot.com/)" "brainbox.co.in"
195.201.199.99 - - [04/Oct/2022:03:41:58 -0700] "GET /PDFContent/SPECIAL%20CROUSE/STD_IV/UNIT%207%20%E2%80%93%20THE%20BOY%20AND%20THE%20CATAPULT.pdf HTTP/1.1" 404 88 "-" "Mozilla/5.0 (compatible; MJ12bot/v1.4.8; http://mj12bot.com/)" "brainbox.co.in"
195.201.199.99 - - [04/Oct/2022:03:42:01 -0700] "GET /PDFContent/SPECIAL%20CROUSE/STD_IV/UNIT%208%20%E2%80%93%20THE%20UNLUCKY%20FACE.pdf HTTP/1.1" 404 88 "-" "Mozilla/5.0 (compatible; MJ12bot/v1.4.8; http://mj12bot.com/)" "brainbox.co.in"
195.201.199.99 - - [04/Oct/2022:03:42:04 -0700] "GET /robots.txt HTTP/1.1" 404 73 "-" "Mozilla/5.0 (compatible; MJ12bot/v1.4.8; http://mj12bot.com/)" "www.brainbox.co.in"
195.201.199.99 - - [04/Oct/2022:03:42:07 -0700] "GET /PDFContent/Beetle/CLASS%20I/ENGLISH%201-2/Lesson%204%20%E2%80%90%20Neha%20learns%20a%20lesson.pdf HTTP/1.1" 200 145295 "-" "Mozilla/5.0 (compatible; MJ12bot/v1.4.8; http://mj12bot.com/)" "www.brainbox.co.in"
195.201.199.99 - - [04/Oct/2022:03:42:11 -0700] "GET /PDFContent/Beetle/CLASS%20I/ENGLISH%201-2/Lesson%205%20%E2%80%90%20A%20birthday%20party.pdf HTTP/1.1" 200 144254 "-" "Mozilla/5.0 (compatible; MJ12bot/v1.4.8; http://mj12bot.com/)" "www.brainbox.co.in"
195.201.199.99 - - [04/Oct/2022:03:42:14 -0700] "GET /PDFContent/Beetle/CLASS%20I/ENGLISH/Lesson%205%20%E2%80%90%20Tenali%20Raman%20And%20The%20Thieves.pdf HTTP/1.1" 200 99880 "-" "Mozilla/5.0 (compatible; MJ12bot/v1.4.8; http://mj12bot.com/)" "www.brainbox.co.in"
195.201.199.99 - - [04/Oct/2022:03:42:17 -0700] "GET /PDFContent/Beetle/CLASS%20I/ENGLISH/Lesson%207%20%E2%80%90%20The%20wish.pdf HTTP/1.1" 200 76025 "-" "Mozilla/5.0 (compatible; MJ12bot/v1.4.8; http://mj12bot.com/)" "www.brainbox.co.in"
195.201.199.99 - - [04/Oct/2022:03:42:21 -0700] "GET /PDFContent/Beetle/CLASS%20IV/ENGLISH%20SEM%202/Lesson%203%20-%20The%20Emperor%E2%80%99s%20New%20Clothes.pdf HTTP/1.1" 200 155207 "-" "Mozilla/5.0 (compatible; MJ12bot/v1.4.8; http://mj12bot.com/)" "www.brainbox.co.in"
195.201.199.99 - - [04/Oct/2022:03:42:25 -0700] "GET /PDFContent/Beetle/CLASS%20IV/ENGLISH%20SEM%202/Lesson%205%20-%20Mother%E2%80%99s%20Love.pdf HTTP/1.1" 200 132907 "-" "Mozilla/5.0 (compatible; MJ12bot/v1.4.8; http://mj12bot.com/)" "www.brainbox.co.in"
195.201.199.99 - - [04/Oct/2022:03:42:28 -0700] "GET /PDFContent/Beetle/CLASS%20IV/ENGLISH/Lesson%205%20%E2%80%90%20Tenali%20Raman%20And%20The%20Thieves.pdf HTTP/1.1" 200 99880 "-" "Mozilla/5.0 (compatible; MJ12bot/v1.4.8; http://mj12bot.com/)" "www.brainbox.co.in"
195.201.199.99 - - [04/Oct/2022:03:42:31 -0700] "GET /PDFContent/Beetle/CLASS%20IV/ENGLISH/Lesson%207%20%E2%80%90%20The%20wish.pdf HTTP/1.1" 200 76025 "-" "Mozilla/5.0 (compatible; MJ12bot/v1.4.8; http://mj12bot.com/)" "www.brainbox.co.in"
195.201.199.99 - - [04/Oct/2022:03:42:37 -0700] "GET /PDFContent/Beetle/CLASS%20V/SOCIAL/SEM%201/LESSON%201.%20GLOBE%E2%80%90%20A%20MODEL%20OF%20THE%20EARTH.pdf HTTP/1.1" 200 52635 "-" "Mozilla/5.0 (compatible; MJ12bot/v1.4.8; http://mj12bot.com/)" "www.brainbox.co.in"
195.201.199.99 - - [04/Oct/2022:03:42:41 -0700] "GET /PDFContent/Beetle/CLASS%20V/SOCIAL/SEM%201/LESSON%204.%20EQUATORIAL%20CLIMATE%E2%80%90%20THE%20DEMOCRATIC%20REPUBLIC%20OF.pdf HTTP/1.1" 200 120271 "-" "Mozilla/5.0 (compatible; MJ12bot/v1.4.8; http://mj12bot.com/)" "www.brainbox.co.in"
195.201.199.99 - - [04/Oct/2022:03:42:46 -0700] "GET /PDFContent/Beetle/CLASS%20V/SOCIAL/SEM%201/LESSON%206.%20FRIGID%20CLIMATE%20%E2%80%93%20GREENLAND.pdf HTTP/1.1" 200 90607 "-" "Mozilla/5.0 (compatible; MJ12bot/v1.4.8; http://mj12bot.com/)" "www.brainbox.co.in"
195.201.199.99 - - [04/Oct/2022:03:42:49 -0700] "GET /PDFContent/Beetle/CLASS%20V/SOCIAL/SEM%201/LESSON%207.%20TEMPERATE%20CLIMATE%E2%80%90%20GRASSLANDS.pdf HTTP/1.1" 200 118420 "-" "Mozilla/5.0 (compatible; MJ12bot/v1.4.8; http://mj12bot.com/)" "www.brainbox.co.in"
114.119.145.160 - - [04/Oct/2022:03:45:40 -0700] "GET /PDFContent/03%20CBSE/04%20Class%20IX/Chemistry/ATOMS%20AND%20MOLECULES/Atoms%20&%20Molecules_Symbols%20of%20atoms_P4.pdf HTTP/1.1" 404 88 "https://brainbox.co.in/PDFContent/03%20CBSE/04%20Class%20IX/Chemistry/ATOMS%20AND%20MOLECULES/" "Mozilla/5.0 (Linux; Android 7.0;) AppleWebKit/537.36 (KHTML, like Gecko) Mobile Safari/537.36 (compatible; PetalBot;+https://webmaster.petalsearch.com/site/petalbot)" "brainbox.co.in"
114.119.135.132 - - [04/Oct/2022:03:52:06 -0700] "GET /PDFContent/03%20CBSE/03%20Class%20VIII/Biology/Questions%20&%20Answers1.pdf HTTP/1.1" 200 409500 "https://brainbox.co.in/PDFContent/03%20CBSE/03%20Class%20VIII/Biology/?C=S%3BO%3DA" "Mozilla/5.0 (Linux; Android 7.0;) AppleWebKit/537.36 (KHTML, like Gecko) Mobile Safari/537.36 (compatible; PetalBot;+https://webmaster.petalsearch.com/site/petalbot)" "brainbox.co.in"
114.119.145.175 - - [04/Oct/2022:03:58:31 -0700] "GET /PDFContent/04%20ICSE/03%20Class%20VIII/English/?C=D%3BO%3DA HTTP/1.1" 200 355 "https://brainbox.co.in/PDFContent/04%20ICSE/03%20Class%20VIII/English/?C=N%3BO%3DD" "Mozilla/5.0 (Linux; Android 7.0;) AppleWebKit/537.36 (KHTML, like Gecko) Mobile Safari/537.36 (compatible; PetalBot;+https://webmaster.petalsearch.com/site/petalbot)" "brainbox.co.in"
114.119.145.175 - - [04/Oct/2022:04:04:59 -0700] "GET /PDFContent/03%20CBSE/07%20Class%20XII/ HTTP/1.1" 200 513 "https://brainbox.co.in/PDFContent/03%20CBSE/07%20Class%20XII/English/?C=D%3BO%3DA" "Mozilla/5.0 (Linux; Android 7.0;) AppleWebKit/537.36 (KHTML, like Gecko) Mobile Safari/537.36 (compatible; PetalBot;+https://webmaster.petalsearch.com/site/petalbot)" "brainbox.co.in"
51.222.253.7 - - [04/Oct/2022:04:09:29 -0700] "GET /robots.txt HTTP/1.1" 404 88 "-" "Mozilla/5.0 (compatible; AhrefsBot/7.0; +http://ahrefs.com/robot/)" "brainbox.co.in"
51.222.253.14 - - [04/Oct/2022:04:09:30 -0700] "GET /PDFContent/Beetle/CLASS%20V/?C=M;O=D HTTP/1.1" 200 431 "-" "Mozilla/5.0 (compatible; AhrefsBot/7.0; +http://ahrefs.com/robot/)" "brainbox.co.in"
114.119.145.160 - - [04/Oct/2022:04:11:29 -0700] "GET /PDFContent/01%20TSB/05%20Class%20X/English/6A,ENVIRONMENT/?C=M%3BO%3DA HTTP/1.1" 200 518 "https://brainbox.co.in/PDFContent/01%20TSB/05%20Class%20X/English/6A,ENVIRONMENT/?C=S%3BO%3DA" "Mozilla/5.0 (Linux; Android 7.0;) AppleWebKit/537.36 (KHTML, like Gecko) Mobile Safari/537.36 (compatible; PetalBot;+https://webmaster.petalsearch.com/site/petalbot)" "brainbox.co.in"
114.119.135.132 - - [04/Oct/2022:04:18:04 -0700] "GET /PDFContent/03%20CBSE/04%20Class%20IX/Chemistry/?C=S%3BO%3DA HTTP/1.1" 200 450 "https://brainbox.co.in/PDFContent/03%20CBSE/04%20Class%20IX/Chemistry/?C=D%3BO%3DA" "Mozilla/5.0 (Linux; Android 7.0;) AppleWebKit/537.36 (KHTML, like Gecko) Mobile Safari/537.36 (compatible; PetalBot;+https://webmaster.petalsearch.com/site/petalbot)" "brainbox.co.in"
114.119.145.174 - - [04/Oct/2022:04:24:44 -0700] "GET /PDFContent/03%20CBSE/02%20Class%20VII/Hindi/Word%20Meaning/?C=M%3BO%3DA HTTP/1.1" 200 694 "https://brainbox.co.in/PDFContent/03%20CBSE/02%20Class%20VII/Hindi/Word%20Meaning/?C=N%3BO%3DD" "Mozilla/5.0 (Linux; Android 7.0;) AppleWebKit/537.36 (KHTML, like Gecko) Mobile Safari/537.36 (compatible; PetalBot;+https://webmaster.petalsearch.com/site/petalbot)" "brainbox.co.in"
114.119.145.174 - - [04/Oct/2022:04:31:23 -0700] "GET /PDFContent/01%20TSB/03%20Class%20VIII/English/LS6C/TSB_VIII_ENGLISH_LS06C_MAESTRO%20WITH%20A%20MISSION_Glossary.pdf HTTP/1.1" 200 251975 "https://brainbox.co.in/PDFContent/01%20TSB/03%20Class%20VIII/English/LS6C/?C=S%3BO%3DA" "Mozilla/5.0 (Linux; Android 7.0;) AppleWebKit/537.36 (KHTML, like Gecko) Mobile Safari/537.36 (compatible; PetalBot;+https://webmaster.petalsearch.com/site/petalbot)" "brainbox.co.in"
114.119.135.132 - - [04/Oct/2022:04:37:58 -0700] "GET /PDFContent/Beetle/CLASS%20II/ENGLISH%20SEM%202/?C=N%3BO%3DD HTTP/1.1" 200 615 "https://brainbox.co.in/PDFContent/Beetle/CLASS%20II/ENGLISH%20SEM%202/?C=D%3BO%3DA" "Mozilla/5.0 (Linux; Android 7.0;) AppleWebKit/537.36 (KHTML, like Gecko) Mobile Safari/537.36 (compatible; PetalBot;+https://webmaster.petalsearch.com/site/petalbot)" "brainbox.co.in"
114.119.145.187 - - [04/Oct/2022:04:44:25 -0700] "GET /PDFContent/01%20TSB/03%20Class%20VIII/English/TSBoard_English_VIII_LS3C_Summary.pdf HTTP/1.1" 200 92522 "https://brainbox.co.in/PDFContent/01%20TSB/03%20Class%20VIII/English/" "Mozilla/5.0 (Linux; Android 7.0;) AppleWebKit/537.36 (KHTML, like Gecko) Mobile Safari/537.36 (compatible; PetalBot;+https://webmaster.petalsearch.com/site/petalbot)" "brainbox.co.in"
114.119.145.174 - - [04/Oct/2022:04:51:06 -0700] "GET /PDFContent/01%20TSB/03%20Class%20VIII/English/LS8C/ HTTP/1.1" 200 549 "https://brainbox.co.in/PDFContent/01%20TSB/03%20Class%20VIII/English/" "Mozilla/5.0 (Linux; Android 7.0;) AppleWebKit/537.36 (KHTML, like Gecko) Mobile Safari/537.36 (compatible; PetalBot;+https://webmaster.petalsearch.com/site/petalbot)" "brainbox.co.in"
114.119.145.160 - - [04/Oct/2022:04:57:43 -0700] "GET /PDFContent/03%20CBSE/07%20Class%20XII/Physics/ELECTRIC%20CHARGES%20AND%20FIELDS/CBSE_XII_PHYSCIS_LS01_ELECTRIC%20CHARGES%20AND%20FIELDS_GAUSS%20LAW.pdf HTTP/1.1" 200 469530 "https://brainbox.co.in/PDFContent/03%20CBSE/07%20Class%20XII/Physics/ELECTRIC%20CHARGES%20AND%20FIELDS/" "Mozilla/5.0 (Linux; Android 7.0;) AppleWebKit/537.36 (KHTML, like Gecko) Mobile Safari/537.36 (compatible; PetalBot;+https://webmaster.petalsearch.com/site/petalbot)" "brainbox.co.in"
114.119.145.174 - - [04/Oct/2022:05:04:15 -0700] "GET /PDFContent/Beetle/CLASS%20IV/SCIENCE/?C=S%3BO%3DA HTTP/1.1" 200 591 "https://brainbox.co.in/PDFContent/Beetle/CLASS%20IV/SCIENCE/?C=M%3BO%3DA" "Mozilla/5.0 (Linux; Android 7.0;) AppleWebKit/537.36 (KHTML, like Gecko) Mobile Safari/537.36 (compatible; PetalBot;+https://webmaster.petalsearch.com/site/petalbot)" "brainbox.co.in"
114.119.135.132 - - [04/Oct/2022:05:10:55 -0700] "GET /PDFContent/03%20CBSE/05%20Class%20X/Physics/REFLECTION%20AND%20REFRACTION/CBSE_X_PHYSCIS_LS10_REFLECTION%20&%20REFRACTION_POWER%20OF%20LENS.pdf HTTP/1.1" 200 375957 "https://brainboxschool.com/material/CBSE/X/Physics/REFLECTION_&_REFRACTION.html" "Mozilla/5.0 (Linux; Android 7.0;) AppleWebKit/537.36 (KHTML, like Gecko) Mobile Safari/537.36 (compatible; PetalBot;+https://webmaster.petalsearch.com/site/petalbot)" "brainbox.co.in"
51.222.253.8 - - [04/Oct/2022:05:16:13 -0700] "GET /PDFContent/Beetle/CLASS%20V/?C=N;O=D HTTP/1.1" 200 431 "-" "Mozilla/5.0 (compatible; AhrefsBot/7.0; +http://ahrefs.com/robot/)" "brainbox.co.in"
114.119.145.174 - - [04/Oct/2022:05:17:26 -0700] "GET /PDFContent/Beetle/CLASS%20V/MATHEMATICS/?C=M%3BO%3DA HTTP/1.1" 200 407 "https://brainbox.co.in/PDFContent/Beetle/CLASS%20V/MATHEMATICS/" "Mozilla/5.0 (Linux; Android 7.0;) AppleWebKit/537.36 (KHTML, like Gecko) Mobile Safari/537.36 (compatible; PetalBot;+https://webmaster.petalsearch.com/site/petalbot)" "brainbox.co.in"
185.191.171.36 - - [04/Oct/2022:05:23:49 -0700] "GET /robots.txt HTTP/1.1" 404 88 "-" "Mozilla/5.0 (compatible; SemrushBot/7~bl; +http://www.semrush.com/bot.html)" "brainbox.co.in"
185.191.171.22 - - [04/Oct/2022:05:23:50 -0700] "GET /?C=S%3BO%3DA HTTP/1.1" 200 432 "-" "Mozilla/5.0 (compatible; SemrushBot/7~bl; +http://www.semrush.com/bot.html)" "brainbox.co.in"
114.119.145.187 - - [04/Oct/2022:05:24:11 -0700] "GET /PDFContent/03%20CBSE/03%20Class%20VIII/Physics/Questions%20and%20Answers_Prob%20-%2001 HTTP/1.1" 200 236274 "https://brainboxschool.com/material/CBSE/VIII/Physics/FORCE_AND_PRESSURE.html" "Mozilla/5.0 (Linux; Android 7.0;) AppleWebKit/537.36 (KHTML, like Gecko) Mobile Safari/537.36 (compatible; PetalBot;+https://webmaster.petalsearch.com/site/petalbot)" "brainbox.co.in"
114.119.135.132 - - [04/Oct/2022:05:30:33 -0700] "GET /PDFContent/01%20TSB/04%20Class%20IX/Biology/?C=D%3BO%3DA HTTP/1.1" 200 464 "https://brainbox.co.in/PDFContent/01%20TSB/04%20Class%20IX/Biology/" "Mozilla/5.0 (Linux; Android 7.0;) AppleWebKit/537.36 (KHTML, like Gecko) Mobile Safari/537.36 (compatible; PetalBot;+https://webmaster.petalsearch.com/site/petalbot)" "brainbox.co.in"
114.119.135.132 - - [04/Oct/2022:05:37:12 -0700] "GET /PDFContent/01%20TSB/06%20Class%20XI/Maths/LOCUS/Locus_T06_Solved%20Problem_1_Distance%20between%20two%20points.pdf HTTP/1.1" 200 225462 "https://brainbox.co.in/PDFContent/01%20TSB/06%20Class%20XI/Maths/LOCUS/?C=N%3BO%3DD" "Mozilla/5.0 (Linux; Android 7.0;) AppleWebKit/537.36 (KHTML, like Gecko) Mobile Safari/537.36 (compatible; PetalBot;+https://webmaster.petalsearch.com/site/petalbot)" "brainbox.co.in"
66.249.79.86 - - [04/Oct/2022:05:43:29 -0700] "GET /favicon.ico HTTP/1.1" 404 88 "-" "Googlebot-Image/1.0" "brainbox.co.in"
114.119.135.132 - - [04/Oct/2022:05:43:45 -0700] "GET /PDFContent/03%20CBSE/05%20Class%20X/Hindi/SPARSH/LS12/ HTTP/1.1" 200 534 "https://brainbox.co.in/PDFContent/03%20CBSE/05%20Class%20X/Hindi/SPARSH/?C=N%3BO%3DD" "Mozilla/5.0 (Linux; Android 7.0;) AppleWebKit/537.36 (KHTML, like Gecko) Mobile Safari/537.36 (compatible; PetalBot;+https://webmaster.petalsearch.com/site/petalbot)" "brainbox.co.in"
185.191.171.2 - - [04/Oct/2022:05:48:07 -0700] "GET /PDFContent/03%20CBSE/02%20Class%20VII/English/?C=M%3BO%3DA HTTP/1.1" 200 873 "-" "Mozilla/5.0 (compatible; SemrushBot/7~bl; +http://www.semrush.com/bot.html)" "brainbox.co.in"
114.119.145.187 - - [04/Oct/2022:05:50:21 -0700] "GET /PDFContent/03%20CBSE/02%20Class%20VII/Science/ACIDS%20BASES%20AND%20SALTS/?C=D%3BO%3DA HTTP/1.1" 200 530 "https://brainbox.co.in/PDFContent/03%20CBSE/02%20Class%20VII/Science/ACIDS%20BASES%20AND%20SALTS/?C=N%3BO%3DD" "Mozilla/5.0 (Linux; Android 7.0;) AppleWebKit/537.36 (KHTML, like Gecko) Mobile Safari/537.36 (compatible; PetalBot;+https://webmaster.petalsearch.com/site/petalbot)" "brainbox.co.in"
54.193.137.74 - - [04/Oct/2022:05:53:17 -0700] "GET /~richard/templates/beez/US/uk/paypal/login.htm HTTP/1.1" 404 73 "-" "Mozilla/5.0 (Macintosh; Intel Mac OS X 10_10_5) AppleWebKit/537.36 (KHTML, like Gecko) Chrome/52.0.2743.116 Safari/537.36" "brainbox.co.in"
114.119.135.132 - - [04/Oct/2022:05:56:54 -0700] "GET /PDFContent/03%20CBSE/05%20Class%20X/Maths/CBSE_X_MATHS_LS04_QUADRATIC%20EQUATIONS_Relation%20Between%20The%20Roots%20And%20Coefficients_P11.pdf HTTP/1.1" 200 277661 "https://brainbox.co.in/PDFContent/03%20CBSE/05%20Class%20X/Maths/?C=D%3BO%3DA" "Mozilla/5.0 (Linux; Android 7.0;) AppleWebKit/537.36 (KHTML, like Gecko) Mobile Safari/537.36 (compatible; PetalBot;+https://webmaster.petalsearch.com/site/petalbot)" "brainbox.co.in"
185.191.171.18 - - [04/Oct/2022:05:58:19 -0700] "GET /PDFContent/04%20ICSE/04%20Class%20IX/Sanskrit/?C=S%3BO%3DA HTTP/1.1" 200 353 "-" "Mozilla/5.0 (compatible; SemrushBot/7~bl; +http://www.semrush.com/bot.html)" "brainbox.co.in"
157.55.39.228 - - [04/Oct/2022:06:02:35 -0700] "GET /PDFContent/01%20TSB/01%20Class%20VI/Maths/01%20KNOWING%20OUR%20NUMBERS/ HTTP/1.1" 200 596 "-" "Mozilla/5.0 (compatible; bingbot/2.0; +http://www.bing.com/bingbot.htm)" "brainbox.co.in"
185.191.171.44 - - [04/Oct/2022:06:02:48 -0700] "GET /PDFContent/02%20APSB/05%20Class%20X/Maths/ HTTP/1.1" 200 352 "-" "Mozilla/5.0 (compatible; SemrushBot/7~bl; +http://www.semrush.com/bot.html)" "brainbox.co.in"
114.119.135.132 - - [04/Oct/2022:06:03:25 -0700] "GET /PDFContent/03%20CBSE/06%20Class%20XI/Maths/CBSE_XI_MATHS_LS07_PERMUTATION%20&COMBINATION_FACTORIAL%20NOTATION.pdf HTTP/1.1" 200 390680 "https://brainbox.co.in/PDFContent/03%20CBSE/06%20Class%20XI/Maths/" "Mozilla/5.0 (Linux; Android 7.0;) AppleWebKit/537.36 (KHTML, like Gecko) Mobile Safari/537.36 (compatible; PetalBot;+https://webmaster.petalsearch.com/site/petalbot)" "brainbox.co.in"
114.119.145.187 - - [04/Oct/2022:06:16:33 -0700] "GET /PDFContent/01%20TSB/07%20Class%20XII/Chemistry/?C=D%3BO%3DA HTTP/1.1" 200 356 "https://brainbox.co.in/PDFContent/01%20TSB/07%20Class%20XII/Chemistry/?C=M%3BO%3DA" "Mozilla/5.0 (Linux; Android 7.0;) AppleWebKit/537.36 (KHTML, like Gecko) Mobile Safari/537.36 (compatible; PetalBot;+https://webmaster.petalsearch.com/site/petalbot)" "brainbox.co.in"
114.119.135.132 - - [04/Oct/2022:06:22:55 -0700] "GET /PDFContent/01%20TSB/03%20Class%20VIII/English/LS1A/New/?C=S%3BO%3DA HTTP/1.1" 200 507 "https://brainbox.co.in/PDFContent/01%20TSB/03%20Class%20VIII/English/LS1A/New/?C=N%3BO%3DD" "Mozilla/5.0 (Linux; Android 7.0;) AppleWebKit/537.36 (KHTML, like Gecko) Mobile Safari/537.36 (compatible; PetalBot;+https://webmaster.petalsearch.com/site/petalbot)" "brainbox.co.in"
114.119.145.187 - - [04/Oct/2022:06:29:42 -0700] "GET /PDFContent/01%20TSB/03%20Class%20VIII/English/LS2A/New/TSB_VIII_ENGLISH_LS02A_OLIVER%20ASKS%20FOR%20MORE_CHARACTERS%20EXPLAINED.pdf HTTP/1.1" 200 349007 "https://brainbox.co.in/PDFContent/01%20TSB/03%20Class%20VIII/English/LS2A/New/?C=S%3BO%3DA" "Mozilla/5.0 (Linux; Android 7.0;) AppleWebKit/537.36 (KHTML, like Gecko) Mobile Safari/537.36 (compatible; PetalBot;+https://webmaster.petalsearch.com/site/petalbot)" "brainbox.co.in"
114.119.145.175 - - [04/Oct/2022:06:36:09 -0700] "GET /PDFContent/Beetle/CLASS%20IV/SCIENCE/?C=M%3BO%3DA HTTP/1.1" 200 591 "https://brainbox.co.in/PDFContent/Beetle/CLASS%20IV/SCIENCE/?C=S%3BO%3DA" "Mozilla/5.0 (Linux; Android 7.0;) AppleWebKit/537.36 (KHTML, like Gecko) Mobile Safari/537.36 (compatible; PetalBot;+https://webmaster.petalsearch.com/site/petalbot)" "brainbox.co.in"
114.119.135.132 - - [04/Oct/2022:06:42:38 -0700] "GET /PDFContent/04%20ICSE/02%20Class%20VII/Hindi/ HTTP/1.1" 200 353 "https://brainbox.co.in/PDFContent/04%20ICSE/02%20Class%20VII/?C=N%3BO%3DD" "Mozilla/5.0 (Linux; Android 7.0;) AppleWebKit/537.36 (KHTML, like Gecko) Mobile Safari/537.36 (compatible; PetalBot;+https://webmaster.petalsearch.com/site/petalbot)" "brainbox.co.in"
188.166.238.207 - - [04/Oct/2022:06:47:44 -0700] "GET / HTTP/1.1" 200 1155 "-" "Mozilla/5.0 (Windows NT 10.0; Win64; x64) AppleWebKit/537.36 (KHTML, like Gecko) Chrome/80.0.3987.149 Safari/537.36" "brainbox.co.in"
188.166.238.207 - - [04/Oct/2022:06:47:45 -0700] "GET /wp-includes/wlwmanifest.xml HTTP/1.1" 404 73 "-" "Mozilla/5.0 (Windows NT 10.0; Win64; x64) AppleWebKit/537.36 (KHTML, like Gecko) Chrome/80.0.3987.149 Safari/537.36" "brainbox.co.in"
188.166.238.207 - - [04/Oct/2022:06:47:46 -0700] "GET /xmlrpc.php?rsd HTTP/1.1" 500 4957 "-" "Mozilla/5.0 (Windows NT 10.0; Win64; x64) AppleWebKit/537.36 (KHTML, like Gecko) Chrome/80.0.3987.149 Safari/537.36" "brainbox.co.in"
188.166.238.207 - - [04/Oct/2022:06:47:47 -0700] "GET / HTTP/1.1" 200 1155 "-" "Mozilla/5.0 (Windows NT 10.0; Win64; x64) AppleWebKit/537.36 (KHTML, like Gecko) Chrome/80.0.3987.149 Safari/537.36" "brainbox.co.in"
188.166.238.207 - - [04/Oct/2022:06:47:47 -0700] "GET /blog/wp-includes/wlwmanifest.xml HTTP/1.1" 404 73 "-" "Mozilla/5.0 (Windows NT 10.0; Win64; x64) AppleWebKit/537.36 (KHTML, like Gecko) Chrome/80.0.3987.149 Safari/537.36" "brainbox.co.in"
188.166.238.207 - - [04/Oct/2022:06:47:48 -0700] "GET /web/wp-includes/wlwmanifest.xml HTTP/1.1" 404 73 "-" "Mozilla/5.0 (Windows NT 10.0; Win64; x64) AppleWebKit/537.36 (KHTML, like Gecko) Chrome/80.0.3987.149 Safari/537.36" "brainbox.co.in"
188.166.238.207 - - [04/Oct/2022:06:47:49 -0700] "GET /wordpress/wp-includes/wlwmanifest.xml HTTP/1.1" 404 73 "-" "Mozilla/5.0 (Windows NT 10.0; Win64; x64) AppleWebKit/537.36 (KHTML, like Gecko) Chrome/80.0.3987.149 Safari/537.36" "brainbox.co.in"
188.166.238.207 - - [04/Oct/2022:06:47:50 -0700] "GET /website/wp-includes/wlwmanifest.xml HTTP/1.1" 404 73 "-" "Mozilla/5.0 (Windows NT 10.0; Win64; x64) AppleWebKit/537.36 (KHTML, like Gecko) Chrome/80.0.3987.149 Safari/537.36" "brainbox.co.in"
188.166.238.207 - - [04/Oct/2022:06:47:51 -0700] "GET /wp/wp-includes/wlwmanifest.xml HTTP/1.1" 404 73 "-" "Mozilla/5.0 (Windows NT 10.0; Win64; x64) AppleWebKit/537.36 (KHTML, like Gecko) Chrome/80.0.3987.149 Safari/537.36" "brainbox.co.in"
188.166.238.207 - - [04/Oct/2022:06:47:52 -0700] "GET /news/wp-includes/wlwmanifest.xml HTTP/1.1" 404 73 "-" "Mozilla/5.0 (Windows NT 10.0; Win64; x64) AppleWebKit/537.36 (KHTML, like Gecko) Chrome/80.0.3987.149 Safari/537.36" "brainbox.co.in"
188.166.238.207 - - [04/Oct/2022:06:47:53 -0700] "GET /2018/wp-includes/wlwmanifest.xml HTTP/1.1" 404 73 "-" "Mozilla/5.0 (Windows NT 10.0; Win64; x64) AppleWebKit/537.36 (KHTML, like Gecko) Chrome/80.0.3987.149 Safari/537.36" "brainbox.co.in"
188.166.238.207 - - [04/Oct/2022:06:47:54 -0700] "GET /2019/wp-includes/wlwmanifest.xml HTTP/1.1" 404 73 "-" "Mozilla/5.0 (Windows NT 10.0; Win64; x64) AppleWebKit/537.36 (KHTML, like Gecko) Chrome/80.0.3987.149 Safari/537.36" "brainbox.co.in"
188.166.238.207 - - [04/Oct/2022:06:47:54 -0700] "GET /shop/wp-includes/wlwmanifest.xml HTTP/1.1" 404 73 "-" "Mozilla/5.0 (Windows NT 10.0; Win64; x64) AppleWebKit/537.36 (KHTML, like Gecko) Chrome/80.0.3987.149 Safari/537.36" "brainbox.co.in"
188.166.238.207 - - [04/Oct/2022:06:47:55 -0700] "GET /wp1/wp-includes/wlwmanifest.xml HTTP/1.1" 404 73 "-" "Mozilla/5.0 (Windows NT 10.0; Win64; x64) AppleWebKit/537.36 (KHTML, like Gecko) Chrome/80.0.3987.149 Safari/537.36" "brainbox.co.in"
188.166.238.207 - - [04/Oct/2022:06:47:56 -0700] "GET /test/wp-includes/wlwmanifest.xml HTTP/1.1" 404 73 "-" "Mozilla/5.0 (Windows NT 10.0; Win64; x64) AppleWebKit/537.36 (KHTML, like Gecko) Chrome/80.0.3987.149 Safari/537.36" "brainbox.co.in"
188.166.238.207 - - [04/Oct/2022:06:47:57 -0700] "GET /media/wp-includes/wlwmanifest.xml HTTP/1.1" 404 73 "-" "Mozilla/5.0 (Windows NT 10.0; Win64; x64) AppleWebKit/537.36 (KHTML, like Gecko) Chrome/80.0.3987.149 Safari/537.36" "brainbox.co.in"
188.166.238.207 - - [04/Oct/2022:06:47:58 -0700] "GET /wp2/wp-includes/wlwmanifest.xml HTTP/1.1" 404 73 "-" "Mozilla/5.0 (Windows NT 10.0; Win64; x64) AppleWebKit/537.36 (KHTML, like Gecko) Chrome/80.0.3987.149 Safari/537.36" "brainbox.co.in"
188.166.238.207 - - [04/Oct/2022:06:47:59 -0700] "GET /site/wp-includes/wlwmanifest.xml HTTP/1.1" 404 73 "-" "Mozilla/5.0 (Windows NT 10.0; Win64; x64) AppleWebKit/537.36 (KHTML, like Gecko) Chrome/80.0.3987.149 Safari/537.36" "brainbox.co.in"
188.166.238.207 - - [04/Oct/2022:06:48:00 -0700] "GET /cms/wp-includes/wlwmanifest.xml HTTP/1.1" 404 73 "-" "Mozilla/5.0 (Windows NT 10.0; Win64; x64) AppleWebKit/537.36 (KHTML, like Gecko) Chrome/80.0.3987.149 Safari/537.36" "brainbox.co.in"
188.166.238.207 - - [04/Oct/2022:06:48:01 -0700] "GET /sito/wp-includes/wlwmanifest.xml HTTP/1.1" 404 73 "-" "Mozilla/5.0 (Windows NT 10.0; Win64; x64) AppleWebKit/537.36 (KHTML, like Gecko) Chrome/80.0.3987.149 Safari/537.36" "brainbox.co.in"
114.119.145.187 - - [04/Oct/2022:06:49:04 -0700] "GET /PDFContent/03%20CBSE/07%20Class%20XII/Biology/CBSE_XII_BIOLOGY_LS03_%20HUMAN%20REPRODUCTION_FEMALE%20REPRODUCTIVE%20SYSTYEM.pdf HTTP/1.1" 200 724934 "https://brainbox.co.in/PDFContent/03%20CBSE/07%20Class%20XII/Biology/?C=N%3BO%3DD" "Mozilla/5.0 (Linux; Android 7.0;) AppleWebKit/537.36 (KHTML, like Gecko) Mobile Safari/537.36 (compatible; PetalBot;+https://webmaster.petalsearch.com/site/petalbot)" "brainbox.co.in"
157.55.39.106 - - [04/Oct/2022:06:53:04 -0700] "GET /PDFContent/03%20CBSE/03%20Class%20VIII/Biology/Cell%20Structures/Shape%20and%20Size%20of%20Cell HTTP/1.1" 200 192346 "-" "Mozilla/5.0 (compatible; bingbot/2.0; +http://www.bing.com/bingbot.htm)" "brainbox.co.in"
114.119.135.132 - - [04/Oct/2022:06:55:35 -0700] "GET /PDFContent/04%20ICSE/04%20Class%20IX/Sanskrit/?C=N%3BO%3DD HTTP/1.1" 200 353 "https://brainbox.co.in/PDFContent/04%20ICSE/04%20Class%20IX/Sanskrit/?C=M%3BO%3DA" "Mozilla/5.0 (Linux; Android 7.0;) AppleWebKit/537.36 (KHTML, like Gecko) Mobile Safari/537.36 (compatible; PetalBot;+https://webmaster.petalsearch.com/site/petalbot)" "brainbox.co.in"
157.55.39.83 - - [04/Oct/2022:07:00:21 -0700] "GET /PDFContent/03%20CBSE/07%20Class%20XII/Biology/CBSE_XII_BIOLOGY_LS03_%20HUMAN%20REPRODUCTION_SECONDARY%20SEX%20ORGANS_SEMINAL%20VESICLE.pdf HTTP/1.1" 200 465593 "-" "Mozilla/5.0 (compatible; bingbot/2.0; +http://www.bing.com/bingbot.htm)" "brainbox.co.in"
114.119.145.175 - - [04/Oct/2022:07:02:10 -0700] "GET /PDFContent/01%20TSB/03%20Class%20VIII/English/LS7B/?C=D%3BO%3DA HTTP/1.1" 200 526 "https://brainbox.co.in/PDFContent/01%20TSB/03%20Class%20VIII/English/LS7B/?C=N%3BO%3DD" "Mozilla/5.0 (Linux; Android 7.0;) AppleWebKit/537.36 (KHTML, like Gecko) Mobile Safari/537.36 (compatible; PetalBot;+https://webmaster.petalsearch.com/site/petalbot)" "brainbox.co.in"
114.119.145.175 - - [04/Oct/2022:07:08:49 -0700] "GET /MyERP/?C=M%3BO%3DA HTTP/1.1" 200 312 "https://brainbox.co.in/MyERP/?C=S%3BO%3DA" "Mozilla/5.0 (Linux; Android 7.0;) AppleWebKit/537.36 (KHTML, like Gecko) Mobile Safari/537.36 (compatible; PetalBot;+https://webmaster.petalsearch.com/site/petalbot)" "brainbox.co.in"
114.119.145.174 - - [04/Oct/2022:07:15:21 -0700] "GET /PDFContent/02%20APSB/?C=M%3BO%3DA HTTP/1.1" 200 458 "https://brainbox.co.in/PDFContent/02%20APSB/" "Mozilla/5.0 (Linux; Android 7.0;) AppleWebKit/537.36 (KHTML, like Gecko) Mobile Safari/537.36 (compatible; PetalBot;+https://webmaster.petalsearch.com/site/petalbot)" "brainbox.co.in"
114.119.145.160 - - [04/Oct/2022:07:21:57 -0700] "GET /PDFContent/03%20CBSE/03%20Class%20VIII/Chemistry/CHEMICAL%20EFFECTS%20OF%20ELECTRIC%20CURRENT/Chemical%20Effects%20of%20Electric%20current_Electric%20conductors_T02.pdf HTTP/1.1" 200 222928 "https://brainbox.co.in/PDFContent/03%20CBSE/03%20Class%20VIII/Chemistry/CHEMICAL%20EFFECTS%20OF%20ELECTRIC%20CURRENT/" "Mozilla/5.0 (Linux; Android 7.0;) AppleWebKit/537.36 (KHTML, like Gecko) Mobile Safari/537.36 (compatible; PetalBot;+https://webmaster.petalsearch.com/site/petalbot)" "brainbox.co.in"
114.119.145.160 - - [04/Oct/2022:07:27:56 -0700] "GET /PDFContent/03%20CBSE/05%20Class%20X/Physics/REFLECTION%20AND%20REFRACTION/CBSE_X_PHYSCIS_LS10_REFLECTION%20&%20REFRACTION_FORMATION%20OF%20IMAGE%20DUE%20TO%20CONVEX%20MIRROR.pdf HTTP/1.1" 200 334698 "https://brainboxschool.com/material/CBSE/X/Physics/REFLECTION_&_REFRACTION.html" "Mozilla/5.0 (Linux; Android 7.0;) AppleWebKit/537.36 (KHTML, like Gecko) Mobile Safari/537.36 (compatible; PetalBot;+https://webmaster.petalsearch.com/site/petalbot)" "brainbox.co.in"
114.119.135.132 - - [04/Oct/2022:07:33:28 -0700] "GET /PDFContent/Beetle/CLASS%20V/ENGLISH/?C=N%3BO%3DD HTTP/1.1" 200 403 "https://brainbox.co.in/PDFContent/Beetle/CLASS%20V/ENGLISH/" "Mozilla/5.0 (Linux; Android 7.0;) AppleWebKit/537.36 (KHTML, like Gecko) Mobile Safari/537.36 (compatible; PetalBot;+https://webmaster.petalsearch.com/site/petalbot)" "brainbox.co.in"
114.119.145.175 - - [04/Oct/2022:07:38:57 -0700] "GET /PDFContent/01%20TSB/05%20Class%20X/English/ABANDONED/ HTTP/1.1" 200 499 "https://brainbox.co.in/PDFContent/01%20TSB/05%20Class%20X/English/" "Mozilla/5.0 (Linux; Android 7.0;) AppleWebKit/537.36 (KHTML, like Gecko) Mobile Safari/537.36 (compatible; PetalBot;+https://webmaster.petalsearch.com/site/petalbot)" "brainbox.co.in"
114.119.145.187 - - [04/Oct/2022:07:44:17 -0700] "GET /PDFContent/01%20TSB/06%20Class%20XI/Chemistry/?C=D%3BO%3DA HTTP/1.1" 200 355 "https://brainbox.co.in/PDFContent/01%20TSB/06%20Class%20XI/Chemistry/?C=M%3BO%3DA" "Mozilla/5.0 (Linux; Android 7.0;) AppleWebKit/537.36 (KHTML, like Gecko) Mobile Safari/537.36 (compatible; PetalBot;+https://webmaster.petalsearch.com/site/petalbot)" "brainbox.co.in"
114.119.135.132 - - [04/Oct/2022:07:49:44 -0700] "GET /PDFContent/03%20CBSE/06%20Class%20XI/Biology/T10%20CBSE_XI_BIOLOGY_LS16_DIGESTIVE%20SYSTEM_DIGESTION%20OF%20FOOD.pdf HTTP/1.1" 200 661116 "https://brainbox.co.in/PDFContent/03%20CBSE/06%20Class%20XI/Biology/?C=S%3BO%3DA" "Mozilla/5.0 (Linux; Android 7.0;) AppleWebKit/537.36 (KHTML, like Gecko) Mobile Safari/537.36 (compatible; PetalBot;+https://webmaster.petalsearch.com/site/petalbot)" "brainbox.co.in"
114.119.145.174 - - [04/Oct/2022:07:55:16 -0700] "GET /PDFContent/01%20TSB/07%20Class%20XII/ HTTP/1.1" 200 464 "https://brainbox.co.in/PDFContent/01%20TSB/07%20Class%20XII/Sanskrit/?C=M%3BO%3DA" "Mozilla/5.0 (Linux; Android 7.0;) AppleWebKit/537.36 (KHTML, like Gecko) Mobile Safari/537.36 (compatible; PetalBot;+https://webmaster.petalsearch.com/site/petalbot)" "brainbox.co.in"
157.55.39.106 - - [04/Oct/2022:08:00:18 -0700] "GET /PDFContent/03%20CBSE/06%20Class%20XI/Biology/Cell-The%20unit%20of%20life/Centrosome%20&%20centrioles HTTP/1.1" 404 88 "-" "Mozilla/5.0 (compatible; bingbot/2.0; +http://www.bing.com/bingbot.htm)" "brainbox.co.in"
114.119.145.187 - - [04/Oct/2022:08:00:43 -0700] "GET /PDFContent/03%20CBSE/06%20Class%20XI/Maths/RELATIONS/Relations_T01_Cartesian%20product,Relation%20&%20Formal%20definition.pdf HTTP/1.1" 200 278091 "https://brainbox.co.in/PDFContent/03%20CBSE/06%20Class%20XI/Maths/RELATIONS/?C=D%3BO%3DA" "Mozilla/5.0 (Linux; Android 7.0;) AppleWebKit/537.36 (KHTML, like Gecko) Mobile Safari/537.36 (compatible; PetalBot;+https://webmaster.petalsearch.com/site/petalbot)" "brainbox.co.in"
114.119.145.174 - - [04/Oct/2022:08:06:10 -0700] "GET /PDFContent/03%20CBSE/03%20Class%20VIII/Maths/INTRODUCTION%20TO%20GRAPHS/Introduction%20to%20Graphs_Linear%20graph_A%20&%20B.pdf HTTP/1.1" 200 414152 "https://brainbox.co.in/PDFContent/03%20CBSE/03%20Class%20VIII/Maths/INTRODUCTION%20TO%20GRAPHS/?C=S%3BO%3DA" "Mozilla/5.0 (Linux; Android 7.0;) AppleWebKit/537.36 (KHTML, like Gecko) Mobile Safari/537.36 (compatible; PetalBot;+https://webmaster.petalsearch.com/site/petalbot)" "brainbox.co.in"
185.191.171.44 - - [04/Oct/2022:08:09:00 -0700] "GET /robots.txt HTTP/1.1" 404 88 "-" "Mozilla/5.0 (compatible; SemrushBot/7~bl; +http://www.semrush.com/bot.html)" "brainbox.co.in"
185.191.171.40 - - [04/Oct/2022:08:09:00 -0700] "GET /PDFContent/04%20ICSE/04%20Class%20IX/Sanskrit/?C=D%3BO%3DA HTTP/1.1" 200 353 "-" "Mozilla/5.0 (compatible; SemrushBot/7~bl; +http://www.semrush.com/bot.html)" "brainbox.co.in"
114.119.145.160 - - [04/Oct/2022:08:11:39 -0700] "GET /PDFContent/01%20TSB/03%20Class%20VIII/English/LS8C/?C=M%3BO%3DA HTTP/1.1" 200 549 "https://brainbox.co.in/PDFContent/01%20TSB/03%20Class%20VIII/English/LS8C/?C=D%3BO%3DA" "Mozilla/5.0 (Linux; Android 7.0;) AppleWebKit/537.36 (KHTML, like Gecko) Mobile Safari/537.36 (compatible; PetalBot;+https://webmaster.petalsearch.com/site/petalbot)" "brainbox.co.in"
114.119.145.175 - - [04/Oct/2022:08:17:06 -0700] "GET /PDFContent/03%20CBSE/03%20Class%20VIII/Maths/CBSE_VIII_MATHS_LS02_LINEAR%20EQUATIONS%20IN%20ONE%20VARIABLE_METHOD_1A.pdf HTTP/1.1" 200 453453 "https://brainbox.co.in/PDFContent/03%20CBSE/03%20Class%20VIII/Maths/?C=N%3BO%3DD" "Mozilla/5.0 (Linux; Android 7.0;) AppleWebKit/537.36 (KHTML, like Gecko) Mobile Safari/537.36 (compatible; PetalBot;+https://webmaster.petalsearch.com/site/petalbot)" "brainbox.co.in"
114.119.145.175 - - [04/Oct/2022:08:22:34 -0700] "GET /PDFContent/03%20CBSE/05%20Class%20X/Hindi/AUDIO%20FILES/?C=D%3BO%3DA HTTP/1.1" 200 436 "https://brainbox.co.in/PDFContent/03%20CBSE/05%20Class%20X/Hindi/AUDIO%20FILES/?C=S%3BO%3DA" "Mozilla/5.0 (Linux; Android 7.0;) AppleWebKit/537.36 (KHTML, like Gecko) Mobile Safari/537.36 (compatible; PetalBot;+https://webmaster.petalsearch.com/site/petalbot)" "brainbox.co.in"
114.119.145.174 - - [04/Oct/2022:08:28:03 -0700] "GET /PDFContent/01%20TSB/02%20Class%20VII/Science/ELECTRICITY/1.%20ELECTRICITY%20AND%20BASIC%20ELECTRIC%20COMPONENTS.pdf HTTP/1.1" 200 434212 "https://brainbox.co.in/PDFContent/01%20TSB/02%20Class%20VII/Science/ELECTRICITY/?C=M%3BO%3DA" "Mozilla/5.0 (Linux; Android 7.0;) AppleWebKit/537.36 (KHTML, like Gecko) Mobile Safari/537.36 (compatible; PetalBot;+https://webmaster.petalsearch.com/site/petalbot)" "brainbox.co.in"
114.119.145.187 - - [04/Oct/2022:08:33:35 -0700] "GET /PDFContent/01%20TSB/02%20Class%20VII/Science/MOTION%20AND%20TIME/?C=S%3BO%3DA HTTP/1.1" 200 498 "https://brainbox.co.in/PDFContent/01%20TSB/02%20Class%20VII/Science/MOTION%20AND%20TIME/?C=D%3BO%3DA" "Mozilla/5.0 (Linux; Android 7.0;) AppleWebKit/537.36 (KHTML, like Gecko) Mobile Safari/537.36 (compatible; PetalBot;+https://webmaster.petalsearch.com/site/petalbot)" "brainbox.co.in"
185.191.171.43 - - [04/Oct/2022:08:35:40 -0700] "GET /PDFContent/03%20CBSE/?C=N%3BO%3DD HTTP/1.1" 200 501 "-" "Mozilla/5.0 (compatible; SemrushBot/7~bl; +http://www.semrush.com/bot.html)" "brainbox.co.in"
114.119.145.174 - - [04/Oct/2022:08:39:08 -0700] "GET /PDFContent/03%20CBSE/05%20Class%20X/Hindi/CBSE_X_HINDI_LS01_NETAJI%20KA%20CHASHMA_QESTION&ANSWERS.pdf HTTP/1.1" 200 514644 "https://brainbox.co.in/PDFContent/03%20CBSE/05%20Class%20X/Hindi/" "Mozilla/5.0 (Linux; Android 7.0;) AppleWebKit/537.36 (KHTML, like Gecko) Mobile Safari/537.36 (compatible; PetalBot;+https://webmaster.petalsearch.com/site/petalbot)" "brainbox.co.in"
114.119.145.174 - - [04/Oct/2022:08:44:45 -0700] "GET /PDFContent/03%20CBSE/07%20Class%20XII/Chemistry/SOLID%20STATE/Solid%20State_T07_PACKING%20EFFICIENCY(CCP).pdf HTTP/1.1" 200 228505 "https://brainbox.co.in/PDFContent/03%20CBSE/07%20Class%20XII/Chemistry/SOLID%20STATE/?C=S%3BO%3DA" "Mozilla/5.0 (Linux; Android 7.0;) AppleWebKit/537.36 (KHTML, like Gecko) Mobile Safari/537.36 (compatible; PetalBot;+https://webmaster.petalsearch.com/site/petalbot)" "brainbox.co.in"
41.109.171.59 - - [04/Oct/2022:08:46:11 -0700] "GET /administrator/ HTTP/1.1" 404 88 "-" "Mozilla/5.0 (Windows NT 6.0; rv:34.0) Gecko/20100101 Firefox/34.0" "brainbox.co.in"
41.109.171.59 - - [04/Oct/2022:08:46:12 -0700] "GET /administrator/index.php HTTP/1.1" 404 88 "https://brainbox.co.in/administrator/" "Mozilla/5.0 (Windows NT 6.0; rv:34.0) Gecko/20100101 Firefox/34.0" "brainbox.co.in"
41.109.171.59 - - [04/Oct/2022:08:46:13 -0700] "GET /wp-login.php HTTP/1.1" 404 88 "-" "Mozilla/5.0 (Windows NT 6.0; rv:34.0) Gecko/20100101 Firefox/34.0" "brainbox.co.in"
41.109.171.59 - - [04/Oct/2022:08:46:14 -0700] "GET /wp-admin/ HTTP/1.1" 404 88 "https://brainbox.co.in/wp-login.php" "Mozilla/5.0 (Windows NT 6.0; rv:34.0) Gecko/20100101 Firefox/34.0" "brainbox.co.in"
41.109.171.59 - - [04/Oct/2022:08:46:15 -0700] "GET /admin.php HTTP/1.1" 404 88 "-" "Mozilla/5.0 (Windows NT 6.0; rv:34.0) Gecko/20100101 Firefox/34.0" "brainbox.co.in"
41.109.171.59 - - [04/Oct/2022:08:46:17 -0700] "GET /admin HTTP/1.1" 404 88 "-" "Mozilla/5.0 (Windows NT 6.0; rv:34.0) Gecko/20100101 Firefox/34.0" "brainbox.co.in"
41.109.171.59 - - [04/Oct/2022:08:46:19 -0700] "GET /admin HTTP/1.1" 404 88 "-" "Mozilla/5.0 (Windows NT 6.0; rv:34.0) Gecko/20100101 Firefox/34.0" "brainbox.co.in"
41.109.171.59 - - [04/Oct/2022:08:46:20 -0700] "GET /admin/ HTTP/1.1" 404 88 "-" "Mozilla/5.0 (Windows NT 6.0; rv:34.0) Gecko/20100101 Firefox/34.0" "brainbox.co.in"
185.220.101.184 - - [04/Oct/2022:08:46:39 -0700] "GET /administrator/ HTTP/1.1" 404 88 "-" "Mozilla/5.0 (Windows NT 6.0; rv:34.0) Gecko/20100101 Firefox/34.0" "brainbox.co.in"
185.220.101.184 - - [04/Oct/2022:08:46:48 -0700] "GET /administrator/index.php HTTP/1.1" 404 88 "https://brainbox.co.in/administrator/" "Mozilla/5.0 (Windows NT 6.0; rv:34.0) Gecko/20100101 Firefox/34.0" "brainbox.co.in"
5.255.97.133 - - [04/Oct/2022:08:46:59 -0700] "GET /wp-login.php HTTP/1.1" 404 88 "-" "Mozilla/5.0 (Windows NT 6.0; rv:34.0) Gecko/20100101 Firefox/34.0" "brainbox.co.in"
5.255.97.133 - - [04/Oct/2022:08:47:04 -0700] "GET /wp-admin/ HTTP/1.1" 404 88 "https://brainbox.co.in/wp-login.php" "Mozilla/5.0 (Windows NT 6.0; rv:34.0) Gecko/20100101 Firefox/34.0" "brainbox.co.in"
185.195.71.3 - - [04/Oct/2022:08:47:22 -0700] "GET /admin HTTP/1.1" 404 88 "-" "Mozilla/5.0 (Windows NT 6.0; rv:34.0) Gecko/20100101 Firefox/34.0" "brainbox.co.in"
193.46.254.45 - - [04/Oct/2022:08:47:33 -0700] "GET /admin HTTP/1.1" 404 88 "-" "Mozilla/5.0 (Windows NT 6.0; rv:34.0) Gecko/20100101 Firefox/34.0" "brainbox.co.in"
185.191.171.23 - - [04/Oct/2022:08:47:54 -0700] "GET /PDFContent/03%20CBSE/06%20Class%20XI/Biology/?C=N%3BO%3DD HTTP/1.1" 200 924 "-" "Mozilla/5.0 (compatible; SemrushBot/7~bl; +http://www.semrush.com/bot.html)" "brainbox.co.in"
114.119.145.175 - - [04/Oct/2022:08:50:18 -0700] "GET /PDFContent/03%20CBSE/04%20Class%20IX/Maths/CBSE_IX_MATHS_LS03_COORDINATE%20GEOMETRY/?C=N%3BO%3DD HTTP/1.1" 200 710 "https://brainbox.co.in/PDFContent/03%20CBSE/04%20Class%20IX/Maths/CBSE_IX_MATHS_LS03_COORDINATE%20GEOMETRY/?C=D%3BO%3DA" "Mozilla/5.0 (Linux; Android 7.0;) AppleWebKit/537.36 (KHTML, like Gecko) Mobile Safari/537.36 (compatible; PetalBot;+https://webmaster.petalsearch.com/site/petalbot)" "brainbox.co.in"
