114.119.145.175 - - [02/Oct/2022:17:00:07 -0700] "GET /PDFContent/03%20CBSE/03%20Class%20VIII/Maths/?C=N%3BO%3DD HTTP/1.1" 200 905 "https://brainbox.co.in/PDFContent/03%20CBSE/03%20Class%20VIII/Maths/" "Mozilla/5.0 (Linux; Android 7.0;) AppleWebKit/537.36 (KHTML, like Gecko) Mobile Safari/537.36 (compatible; PetalBot;+https://webmaster.petalsearch.com/site/petalbot)" "brainbox.co.in"
114.119.145.174 - - [02/Oct/2022:17:05:46 -0700] "GET /PDFContent/01%20TSB/07%20Class%20XII/English/ HTTP/1.1" 200 354 "https://brainbox.co.in/PDFContent/01%20TSB/07%20Class%20XII/?C=N%3BO%3DD" "Mozilla/5.0 (Linux; Android 7.0;) AppleWebKit/537.36 (KHTML, like Gecko) Mobile Safari/537.36 (compatible; PetalBot;+https://webmaster.petalsearch.com/site/petalbot)" "brainbox.co.in"
114.119.145.160 - - [02/Oct/2022:17:11:31 -0700] "GET /PDFContent/03%20CBSE/05%20Class%20X/Hindi/SPARSH/LS01/CBSE_X_HINDI_10B_LS01_KABIR_SAAKHI_KABIR%20TRANSCRIPT.pdf HTTP/1.1" 200 497731 "https://brainbox.co.in/PDFContent/03%20CBSE/05%20Class%20X/Hindi/SPARSH/LS01/" "Mozilla/5.0 (Linux; Android 7.0;) AppleWebKit/537.36 (KHTML, like Gecko) Mobile Safari/537.36 (compatible; PetalBot;+https://webmaster.petalsearch.com/site/petalbot)" "brainbox.co.in"
114.119.145.175 - - [02/Oct/2022:17:17:14 -0700] "GET /PDFContent/Beetle/CLASS%20V/SOCIAL/ HTTP/1.1" 200 395 "https://brainbox.co.in/PDFContent/Beetle/CLASS%20V/SOCIAL/SEM%201/?C=N%3BO%3DD" "Mozilla/5.0 (Linux; Android 7.0;) AppleWebKit/537.36 (KHTML, like Gecko) Mobile Safari/537.36 (compatible; PetalBot;+https://webmaster.petalsearch.com/site/petalbot)" "brainbox.co.in"
114.119.145.160 - - [02/Oct/2022:17:22:59 -0700] "GET /PDFContent/01%20TSB/03%20Class%20VIII/English/LS1B/TSBoard_English_VIII_LS1B_Summary.pdf HTTP/1.1" 200 89702 "https://brainbox.co.in/PDFContent/01%20TSB/03%20Class%20VIII/English/LS1B/?C=M%3BO%3DA" "Mozilla/5.0 (Linux; Android 7.0;) AppleWebKit/537.36 (KHTML, like Gecko) Mobile Safari/537.36 (compatible; PetalBot;+https://webmaster.petalsearch.com/site/petalbot)" "brainbox.co.in"
114.119.145.174 - - [02/Oct/2022:17:28:43 -0700] "GET /PDFContent/03%20CBSE/04%20Class%20IX/Maths/POLYNOMIALS/CBSE_IX_MATHS_LS02_POLYNOMIALS_CONSTANT%20POLYNOMIAL.pdf HTTP/1.1" 200 254262 "https://brainbox.co.in/PDFContent/03%20CBSE/04%20Class%20IX/Maths/POLYNOMIALS/?C=N%3BO%3DD" "Mozilla/5.0 (Linux; Android 7.0;) AppleWebKit/537.36 (KHTML, like Gecko) Mobile Safari/537.36 (compatible; PetalBot;+https://webmaster.petalsearch.com/site/petalbot)" "brainbox.co.in"
114.119.145.175 - - [02/Oct/2022:17:34:23 -0700] "GET /PDFContent/03%20CBSE/03%20Class%20VIII/Chemistry/Metals%20&%20Non-Metals/?C=S%3BO%3DA HTTP/1.1" 200 571 "https://brainbox.co.in/PDFContent/03%20CBSE/03%20Class%20VIII/Chemistry/Metals%20&%20Non-Metals/?C=M%3BO%3DA" "Mozilla/5.0 (Linux; Android 7.0;) AppleWebKit/537.36 (KHTML, like Gecko) Mobile Safari/537.36 (compatible; PetalBot;+https://webmaster.petalsearch.com/site/petalbot)" "brainbox.co.in"
3.14.151.84 - - [02/Oct/2022:17:39:56 -0700] "GET /~richard/templates/beez/US/uk/paypal/login.htm HTTP/1.1" 404 73 "-" "Mozilla/5.0 (Macintosh; Intel Mac OS X 10_10_5) AppleWebKit/537.36 (KHTML, like Gecko) Chrome/52.0.2743.116 Safari/537.36" "brainbox.co.in"
114.119.145.174 - - [02/Oct/2022:17:40:05 -0700] "GET /PDFContent/03%20CBSE/04%20Class%20IX/Chemistry/ATOMS%20AND%20MOLECULES/Atoms%20&%20Molecules_Mole%20Concept_P10.pdf HTTP/1.1" 404 88 "https://brainbox.co.in/PDFContent/03%20CBSE/04%20Class%20IX/Chemistry/ATOMS%20AND%20MOLECULES/" "Mozilla/5.0 (Linux; Android 7.0;) AppleWebKit/537.36 (KHTML, like Gecko) Mobile Safari/537.36 (compatible; PetalBot;+https://webmaster.petalsearch.com/site/petalbot)" "brainbox.co.in"
114.119.145.174 - - [02/Oct/2022:17:45:47 -0700] "GET /PDFContent/03%20CBSE/04%20Class%20IX/Biology/?C=N%3BO%3DD HTTP/1.1" 200 917 "https://brainbox.co.in/PDFContent/03%20CBSE/04%20Class%20IX/Biology/?C=D%3BO%3DA" "Mozilla/5.0 (Linux; Android 7.0;) AppleWebKit/537.36 (KHTML, like Gecko) Mobile Safari/537.36 (compatible; PetalBot;+https://webmaster.petalsearch.com/site/petalbot)" "brainbox.co.in"
114.119.145.187 - - [02/Oct/2022:17:51:32 -0700] "GET /PDFContent/01%20TSB/05%20Class%20X/English/A%20TALE%20OF%20THREE%20VILLAGES/TSB_X_ENGLISH_LS06C_A%20TALE%20OF%20THREE%20VILLAGES_QUESTIONS%20AND%20ANSWERS(KOKO%20VILLAGE,%20NIGERIA).pdf HTTP/1.1" 200 415669 "https://brainbox.co.in/PDFContent/01%20TSB/05%20Class%20X/English/A%20TALE%20OF%20THREE%20VILLAGES/?C=D%3BO%3DA" "Mozilla/5.0 (Linux; Android 7.0;) AppleWebKit/537.36 (KHTML, like Gecko) Mobile Safari/537.36 (compatible; PetalBot;+https://webmaster.petalsearch.com/site/petalbot)" "brainbox.co.in"
114.119.135.132 - - [02/Oct/2022:17:57:15 -0700] "GET /PDFContent/03%20CBSE/03%20Class%20VIII/Maths/PRACTICAL%20GEOMETRY/Practical%20Geometry_T12_To%20construct%20a%20parallelogram%20when%20its%20adjacent%20sides%20and%20an%20angle%20are%20given.pdf HTTP/1.1" 200 311671 "https://brainbox.co.in/PDFContent/03%20CBSE/03%20Class%20VIII/Maths/PRACTICAL%20GEOMETRY/" "Mozilla/5.0 (Linux; Android 7.0;) AppleWebKit/537.36 (KHTML, like Gecko) Mobile Safari/537.36 (compatible; PetalBot;+https://webmaster.petalsearch.com/site/petalbot)" "brainbox.co.in"
114.119.145.175 - - [02/Oct/2022:18:02:56 -0700] "GET /PDFContent/Beetle/CLASS%20IV/SCIENCE%202/Lesson%205.%20Matter.pdf HTTP/1.1" 200 135919 "https://brainbox.co.in/PDFContent/Beetle/CLASS%20IV/SCIENCE%202/?C=N%3BO%3DD" "Mozilla/5.0 (Linux; Android 7.0;) AppleWebKit/537.36 (KHTML, like Gecko) Mobile Safari/537.36 (compatible; PetalBot;+https://webmaster.petalsearch.com/site/petalbot)" "brainbox.co.in"
114.119.145.160 - - [02/Oct/2022:18:08:37 -0700] "GET /PDFContent/03%20CBSE/02%20Class%20VII/English/CBSEBoard_English_VII_LS2_KEYPOINTS.pdf HTTP/1.1" 200 198858 "https://brainbox.co.in/PDFContent/03%20CBSE/02%20Class%20VII/English/?C=S%3BO%3DA" "Mozilla/5.0 (Linux; Android 7.0;) AppleWebKit/537.36 (KHTML, like Gecko) Mobile Safari/537.36 (compatible; PetalBot;+https://webmaster.petalsearch.com/site/petalbot)" "brainbox.co.in"
114.119.145.175 - - [02/Oct/2022:18:14:23 -0700] "GET /PDFContent/03%20CBSE/03%20Class%20VIII/Chemistry/Metals%20&%20Non-Metals/Reaction%20With%20Acids%20&%20Bases.pdf HTTP/1.1" 200 307826 "https://brainbox.co.in/PDFContent/03%20CBSE/03%20Class%20VIII/Chemistry/Metals%20&%20Non-Metals/?C=M%3BO%3DA" "Mozilla/5.0 (Linux; Android 7.0;) AppleWebKit/537.36 (KHTML, like Gecko) Mobile Safari/537.36 (compatible; PetalBot;+https://webmaster.petalsearch.com/site/petalbot)" "brainbox.co.in"
114.119.135.132 - - [02/Oct/2022:18:20:07 -0700] "GET /PDFContent/03%20CBSE/02%20Class%20VII/Science/HEAT/CBSE_VII_RADIATION.MOB.pdf HTTP/1.1" 200 286062 "https://brainbox.co.in/PDFContent/03%20CBSE/02%20Class%20VII/Science/HEAT/?C=S%3BO%3DA" "Mozilla/5.0 (Linux; Android 7.0;) AppleWebKit/537.36 (KHTML, like Gecko) Mobile Safari/537.36 (compatible; PetalBot;+https://webmaster.petalsearch.com/site/petalbot)" "brainbox.co.in"
114.119.135.132 - - [02/Oct/2022:18:25:54 -0700] "GET /PDFContent/01%20TSB/02%20Class%20VII/Telugu/?C=M%3BO%3DA HTTP/1.1" 200 353 "https://brainbox.co.in/PDFContent/01%20TSB/02%20Class%20VII/Telugu/?C=S%3BO%3DA" "Mozilla/5.0 (Linux; Android 7.0;) AppleWebKit/537.36 (KHTML, like Gecko) Mobile Safari/537.36 (compatible; PetalBot;+https://webmaster.petalsearch.com/site/petalbot)" "brainbox.co.in"
114.119.135.132 - - [02/Oct/2022:18:31:35 -0700] "GET /PDFContent/SPECIAL%20CROUSE/Part%201%20Grammar%20Essentials/STD_VI/?C=N%3BO%3DD HTTP/1.1" 200 508 "https://brainbox.co.in/PDFContent/SPECIAL%20CROUSE/Part%201%20Grammar%20Essentials/STD_VI/" "Mozilla/5.0 (Linux; Android 7.0;) AppleWebKit/537.36 (KHTML, like Gecko) Mobile Safari/537.36 (compatible; PetalBot;+https://webmaster.petalsearch.com/site/petalbot)" "brainbox.co.in"
114.119.145.187 - - [02/Oct/2022:18:37:20 -0700] "GET /PDFContent/03%20CBSE/04%20Class%20IX/Chemistry/STRUCTURE%20OF%20ATOM/Structure%20of%20atom_V10_Isotopes.pdf HTTP/1.1" 200 107009 "https://brainbox.co.in/PDFContent/03%20CBSE/04%20Class%20IX/Chemistry/STRUCTURE%20OF%20ATOM/?C=S%3BO%3DA" "Mozilla/5.0 (Linux; Android 7.0;) AppleWebKit/537.36 (KHTML, like Gecko) Mobile Safari/537.36 (compatible; PetalBot;+https://webmaster.petalsearch.com/site/petalbot)" "brainbox.co.in"
114.119.135.132 - - [02/Oct/2022:18:43:00 -0700] "GET /PDFContent/03%20CBSE/02%20Class%20VII/Science/MOTION%20AND%20TIME/CBSE_VII_MOTION%20AND%20TIME_Glossary.pdf HTTP/1.1" 200 510894 "https://brainbox.co.in/PDFContent/03%20CBSE/02%20Class%20VII/Science/MOTION%20AND%20TIME/?C=N%3BO%3DD" "Mozilla/5.0 (Linux; Android 7.0;) AppleWebKit/537.36 (KHTML, like Gecko) Mobile Safari/537.36 (compatible; PetalBot;+https://webmaster.petalsearch.com/site/petalbot)" "brainbox.co.in"
114.119.145.175 - - [02/Oct/2022:18:48:47 -0700] "GET /PDFContent/Beetle/CLASS%20V/SCIENCE/SEM%201/Lesson%204%20.Your%20nervous%20system.pdf HTTP/1.1" 200 119090 "https://brainbox.co.in/PDFContent/Beetle/CLASS%20V/SCIENCE/SEM%201/?C=N%3BO%3DD" "Mozilla/5.0 (Linux; Android 7.0;) AppleWebKit/537.36 (KHTML, like Gecko) Mobile Safari/537.36 (compatible; PetalBot;+https://webmaster.petalsearch.com/site/petalbot)" "brainbox.co.in"
114.119.145.187 - - [02/Oct/2022:18:54:30 -0700] "GET /PDFContent/01%20TSB/05%20Class%20X/Biology/EXCRETION/Excretion_T02_Humanbeings%20&%20Plants.pdf HTTP/1.1" 200 381105 "https://brainbox.co.in/PDFContent/01%20TSB/05%20Class%20X/Biology/EXCRETION/" "Mozilla/5.0 (Linux; Android 7.0;) AppleWebKit/537.36 (KHTML, like Gecko) Mobile Safari/537.36 (compatible; PetalBot;+https://webmaster.petalsearch.com/site/petalbot)" "brainbox.co.in"
207.46.13.109 - - [02/Oct/2022:18:57:14 -0700] "GET /PDFContent/03%20CBSE/02%20Class%20VII/English/ HTTP/1.1" 200 873 "-" "Mozilla/5.0 (compatible; bingbot/2.0; +http://www.bing.com/bingbot.htm)" "brainbox.co.in"
114.119.145.187 - - [02/Oct/2022:19:18:47 -0700] "GET /PDFContent/03%20CBSE/05%20Class%20X/Physics/REFLECTION%20AND%20REFRACTION/CBSE_X_PHYSCIS_LS10_REFLECTION%20&%20REFRACTION_FORMATION%20OF%20IMAGES%20DUE%20TO%20SPHERICAL%20MIRRORS.pdf HTTP/1.1" 200 385979 "https://brainboxschool.com/material/CBSE/X/Physics/REFLECTION_&_REFRACTION.html" "Mozilla/5.0 (Linux; Android 7.0;) AppleWebKit/537.36 (KHTML, like Gecko) Mobile Safari/537.36 (compatible; PetalBot;+https://webmaster.petalsearch.com/site/petalbot)" "brainbox.co.in"
114.119.145.160 - - [02/Oct/2022:19:25:32 -0700] "GET /PDFContent/03%20CBSE/03%20Class%20VIII/Chemistry/?C=N%3BO%3DD HTTP/1.1" 200 631 "https://brainbox.co.in/PDFContent/03%20CBSE/03%20Class%20VIII/Chemistry/?C=D%3BO%3DA" "Mozilla/5.0 (Linux; Android 7.0;) AppleWebKit/537.36 (KHTML, like Gecko) Mobile Safari/537.36 (compatible; PetalBot;+https://webmaster.petalsearch.com/site/petalbot)" "brainbox.co.in"
114.119.145.187 - - [02/Oct/2022:19:33:21 -0700] "GET /PDFContent/03%20CBSE/05%20Class%20X/Physics/REFLECTION%20AND%20REFRACTION/CBSE_X_PHYSCIS_LS10_REFLECTION%20&%20REFRACTION_TYPES%20OF%20REFLECTION.pdf HTTP/1.1" 200 271447 "https://brainboxschool.com/material/CBSE/X/Physics/REFLECTION_&_REFRACTION.html" "Mozilla/5.0 (Linux; Android 7.0;) AppleWebKit/537.36 (KHTML, like Gecko) Mobile Safari/537.36 (compatible; PetalBot;+https://webmaster.petalsearch.com/site/petalbot)" "brainbox.co.in"
114.119.145.174 - - [02/Oct/2022:19:40:42 -0700] "GET /PDFContent/04%20ICSE/02%20Class%20VII/Sanskrit/?C=D%3BO%3DA HTTP/1.1" 200 355 "https://brainbox.co.in/PDFContent/04%20ICSE/02%20Class%20VII/Sanskrit/" "Mozilla/5.0 (Linux; Android 7.0;) AppleWebKit/537.36 (KHTML, like Gecko) Mobile Safari/537.36 (compatible; PetalBot;+https://webmaster.petalsearch.com/site/petalbot)" "brainbox.co.in"
114.119.145.187 - - [02/Oct/2022:19:48:01 -0700] "GET /PDFContent/01%20TSB/03%20Class%20VIII/English/LS4C/?C=M%3BO%3DA HTTP/1.1" 200 539 "https://brainbox.co.in/PDFContent/01%20TSB/03%20Class%20VIII/English/LS4C/?C=D%3BO%3DA" "Mozilla/5.0 (Linux; Android 7.0;) AppleWebKit/537.36 (KHTML, like Gecko) Mobile Safari/537.36 (compatible; PetalBot;+https://webmaster.petalsearch.com/site/petalbot)" "brainbox.co.in"
114.119.145.160 - - [02/Oct/2022:19:55:03 -0700] "GET /PDFContent/03%20CBSE/07%20Class%20XII/?C=N%3BO%3DD HTTP/1.1" 200 513 "https://brainbox.co.in/PDFContent/03%20CBSE/07%20Class%20XII/" "Mozilla/5.0 (Linux; Android 7.0;) AppleWebKit/537.36 (KHTML, like Gecko) Mobile Safari/537.36 (compatible; PetalBot;+https://webmaster.petalsearch.com/site/petalbot)" "brainbox.co.in"
114.119.145.187 - - [02/Oct/2022:20:02:19 -0700] "GET /PDFContent/03%20CBSE/07%20Class%20XII/Chemistry/SOLID%20STATE/ HTTP/1.1" 200 781 "https://brainbox.co.in/PDFContent/03%20CBSE/07%20Class%20XII/Chemistry/" "Mozilla/5.0 (Linux; Android 7.0;) AppleWebKit/537.36 (KHTML, like Gecko) Mobile Safari/537.36 (compatible; PetalBot;+https://webmaster.petalsearch.com/site/petalbot)" "brainbox.co.in"
114.119.135.132 - - [02/Oct/2022:20:09:03 -0700] "GET /PDFContent/01%20TSB/02%20Class%20VII/English/01LS4B/TSBoard_English_Vll-LS04B_Introduction.pdf HTTP/1.1" 200 198618 "https://brainbox.co.in/PDFContent/01%20TSB/02%20Class%20VII/English/01LS4B/" "Mozilla/5.0 (Linux; Android 7.0;) AppleWebKit/537.36 (KHTML, like Gecko) Mobile Safari/537.36 (compatible; PetalBot;+https://webmaster.petalsearch.com/site/petalbot)" "brainbox.co.in"
114.119.145.174 - - [02/Oct/2022:20:16:02 -0700] "GET /PDFContent/01%20TSB/03%20Class%20VIII/English/TSBoard_English_VIII_LS3A_Introduction.pdf.pdf HTTP/1.1" 200 165574 "https://brainbox.co.in/PDFContent/01%20TSB/03%20Class%20VIII/English/" "Mozilla/5.0 (Linux; Android 7.0;) AppleWebKit/537.36 (KHTML, like Gecko) Mobile Safari/537.36 (compatible; PetalBot;+https://webmaster.petalsearch.com/site/petalbot)" "brainbox.co.in"
114.119.145.187 - - [02/Oct/2022:20:22:54 -0700] "GET /PDFContent/03%20CBSE/02%20Class%20VII/Telugu/?C=S%3BO%3DA HTTP/1.1" 200 354 "https://brainbox.co.in/PDFContent/03%20CBSE/02%20Class%20VII/Telugu/?C=M%3BO%3DA" "Mozilla/5.0 (Linux; Android 7.0;) AppleWebKit/537.36 (KHTML, like Gecko) Mobile Safari/537.36 (compatible; PetalBot;+https://webmaster.petalsearch.com/site/petalbot)" "brainbox.co.in"
34.138.147.61 - - [02/Oct/2022:20:26:52 -0700] "GET /robots.txt HTTP/1.1" 404 88 "-" "ZoominfoBot (zoominfobot at zoominfo dot com)" "www.brainbox.co.in"
34.138.147.61 - - [02/Oct/2022:20:26:53 -0700] "GET /robots.txt HTTP/1.1" 404 88 "-" "ZoominfoBot (zoominfobot at zoominfo dot com)" "www.brainbox.co.in"
34.138.147.61 - - [02/Oct/2022:20:26:53 -0700] "GET / HTTP/1.1" 200 432 "-" "ZoominfoBot (zoominfobot at zoominfo dot com)" "www.brainbox.co.in"
13.59.247.18 - - [02/Oct/2022:20:27:20 -0700] "GET /~richard/templates/beez/US/uk/paypal/login.htm HTTP/1.1" 404 73 "-" "Mozilla/5.0 (Macintosh; Intel Mac OS X 10_10_5) AppleWebKit/537.36 (KHTML, like Gecko) Chrome/52.0.2743.116 Safari/537.36" "brainbox.co.in"
114.119.145.187 - - [02/Oct/2022:20:29:53 -0700] "GET /PDFContent/03%20CBSE/04%20Class%20IX/Maths/CBSE_IX_MATHS_LS03_COORDINATE%20GEOMETRY/1.%20CBSE_IX_MATHS_%20LS03_COORDINATE%20GEOMETRY_Main%20content.pdf HTTP/1.1" 200 712702 "https://brainbox.co.in/PDFContent/03%20CBSE/04%20Class%20IX/Maths/CBSE_IX_MATHS_LS03_COORDINATE%20GEOMETRY/?C=S%3BO%3DA" "Mozilla/5.0 (Linux; Android 7.0;) AppleWebKit/537.36 (KHTML, like Gecko) Mobile Safari/537.36 (compatible; PetalBot;+https://webmaster.petalsearch.com/site/petalbot)" "brainbox.co.in"
114.119.145.174 - - [02/Oct/2022:20:36:54 -0700] "GET /PDFContent/trial/?C=D%3BO%3DA HTTP/1.1" 200 578 "https://brainbox.co.in/PDFContent/trial/?C=M%3BO%3DA" "Mozilla/5.0 (Linux; Android 7.0;) AppleWebKit/537.36 (KHTML, like Gecko) Mobile Safari/537.36 (compatible; PetalBot;+https://webmaster.petalsearch.com/site/petalbot)" "brainbox.co.in"
114.119.145.160 - - [02/Oct/2022:20:43:47 -0700] "GET /PDFContent/02%20APSB/05%20Class%20X/?C=D%3BO%3DA HTTP/1.1" 200 463 "https://brainbox.co.in/PDFContent/02%20APSB/05%20Class%20X/" "Mozilla/5.0 (Linux; Android 7.0;) AppleWebKit/537.36 (KHTML, like Gecko) Mobile Safari/537.36 (compatible; PetalBot;+https://webmaster.petalsearch.com/site/petalbot)" "brainbox.co.in"
114.119.135.132 - - [02/Oct/2022:20:50:44 -0700] "GET /PDFContent/SPECIAL%20CROUSE/Part%201%20Grammar%20Essentials/STD_IX/UNIT-7.pdf HTTP/1.1" 200 306100 "https://brainbox.co.in/PDFContent/SPECIAL%20CROUSE/Part%201%20Grammar%20Essentials/STD_IX/?C=D%3BO%3DA" "Mozilla/5.0 (Linux; Android 7.0;) AppleWebKit/537.36 (KHTML, like Gecko) Mobile Safari/537.36 (compatible; PetalBot;+https://webmaster.petalsearch.com/site/petalbot)" "brainbox.co.in"
114.119.145.174 - - [02/Oct/2022:20:57:38 -0700] "GET /PDFContent/03%20CBSE/07%20Class%20XII/Chemistry/?C=D%3BO%3DA HTTP/1.1" 200 432 "https://brainbox.co.in/PDFContent/03%20CBSE/07%20Class%20XII/Chemistry/" "Mozilla/5.0 (Linux; Android 7.0;) AppleWebKit/537.36 (KHTML, like Gecko) Mobile Safari/537.36 (compatible; PetalBot;+https://webmaster.petalsearch.com/site/petalbot)" "brainbox.co.in"
114.119.145.174 - - [02/Oct/2022:21:04:28 -0700] "GET /PDFContent/03%20CBSE/07%20Class%20XII/Biology/CBSE_XII_BIOLOGY_LS03_HUMAN%20REPRODUCTION_MALE%20PRIMARY%20SEX%20ORGANS.pdf HTTP/1.1" 200 686690 "https://brainbox.co.in/PDFContent/03%20CBSE/07%20Class%20XII/Biology/?C=N%3BO%3DD" "Mozilla/5.0 (Linux; Android 7.0;) AppleWebKit/537.36 (KHTML, like Gecko) Mobile Safari/537.36 (compatible; PetalBot;+https://webmaster.petalsearch.com/site/petalbot)" "brainbox.co.in"
114.119.145.187 - - [02/Oct/2022:21:11:14 -0700] "GET /PDFContent/01%20TSB/02%20Class%20VII/Science/ANIMAL%20FIBRE/ANIMAL%20FIBRE_GLOSSARY.pdf HTTP/1.1" 200 189556 "https://brainbox.co.in/PDFContent/01%20TSB/02%20Class%20VII/Science/ANIMAL%20FIBRE/?C=M%3BO%3DA" "Mozilla/5.0 (Linux; Android 7.0;) AppleWebKit/537.36 (KHTML, like Gecko) Mobile Safari/537.36 (compatible; PetalBot;+https://webmaster.petalsearch.com/site/petalbot)" "brainbox.co.in"
114.119.135.132 - - [02/Oct/2022:21:18:05 -0700] "GET /PDFContent/Beetle/CLASS%20IV/ENGLISH/Lesson%205%20%E2%80%90%20Tenali%20Raman%20And%20The%20Thieves.pdf HTTP/1.1" 200 99880 "https://brainbox.co.in/PDFContent/Beetle/CLASS%20IV/ENGLISH/?C=N%3BO%3DD" "Mozilla/5.0 (Linux; Android 7.0;) AppleWebKit/537.36 (KHTML, like Gecko) Mobile Safari/537.36 (compatible; PetalBot;+https://webmaster.petalsearch.com/site/petalbot)" "brainbox.co.in"
114.119.145.174 - - [02/Oct/2022:21:24:48 -0700] "GET /PDFContent/04%20ICSE/03%20Class%20VIII/Chemistry/ HTTP/1.1" 200 356 "https://brainbox.co.in/PDFContent/04%20ICSE/03%20Class%20VIII/?C=M%3BO%3DA" "Mozilla/5.0 (Linux; Android 7.0;) AppleWebKit/537.36 (KHTML, like Gecko) Mobile Safari/537.36 (compatible; PetalBot;+https://webmaster.petalsearch.com/site/petalbot)" "brainbox.co.in"
114.119.145.174 - - [02/Oct/2022:21:31:08 -0700] "GET /PDFContent/01%20TSB/03%20Class%20VIII/English/LS4B/TSB_VIII_ENGLISH_LS04B_PRETEEN%20PRETEXT_Glossary.pdf HTTP/1.1" 200 298765 "https://brainbox.co.in/PDFContent/01%20TSB/03%20Class%20VIII/English/LS4B/" "Mozilla/5.0 (Linux; Android 7.0;) AppleWebKit/537.36 (KHTML, like Gecko) Mobile Safari/537.36 (compatible; PetalBot;+https://webmaster.petalsearch.com/site/petalbot)" "brainbox.co.in"
114.119.145.175 - - [02/Oct/2022:21:38:00 -0700] "GET /PDFContent/03%20CBSE/02%20Class%20VII/English/ HTTP/1.1" 200 873 "https://brainbox.co.in/PDFContent/03%20CBSE/02%20Class%20VII/?C=D%3BO%3DA" "Mozilla/5.0 (Linux; Android 7.0;) AppleWebKit/537.36 (KHTML, like Gecko) Mobile Safari/537.36 (compatible; PetalBot;+https://webmaster.petalsearch.com/site/petalbot)" "brainbox.co.in"
114.119.145.160 - - [02/Oct/2022:21:46:09 -0700] "GET /PDFContent/04%20ICSE/03%20Class%20VIII/Maths/?C=N%3BO%3DD HTTP/1.1" 200 353 "https://brainbox.co.in/PDFContent/04%20ICSE/03%20Class%20VIII/Maths/?C=D%3BO%3DA" "Mozilla/5.0 (Linux; Android 7.0;) AppleWebKit/537.36 (KHTML, like Gecko) Mobile Safari/537.36 (compatible; PetalBot;+https://webmaster.petalsearch.com/site/petalbot)" "brainbox.co.in"
157.55.39.180 - - [02/Oct/2022:21:48:35 -0700] "GET /PDFContent/01%20TSB/03%20Class%20VIII/ HTTP/1.1" 200 515 "-" "Mozilla/5.0 (compatible; bingbot/2.0; +http://www.bing.com/bingbot.htm)" "brainbox.co.in"
54.151.26.167 - - [02/Oct/2022:21:52:20 -0700] "GET /~richard/templates/beez/US/uk/paypal/login.htm HTTP/1.1" 404 73 "-" "Mozilla/5.0 (Macintosh; Intel Mac OS X 10_10_5) AppleWebKit/537.36 (KHTML, like Gecko) Chrome/52.0.2743.116 Safari/537.36" "brainbox.co.in"
114.119.135.132 - - [02/Oct/2022:21:53:30 -0700] "GET /PDFContent/03%20CBSE/03%20Class%20VIII/Physics/Stars%20&%20Evolution/CBSE_VIII_PHYSICS_STARS%20&%20EVOLUTION_Universe%20&%20Galaxy HTTP/1.1" 200 203810 "https://brainboxschool.com/material/CBSE/VIII/Physics/STARS_AND_EVOLUTION.html" "Mozilla/5.0 (Linux; Android 7.0;) AppleWebKit/537.36 (KHTML, like Gecko) Mobile Safari/537.36 (compatible; PetalBot;+https://webmaster.petalsearch.com/site/petalbot)" "brainbox.co.in"
114.119.145.175 - - [02/Oct/2022:22:07:31 -0700] "GET /PDFContent/03%20CBSE/06%20Class%20XI/Chemistry/?C=S%3BO%3DA HTTP/1.1" 200 485 "https://brainbox.co.in/PDFContent/03%20CBSE/06%20Class%20XI/Chemistry/" "Mozilla/5.0 (Linux; Android 7.0;) AppleWebKit/537.36 (KHTML, like Gecko) Mobile Safari/537.36 (compatible; PetalBot;+https://webmaster.petalsearch.com/site/petalbot)" "brainbox.co.in"
114.119.145.187 - - [02/Oct/2022:22:14:25 -0700] "GET /PDFContent/02%20APSB/06%20Class%20XI/Maths/?C=S%3BO%3DA HTTP/1.1" 200 352 "https://brainbox.co.in/PDFContent/02%20APSB/06%20Class%20XI/Maths/?C=D%3BO%3DA" "Mozilla/5.0 (Linux; Android 7.0;) AppleWebKit/537.36 (KHTML, like Gecko) Mobile Safari/537.36 (compatible; PetalBot;+https://webmaster.petalsearch.com/site/petalbot)" "brainbox.co.in"
114.119.135.132 - - [02/Oct/2022:22:21:13 -0700] "GET /PDFContent/03%20CBSE/03%20Class%20VIII/Physics/SOME%20NATURAL%20PHENOMENA/ HTTP/1.1" 200 547 "https://brainbox.co.in/PDFContent/03%20CBSE/03%20Class%20VIII/Physics/" "Mozilla/5.0 (Linux; Android 7.0;) AppleWebKit/537.36 (KHTML, like Gecko) Mobile Safari/537.36 (compatible; PetalBot;+https://webmaster.petalsearch.com/site/petalbot)" "brainbox.co.in"
114.119.145.187 - - [02/Oct/2022:22:28:03 -0700] "GET /PDFContent/01%20TSB/06%20Class%20XI/Maths/LOCUS/Locus_T09_Solved%20Problem_Distance%20between%20ratio.pdf HTTP/1.1" 200 307714 "https://brainbox.co.in/PDFContent/01%20TSB/06%20Class%20XI/Maths/LOCUS/?C=N%3BO%3DD" "Mozilla/5.0 (Linux; Android 7.0;) AppleWebKit/537.36 (KHTML, like Gecko) Mobile Safari/537.36 (compatible; PetalBot;+https://webmaster.petalsearch.com/site/petalbot)" "brainbox.co.in"
66.249.79.86 - - [02/Oct/2022:22:33:47 -0700] "GET /robots.txt HTTP/1.1" 404 88 "-" "Mozilla/5.0 (compatible; Googlebot/2.1; +http://www.google.com/bot.html)" "brainbox.co.in"
114.119.145.174 - - [02/Oct/2022:22:34:51 -0700] "GET /PDFContent/03%20CBSE/06%20Class%20XI/English/?C=M%3BO%3DA HTTP/1.1" 200 354 "https://brainbox.co.in/PDFContent/03%20CBSE/06%20Class%20XI/English/?C=D%3BO%3DA" "Mozilla/5.0 (Linux; Android 7.0;) AppleWebKit/537.36 (KHTML, like Gecko) Mobile Safari/537.36 (compatible; PetalBot;+https://webmaster.petalsearch.com/site/petalbot)" "brainbox.co.in"
66.249.79.86 - - [02/Oct/2022:22:36:23 -0700] "GET /ads.txt HTTP/1.1" 404 88 "-" "Mozilla/5.0 (compatible; Googlebot/2.1; +http://www.google.com/bot.html)" "brainbox.co.in"
114.119.145.175 - - [02/Oct/2022:22:41:45 -0700] "GET /PDFContent/03%20CBSE/07%20Class%20XII/Maths/PROBABILITY/CBSE_XII_MATHS_LS13_PROBABILITY_INDEPENDENT%20EVENT.pdf HTTP/1.1" 200 281220 "https://brainbox.co.in/PDFContent/03%20CBSE/07%20Class%20XII/Maths/PROBABILITY/?C=N%3BO%3DD" "Mozilla/5.0 (Linux; Android 7.0;) AppleWebKit/537.36 (KHTML, like Gecko) Mobile Safari/537.36 (compatible; PetalBot;+https://webmaster.petalsearch.com/site/petalbot)" "brainbox.co.in"
114.119.145.174 - - [02/Oct/2022:22:48:27 -0700] "GET /PDFContent/04%20ICSE/01%20Class%20VI/Sanskrit/?C=S%3BO%3DA HTTP/1.1" 200 354 "https://brainbox.co.in/PDFContent/04%20ICSE/01%20Class%20VI/Sanskrit/" "Mozilla/5.0 (Linux; Android 7.0;) AppleWebKit/537.36 (KHTML, like Gecko) Mobile Safari/537.36 (compatible; PetalBot;+https://webmaster.petalsearch.com/site/petalbot)" "brainbox.co.in"
114.119.135.132 - - [02/Oct/2022:22:55:14 -0700] "GET /PDFContent/01%20TSB/05%20Class%20X/Biology/NUTRITION/Nutrition_T01_Introduction.pdf HTTP/1.1" 200 86238 "https://brainbox.co.in/PDFContent/01%20TSB/05%20Class%20X/Biology/NUTRITION/" "Mozilla/5.0 (Linux; Android 7.0;) AppleWebKit/537.36 (KHTML, like Gecko) Mobile Safari/537.36 (compatible; PetalBot;+https://webmaster.petalsearch.com/site/petalbot)" "brainbox.co.in"
114.119.135.132 - - [02/Oct/2022:23:02:09 -0700] "GET /PDFContent/03%20CBSE/04%20Class%20IX/Biology/Tissues/CBSE_IX_Biology_Tissues_Phloem HTTP/1.1" 200 282927 "https://brainboxschool.com/material/CBSE/IX/Biology/TISSUES.html" "Mozilla/5.0 (Linux; Android 7.0;) AppleWebKit/537.36 (KHTML, like Gecko) Mobile Safari/537.36 (compatible; PetalBot;+https://webmaster.petalsearch.com/site/petalbot)" "brainbox.co.in"
114.119.145.160 - - [02/Oct/2022:23:09:01 -0700] "GET /PDFContent/Beetle/CLASS%20II/MATHEMATICS%20SEM%202/Lesson%2011.%20Fractions.pdf HTTP/1.1" 200 84831 "https://brainbox.co.in/PDFContent/Beetle/CLASS%20II/MATHEMATICS%20SEM%202/?C=M%3BO%3DA" "Mozilla/5.0 (Linux; Android 7.0;) AppleWebKit/537.36 (KHTML, like Gecko) Mobile Safari/537.36 (compatible; PetalBot;+https://webmaster.petalsearch.com/site/petalbot)" "brainbox.co.in"
114.119.135.132 - - [02/Oct/2022:23:15:49 -0700] "GET /PDFContent/02%20APSB/02%20Class%20VII/Sanskrit/ HTTP/1.1" 200 354 "https://brainbox.co.in/PDFContent/02%20APSB/02%20Class%20VII/?C=S%3BO%3DA" "Mozilla/5.0 (Linux; Android 7.0;) AppleWebKit/537.36 (KHTML, like Gecko) Mobile Safari/537.36 (compatible; PetalBot;+https://webmaster.petalsearch.com/site/petalbot)" "brainbox.co.in"
114.119.135.132 - - [02/Oct/2022:23:22:42 -0700] "GET /PDFContent/02%20APSB/06%20Class%20XI/Telugu/?C=D%3BO%3DA HTTP/1.1" 200 355 "https://brainbox.co.in/PDFContent/02%20APSB/06%20Class%20XI/Telugu/?C=N%3BO%3DD" "Mozilla/5.0 (Linux; Android 7.0;) AppleWebKit/537.36 (KHTML, like Gecko) Mobile Safari/537.36 (compatible; PetalBot;+https://webmaster.petalsearch.com/site/petalbot)" "brainbox.co.in"
114.119.145.187 - - [02/Oct/2022:23:36:26 -0700] "GET /PDFContent/SPECIAL%20CROUSE/Part%201%20Grammar%20Essentials/STD_VIII/ HTTP/1.1" 200 512 "https://brainbox.co.in/PDFContent/SPECIAL%20CROUSE/Part%201%20Grammar%20Essentials/?C=M%3BO%3DA" "Mozilla/5.0 (Linux; Android 7.0;) AppleWebKit/537.36 (KHTML, like Gecko) Mobile Safari/537.36 (compatible; PetalBot;+https://webmaster.petalsearch.com/site/petalbot)" "brainbox.co.in"
114.119.145.175 - - [02/Oct/2022:23:43:18 -0700] "GET /PDFContent/03%20CBSE/04%20Class%20IX/Biology/Fundamental%20Unit%20of%20Life/Shape%20and%20Size%20of%20Cell HTTP/1.1" 200 244467 "https://brainboxschool.com/material/CBSE/IX/Biology/THE_FUNDAMENTAL_UNIT_OF_LIFE.html" "Mozilla/5.0 (Linux; Android 7.0;) AppleWebKit/537.36 (KHTML, like Gecko) Mobile Safari/537.36 (compatible; PetalBot;+https://webmaster.petalsearch.com/site/petalbot)" "brainbox.co.in"
65.108.46.72 - - [02/Oct/2022:23:47:24 -0700] "GET /robots.txt HTTP/1.1" 404 73 "-" "Mozilla/5.0 (compatible; MJ12bot/v1.4.8; http://mj12bot.com/)" "brainbox.co.in"
65.108.46.72 - - [02/Oct/2022:23:47:26 -0700] "GET /PDFContent/Beetle/CLASS%20V/SOCIAL/SEM%201/LESSON%201.%20GLOBE%E2%80%90%20A%20MODEL%20OF%20THE%20EARTH.pdf HTTP/1.1" 200 52635 "-" "Mozilla/5.0 (compatible; MJ12bot/v1.4.8; http://mj12bot.com/)" "brainbox.co.in"
65.108.46.72 - - [02/Oct/2022:23:47:28 -0700] "GET /PDFContent/Beetle/CLASS%20V/SOCIAL/SEM%201/LESSON%204.%20EQUATORIAL%20CLIMATE%E2%80%90%20THE%20DEMOCRATIC%20REPUBLIC%20OF.pdf HTTP/1.1" 200 120271 "-" "Mozilla/5.0 (compatible; MJ12bot/v1.4.8; http://mj12bot.com/)" "brainbox.co.in"
65.108.46.72 - - [02/Oct/2022:23:47:30 -0700] "GET /PDFContent/Beetle/CLASS%20V/SOCIAL/SEM%201/LESSON%206.%20FRIGID%20CLIMATE%20%E2%80%93%20GREENLAND.pdf HTTP/1.1" 200 90607 "-" "Mozilla/5.0 (compatible; MJ12bot/v1.4.8; http://mj12bot.com/)" "brainbox.co.in"
65.108.46.72 - - [02/Oct/2022:23:47:33 -0700] "GET /PDFContent/Beetle/CLASS%20V/SOCIAL/SEM%201/LESSON%207.%20TEMPERATE%20CLIMATE%E2%80%90%20GRASSLANDS.pdf HTTP/1.1" 200 118420 "-" "Mozilla/5.0 (compatible; MJ12bot/v1.4.8; http://mj12bot.com/)" "brainbox.co.in"
114.119.145.187 - - [02/Oct/2022:23:50:12 -0700] "GET /PDFContent/04%20ICSE/05%20Class%20X/?C=D%3BO%3DA HTTP/1.1" 200 463 "https://brainbox.co.in/PDFContent/04%20ICSE/05%20Class%20X/?C=M%3BO%3DA" "Mozilla/5.0 (Linux; Android 7.0;) AppleWebKit/537.36 (KHTML, like Gecko) Mobile Safari/537.36 (compatible; PetalBot;+https://webmaster.petalsearch.com/site/petalbot)" "brainbox.co.in"
114.119.145.187 - - [02/Oct/2022:23:57:02 -0700] "GET /PDFContent/03%20CBSE/05%20Class%20X/Hindi/?C=M%3BO%3DA HTTP/1.1" 200 1378 "https://brainbox.co.in/PDFContent/03%20CBSE/05%20Class%20X/Hindi/" "Mozilla/5.0 (Linux; Android 7.0;) AppleWebKit/537.36 (KHTML, like Gecko) Mobile Safari/537.36 (compatible; PetalBot;+https://webmaster.petalsearch.com/site/petalbot)" "brainbox.co.in"
114.119.145.174 - - [03/Oct/2022:00:03:54 -0700] "GET /PDFContent/03%20CBSE/04%20Class%20IX/Biology/Tissues/?C=N%3BO%3DD HTTP/1.1" 200 638 "https://brainbox.co.in/PDFContent/03%20CBSE/04%20Class%20IX/Biology/Tissues/?C=M%3BO%3DA" "Mozilla/5.0 (Linux; Android 7.0;) AppleWebKit/537.36 (KHTML, like Gecko) Mobile Safari/537.36 (compatible; PetalBot;+https://webmaster.petalsearch.com/site/petalbot)" "brainbox.co.in"
114.119.145.187 - - [03/Oct/2022:00:10:52 -0700] "GET /PDFContent/01%20TSB/03%20Class%20VIII/Maths/?C=D%3BO%3DA HTTP/1.1" 200 353 "https://brainbox.co.in/PDFContent/01%20TSB/03%20Class%20VIII/Maths/?C=N%3BO%3DD" "Mozilla/5.0 (Linux; Android 7.0;) AppleWebKit/537.36 (KHTML, like Gecko) Mobile Safari/537.36 (compatible; PetalBot;+https://webmaster.petalsearch.com/site/petalbot)" "brainbox.co.in"
114.119.145.160 - - [03/Oct/2022:00:17:53 -0700] "GET /PDFContent/01%20TSB/02%20Class%20VII/Science/ELECTRICITY/?C=M%3BO%3DA HTTP/1.1" 200 571 "https://brainbox.co.in/PDFContent/01%20TSB/02%20Class%20VII/Science/ELECTRICITY/?C=D%3BO%3DA" "Mozilla/5.0 (Linux; Android 7.0;) AppleWebKit/537.36 (KHTML, like Gecko) Mobile Safari/537.36 (compatible; PetalBot;+https://webmaster.petalsearch.com/site/petalbot)" "brainbox.co.in"
114.119.145.187 - - [03/Oct/2022:00:24:35 -0700] "GET /PDFContent/03%20CBSE/03%20Class%20VIII/English/SUPPLEMENTARY/?C=D%3BO%3DA HTTP/1.1" 200 441 "https://brainbox.co.in/PDFContent/03%20CBSE/03%20Class%20VIII/English/SUPPLEMENTARY/" "Mozilla/5.0 (Linux; Android 7.0;) AppleWebKit/537.36 (KHTML, like Gecko) Mobile Safari/537.36 (compatible; PetalBot;+https://webmaster.petalsearch.com/site/petalbot)" "brainbox.co.in"
114.119.135.132 - - [03/Oct/2022:00:31:34 -0700] "GET /PDFContent/03%20CBSE/04%20Class%20IX/Physics/Motion/Displacement%20Time%20Graph HTTP/1.1" 200 423124 "https://brainboxschool.com/material/CBSE/IX/Physics/MOTION.html" "Mozilla/5.0 (Linux; Android 7.0;) AppleWebKit/537.36 (KHTML, like Gecko) Mobile Safari/537.36 (compatible; PetalBot;+https://webmaster.petalsearch.com/site/petalbot)" "brainbox.co.in"
114.119.145.174 - - [03/Oct/2022:00:38:24 -0700] "GET /PDFContent/02%20APSB/05%20Class%20X/Physics/?C=D%3BO%3DA HTTP/1.1" 200 354 "https://brainbox.co.in/PDFContent/02%20APSB/05%20Class%20X/Physics/?C=N%3BO%3DD" "Mozilla/5.0 (Linux; Android 7.0;) AppleWebKit/537.36 (KHTML, like Gecko) Mobile Safari/537.36 (compatible; PetalBot;+https://webmaster.petalsearch.com/site/petalbot)" "brainbox.co.in"
114.119.135.132 - - [03/Oct/2022:00:45:16 -0700] "GET /PDFContent/03%20CBSE/04%20Class%20IX/Physics/Motion/Prob.02 HTTP/1.1" 200 247068 "https://brainboxschool.com/material/CBSE/IX/Physics/MOTION.html" "Mozilla/5.0 (Linux; Android 7.0;) AppleWebKit/537.36 (KHTML, like Gecko) Mobile Safari/537.36 (compatible; PetalBot;+https://webmaster.petalsearch.com/site/petalbot)" "brainbox.co.in"
114.119.145.175 - - [03/Oct/2022:00:52:15 -0700] "GET /PDFContent/01%20TSB/04%20Class%20IX/English/?C=M%3BO%3DA HTTP/1.1" 200 353 "https://brainbox.co.in/PDFContent/01%20TSB/04%20Class%20IX/English/?C=S%3BO%3DA" "Mozilla/5.0 (Linux; Android 7.0;) AppleWebKit/537.36 (KHTML, like Gecko) Mobile Safari/537.36 (compatible; PetalBot;+https://webmaster.petalsearch.com/site/petalbot)" "brainbox.co.in"
114.119.135.132 - - [03/Oct/2022:00:59:10 -0700] "GET /PDFContent/03%20CBSE/01%20Class%20VI/?C=M%3BO%3DA HTTP/1.1" 200 471 "https://brainbox.co.in/PDFContent/03%20CBSE/01%20Class%20VI/?C=D%3BO%3DA" "Mozilla/5.0 (Linux; Android 7.0;) AppleWebKit/537.36 (KHTML, like Gecko) Mobile Safari/537.36 (compatible; PetalBot;+https://webmaster.petalsearch.com/site/petalbot)" "brainbox.co.in"
114.119.145.187 - - [03/Oct/2022:01:12:56 -0700] "GET /PDFContent/03%20CBSE/04%20Class%20IX/Biology/Fundamental%20Unit%20of%20Life/?C=M%3BO%3DA HTTP/1.1" 200 961 "https://brainbox.co.in/PDFContent/03%20CBSE/04%20Class%20IX/Biology/Fundamental%20Unit%20of%20Life/?C=S%3BO%3DA" "Mozilla/5.0 (Linux; Android 7.0;) AppleWebKit/537.36 (KHTML, like Gecko) Mobile Safari/537.36 (compatible; PetalBot;+https://webmaster.petalsearch.com/site/petalbot)" "brainbox.co.in"
114.119.145.187 - - [03/Oct/2022:01:19:34 -0700] "GET /PDFContent/02%20APSB/04%20Class%20IX/Hindi/?C=S%3BO%3DA HTTP/1.1" 200 352 "https://brainbox.co.in/PDFContent/02%20APSB/04%20Class%20IX/Hindi/" "Mozilla/5.0 (Linux; Android 7.0;) AppleWebKit/537.36 (KHTML, like Gecko) Mobile Safari/537.36 (compatible; PetalBot;+https://webmaster.petalsearch.com/site/petalbot)" "brainbox.co.in"
114.119.135.132 - - [03/Oct/2022:01:26:21 -0700] "GET /PDFContent/01%20TSB/01%20Class%20VI/Telugu/SNEHABANDHAM/TSB_LS02_SNEHABANDHAM_SVIYARACHANA%20JAWABULU.pdf HTTP/1.1" 200 256788 "https://brainbox.co.in/PDFContent/01%20TSB/01%20Class%20VI/Telugu/SNEHABANDHAM/?C=N%3BO%3DD" "Mozilla/5.0 (Linux; Android 7.0;) AppleWebKit/537.36 (KHTML, like Gecko) Mobile Safari/537.36 (compatible; PetalBot;+https://webmaster.petalsearch.com/site/petalbot)" "brainbox.co.in"
114.119.145.187 - - [03/Oct/2022:01:33:12 -0700] "GET /PDFContent/03%20CBSE/04%20Class%20IX/Maths/LINEAR%20EQUATIONS%20IN%20TWO%20VARIABLES/CBSE_IX_MATHS_LS04_LINEAR%20EQUATIONS%20IN%20%20TWO%20VARIABLES_METHODS%20TO%20SOLVE%20SIMULANEOUS%20LINEAR%20EQUATIONS.pdf HTTP/1.1" 200 285543 "https://brainbox.co.in/PDFContent/03%20CBSE/04%20Class%20IX/Maths/LINEAR%20EQUATIONS%20IN%20TWO%20VARIABLES/?C=S%3BO%3DA" "Mozilla/5.0 (Linux; Android 7.0;) AppleWebKit/537.36 (KHTML, like Gecko) Mobile Safari/537.36 (compatible; PetalBot;+https://webmaster.petalsearch.com/site/petalbot)" "brainbox.co.in"
114.119.145.187 - - [03/Oct/2022:01:39:57 -0700] "GET /PDFContent/01%20TSB/05%20Class%20X/Biology/NUTRITION/?C=S%3BO%3DA HTTP/1.1" 200 516 "https://brainbox.co.in/PDFContent/01%20TSB/05%20Class%20X/Biology/NUTRITION/" "Mozilla/5.0 (Linux; Android 7.0;) AppleWebKit/537.36 (KHTML, like Gecko) Mobile Safari/537.36 (compatible; PetalBot;+https://webmaster.petalsearch.com/site/petalbot)" "brainbox.co.in"
114.119.145.175 - - [03/Oct/2022:01:46:46 -0700] "GET /PDFContent/03%20CBSE/04%20Class%20IX/Biology/Fundamental%20Unit%20of%20Life/Cell%20Theory-Schleiden,Schwann.pdf HTTP/1.1" 200 221670 "https://brainbox.co.in/PDFContent/03%20CBSE/04%20Class%20IX/Biology/Fundamental%20Unit%20of%20Life/?C=M%3BO%3DA" "Mozilla/5.0 (Linux; Android 7.0;) AppleWebKit/537.36 (KHTML, like Gecko) Mobile Safari/537.36 (compatible; PetalBot;+https://webmaster.petalsearch.com/site/petalbot)" "brainbox.co.in"
54.176.58.31 - - [03/Oct/2022:01:52:04 -0700] "GET /~richard/templates/beez/US/uk/paypal/login.htm HTTP/1.1" 404 73 "-" "Mozilla/5.0 (Macintosh; Intel Mac OS X 10_10_5) AppleWebKit/537.36 (KHTML, like Gecko) Chrome/52.0.2743.116 Safari/537.36" "brainbox.co.in"
114.119.135.132 - - [03/Oct/2022:01:53:35 -0700] "GET /PDFContent/03%20CBSE/06%20Class%20XI/?C=S%3BO%3DA HTTP/1.1" 200 521 "https://brainbox.co.in/PDFContent/03%20CBSE/06%20Class%20XI/?C=M%3BO%3DA" "Mozilla/5.0 (Linux; Android 7.0;) AppleWebKit/537.36 (KHTML, like Gecko) Mobile Safari/537.36 (compatible; PetalBot;+https://webmaster.petalsearch.com/site/petalbot)" "brainbox.co.in"
114.119.145.160 - - [03/Oct/2022:02:00:36 -0700] "GET /PDFContent/01%20TSB/03%20Class%20VIII/English/LS3B/TSB_VIII_ENGLISH_LS3B_THE%20SELFISH%20GIANT%20P2_QUESTIONS%20&%20ANSWERS.pdf HTTP/1.1" 200 366884 "https://brainbox.co.in/PDFContent/01%20TSB/03%20Class%20VIII/English/LS3B/?C=D%3BO%3DA" "Mozilla/5.0 (Linux; Android 7.0;) AppleWebKit/537.36 (KHTML, like Gecko) Mobile Safari/537.36 (compatible; PetalBot;+https://webmaster.petalsearch.com/site/petalbot)" "brainbox.co.in"
114.119.145.175 - - [03/Oct/2022:02:07:22 -0700] "GET /PDFContent/03%20CBSE/04%20Class%20IX/Maths/POLYNOMIALS/CBSE_IX_MATHS_LS02_POLYNOMIALS_CHECK%20FACTOR%20THEOREM.pdf HTTP/1.1" 200 195717 "https://brainbox.co.in/PDFContent/03%20CBSE/04%20Class%20IX/Maths/POLYNOMIALS/?C=N%3BO%3DD" "Mozilla/5.0 (Linux; Android 7.0;) AppleWebKit/537.36 (KHTML, like Gecko) Mobile Safari/537.36 (compatible; PetalBot;+https://webmaster.petalsearch.com/site/petalbot)" "brainbox.co.in"
114.119.145.174 - - [03/Oct/2022:02:14:06 -0700] "GET /PDFContent/03%20CBSE/01%20Class%20VI/Hindi/?C=S%3BO%3DA HTTP/1.1" 200 352 "https://brainbox.co.in/PDFContent/03%20CBSE/01%20Class%20VI/Hindi/?C=D%3BO%3DA" "Mozilla/5.0 (Linux; Android 7.0;) AppleWebKit/537.36 (KHTML, like Gecko) Mobile Safari/537.36 (compatible; PetalBot;+https://webmaster.petalsearch.com/site/petalbot)" "brainbox.co.in"
114.119.145.160 - - [03/Oct/2022:02:21:01 -0700] "GET /PDFContent/02%20APSB/02%20Class%20VII/Physics/ HTTP/1.1" 200 353 "https://brainbox.co.in/PDFContent/02%20APSB/02%20Class%20VII/?C=D%3BO%3DA" "Mozilla/5.0 (Linux; Android 7.0;) AppleWebKit/537.36 (KHTML, like Gecko) Mobile Safari/537.36 (compatible; PetalBot;+https://webmaster.petalsearch.com/site/petalbot)" "brainbox.co.in"
114.119.145.175 - - [03/Oct/2022:02:27:56 -0700] "GET /PDFContent/02%20APSB/07%20Class%20XII/Hindi/?C=M%3BO%3DA HTTP/1.1" 200 354 "https://brainbox.co.in/PDFContent/02%20APSB/07%20Class%20XII/Hindi/?C=S%3BO%3DA" "Mozilla/5.0 (Linux; Android 7.0;) AppleWebKit/537.36 (KHTML, like Gecko) Mobile Safari/537.36 (compatible; PetalBot;+https://webmaster.petalsearch.com/site/petalbot)" "brainbox.co.in"
114.119.145.174 - - [03/Oct/2022:02:34:42 -0700] "GET /PDFContent/01%20TSB/03%20Class%20VIII/English/LS8A/?C=N%3BO%3DD HTTP/1.1" 200 527 "https://brainbox.co.in/PDFContent/01%20TSB/03%20Class%20VIII/English/LS8A/?C=M%3BO%3DA" "Mozilla/5.0 (Linux; Android 7.0;) AppleWebKit/537.36 (KHTML, like Gecko) Mobile Safari/537.36 (compatible; PetalBot;+https://webmaster.petalsearch.com/site/petalbot)" "brainbox.co.in"
114.119.135.132 - - [03/Oct/2022:02:41:43 -0700] "GET /PDFContent/03%20CBSE/02%20Class%20VII/Science/LIGHT/CBSE_VII_SCIENCE_REFLECTION%20OF%20LIGHT.pdf HTTP/1.1" 200 309230 "https://brainbox.co.in/PDFContent/03%20CBSE/02%20Class%20VII/Science/LIGHT/?C=N%3BO%3DD" "Mozilla/5.0 (Linux; Android 7.0;) AppleWebKit/537.36 (KHTML, like Gecko) Mobile Safari/537.36 (compatible; PetalBot;+https://webmaster.petalsearch.com/site/petalbot)" "brainbox.co.in"
114.119.145.175 - - [03/Oct/2022:02:48:29 -0700] "GET /PDFContent/03%20CBSE/07%20Class%20XII/Biology/?C=S%3BO%3DA HTTP/1.1" 200 1044 "https://brainbox.co.in/PDFContent/03%20CBSE/07%20Class%20XII/Biology/?C=N%3BO%3DD" "Mozilla/5.0 (Linux; Android 7.0;) AppleWebKit/537.36 (KHTML, like Gecko) Mobile Safari/537.36 (compatible; PetalBot;+https://webmaster.petalsearch.com/site/petalbot)" "brainbox.co.in"
95.108.213.76 - - [03/Oct/2022:02:51:44 -0700] "GET /robots.txt HTTP/1.1" 404 73 "-" "Mozilla/5.0 (compatible; YandexBot/3.0; +http://yandex.com/bots)" "brainbox.co.in"
5.255.253.135 - - [03/Oct/2022:02:51:48 -0700] "GET /PDFContent/01%20TSB/01%20Class%20VI/English/TELANGANA/TSB_VI_TELENGANA%20PRIDE_INTRODUCTION.pdf HTTP/1.1" 200 153031 "-" "Mozilla/5.0 (compatible; YandexBot/3.0; +http://yandex.com/bots)" "brainbox.co.in"
114.119.135.132 - - [03/Oct/2022:02:55:19 -0700] "GET /PDFContent/Beetle/CLASS%20IV/SOCAIL%20SEM%202/LESSON%201.%20WATER%20RESOURCES%20OF%20INDIA.pdf HTTP/1.1" 200 91268 "https://brainbox.co.in/PDFContent/Beetle/CLASS%20IV/SOCAIL%20SEM%202/?C=N%3BO%3DD" "Mozilla/5.0 (Linux; Android 7.0;) AppleWebKit/537.36 (KHTML, like Gecko) Mobile Safari/537.36 (compatible; PetalBot;+https://webmaster.petalsearch.com/site/petalbot)" "brainbox.co.in"
114.119.145.160 - - [03/Oct/2022:03:02:09 -0700] "GET /PDFContent/01%20TSB/05%20Class%20X/Maths/?C=S%3BO%3DA HTTP/1.1" 200 351 "https://brainbox.co.in/PDFContent/01%20TSB/05%20Class%20X/Maths/" "Mozilla/5.0 (Linux; Android 7.0;) AppleWebKit/537.36 (KHTML, like Gecko) Mobile Safari/537.36 (compatible; PetalBot;+https://webmaster.petalsearch.com/site/petalbot)" "brainbox.co.in"
114.119.135.132 - - [03/Oct/2022:03:09:05 -0700] "GET /PDFContent/03%20CBSE/05%20Class%20X/Hindi/SPARSH/LS10/CBSE_X_HINDI_10B_LS10_PREMCHAND_BADE%20BHAI%20SAAHAB_QUESTION%20&%20ANSWERS.pdf HTTP/1.1" 200 902530 "https://brainbox.co.in/PDFContent/03%20CBSE/05%20Class%20X/Hindi/SPARSH/LS10/?C=N%3BO%3DD" "Mozilla/5.0 (Linux; Android 7.0;) AppleWebKit/537.36 (KHTML, like Gecko) Mobile Safari/537.36 (compatible; PetalBot;+https://webmaster.petalsearch.com/site/petalbot)" "brainbox.co.in"
114.119.135.132 - - [03/Oct/2022:03:15:51 -0700] "GET /PDFContent/01%20TSB/07%20Class%20XII/Sanskrit/?C=M%3BO%3DA HTTP/1.1" 200 355 "https://brainbox.co.in/PDFContent/01%20TSB/07%20Class%20XII/Sanskrit/" "Mozilla/5.0 (Linux; Android 7.0;) AppleWebKit/537.36 (KHTML, like Gecko) Mobile Safari/537.36 (compatible; PetalBot;+https://webmaster.petalsearch.com/site/petalbot)" "brainbox.co.in"
114.119.135.132 - - [03/Oct/2022:03:22:31 -0700] "GET /PDFContent/01%20TSB/03%20Class%20VIII/English/LS5B/?C=D%3BO%3DA HTTP/1.1" 200 536 "https://brainbox.co.in/PDFContent/01%20TSB/03%20Class%20VIII/English/LS5B/" "Mozilla/5.0 (Linux; Android 7.0;) AppleWebKit/537.36 (KHTML, like Gecko) Mobile Safari/537.36 (compatible; PetalBot;+https://webmaster.petalsearch.com/site/petalbot)" "brainbox.co.in"
114.119.145.160 - - [03/Oct/2022:03:29:20 -0700] "GET /PDFContent/03%20CBSE/06%20Class%20XI/Telugu/?C=S%3BO%3DA HTTP/1.1" 200 355 "https://brainbox.co.in/PDFContent/03%20CBSE/06%20Class%20XI/Telugu/?C=M%3BO%3DA" "Mozilla/5.0 (Linux; Android 7.0;) AppleWebKit/537.36 (KHTML, like Gecko) Mobile Safari/537.36 (compatible; PetalBot;+https://webmaster.petalsearch.com/site/petalbot)" "brainbox.co.in"
114.119.145.160 - - [03/Oct/2022:03:36:04 -0700] "GET /PDFContent/03%20CBSE/04%20Class%20IX/Chemistry/ATOMS%20AND%20MOLECULES/Atoms%20&%20Molecules_Chemical%20Formula_P7,%20P8.pdf HTTP/1.1" 404 88 "https://brainbox.co.in/PDFContent/03%20CBSE/04%20Class%20IX/Chemistry/ATOMS%20AND%20MOLECULES/" "Mozilla/5.0 (Linux; Android 7.0;) AppleWebKit/537.36 (KHTML, like Gecko) Mobile Safari/537.36 (compatible; PetalBot;+https://webmaster.petalsearch.com/site/petalbot)" "brainbox.co.in"
114.119.145.175 - - [03/Oct/2022:03:42:51 -0700] "GET /PDFContent/03%20CBSE/06%20Class%20XI/Sanskrit/?C=M%3BO%3DA HTTP/1.1" 200 355 "https://brainbox.co.in/PDFContent/03%20CBSE/06%20Class%20XI/Sanskrit/?C=S%3BO%3DA" "Mozilla/5.0 (Linux; Android 7.0;) AppleWebKit/537.36 (KHTML, like Gecko) Mobile Safari/537.36 (compatible; PetalBot;+https://webmaster.petalsearch.com/site/petalbot)" "brainbox.co.in"
66.249.79.88 - - [03/Oct/2022:03:49:33 -0700] "GET /robots.txt HTTP/1.1" 404 88 "-" "Mozilla/5.0 (compatible; Googlebot/2.1; +http://www.google.com/bot.html)" "brainbox.co.in"
114.119.145.187 - - [03/Oct/2022:03:49:36 -0700] "GET /PDFContent/03%20CBSE/06%20Class%20XI/Maths/SETS/?C=D%3BO%3DA HTTP/1.1" 200 600 "https://brainbox.co.in/PDFContent/03%20CBSE/06%20Class%20XI/Maths/SETS/" "Mozilla/5.0 (Linux; Android 7.0;) AppleWebKit/537.36 (KHTML, like Gecko) Mobile Safari/537.36 (compatible; PetalBot;+https://webmaster.petalsearch.com/site/petalbot)" "brainbox.co.in"
114.119.145.160 - - [03/Oct/2022:03:56:24 -0700] "GET /PDFContent/03%20CBSE/03%20Class%20VIII/Chemistry/Metals%20&%20Non-Metals/Chemical%20properties%20of%20Metals HTTP/1.1" 200 293270 "https://brainboxschool.com/material/CBSE/VIII/Chemistry/METALS_&_NON-METALS.html" "Mozilla/5.0 (Linux; Android 7.0;) AppleWebKit/537.36 (KHTML, like Gecko) Mobile Safari/537.36 (compatible; PetalBot;+https://webmaster.petalsearch.com/site/petalbot)" "brainbox.co.in"
114.119.145.174 - - [03/Oct/2022:04:03:14 -0700] "GET /PDFContent/03%20CBSE/05%20Class%20X/Biology/CBSE_X_BIOLOGY_LS07_CONTROL%20AND%20CO-ORDINATION_HORMONES.pdf HTTP/1.1" 200 691677 "https://brainbox.co.in/PDFContent/03%20CBSE/05%20Class%20X/Biology/?C=M%3BO%3DA" "Mozilla/5.0 (Linux; Android 7.0;) AppleWebKit/537.36 (KHTML, like Gecko) Mobile Safari/537.36 (compatible; PetalBot;+https://webmaster.petalsearch.com/site/petalbot)" "brainbox.co.in"
114.119.145.175 - - [03/Oct/2022:04:09:54 -0700] "GET /PDFContent/02%20APSB/05%20Class%20X/ HTTP/1.1" 200 463 "https://brainbox.co.in/PDFContent/02%20APSB/05%20Class%20X/English/?C=N%3BO%3DD" "Mozilla/5.0 (Linux; Android 7.0;) AppleWebKit/537.36 (KHTML, like Gecko) Mobile Safari/537.36 (compatible; PetalBot;+https://webmaster.petalsearch.com/site/petalbot)" "brainbox.co.in"
114.119.145.174 - - [03/Oct/2022:04:16:38 -0700] "GET /PDFContent/TSB_X_ENGLISH_LS05A_THE%20STOREYED%20HOUSE%20P1_EXPLANATION.pdf HTTP/1.1" 200 337637 "https://brainbox.co.in/PDFContent/?C=N%3BO%3DD" "Mozilla/5.0 (Linux; Android 7.0;) AppleWebKit/537.36 (KHTML, like Gecko) Mobile Safari/537.36 (compatible; PetalBot;+https://webmaster.petalsearch.com/site/petalbot)" "brainbox.co.in"
114.119.145.187 - - [03/Oct/2022:04:23:20 -0700] "GET /PDFContent/01%20TSB/06%20Class%20XI/Maths/LOCUS/?C=N%3BO%3DD HTTP/1.1" 200 785 "https://brainbox.co.in/PDFContent/01%20TSB/06%20Class%20XI/Maths/LOCUS/?C=M%3BO%3DA" "Mozilla/5.0 (Linux; Android 7.0;) AppleWebKit/537.36 (KHTML, like Gecko) Mobile Safari/537.36 (compatible; PetalBot;+https://webmaster.petalsearch.com/site/petalbot)" "brainbox.co.in"
5.45.207.153 - - [03/Oct/2022:04:24:09 -0700] "GET /PDFContent/Beetle/CLASS%20V/SOCIAL/ HTTP/1.1" 200 395 "-" "Mozilla/5.0 (compatible; YandexBot/3.0; +http://yandex.com/bots)" "brainbox.co.in"
114.119.135.132 - - [03/Oct/2022:04:29:58 -0700] "GET /PDFContent/03%20CBSE/03%20Class%20VIII/Chemistry/Combustion%20and%20Flames/CBSE_VIII_CHEMISTRY_COMBUSTION%20&%20FLAMES_How%20to%20control%20Fire HTTP/1.1" 200 259713 "https://brainboxschool.com/material/CBSE/VIII/Chemistry/COMBUSTION_AND_FLAME.html" "Mozilla/5.0 (Linux; Android 7.0;) AppleWebKit/537.36 (KHTML, like Gecko) Mobile Safari/537.36 (compatible; PetalBot;+https://webmaster.petalsearch.com/site/petalbot)" "brainbox.co.in"
114.119.145.175 - - [03/Oct/2022:04:36:40 -0700] "GET /PDFContent/03%20CBSE/05%20Class%20X/Biology/LIFE%20PROCESSES/Life%20Processes_T06_Aerobic%20&%20Anaerobic%20respiration.pdf HTTP/1.1" 200 365518 "https://brainbox.co.in/PDFContent/03%20CBSE/05%20Class%20X/Biology/LIFE%20PROCESSES/?C=N%3BO%3DD" "Mozilla/5.0 (Linux; Android 7.0;) AppleWebKit/537.36 (KHTML, like Gecko) Mobile Safari/537.36 (compatible; PetalBot;+https://webmaster.petalsearch.com/site/petalbot)" "brainbox.co.in"
114.119.135.132 - - [03/Oct/2022:04:43:24 -0700] "GET /PDFContent/01%20TSB/03%20Class%20VIII/English/TSB_VIII_LS4A_THE%20FUN%20THEY%20HAD_Glossary.pdf HTTP/1.1" 200 259061 "https://brainbox.co.in/PDFContent/01%20TSB/03%20Class%20VIII/English/" "Mozilla/5.0 (Linux; Android 7.0;) AppleWebKit/537.36 (KHTML, like Gecko) Mobile Safari/537.36 (compatible; PetalBot;+https://webmaster.petalsearch.com/site/petalbot)" "brainbox.co.in"
114.119.135.132 - - [03/Oct/2022:04:50:05 -0700] "GET /PDFContent/03%20CBSE/05%20Class%20X/Hindi/CBSE_X_HINDI_LS01_NETAJI%20KA%20CHASHMA_GLOSSARY.pdf HTTP/1.1" 200 460897 "https://brainbox.co.in/PDFContent/03%20CBSE/05%20Class%20X/Hindi/" "Mozilla/5.0 (Linux; Android 7.0;) AppleWebKit/537.36 (KHTML, like Gecko) Mobile Safari/537.36 (compatible; PetalBot;+https://webmaster.petalsearch.com/site/petalbot)" "brainbox.co.in"
114.119.145.160 - - [03/Oct/2022:04:56:46 -0700] "GET /PDFContent/01%20TSB/05%20Class%20X/English/OR%20WILL%20THE%20DREAMER%20WAKE/TSB_X_ENGLISH_LS06B_OR%20WILL%20THE%20DREAMER%20WAKE_GLOSSARY.pdf HTTP/1.1" 200 250237 "https://brainbox.co.in/PDFContent/01%20TSB/05%20Class%20X/English/OR%20WILL%20THE%20DREAMER%20WAKE/" "Mozilla/5.0 (Linux; Android 7.0;) AppleWebKit/537.36 (KHTML, like Gecko) Mobile Safari/537.36 (compatible; PetalBot;+https://webmaster.petalsearch.com/site/petalbot)" "brainbox.co.in"
5.255.253.107 - - [03/Oct/2022:05:02:57 -0700] "GET /PDFContent/Beetle/CLASS%20I/MATHEMATICS%201-2/Lesson%207%20-%20Working%20till%20100.pdf HTTP/1.1" 200 146821 "-" "Mozilla/5.0 (compatible; YandexBot/3.0; +http://yandex.com/bots)" "brainbox.co.in"
114.119.145.187 - - [03/Oct/2022:05:03:27 -0700] "GET /PDFContent/04%20ICSE/04%20Class%20IX/Maths/?C=M%3BO%3DA HTTP/1.1" 200 351 "https://brainbox.co.in/PDFContent/04%20ICSE/04%20Class%20IX/Maths/?C=M%3BO%3DA" "Mozilla/5.0 (Linux; Android 7.0;) AppleWebKit/537.36 (KHTML, like Gecko) Mobile Safari/537.36 (compatible; PetalBot;+https://webmaster.petalsearch.com/site/petalbot)" "brainbox.co.in"
114.119.133.142 - - [03/Oct/2022:05:09:33 -0700] "GET /robots.txt HTTP/1.1" 404 88 "-" "Mozilla/5.0 (compatible;PetalBot;+https://webmaster.petalsearch.com/site/petalbot)" "brainbox.co.in"
114.119.145.187 - - [03/Oct/2022:05:10:19 -0700] "GET /PDFContent/01%20TSB/04%20Class%20IX/Biology/Challenging%20in%20Improving%20Agricultural/TS_IX_BIOLOGY_CHALLENGES%20%20IN%20IMPROVING%20AGRICULTURAL_Bee%20Keeping HTTP/1.1" 200 195207 "https://brainboxschool.com/material/TSB/IX/Biology/CHALLENGES_IN_IMPROVING_AGRICULTURAL_PRODUCTION.html" "Mozilla/5.0 (Linux; Android 7.0;) AppleWebKit/537.36 (KHTML, like Gecko) Mobile Safari/537.36 (compatible; PetalBot;+https://webmaster.petalsearch.com/site/petalbot)" "brainbox.co.in"
5.255.253.107 - - [03/Oct/2022:05:14:53 -0700] "GET /PDFContent/SPECIAL%20CROUSE/Part%201%20Grammar%20Essentials/STD_VII/UNIT-3.pdf HTTP/1.1" 200 312201 "-" "Mozilla/5.0 (compatible; YandexBot/3.0; +http://yandex.com/bots)" "brainbox.co.in"
