213.136.92.207 - - [14/Sep/2022:05:26:40 -0700] "GET /PDFContent/Beetle/CLASS%20III/ENGLISH/SEM%201/Lesson%206%20-%20Tinku%E2%80%99s%20kite.pdf HTTP/1.1" 200 105553 "-" "Mozilla/5.0 (compatible; MJ12bot/v1.4.8; http://mj12bot.com/)" "brainbox.co.in"
213.136.92.207 - - [14/Sep/2022:05:26:51 -0700] "GET /PDFContent/Beetle/CLASS%20III/SOCIAL/SEM%201/Lesson%203.%20The%20earth%E2%80%99s%20neighbours.pdf HTTP/1.1" 200 92501 "-" "Mozilla/5.0 (compatible; MJ12bot/v1.4.8; http://mj12bot.com/)" "brainbox.co.in"
213.136.92.207 - - [14/Sep/2022:05:30:57 -0700] "GET /PDFContent/Beetle/CLASS%20IV/ENGLISH%20SEM%202/Lesson%203%20-%20The%20Emperor%E2%80%99s%20New%20Clothes.pdf HTTP/1.1" 200 155207 "-" "Mozilla/5.0 (compatible; MJ12bot/v1.4.8; http://mj12bot.com/)" "brainbox.co.in"
213.136.92.207 - - [14/Sep/2022:05:31:03 -0700] "GET /PDFContent/Beetle/CLASS%20IV/ENGLISH%20SEM%202/Lesson%205%20-%20Mother%E2%80%99s%20Love.pdf HTTP/1.1" 200 132907 "-" "Mozilla/5.0 (compatible; MJ12bot/v1.4.8; http://mj12bot.com/)" "brainbox.co.in"
114.119.145.163 - - [14/Sep/2022:05:31:12 -0700] "GET /PDFContent/02%20APSB/07%20Class%20XII/Hindi/?C=M%3BO%3DA HTTP/1.1" 200 354 "https://brainbox.co.in/PDFContent/02%20APSB/07%20Class%20XII/Hindi/" "Mozilla/5.0 (Linux; Android 7.0;) AppleWebKit/537.36 (KHTML, like Gecko) Mobile Safari/537.36 (compatible; PetalBot;+https://webmaster.petalsearch.com/site/petalbot)" "brainbox.co.in"
213.136.92.207 - - [14/Sep/2022:05:31:13 -0700] "GET /PDFContent/Beetle/CLASS%20IV/ENGLISH/Lesson%205%20%E2%80%90%20Tenali%20Raman%20And%20The%20Thieves.pdf HTTP/1.1" 200 99880 "-" "Mozilla/5.0 (compatible; MJ12bot/v1.4.8; http://mj12bot.com/)" "brainbox.co.in"
213.136.92.207 - - [14/Sep/2022:05:31:21 -0700] "GET /PDFContent/Beetle/CLASS%20IV/ENGLISH/Lesson%207%20%E2%80%90%20The%20wish.pdf HTTP/1.1" 200 76025 "-" "Mozilla/5.0 (compatible; MJ12bot/v1.4.8; http://mj12bot.com/)" "brainbox.co.in"
213.136.92.207 - - [14/Sep/2022:05:31:32 -0700] "GET /PDFContent/Beetle/CLASS%20V/ENGLISH/SEM%202/Lesson%203%20-%20The%20Bishop%E2%80%99s%20candlesticks.pdf HTTP/1.1" 200 203410 "-" "Mozilla/5.0 (compatible; MJ12bot/v1.4.8; http://mj12bot.com/)" "brainbox.co.in"
213.136.92.207 - - [14/Sep/2022:05:31:43 -0700] "GET /PDFContent/Beetle/CLASS%20V/ENGLISH/SEM%202/Lesson%204%20-%20Mullah%20Nasruddin%E2%80%99s%20Stories.pdf HTTP/1.1" 200 165511 "-" "Mozilla/5.0 (compatible; MJ12bot/v1.4.8; http://mj12bot.com/)" "brainbox.co.in"
213.136.92.207 - - [14/Sep/2022:05:31:54 -0700] "GET /robots.txt HTTP/1.1" 404 73 "-" "Mozilla/5.0 (compatible; MJ12bot/v1.4.8; http://mj12bot.com/)" "www.brainbox.co.in"
213.136.92.207 - - [14/Sep/2022:05:32:00 -0700] "GET /PDFContent/03%20CBSE/06%20Class%20XI/Maths/COMPLEX%20NUMBERS%20AND%20QUADRATIC%20EQUATIONS/Complex%20Numbers%20&%20Quadratic%20Equations_T07_De%20Moivre%E2%80%99s%20theorem.pdf HTTP/1.1" 200 260747 "-" "Mozilla/5.0 (compatible; MJ12bot/v1.4.8; http://mj12bot.com/)" "www.brainbox.co.in"
213.136.92.207 - - [14/Sep/2022:05:32:16 -0700] "GET /PDFContent/Beetle/CLASS%20III/ENGLISH/SEM%201/Lesson%206%20-%20Tinku%E2%80%99s%20kite.pdf HTTP/1.1" 200 105553 "-" "Mozilla/5.0 (compatible; MJ12bot/v1.4.8; http://mj12bot.com/)" "www.brainbox.co.in"
213.136.92.207 - - [14/Sep/2022:05:32:25 -0700] "GET /PDFContent/Beetle/CLASS%20III/SOCIAL/SEM%201/Lesson%203.%20The%20earth%E2%80%99s%20neighbours.pdf HTTP/1.1" 200 92501 "-" "Mozilla/5.0 (compatible; MJ12bot/v1.4.8; http://mj12bot.com/)" "www.brainbox.co.in"
213.136.92.207 - - [14/Sep/2022:05:32:33 -0700] "GET /PDFContent/Beetle/CLASS%20V/ENGLISH/SEM%202/Lesson%203%20-%20The%20Bishop%E2%80%99s%20candlesticks.pdf HTTP/1.1" 200 203410 "-" "Mozilla/5.0 (compatible; MJ12bot/v1.4.8; http://mj12bot.com/)" "www.brainbox.co.in"
213.136.92.207 - - [14/Sep/2022:05:32:45 -0700] "GET /PDFContent/Beetle/CLASS%20V/ENGLISH/SEM%202/Lesson%204%20-%20Mullah%20Nasruddin%E2%80%99s%20Stories.pdf HTTP/1.1" 200 165511 "-" "Mozilla/5.0 (compatible; MJ12bot/v1.4.8; http://mj12bot.com/)" "www.brainbox.co.in"
213.136.92.207 - - [14/Sep/2022:05:32:54 -0700] "GET /PDFContent/SPECIAL%20CROUSE/Part%201%20Grammar%20Essentials/STD_IV/UNIT%201%20%E2%80%93%20EKALAVYA.pdf HTTP/1.1" 200 494500 "-" "Mozilla/5.0 (compatible; MJ12bot/v1.4.8; http://mj12bot.com/)" "www.brainbox.co.in"
213.136.92.207 - - [14/Sep/2022:05:33:04 -0700] "GET /PDFContent/SPECIAL%20CROUSE/Part%201%20Grammar%20Essentials/STD_IV/UNIT%202%20%E2%80%93%20THE%20PANCAKE.pdf HTTP/1.1" 200 485215 "-" "Mozilla/5.0 (compatible; MJ12bot/v1.4.8; http://mj12bot.com/)" "www.brainbox.co.in"
213.136.92.207 - - [14/Sep/2022:05:33:19 -0700] "GET /PDFContent/SPECIAL%20CROUSE/Part%201%20Grammar%20Essentials/STD_IV/UNIT%203%20%E2%80%93%20WHAT%20IS%20A%20TREE.pdf HTTP/1.1" 200 690004 "-" "Mozilla/5.0 (compatible; MJ12bot/v1.4.8; http://mj12bot.com/)" "www.brainbox.co.in"
213.136.92.207 - - [14/Sep/2022:05:33:27 -0700] "GET /PDFContent/SPECIAL%20CROUSE/Part%201%20Grammar%20Essentials/STD_IV/UNIT%204%20%E2%80%93%20THE%20MILLER,%20HIS%20SON%20AND%20DONKEY.pdf HTTP/1.1" 200 491966 "-" "Mozilla/5.0 (compatible; MJ12bot/v1.4.8; http://mj12bot.com/)" "www.brainbox.co.in"
213.136.92.207 - - [14/Sep/2022:05:33:39 -0700] "GET /PDFContent/SPECIAL%20CROUSE/Part%201%20Grammar%20Essentials/STD_IV/UNIT%205%20%E2%80%93%20FUDI%E2%80%99s%20DESERT%20JOURNEY.pdf HTTP/1.1" 200 484885 "-" "Mozilla/5.0 (compatible; MJ12bot/v1.4.8; http://mj12bot.com/)" "www.brainbox.co.in"
213.136.92.207 - - [14/Sep/2022:05:33:56 -0700] "GET /PDFContent/SPECIAL%20CROUSE/Part%201%20Grammar%20Essentials/STD_IV/UNIT%206%20%E2%80%93%20HONESTY.pdf HTTP/1.1" 200 528824 "-" "Mozilla/5.0 (compatible; MJ12bot/v1.4.8; http://mj12bot.com/)" "www.brainbox.co.in"
213.136.92.207 - - [14/Sep/2022:05:34:06 -0700] "GET /PDFContent/SPECIAL%20CROUSE/Part%201%20Grammar%20Essentials/STD_IV/UNIT%207%20%E2%80%93%20THE%20BOY%20AND%20THE%20CATAPULT.pdf HTTP/1.1" 200 660874 "-" "Mozilla/5.0 (compatible; MJ12bot/v1.4.8; http://mj12bot.com/)" "www.brainbox.co.in"
213.136.92.207 - - [14/Sep/2022:05:34:21 -0700] "GET /PDFContent/SPECIAL%20CROUSE/Part%201%20Grammar%20Essentials/STD_IV/UNIT%208%20%E2%80%93%20THE%20UNLUCKY%20FACE.pdf HTTP/1.1" 200 471161 "-" "Mozilla/5.0 (compatible; MJ12bot/v1.4.8; http://mj12bot.com/)" "www.brainbox.co.in"
5.255.231.246 - - [14/Sep/2022:05:34:26 -0700] "GET /robots.txt HTTP/1.1" 404 73 "-" "Mozilla/5.0 (compatible; YandexBot/3.0; +http://yandex.com/bots)" "brainbox.co.in"
213.136.92.207 - - [14/Sep/2022:05:34:27 -0700] "GET /PDFContent/SPECIAL%20CROUSE/STD_III/UNIT%201%20%E2%80%93%20TALKING%20TRAIN.pdf HTTP/1.1" 404 88 "-" "Mozilla/5.0 (compatible; MJ12bot/v1.4.8; http://mj12bot.com/)" "www.brainbox.co.in"
5.255.231.246 - - [14/Sep/2022:05:34:29 -0700] "GET /PDFContent/Beetle/CLASS%20IV/MATHEMATICS%202/Lesson%204.%20Perimeter%20and%20Area.pdf HTTP/1.1" 200 179707 "-" "Mozilla/5.0 (compatible; YandexBot/3.0; +http://yandex.com/bots)" "brainbox.co.in"
213.136.92.207 - - [14/Sep/2022:05:34:36 -0700] "GET /PDFContent/SPECIAL%20CROUSE/STD_III/UNIT%202%20%E2%80%93%20SWAMY%20&%20THE%20MAGIC%20BEANS.pdf HTTP/1.1" 404 88 "-" "Mozilla/5.0 (compatible; MJ12bot/v1.4.8; http://mj12bot.com/)" "www.brainbox.co.in"
213.136.92.207 - - [14/Sep/2022:05:34:41 -0700] "GET /PDFContent/SPECIAL%20CROUSE/STD_III/UNIT%203%20%E2%80%93%20I%20LIKE%20IT%20THIS%20WAY.pdf HTTP/1.1" 404 88 "-" "Mozilla/5.0 (compatible; MJ12bot/v1.4.8; http://mj12bot.com/)" "www.brainbox.co.in"
213.136.92.207 - - [14/Sep/2022:05:34:48 -0700] "GET /PDFContent/SPECIAL%20CROUSE/STD_III/UNIT%204%20%E2%80%93%20THE%20MOUSE%20&%20THE%20PENCIL.pdf HTTP/1.1" 404 88 "-" "Mozilla/5.0 (compatible; MJ12bot/v1.4.8; http://mj12bot.com/)" "www.brainbox.co.in"
213.136.92.207 - - [14/Sep/2022:05:34:55 -0700] "GET /PDFContent/SPECIAL%20CROUSE/STD_III/UNIT%205%20%E2%80%93%20THE%20LITTLE%20RED%20HEN.pdf HTTP/1.1" 404 88 "-" "Mozilla/5.0 (compatible; MJ12bot/v1.4.8; http://mj12bot.com/)" "www.brainbox.co.in"
213.136.92.207 - - [14/Sep/2022:05:35:04 -0700] "GET /PDFContent/SPECIAL%20CROUSE/STD_III/UNIT%206%20%E2%80%93%20MARY%20&%20THE%20THREE%20BEARS.pdf HTTP/1.1" 404 88 "-" "Mozilla/5.0 (compatible; MJ12bot/v1.4.8; http://mj12bot.com/)" "www.brainbox.co.in"
213.136.92.207 - - [14/Sep/2022:05:35:18 -0700] "GET /PDFContent/SPECIAL%20CROUSE/STD_III/UNIT%207%20%E2%80%93%20THE%20ANIMAL%20SCHOOL.pdf HTTP/1.1" 404 88 "-" "Mozilla/5.0 (compatible; MJ12bot/v1.4.8; http://mj12bot.com/)" "www.brainbox.co.in"
213.136.92.207 - - [14/Sep/2022:05:35:28 -0700] "GET /PDFContent/SPECIAL%20CROUSE/STD_III/UNIT%208%20%E2%80%93%20BIRBAL%20OUTWITS%20THE%20CHEAT.pdf HTTP/1.1" 404 88 "-" "Mozilla/5.0 (compatible; MJ12bot/v1.4.8; http://mj12bot.com/)" "www.brainbox.co.in"
213.136.92.207 - - [14/Sep/2022:05:35:39 -0700] "GET /PDFContent/SPECIAL%20CROUSE/STD_IV/UNIT%201%20%E2%80%93%20EKALAVYA.pdf HTTP/1.1" 404 88 "-" "Mozilla/5.0 (compatible; MJ12bot/v1.4.8; http://mj12bot.com/)" "www.brainbox.co.in"
213.136.92.207 - - [14/Sep/2022:05:35:47 -0700] "GET /PDFContent/SPECIAL%20CROUSE/STD_IV/UNIT%202%20%E2%80%93%20THE%20PANCAKE.pdf HTTP/1.1" 404 88 "-" "Mozilla/5.0 (compatible; MJ12bot/v1.4.8; http://mj12bot.com/)" "www.brainbox.co.in"
213.136.92.207 - - [14/Sep/2022:05:36:02 -0700] "GET /PDFContent/SPECIAL%20CROUSE/STD_IV/UNIT%203%20%E2%80%93%20WHAT%20IS%20A%20TREE.pdf HTTP/1.1" 404 88 "-" "Mozilla/5.0 (compatible; MJ12bot/v1.4.8; http://mj12bot.com/)" "www.brainbox.co.in"
213.136.92.207 - - [14/Sep/2022:05:36:13 -0700] "GET /PDFContent/SPECIAL%20CROUSE/STD_IV/UNIT%204%20%E2%80%93%20THE%20MILLER,%20HIS%20SON%20AND%20DONKEY.pdf HTTP/1.1" 404 88 "-" "Mozilla/5.0 (compatible; MJ12bot/v1.4.8; http://mj12bot.com/)" "www.brainbox.co.in"
213.136.92.207 - - [14/Sep/2022:05:36:22 -0700] "GET /PDFContent/SPECIAL%20CROUSE/STD_IV/UNIT%205%20%E2%80%93%20FUDI%E2%80%99s%20DESERT%20JOURNEY.pdf HTTP/1.1" 404 88 "-" "Mozilla/5.0 (compatible; MJ12bot/v1.4.8; http://mj12bot.com/)" "www.brainbox.co.in"
213.136.92.207 - - [14/Sep/2022:05:36:27 -0700] "GET /PDFContent/SPECIAL%20CROUSE/STD_IV/UNIT%206%20%E2%80%93%20HONESTY.pdf HTTP/1.1" 404 88 "-" "Mozilla/5.0 (compatible; MJ12bot/v1.4.8; http://mj12bot.com/)" "www.brainbox.co.in"
114.119.135.132 - - [14/Sep/2022:05:36:31 -0700] "GET /PDFContent/Beetle/CLASS%20V/SCIENCE/ HTTP/1.1" 200 398 "https://brainbox.co.in/PDFContent/Beetle/CLASS%20V/SCIENCE/SEM%201/?C=N%3BO%3DD" "Mozilla/5.0 (Linux; Android 7.0;) AppleWebKit/537.36 (KHTML, like Gecko) Mobile Safari/537.36 (compatible; PetalBot;+https://webmaster.petalsearch.com/site/petalbot)" "brainbox.co.in"
213.136.92.207 - - [14/Sep/2022:05:36:33 -0700] "GET /PDFContent/SPECIAL%20CROUSE/STD_IV/UNIT%207%20%E2%80%93%20THE%20BOY%20AND%20THE%20CATAPULT.pdf HTTP/1.1" 404 88 "-" "Mozilla/5.0 (compatible; MJ12bot/v1.4.8; http://mj12bot.com/)" "www.brainbox.co.in"
213.136.92.207 - - [14/Sep/2022:05:36:45 -0700] "GET /PDFContent/SPECIAL%20CROUSE/STD_IV/UNIT%208%20%E2%80%93%20THE%20UNLUCKY%20FACE.pdf HTTP/1.1" 404 88 "-" "Mozilla/5.0 (compatible; MJ12bot/v1.4.8; http://mj12bot.com/)" "www.brainbox.co.in"
114.119.132.9 - - [14/Sep/2022:05:40:41 -0700] "GET /robots.txt HTTP/1.1" 404 88 "-" "Mozilla/5.0 (compatible;PetalBot;+https://webmaster.petalsearch.com/site/petalbot)" "brainbox.co.in"
114.119.145.174 - - [14/Sep/2022:05:41:45 -0700] "GET /PDFContent/03%20CBSE/04%20Class%20IX/Biology/Improvement%20in%20Food%20resources/CBSE_IX_BIOLOGY_IMPROVEMENT%20IN%20FOOD%20RESOURCES_Poultry%20farming.pdf HTTP/1.1" 200 197187 "https://brainbox.co.in/PDFContent/03%20CBSE/04%20Class%20IX/Biology/Improvement%20in%20Food%20resources/?C=S%3BO%3DA" "Mozilla/5.0 (Linux; Android 7.0;) AppleWebKit/537.36 (KHTML, like Gecko) Mobile Safari/537.36 (compatible; PetalBot;+https://webmaster.petalsearch.com/site/petalbot)" "brainbox.co.in"
114.119.145.169 - - [14/Sep/2022:05:47:29 -0700] "GET /PDFContent/01%20TSB/03%20Class%20VIII/?C=N%3BO%3DD HTTP/1.1" 200 515 "https://brainbox.co.in/PDFContent/01%20TSB/03%20Class%20VIII/?C=N%3BO%3DD" "Mozilla/5.0 (Linux; Android 7.0;) AppleWebKit/537.36 (KHTML, like Gecko) Mobile Safari/537.36 (compatible; PetalBot;+https://webmaster.petalsearch.com/site/petalbot)" "brainbox.co.in"
52.53.230.205 - - [14/Sep/2022:05:53:14 -0700] "GET /~richard/templates/beez/US/uk/paypal/login.htm HTTP/1.1" 404 73 "-" "Mozilla/5.0 (Macintosh; Intel Mac OS X 10_10_5) AppleWebKit/537.36 (KHTML, like Gecko) Chrome/52.0.2743.116 Safari/537.36" "brainbox.co.in"
114.119.145.169 - - [14/Sep/2022:05:53:14 -0700] "GET /PDFContent/Beetle/CLASS%20V/ HTTP/1.1" 200 433 "https://brainbox.co.in/PDFContent/Beetle/?C=M%3BO%3DA" "Mozilla/5.0 (Linux; Android 7.0;) AppleWebKit/537.36 (KHTML, like Gecko) Mobile Safari/537.36 (compatible; PetalBot;+https://webmaster.petalsearch.com/site/petalbot)" "brainbox.co.in"
114.119.145.174 - - [14/Sep/2022:05:59:04 -0700] "GET /PDFContent/01%20TSB/03%20Class%20VIII/English/LS2B/New/ HTTP/1.1" 200 516 "https://brainbox.co.in/PDFContent/01%20TSB/03%20Class%20VIII/English/LS2B/" "Mozilla/5.0 (Linux; Android 7.0;) AppleWebKit/537.36 (KHTML, like Gecko) Mobile Safari/537.36 (compatible; PetalBot;+https://webmaster.petalsearch.com/site/petalbot)" "brainbox.co.in"
114.119.135.132 - - [14/Sep/2022:06:05:10 -0700] "GET /PDFContent/01%20TSB/05%20Class%20X/Maths/?C=S%3BO%3DA HTTP/1.1" 200 351 "https://brainbox.co.in/PDFContent/01%20TSB/05%20Class%20X/Maths/" "Mozilla/5.0 (Linux; Android 7.0;) AppleWebKit/537.36 (KHTML, like Gecko) Mobile Safari/537.36 (compatible; PetalBot;+https://webmaster.petalsearch.com/site/petalbot)" "brainbox.co.in"
114.119.145.163 - - [14/Sep/2022:06:11:25 -0700] "GET /PDFContent/SPECIAL%20CROUSE/Part%204%20MECHANICS%20OF%20WRITING/3_NUMBERS.pdf HTTP/1.1" 200 216011 "https://brainbox.co.in/PDFContent/SPECIAL%20CROUSE/Part%204%20MECHANICS%20OF%20WRITING/?C=M%3BO%3DA" "Mozilla/5.0 (Linux; Android 7.0;) AppleWebKit/537.36 (KHTML, like Gecko) Mobile Safari/537.36 (compatible; PetalBot;+https://webmaster.petalsearch.com/site/petalbot)" "brainbox.co.in"
114.119.145.174 - - [14/Sep/2022:06:16:30 -0700] "GET /PDFContent/03%20CBSE/04%20Class%20IX/Biology/Improvement%20in%20Food%20resources/CBSE_IX_BIOLOGY_IMPROVEMENT%20IN%20FOOD%20RESOURCES_Crop%20Production%20Management HTTP/1.1" 200 538007 "https://brainboxschool.com/material/CBSE/IX/Biology/IMPROVEMENT_IN_FOOD_RESOURCES.html" "Mozilla/5.0 (Linux; Android 7.0;) AppleWebKit/537.36 (KHTML, like Gecko) Mobile Safari/537.36 (compatible; PetalBot;+https://webmaster.petalsearch.com/site/petalbot)" "brainbox.co.in"
114.119.145.174 - - [14/Sep/2022:06:22:18 -0700] "GET /PDFContent/01%20TSB/02%20Class%20VII/Hindi/word%20meaning/TSV_VII_LS03_AGAR%20PED%20BHI%20CHALTE%20HOTE_WORD%20MEANING.pdf HTTP/1.1" 200 218301 "https://brainbox.co.in/PDFContent/01%20TSB/02%20Class%20VII/Hindi/word%20meaning/" "Mozilla/5.0 (Linux; Android 7.0;) AppleWebKit/537.36 (KHTML, like Gecko) Mobile Safari/537.36 (compatible; PetalBot;+https://webmaster.petalsearch.com/site/petalbot)" "brainbox.co.in"
114.119.145.163 - - [14/Sep/2022:06:27:54 -0700] "GET /PDFContent/02%20APSB/01%20Class%20VI/Physics/ HTTP/1.1" 200 353 "https://brainbox.co.in/PDFContent/02%20APSB/01%20Class%20VI/" "Mozilla/5.0 (Linux; Android 7.0;) AppleWebKit/537.36 (KHTML, like Gecko) Mobile Safari/537.36 (compatible; PetalBot;+https://webmaster.petalsearch.com/site/petalbot)" "brainbox.co.in"
114.119.145.174 - - [14/Sep/2022:06:39:24 -0700] "GET /PDFContent/03%20CBSE/04%20Class%20IX/Maths/LINEAR%20EQUATIONS%20IN%20TWO%20VARIABLES/CBSE_IX_MATHS_LS04_LINEAR%20EQUATIONS%20IN%20%20TWO%20VARIABLES_GRAPHICAL%20SOLUTION%20OF%20%20A%20PAIR%20OF%20%20LINEAR%20SIMULTANEOUS%20EQUATIONS.pdf HTTP/1.1" 200 607207 "https://brainbox.co.in/PDFContent/03%20CBSE/04%20Class%20IX/Maths/LINEAR%20EQUATIONS%20IN%20TWO%20VARIABLES/?C=N%3BO%3DD" "Mozilla/5.0 (Linux; Android 7.0;) AppleWebKit/537.36 (KHTML, like Gecko) Mobile Safari/537.36 (compatible; PetalBot;+https://webmaster.petalsearch.com/site/petalbot)" "brainbox.co.in"
114.119.145.175 - - [14/Sep/2022:06:45:14 -0700] "GET /PDFContent/01%20TSB/02%20Class%20VII/English/TSBoard_English_VII_LS1B_The_Country_Child_summary.pdf HTTP/1.1" 200 96214 "https://brainbox.co.in/PDFContent/01%20TSB/02%20Class%20VII/English/?C=S%3BO%3DA" "Mozilla/5.0 (Linux; Android 7.0;) AppleWebKit/537.36 (KHTML, like Gecko) Mobile Safari/537.36 (compatible; PetalBot;+https://webmaster.petalsearch.com/site/petalbot)" "brainbox.co.in"
114.119.145.175 - - [14/Sep/2022:06:51:11 -0700] "GET /PDFContent/Beetle/CLASS%20IV/MATHEMATICS/ HTTP/1.1" 200 556 "https://brainbox.co.in/PDFContent/Beetle/CLASS%20IV/?C=M%3BO%3DA" "Mozilla/5.0 (Linux; Android 7.0;) AppleWebKit/537.36 (KHTML, like Gecko) Mobile Safari/537.36 (compatible; PetalBot;+https://webmaster.petalsearch.com/site/petalbot)" "brainbox.co.in"
114.119.145.174 - - [14/Sep/2022:06:56:48 -0700] "GET /PDFContent/04%20ICSE/02%20Class%20VII/Physics/ HTTP/1.1" 200 354 "https://brainbox.co.in/PDFContent/04%20ICSE/02%20Class%20VII/?C=N%3BO%3DD" "Mozilla/5.0 (Linux; Android 7.0;) AppleWebKit/537.36 (KHTML, like Gecko) Mobile Safari/537.36 (compatible; PetalBot;+https://webmaster.petalsearch.com/site/petalbot)" "brainbox.co.in"
51.222.253.5 - - [14/Sep/2022:07:02:25 -0700] "GET /robots.txt HTTP/1.1" 404 88 "-" "Mozilla/5.0 (compatible; AhrefsBot/7.0; +http://ahrefs.com/robot/)" "brainbox.co.in"
51.222.253.1 - - [14/Sep/2022:07:02:27 -0700] "GET /PDFContent/01%20TSB/04%20Class%20IX/Maths/?C=N;O=D HTTP/1.1" 200 387 "-" "Mozilla/5.0 (compatible; AhrefsBot/7.0; +http://ahrefs.com/robot/)" "brainbox.co.in"
114.119.145.174 - - [14/Sep/2022:07:02:31 -0700] "GET /PDFContent/02%20APSB/06%20Class%20XI/Maths/?C=S%3BO%3DA HTTP/1.1" 200 352 "https://brainbox.co.in/PDFContent/02%20APSB/06%20Class%20XI/Maths/?C=N%3BO%3DD" "Mozilla/5.0 (Linux; Android 7.0;) AppleWebKit/537.36 (KHTML, like Gecko) Mobile Safari/537.36 (compatible; PetalBot;+https://webmaster.petalsearch.com/site/petalbot)" "brainbox.co.in"
114.119.145.174 - - [14/Sep/2022:07:08:10 -0700] "GET /PDFContent/04%20ICSE/05%20Class%20X/Hindi/?C=M%3BO%3DA HTTP/1.1" 200 351 "https://brainbox.co.in/PDFContent/04%20ICSE/05%20Class%20X/Hindi/" "Mozilla/5.0 (Linux; Android 7.0;) AppleWebKit/537.36 (KHTML, like Gecko) Mobile Safari/537.36 (compatible; PetalBot;+https://webmaster.petalsearch.com/site/petalbot)" "brainbox.co.in"
114.119.145.174 - - [14/Sep/2022:07:13:49 -0700] "GET /PDFContent/03%20CBSE/05%20Class%20X/Hindi/CBSE_X_HINDI_LS03_LAKHNAVI%20ANDAAZ_QUESTION&ANSWERS.pdf HTTP/1.1" 200 525695 "https://brainbox.co.in/PDFContent/03%20CBSE/05%20Class%20X/Hindi/?C=M%3BO%3DA" "Mozilla/5.0 (Linux; Android 7.0;) AppleWebKit/537.36 (KHTML, like Gecko) Mobile Safari/537.36 (compatible; PetalBot;+https://webmaster.petalsearch.com/site/petalbot)" "brainbox.co.in"
114.119.145.174 - - [14/Sep/2022:07:19:34 -0700] "GET /PDFContent/01%20TSB/02%20Class%20VII/Science/ANIMAL%20FIBRE/?C=M%3BO%3DA HTTP/1.1" 200 522 "https://brainbox.co.in/PDFContent/01%20TSB/02%20Class%20VII/Science/ANIMAL%20FIBRE/?C=N%3BO%3DD" "Mozilla/5.0 (Linux; Android 7.0;) AppleWebKit/537.36 (KHTML, like Gecko) Mobile Safari/537.36 (compatible; PetalBot;+https://webmaster.petalsearch.com/site/petalbot)" "brainbox.co.in"
114.119.145.174 - - [14/Sep/2022:07:25:10 -0700] "GET /PDFContent/03%20CBSE/03%20Class%20VIII/Chemistry/Combustion%20and%20Flames/CBSE_VIII_CHEMISTRY_COMBUSTION%20&%20FLAMES_Harmful%20effects%20of%20over%20Fuel HTTP/1.1" 200 267569 "https://brainboxschool.com/material/CBSE/VIII/Chemistry/COMBUSTION_AND_FLAME.html" "Mozilla/5.0 (Linux; Android 7.0;) AppleWebKit/537.36 (KHTML, like Gecko) Mobile Safari/537.36 (compatible; PetalBot;+https://webmaster.petalsearch.com/site/petalbot)" "brainbox.co.in"
114.119.135.132 - - [14/Sep/2022:07:30:55 -0700] "GET /PDFContent/03%20CBSE/06%20Class%20XI/?C=D%3BO%3DA HTTP/1.1" 200 521 "https://brainbox.co.in/PDFContent/03%20CBSE/06%20Class%20XI/?C=S%3BO%3DA" "Mozilla/5.0 (Linux; Android 7.0;) AppleWebKit/537.36 (KHTML, like Gecko) Mobile Safari/537.36 (compatible; PetalBot;+https://webmaster.petalsearch.com/site/petalbot)" "brainbox.co.in"
114.119.135.132 - - [14/Sep/2022:07:36:33 -0700] "GET /PDFContent/03%20CBSE/04%20Class%20IX/Maths/CBSE_IX_MATHS_%20LS12_HERON'S%20FORMULA_ABOUT%20ALTITUDES%20OF%20TRIANGLES.pdf HTTP/1.1" 200 186113 "https://brainbox.co.in/PDFContent/03%20CBSE/04%20Class%20IX/Maths/?C=M%3BO%3DA" "Mozilla/5.0 (Linux; Android 7.0;) AppleWebKit/537.36 (KHTML, like Gecko) Mobile Safari/537.36 (compatible; PetalBot;+https://webmaster.petalsearch.com/site/petalbot)" "brainbox.co.in"
114.119.145.163 - - [14/Sep/2022:07:42:03 -0700] "GET /PDFContent/01%20TSB/03%20Class%20VIII/English/LS7C/TSB_VIII_ENGLISH_LS07C_%20I%20CAN%20TAKE%20CARE%20OF%20MYSELF_Introduction.pdf HTTP/1.1" 200 393020 "https://brainbox.co.in/PDFContent/01%20TSB/03%20Class%20VIII/English/LS7C/?C=M%3BO%3DA" "Mozilla/5.0 (Linux; Android 7.0;) AppleWebKit/537.36 (KHTML, like Gecko) Mobile Safari/537.36 (compatible; PetalBot;+https://webmaster.petalsearch.com/site/petalbot)" "brainbox.co.in"
114.119.145.175 - - [14/Sep/2022:07:48:07 -0700] "GET /PDFContent/03%20CBSE/04%20Class%20IX/Maths/POLYNOMIALS/CBSE_IX_MATHS_LS02_POLYNOMIALS_POLYNOMIAL.pdf HTTP/1.1" 200 292984 "https://brainbox.co.in/PDFContent/03%20CBSE/04%20Class%20IX/Maths/POLYNOMIALS/?C=D%3BO%3DA" "Mozilla/5.0 (Linux; Android 7.0;) AppleWebKit/537.36 (KHTML, like Gecko) Mobile Safari/537.36 (compatible; PetalBot;+https://webmaster.petalsearch.com/site/petalbot)" "brainbox.co.in"
114.119.135.132 - - [14/Sep/2022:07:54:31 -0700] "GET /PDFContent/03%20CBSE/06%20Class%20XI/Sanskrit/?C=S%3BO%3DA HTTP/1.1" 200 355 "https://brainbox.co.in/PDFContent/03%20CBSE/06%20Class%20XI/Sanskrit/?C=M%3BO%3DA" "Mozilla/5.0 (Linux; Android 7.0;) AppleWebKit/537.36 (KHTML, like Gecko) Mobile Safari/537.36 (compatible; PetalBot;+https://webmaster.petalsearch.com/site/petalbot)" "brainbox.co.in"
114.119.145.174 - - [14/Sep/2022:07:59:00 -0700] "GET /PDFContent/03%20CBSE/05%20Class%20X/Sanskrit/?C=S%3BO%3DA HTTP/1.1" 200 354 "https://brainbox.co.in/PDFContent/03%20CBSE/05%20Class%20X/Sanskrit/" "Mozilla/5.0 (Linux; Android 7.0;) AppleWebKit/537.36 (KHTML, like Gecko) Mobile Safari/537.36 (compatible; PetalBot;+https://webmaster.petalsearch.com/site/petalbot)" "brainbox.co.in"
114.119.145.163 - - [14/Sep/2022:08:04:37 -0700] "GET /PDFContent/03%20CBSE/05%20Class%20X/Biology/How%20to%20do%20organsims%20reproduce/?C=M%3BO%3DA HTTP/1.1" 200 679 "https://brainbox.co.in/PDFContent/03%20CBSE/05%20Class%20X/Biology/How%20to%20do%20organsims%20reproduce/?C=S%3BO%3DA" "Mozilla/5.0 (Linux; Android 7.0;) AppleWebKit/537.36 (KHTML, like Gecko) Mobile Safari/537.36 (compatible; PetalBot;+https://webmaster.petalsearch.com/site/petalbot)" "brainbox.co.in"
114.119.145.160 - - [14/Sep/2022:08:10:22 -0700] "GET /PDFContent/03%20CBSE/03%20Class%20VIII/Physics/?C=S%3BO%3DA HTTP/1.1" 200 917 "https://brainbox.co.in/PDFContent/03%20CBSE/03%20Class%20VIII/Physics/?C=D%3BO%3DA" "Mozilla/5.0 (Linux; Android 7.0;) AppleWebKit/537.36 (KHTML, like Gecko) Mobile Safari/537.36 (compatible; PetalBot;+https://webmaster.petalsearch.com/site/petalbot)" "brainbox.co.in"
114.119.145.187 - - [14/Sep/2022:08:16:02 -0700] "GET /PDFContent/01%20TSB/05%20Class%20X/Biology/NUTRITION/ HTTP/1.1" 200 516 "https://brainbox.co.in/PDFContent/01%20TSB/05%20Class%20X/Biology/?C=N%3BO%3DD" "Mozilla/5.0 (Linux; Android 7.0;) AppleWebKit/537.36 (KHTML, like Gecko) Mobile Safari/537.36 (compatible; PetalBot;+https://webmaster.petalsearch.com/site/petalbot)" "brainbox.co.in"
114.119.145.174 - - [14/Sep/2022:08:21:43 -0700] "GET /PDFContent/01%20TSB/03%20Class%20VIII/English/LS2A/TSBoard_English_VIII_LS2A_Glossary2.pdf HTTP/1.1" 200 137806 "https://brainbox.co.in/PDFContent/01%20TSB/03%20Class%20VIII/English/LS2A/?C=D%3BO%3DA" "Mozilla/5.0 (Linux; Android 7.0;) AppleWebKit/537.36 (KHTML, like Gecko) Mobile Safari/537.36 (compatible; PetalBot;+https://webmaster.petalsearch.com/site/petalbot)" "brainbox.co.in"
90.156.169.12 - - [14/Sep/2022:08:24:40 -0700] "GET /wp-login.php HTTP/1.1" 404 88 "http://brainbox.co.in/wp-login.php" "Mozilla/5.0 (Windows NT 10.0; Win64; x64; rv:96.0) Gecko/20100101 Firefox/96" "brainbox.co.in"
114.119.145.169 - - [14/Sep/2022:08:27:25 -0700] "GET /PDFContent/01%20TSB/03%20Class%20VIII/English/LS1C/New/TSB_VIII_ENGLISH_LS01C%20LETTER%20TO%20A%20FRIEND_INTRODUCTION.pdf HTTP/1.1" 200 345922 "https://brainbox.co.in/PDFContent/01%20TSB/03%20Class%20VIII/English/LS1C/New/?C=M%3BO%3DA" "Mozilla/5.0 (Linux; Android 7.0;) AppleWebKit/537.36 (KHTML, like Gecko) Mobile Safari/537.36 (compatible; PetalBot;+https://webmaster.petalsearch.com/site/petalbot)" "brainbox.co.in"
114.119.145.187 - - [14/Sep/2022:08:33:14 -0700] "GET /PDFContent/03%20CBSE/02%20Class%20VII/Hindi/GLOSSARY/CBSC_VII_LS02_SABSE%20SUNDAR%20LADKI_GLOSSARY.pdf HTTP/1.1" 200 1243084 "https://brainbox.co.in/PDFContent/03%20CBSE/02%20Class%20VII/Hindi/GLOSSARY/" "Mozilla/5.0 (Linux; Android 7.0;) AppleWebKit/537.36 (KHTML, like Gecko) Mobile Safari/537.36 (compatible; PetalBot;+https://webmaster.petalsearch.com/site/petalbot)" "brainbox.co.in"
114.119.145.169 - - [14/Sep/2022:08:38:46 -0700] "GET /PDFContent/03%20CBSE/06%20Class%20XI/Maths/SETS/Sets_Disjoint%20sets%20&%20Inter%20section%20of%20two%20sets.pdf HTTP/1.1" 200 105425 "https://brainbox.co.in/PDFContent/03%20CBSE/06%20Class%20XI/Maths/SETS/?C=D%3BO%3DA" "Mozilla/5.0 (Linux; Android 7.0;) AppleWebKit/537.36 (KHTML, like Gecko) Mobile Safari/537.36 (compatible; PetalBot;+https://webmaster.petalsearch.com/site/petalbot)" "brainbox.co.in"
114.119.145.163 - - [14/Sep/2022:08:44:22 -0700] "GET /PDFContent/02%20APSB/03%20Class%20VIII/Hindi/?C=S%3BO%3DA HTTP/1.1" 200 353 "https://brainbox.co.in/PDFContent/02%20APSB/03%20Class%20VIII/Hindi/?C=M%3BO%3DA" "Mozilla/5.0 (Linux; Android 7.0;) AppleWebKit/537.36 (KHTML, like Gecko) Mobile Safari/537.36 (compatible; PetalBot;+https://webmaster.petalsearch.com/site/petalbot)" "brainbox.co.in"
51.222.253.9 - - [14/Sep/2022:08:45:55 -0700] "GET /PDFContent/02%20APSB/02%20Class%20VII/Physics/?C=S;O=A HTTP/1.1" 200 353 "-" "Mozilla/5.0 (compatible; AhrefsBot/7.0; +http://ahrefs.com/robot/)" "brainbox.co.in"
114.119.145.174 - - [14/Sep/2022:08:50:03 -0700] "GET /PDFContent/Beetle/CLASS%20IV/MATHEMATICS/Lesson%201.%20Large%20Numbers.pdf HTTP/1.1" 200 116099 "https://brainbox.co.in/PDFContent/Beetle/CLASS%20IV/MATHEMATICS/?C=D%3BO%3DA" "Mozilla/5.0 (Linux; Android 7.0;) AppleWebKit/537.36 (KHTML, like Gecko) Mobile Safari/537.36 (compatible; PetalBot;+https://webmaster.petalsearch.com/site/petalbot)" "brainbox.co.in"
114.119.135.132 - - [14/Sep/2022:08:56:10 -0700] "GET /PDFContent/04%20ICSE/06%20Class%20XI/Hindi/?C=N%3BO%3DD HTTP/1.1" 200 352 "https://brainbox.co.in/PDFContent/04%20ICSE/06%20Class%20XI/Hindi/?C=S%3BO%3DA" "Mozilla/5.0 (Linux; Android 7.0;) AppleWebKit/537.36 (KHTML, like Gecko) Mobile Safari/537.36 (compatible; PetalBot;+https://webmaster.petalsearch.com/site/petalbot)" "brainbox.co.in"
114.119.145.175 - - [14/Sep/2022:09:01:25 -0700] "GET /PDFContent/01%20TSB/02%20Class%20VII/English/TSBoard_English_VII_LS1A_Morals1.pdf.pdf HTTP/1.1" 200 269646 "https://brainbox.co.in/PDFContent/01%20TSB/02%20Class%20VII/English/?C=S%3BO%3DA" "Mozilla/5.0 (Linux; Android 7.0;) AppleWebKit/537.36 (KHTML, like Gecko) Mobile Safari/537.36 (compatible; PetalBot;+https://webmaster.petalsearch.com/site/petalbot)" "brainbox.co.in"
114.119.145.174 - - [14/Sep/2022:09:06:43 -0700] "GET /PDFContent/03%20CBSE/06%20Class%20XI/Chemistry/CHEMICAL%20BONDING/CHEMICAL%20BONDING_DIPOLE%20MOMENT.pdf HTTP/1.1" 200 369758 "https://brainbox.co.in/PDFContent/03%20CBSE/06%20Class%20XI/Chemistry/CHEMICAL%20BONDING/?C=N%3BO%3DD" "Mozilla/5.0 (Linux; Android 7.0;) AppleWebKit/537.36 (KHTML, like Gecko) Mobile Safari/537.36 (compatible; PetalBot;+https://webmaster.petalsearch.com/site/petalbot)" "brainbox.co.in"
114.119.145.174 - - [14/Sep/2022:09:12:17 -0700] "GET /PDFContent/03%20CBSE/01%20Class%20VI/Telugu/ HTTP/1.1" 200 353 "https://brainbox.co.in/PDFContent/03%20CBSE/01%20Class%20VI/" "Mozilla/5.0 (Linux; Android 7.0;) AppleWebKit/537.36 (KHTML, like Gecko) Mobile Safari/537.36 (compatible; PetalBot;+https://webmaster.petalsearch.com/site/petalbot)" "brainbox.co.in"
18.117.136.18 - - [14/Sep/2022:09:14:37 -0700] "GET /~richard/templates/beez/US/uk/paypal/login.htm HTTP/1.1" 404 73 "-" "Mozilla/5.0 (Macintosh; Intel Mac OS X 10_10_5) AppleWebKit/537.36 (KHTML, like Gecko) Chrome/52.0.2743.116 Safari/537.36" "brainbox.co.in"
114.119.145.187 - - [14/Sep/2022:09:18:09 -0700] "GET /PDFContent/Beetle/CLASS%20II/EVS/Lesson%201.%20My%20body.pdf HTTP/1.1" 200 77730 "https://brainbox.co.in/PDFContent/Beetle/CLASS%20II/EVS/?C=M%3BO%3DA" "Mozilla/5.0 (Linux; Android 7.0;) AppleWebKit/537.36 (KHTML, like Gecko) Mobile Safari/537.36 (compatible; PetalBot;+https://webmaster.petalsearch.com/site/petalbot)" "brainbox.co.in"
114.119.145.174 - - [14/Sep/2022:09:23:58 -0700] "GET /PDFContent/03%20CBSE/06%20Class%20XI/Biology/TRANSPORT%20IN%20PLANTS/Transport%20in%20plants_T01,2,3_Means%20of%20transport.pdf HTTP/1.1" 200 352048 "https://brainbox.co.in/PDFContent/03%20CBSE/06%20Class%20XI/Biology/TRANSPORT%20IN%20PLANTS/?C=S%3BO%3DA" "Mozilla/5.0 (Linux; Android 7.0;) AppleWebKit/537.36 (KHTML, like Gecko) Mobile Safari/537.36 (compatible; PetalBot;+https://webmaster.petalsearch.com/site/petalbot)" "brainbox.co.in"
114.119.145.174 - - [14/Sep/2022:09:29:38 -0700] "GET /PDFContent/01%20TSB/02%20Class%20VII/?C=S%3BO%3DA HTTP/1.1" 200 505 "https://brainbox.co.in/PDFContent/01%20TSB/02%20Class%20VII/" "Mozilla/5.0 (Linux; Android 7.0;) AppleWebKit/537.36 (KHTML, like Gecko) Mobile Safari/537.36 (compatible; PetalBot;+https://webmaster.petalsearch.com/site/petalbot)" "brainbox.co.in"
157.55.39.192 - - [14/Sep/2022:09:31:48 -0700] "GET /PDFContent/03%20CBSE/04%20Class%20IX/Biology/Tissues/CBSE_IX_Biology_Tissues_Epithelial%20tissues_types HTTP/1.1" 200 329005 "-" "Mozilla/5.0 (compatible; bingbot/2.0; +http://www.bing.com/bingbot.htm)" "brainbox.co.in"
114.119.145.169 - - [14/Sep/2022:09:35:07 -0700] "GET /PDFContent/03%20CBSE/05%20Class%20X/Hindi/Kshitij/LS02/?C=S%3BO%3DA HTTP/1.1" 200 506 "https://brainbox.co.in/PDFContent/03%20CBSE/05%20Class%20X/Hindi/Kshitij/LS02/" "Mozilla/5.0 (Linux; Android 7.0;) AppleWebKit/537.36 (KHTML, like Gecko) Mobile Safari/537.36 (compatible; PetalBot;+https://webmaster.petalsearch.com/site/petalbot)" "brainbox.co.in"
114.119.145.163 - - [14/Sep/2022:09:40:42 -0700] "GET /PDFContent/01%20TSB/04%20Class%20IX/Biology/Challenging%20in%20Improving%20Agricultural/TS_IX_BIOLOGY_CHALLENGES%20%20IN%20IMPROVING%20AGRICULTURAL_Crop%20Production%20Management HTTP/1.1" 200 544729 "https://brainboxschool.com/material/TSB/IX/Biology/CHALLENGES_IN_IMPROVING_AGRICULTURAL_PRODUCTION.html" "Mozilla/5.0 (Linux; Android 7.0;) AppleWebKit/537.36 (KHTML, like Gecko) Mobile Safari/537.36 (compatible; PetalBot;+https://webmaster.petalsearch.com/site/petalbot)" "brainbox.co.in"
114.119.145.163 - - [14/Sep/2022:09:46:22 -0700] "GET /PDFContent/Beetle/CLASS%20V/MATHEMATICS/?C=S%3BO%3DA HTTP/1.1" 200 407 "https://brainbox.co.in/PDFContent/Beetle/CLASS%20V/MATHEMATICS/" "Mozilla/5.0 (Linux; Android 7.0;) AppleWebKit/537.36 (KHTML, like Gecko) Mobile Safari/537.36 (compatible; PetalBot;+https://webmaster.petalsearch.com/site/petalbot)" "brainbox.co.in"
114.119.135.132 - - [14/Sep/2022:09:51:58 -0700] "GET /PDFContent/01%20TSB/03%20Class%20VIII/English/LS6A/?C=D%3BO%3DA HTTP/1.1" 200 537 "https://brainbox.co.in/PDFContent/01%20TSB/03%20Class%20VIII/English/LS6A/" "Mozilla/5.0 (Linux; Android 7.0;) AppleWebKit/537.36 (KHTML, like Gecko) Mobile Safari/537.36 (compatible; PetalBot;+https://webmaster.petalsearch.com/site/petalbot)" "brainbox.co.in"
54.176.33.209 - - [14/Sep/2022:09:53:43 -0700] "GET /~richard/templates/beez/US/uk/paypal/login.htm HTTP/1.1" 404 73 "-" "Mozilla/5.0 (Macintosh; Intel Mac OS X 10_10_5) AppleWebKit/537.36 (KHTML, like Gecko) Chrome/52.0.2743.116 Safari/537.36" "brainbox.co.in"
114.119.145.169 - - [14/Sep/2022:09:57:33 -0700] "GET /PDFContent/04%20ICSE/03%20Class%20VIII/?C=D%3BO%3DA HTTP/1.1" 200 465 "https://brainbox.co.in/PDFContent/04%20ICSE/03%20Class%20VIII/" "Mozilla/5.0 (Linux; Android 7.0;) AppleWebKit/537.36 (KHTML, like Gecko) Mobile Safari/537.36 (compatible; PetalBot;+https://webmaster.petalsearch.com/site/petalbot)" "brainbox.co.in"
114.119.145.169 - - [14/Sep/2022:10:03:14 -0700] "GET /PDFContent/03%20CBSE/04%20Class%20IX/Hindi/Biology/?C=N%3BO%3DD HTTP/1.1" 200 358 "https://brainbox.co.in/PDFContent/03%20CBSE/04%20Class%20IX/Hindi/Biology/?C=S%3BO%3DA" "Mozilla/5.0 (Linux; Android 7.0;) AppleWebKit/537.36 (KHTML, like Gecko) Mobile Safari/537.36 (compatible; PetalBot;+https://webmaster.petalsearch.com/site/petalbot)" "brainbox.co.in"
114.119.145.160 - - [14/Sep/2022:10:08:55 -0700] "GET /PDFContent/03%20CBSE/05%20Class%20X/Hindi/Kshitij/LS01/CBSE_X_HINDI_LS01_SURDAS_Q_A1.pdf HTTP/1.1" 200 437756 "https://brainbox.co.in/PDFContent/03%20CBSE/05%20Class%20X/Hindi/Kshitij/LS01/" "Mozilla/5.0 (Linux; Android 7.0;) AppleWebKit/537.36 (KHTML, like Gecko) Mobile Safari/537.36 (compatible; PetalBot;+https://webmaster.petalsearch.com/site/petalbot)" "brainbox.co.in"
114.119.145.187 - - [14/Sep/2022:10:14:29 -0700] "GET /PDFContent/Beetle/CLASS%20V/ENGLISH/ HTTP/1.1" 200 403 "https://brainbox.co.in/PDFContent/Beetle/CLASS%20V/?C=S%3BO%3DA" "Mozilla/5.0 (Linux; Android 7.0;) AppleWebKit/537.36 (KHTML, like Gecko) Mobile Safari/537.36 (compatible; PetalBot;+https://webmaster.petalsearch.com/site/petalbot)" "brainbox.co.in"
51.222.253.15 - - [14/Sep/2022:10:16:29 -0700] "GET /PDFContent/02%20APSB/03%20Class%20VIII/Chemistry/?C=D;O=A HTTP/1.1" 200 356 "-" "Mozilla/5.0 (compatible; AhrefsBot/7.0; +http://ahrefs.com/robot/)" "brainbox.co.in"
114.119.145.174 - - [14/Sep/2022:10:19:59 -0700] "GET /PDFContent/03%20CBSE/02%20Class%20VII/Science/REPRODUCTION%20IN%20PLANTS/?C=N%3BO%3DD HTTP/1.1" 200 450 "https://brainbox.co.in/PDFContent/03%20CBSE/02%20Class%20VII/Science/REPRODUCTION%20IN%20PLANTS/?C=D%3BO%3DA" "Mozilla/5.0 (Linux; Android 7.0;) AppleWebKit/537.36 (KHTML, like Gecko) Mobile Safari/537.36 (compatible; PetalBot;+https://webmaster.petalsearch.com/site/petalbot)" "brainbox.co.in"
114.119.145.163 - - [14/Sep/2022:10:25:45 -0700] "GET /PDFContent/04%20ICSE/01%20Class%20VI/English/ HTTP/1.1" 200 353 "https://brainbox.co.in/PDFContent/04%20ICSE/01%20Class%20VI/" "Mozilla/5.0 (Linux; Android 7.0;) AppleWebKit/537.36 (KHTML, like Gecko) Mobile Safari/537.36 (compatible; PetalBot;+https://webmaster.petalsearch.com/site/petalbot)" "brainbox.co.in"
114.119.145.169 - - [14/Sep/2022:10:31:29 -0700] "GET /PDFContent/03%20CBSE/07%20Class%20XII/Chemistry/SOLUTIONS/?C=M%3BO%3DA HTTP/1.1" 200 696 "https://brainbox.co.in/PDFContent/03%20CBSE/07%20Class%20XII/Chemistry/SOLUTIONS/" "Mozilla/5.0 (Linux; Android 7.0;) AppleWebKit/537.36 (KHTML, like Gecko) Mobile Safari/537.36 (compatible; PetalBot;+https://webmaster.petalsearch.com/site/petalbot)" "brainbox.co.in"
114.119.145.174 - - [14/Sep/2022:10:37:10 -0700] "GET /PDFContent/01%20TSB/05%20Class%20X/English/THE%20STOREYED%20HOUSE%20P1/?C=N%3BO%3DD HTTP/1.1" 200 548 "https://brainbox.co.in/PDFContent/01%20TSB/05%20Class%20X/English/THE%20STOREYED%20HOUSE%20P1/?C=D%3BO%3DA" "Mozilla/5.0 (Linux; Android 7.0;) AppleWebKit/537.36 (KHTML, like Gecko) Mobile Safari/537.36 (compatible; PetalBot;+https://webmaster.petalsearch.com/site/petalbot)" "brainbox.co.in"
114.119.145.174 - - [14/Sep/2022:10:42:51 -0700] "GET /PDFContent/03%20CBSE/04%20Class%20IX/Biology/Fundamental%20Unit%20of%20Life/Vacuoles.pdf HTTP/1.1" 200 193119 "https://brainbox.co.in/PDFContent/03%20CBSE/04%20Class%20IX/Biology/Fundamental%20Unit%20of%20Life/?C=S%3BO%3DA" "Mozilla/5.0 (Linux; Android 7.0;) AppleWebKit/537.36 (KHTML, like Gecko) Mobile Safari/537.36 (compatible; PetalBot;+https://webmaster.petalsearch.com/site/petalbot)" "brainbox.co.in"
114.119.145.187 - - [14/Sep/2022:10:48:39 -0700] "GET /PDFContent/03%20CBSE/06%20Class%20XI/Maths/COMPLEX%20NUMBERS%20AND%20QUADRATIC%20EQUATIONS/Complex%20Numbers%20&%20Quadratic%20Equations_T04_Representation%20of%20a%20complex%20number%20in%20Cartesian%20form.pdf HTTP/1.1" 200 326951 "https://brainbox.co.in/PDFContent/03%20CBSE/06%20Class%20XI/Maths/COMPLEX%20NUMBERS%20AND%20QUADRATIC%20EQUATIONS/" "Mozilla/5.0 (Linux; Android 7.0;) AppleWebKit/537.36 (KHTML, like Gecko) Mobile Safari/537.36 (compatible; PetalBot;+https://webmaster.petalsearch.com/site/petalbot)" "brainbox.co.in"
114.119.145.174 - - [14/Sep/2022:10:54:13 -0700] "GET /PDFContent/03%20CBSE/05%20Class%20X/Hindi/SPARSH/LS02/?C=N%3BO%3DD HTTP/1.1" 200 542 "https://brainbox.co.in/PDFContent/03%20CBSE/05%20Class%20X/Hindi/SPARSH/LS02/?C=M%3BO%3DA" "Mozilla/5.0 (Linux; Android 7.0;) AppleWebKit/537.36 (KHTML, like Gecko) Mobile Safari/537.36 (compatible; PetalBot;+https://webmaster.petalsearch.com/site/petalbot)" "brainbox.co.in"
34.75.187.75 - - [14/Sep/2022:10:55:38 -0700] "GET /robots.txt HTTP/1.1" 404 88 "-" "ZoominfoBot (zoominfobot at zoominfo dot com)" "www.brainbox.co.in"
34.75.187.75 - - [14/Sep/2022:10:55:39 -0700] "GET /robots.txt HTTP/1.1" 404 88 "-" "ZoominfoBot (zoominfobot at zoominfo dot com)" "www.brainbox.co.in"
34.75.187.75 - - [14/Sep/2022:10:55:39 -0700] "GET / HTTP/1.1" 200 432 "-" "ZoominfoBot (zoominfobot at zoominfo dot com)" "www.brainbox.co.in"
114.119.145.174 - - [14/Sep/2022:10:59:59 -0700] "GET /PDFContent/04%20ICSE/04%20Class%20IX/Hindi/?C=S%3BO%3DA HTTP/1.1" 200 350 "https://brainbox.co.in/PDFContent/04%20ICSE/04%20Class%20IX/Hindi/?C=N%3BO%3DD" "Mozilla/5.0 (Linux; Android 7.0;) AppleWebKit/537.36 (KHTML, like Gecko) Mobile Safari/537.36 (compatible; PetalBot;+https://webmaster.petalsearch.com/site/petalbot)" "brainbox.co.in"
51.222.253.16 - - [14/Sep/2022:11:04:34 -0700] "GET /PDFContent/01%20TSB/06%20Class%20XI/Telugu/?C=S;O=A HTTP/1.1" 200 354 "-" "Mozilla/5.0 (compatible; AhrefsBot/7.0; +http://ahrefs.com/robot/)" "brainbox.co.in"
114.119.145.174 - - [14/Sep/2022:11:05:31 -0700] "GET /PDFContent/03%20CBSE/05%20Class%20X/Hindi/SPARSH/LS10/?C=N%3BO%3DD HTTP/1.1" 200 568 "https://brainbox.co.in/PDFContent/03%20CBSE/05%20Class%20X/Hindi/SPARSH/LS10/?C=S%3BO%3DA" "Mozilla/5.0 (Linux; Android 7.0;) AppleWebKit/537.36 (KHTML, like Gecko) Mobile Safari/537.36 (compatible; PetalBot;+https://webmaster.petalsearch.com/site/petalbot)" "brainbox.co.in"
114.119.145.174 - - [14/Sep/2022:11:16:54 -0700] "GET /PDFContent/03%20CBSE/05%20Class%20X/Maths/COORDINATE%20GEOMETRY/?C=S%3BO%3DA HTTP/1.1" 200 698 "https://brainbox.co.in/PDFContent/03%20CBSE/05%20Class%20X/Maths/COORDINATE%20GEOMETRY/?C=M%3BO%3DA" "Mozilla/5.0 (Linux; Android 7.0;) AppleWebKit/537.36 (KHTML, like Gecko) Mobile Safari/537.36 (compatible; PetalBot;+https://webmaster.petalsearch.com/site/petalbot)" "brainbox.co.in"
114.119.145.174 - - [14/Sep/2022:11:22:27 -0700] "GET /PDFContent/02%20APSB/07%20Class%20XII/?C=M%3BO%3DA HTTP/1.1" 200 465 "https://brainbox.co.in/PDFContent/02%20APSB/07%20Class%20XII/?C=S%3BO%3DA" "Mozilla/5.0 (Linux; Android 7.0;) AppleWebKit/537.36 (KHTML, like Gecko) Mobile Safari/537.36 (compatible; PetalBot;+https://webmaster.petalsearch.com/site/petalbot)" "brainbox.co.in"
114.119.145.174 - - [14/Sep/2022:11:28:02 -0700] "GET /PDFContent/01%20TSB/03%20Class%20VIII/English/LS2B/New/TSB_VIII_ENGLISH_LS02B_THE%20CRY%20OF%20CHILDREN_SUMMARY.pdf HTTP/1.1" 200 438934 "https://brainbox.co.in/PDFContent/01%20TSB/03%20Class%20VIII/English/LS2B/New/?C=S%3BO%3DA" "Mozilla/5.0 (Linux; Android 7.0;) AppleWebKit/537.36 (KHTML, like Gecko) Mobile Safari/537.36 (compatible; PetalBot;+https://webmaster.petalsearch.com/site/petalbot)" "brainbox.co.in"
114.119.135.132 - - [14/Sep/2022:11:34:05 -0700] "GET /PDFContent/Beetle/CLASS%20IV/ENGLISH%20SEM%202/Lesson%207%20-%20The%20Good%20Samaritan.pdf HTTP/1.1" 200 162833 "https://brainbox.co.in/PDFContent/Beetle/CLASS%20IV/ENGLISH%20SEM%202/" "Mozilla/5.0 (Linux; Android 7.0;) AppleWebKit/537.36 (KHTML, like Gecko) Mobile Safari/537.36 (compatible; PetalBot;+https://webmaster.petalsearch.com/site/petalbot)" "brainbox.co.in"
114.119.145.174 - - [14/Sep/2022:11:39:20 -0700] "GET /PDFContent/01%20TSB/05%20Class%20X/Hindi/ HTTP/1.1" 200 401 "https://brainbox.co.in/PDFContent/01%20TSB/05%20Class%20X/Hindi/BARASTE%20BADAL/" "Mozilla/5.0 (Linux; Android 7.0;) AppleWebKit/537.36 (KHTML, like Gecko) Mobile Safari/537.36 (compatible; PetalBot;+https://webmaster.petalsearch.com/site/petalbot)" "brainbox.co.in"
114.119.145.174 - - [14/Sep/2022:11:45:03 -0700] "GET /PDFContent/02%20APSB/06%20Class%20XI/Sanskrit/?C=M%3BO%3DA HTTP/1.1" 200 355 "https://brainbox.co.in/PDFContent/02%20APSB/06%20Class%20XI/Sanskrit/?C=D%3BO%3DA" "Mozilla/5.0 (Linux; Android 7.0;) AppleWebKit/537.36 (KHTML, like Gecko) Mobile Safari/537.36 (compatible; PetalBot;+https://webmaster.petalsearch.com/site/petalbot)" "brainbox.co.in"
114.119.145.163 - - [14/Sep/2022:11:50:53 -0700] "GET /PDFContent/03%20CBSE/04%20Class%20IX/Maths/HERON'S%20FORMULA/?C=N%3BO%3DD HTTP/1.1" 200 462 "https://brainbox.co.in/PDFContent/03%20CBSE/04%20Class%20IX/Maths/HERON%27S%20FORMULA/" "Mozilla/5.0 (Linux; Android 7.0;) AppleWebKit/537.36 (KHTML, like Gecko) Mobile Safari/537.36 (compatible; PetalBot;+https://webmaster.petalsearch.com/site/petalbot)" "brainbox.co.in"
51.222.253.10 - - [14/Sep/2022:11:52:23 -0700] "GET /PDFContent/04%20ICSE/04%20Class%20IX/?C=N;O=D HTTP/1.1" 200 460 "-" "Mozilla/5.0 (compatible; AhrefsBot/7.0; +http://ahrefs.com/robot/)" "brainbox.co.in"
114.119.145.175 - - [14/Sep/2022:11:56:18 -0700] "GET /PDFContent/03%20CBSE/05%20Class%20X/Physics/REFLECTION%20AND%20REFRACTION/CBSE_X_PHYSCIS_LS10_REFLECTION%20&%20REFRACTION_PROBLEM_10.pdf HTTP/1.1" 200 388461 "https://brainboxschool.com/material/CBSE/X/Physics/REFLECTION_&_REFRACTION.html" "Mozilla/5.0 (Linux; Android 7.0;) AppleWebKit/537.36 (KHTML, like Gecko) Mobile Safari/537.36 (compatible; PetalBot;+https://webmaster.petalsearch.com/site/petalbot)" "brainbox.co.in"
114.119.145.174 - - [14/Sep/2022:12:02:02 -0700] "GET /PDFContent/01%20TSB/02%20Class%20VII/Science/ANIMAL%20FIBRE/?C=N%3BO%3DD HTTP/1.1" 200 522 "https://brainbox.co.in/PDFContent/01%20TSB/02%20Class%20VII/Science/ANIMAL%20FIBRE/?C=M%3BO%3DA" "Mozilla/5.0 (Linux; Android 7.0;) AppleWebKit/537.36 (KHTML, like Gecko) Mobile Safari/537.36 (compatible; PetalBot;+https://webmaster.petalsearch.com/site/petalbot)" "brainbox.co.in"
114.119.135.132 - - [14/Sep/2022:12:07:36 -0700] "GET /PDFContent/01%20TSB/03%20Class%20VIII/English/LS7A/?C=D%3BO%3DA HTTP/1.1" 200 519 "https://brainbox.co.in/PDFContent/01%20TSB/03%20Class%20VIII/English/LS7A/?C=M%3BO%3DA" "Mozilla/5.0 (Linux; Android 7.0;) AppleWebKit/537.36 (KHTML, like Gecko) Mobile Safari/537.36 (compatible; PetalBot;+https://webmaster.petalsearch.com/site/petalbot)" "brainbox.co.in"
114.119.135.132 - - [14/Sep/2022:12:13:17 -0700] "GET /PDFContent/SPECIAL%20CROUSE/Part%201%20Grammar%20Essentials/STD_IX/UNIT-5.pdf HTTP/1.1" 200 281400 "https://brainbox.co.in/PDFContent/SPECIAL%20CROUSE/Part%201%20Grammar%20Essentials/STD_IX/?C=N%3BO%3DD" "Mozilla/5.0 (Linux; Android 7.0;) AppleWebKit/537.36 (KHTML, like Gecko) Mobile Safari/537.36 (compatible; PetalBot;+https://webmaster.petalsearch.com/site/petalbot)" "brainbox.co.in"
114.119.145.174 - - [14/Sep/2022:12:18:57 -0700] "GET /PDFContent/01%20TSB/03%20Class%20VIII/English/LS1A/New/?C=S%3BO%3DA HTTP/1.1" 200 507 "https://brainbox.co.in/PDFContent/01%20TSB/03%20Class%20VIII/English/LS1A/New/?C=N%3BO%3DD" "Mozilla/5.0 (Linux; Android 7.0;) AppleWebKit/537.36 (KHTML, like Gecko) Mobile Safari/537.36 (compatible; PetalBot;+https://webmaster.petalsearch.com/site/petalbot)" "brainbox.co.in"
114.119.145.169 - - [14/Sep/2022:12:24:31 -0700] "GET /PDFContent/03%20CBSE/06%20Class%20XI/Chemistry/GENERAL%20ORGANIC%20CHEMISTRY/GENERAL%20ORGANIC%20CHEMISTRY_T09_Electromeric%20effect.pdf HTTP/1.1" 200 276302 "https://brainbox.co.in/PDFContent/03%20CBSE/06%20Class%20XI/Chemistry/GENERAL%20ORGANIC%20CHEMISTRY/" "Mozilla/5.0 (Linux; Android 7.0;) AppleWebKit/537.36 (KHTML, like Gecko) Mobile Safari/537.36 (compatible; PetalBot;+https://webmaster.petalsearch.com/site/petalbot)" "brainbox.co.in"
3.15.159.124 - - [14/Sep/2022:12:28:23 -0700] "GET /~richard/templates/beez/US/uk/paypal/login.htm HTTP/1.1" 404 73 "-" "Mozilla/5.0 (Macintosh; Intel Mac OS X 10_10_5) AppleWebKit/537.36 (KHTML, like Gecko) Chrome/52.0.2743.116 Safari/537.36" "brainbox.co.in"
114.119.145.169 - - [14/Sep/2022:12:30:14 -0700] "GET /PDFContent/04%20ICSE/05%20Class%20X/English/?C=D%3BO%3DA HTTP/1.1" 200 353 "https://brainbox.co.in/PDFContent/04%20ICSE/05%20Class%20X/English/?C=M%3BO%3DA" "Mozilla/5.0 (Linux; Android 7.0;) AppleWebKit/537.36 (KHTML, like Gecko) Mobile Safari/537.36 (compatible; PetalBot;+https://webmaster.petalsearch.com/site/petalbot)" "brainbox.co.in"
114.119.145.174 - - [14/Sep/2022:12:35:56 -0700] "GET /PDFContent/03%20CBSE/03%20Class%20VIII/Maths/CBSE_VIII_MATHS_LS02_LINEAR%20EQUATIONS%20IN%20ONE%20VARIABLE_EQUATION.pdf HTTP/1.1" 200 451460 "https://brainbox.co.in/PDFContent/03%20CBSE/03%20Class%20VIII/Maths/?C=D%3BO%3DA" "Mozilla/5.0 (Linux; Android 7.0;) AppleWebKit/537.36 (KHTML, like Gecko) Mobile Safari/537.36 (compatible; PetalBot;+https://webmaster.petalsearch.com/site/petalbot)" "brainbox.co.in"
114.119.145.174 - - [14/Sep/2022:12:41:32 -0700] "GET /PDFContent/SPECIAL%20CROUSE/Part%204%20MECHANICS%20OF%20WRITING/?C=N%3BO%3DD HTTP/1.1" 200 570 "https://brainbox.co.in/PDFContent/SPECIAL%20CROUSE/Part%204%20MECHANICS%20OF%20WRITING/?C=M%3BO%3DA" "Mozilla/5.0 (Linux; Android 7.0;) AppleWebKit/537.36 (KHTML, like Gecko) Mobile Safari/537.36 (compatible; PetalBot;+https://webmaster.petalsearch.com/site/petalbot)" "brainbox.co.in"
51.222.253.4 - - [14/Sep/2022:12:41:32 -0700] "GET /PDFContent/02%20APSB/02%20Class%20VII/Chemistry/?C=D;O=A HTTP/1.1" 200 354 "-" "Mozilla/5.0 (compatible; AhrefsBot/7.0; +http://ahrefs.com/robot/)" "brainbox.co.in"
114.119.135.132 - - [14/Sep/2022:12:47:11 -0700] "GET /PDFContent/03%20CBSE/05%20Class%20X/Maths/COORDINATE%20GEOMETRY/Coordinate%20Geometry_T02_Distance%20between%20two%20points%20on%20a%20line%20parallel%20to%20the%20x-axis.pdf HTTP/1.1" 200 324191 "https://brainbox.co.in/PDFContent/03%20CBSE/05%20Class%20X/Maths/COORDINATE%20GEOMETRY/?C=M%3BO%3DA" "Mozilla/5.0 (Linux; Android 7.0;) AppleWebKit/537.36 (KHTML, like Gecko) Mobile Safari/537.36 (compatible; PetalBot;+https://webmaster.petalsearch.com/site/petalbot)" "brainbox.co.in"
114.119.145.160 - - [14/Sep/2022:12:53:04 -0700] "GET /PDFContent/02%20APSB/07%20Class%20XII/English/ HTTP/1.1" 200 355 "https://brainbox.co.in/PDFContent/02%20APSB/07%20Class%20XII/?C=M%3BO%3DA" "Mozilla/5.0 (Linux; Android 7.0;) AppleWebKit/537.36 (KHTML, like Gecko) Mobile Safari/537.36 (compatible; PetalBot;+https://webmaster.petalsearch.com/site/petalbot)" "brainbox.co.in"
114.119.145.174 - - [14/Sep/2022:12:58:31 -0700] "GET /PDFContent/01%20TSB/01%20Class%20VI/Telugu/?C=S%3BO%3DA HTTP/1.1" 200 423 "https://brainbox.co.in/PDFContent/01%20TSB/01%20Class%20VI/Telugu/?C=N%3BO%3DD" "Mozilla/5.0 (Linux; Android 7.0;) AppleWebKit/537.36 (KHTML, like Gecko) Mobile Safari/537.36 (compatible; PetalBot;+https://webmaster.petalsearch.com/site/petalbot)" "brainbox.co.in"
114.119.145.174 - - [14/Sep/2022:13:04:17 -0700] "GET /PDFContent/01%20TSB/03%20Class%20VIII/English/LS4B/TSB_VIII_ENGLISH_LS04B_PRETEEN%20PRETEXT_Introduction.pdf HTTP/1.1" 200 316734 "https://brainbox.co.in/PDFContent/01%20TSB/03%20Class%20VIII/English/LS4B/" "Mozilla/5.0 (Linux; Android 7.0;) AppleWebKit/537.36 (KHTML, like Gecko) Mobile Safari/537.36 (compatible; PetalBot;+https://webmaster.petalsearch.com/site/petalbot)" "brainbox.co.in"
114.119.145.163 - - [14/Sep/2022:13:10:07 -0700] "GET /PDFContent/01%20TSB/02%20Class%20VII/English/TSBoard_English_VII_LS1B_Introduction_poems.pdf HTTP/1.1" 200 5052 "https://brainbox.co.in/PDFContent/01%20TSB/02%20Class%20VII/English/?C=S%3BO%3DA" "Mozilla/5.0 (Linux; Android 7.0;) AppleWebKit/537.36 (KHTML, like Gecko) Mobile Safari/537.36 (compatible; PetalBot;+https://webmaster.petalsearch.com/site/petalbot)" "brainbox.co.in"
66.249.79.64 - - [14/Sep/2022:13:15:26 -0700] "GET /ads.txt HTTP/1.1" 404 88 "-" "Mozilla/5.0 (compatible; Googlebot/2.1; +http://www.google.com/bot.html)" "brainbox.co.in"
114.119.145.160 - - [14/Sep/2022:13:15:48 -0700] "GET /PDFContent/01%20TSB/03%20Class%20VIII/English/LS3B/TSB_VIII_ENGLISH_LS3B_THE%20SELFISH%20GIANT%20P2_GLOSSARY.pdf HTTP/1.1" 200 499869 "https://brainbox.co.in/PDFContent/01%20TSB/03%20Class%20VIII/English/LS3B/?C=S%3BO%3DA" "Mozilla/5.0 (Linux; Android 7.0;) AppleWebKit/537.36 (KHTML, like Gecko) Mobile Safari/537.36 (compatible; PetalBot;+https://webmaster.petalsearch.com/site/petalbot)" "brainbox.co.in"
114.119.145.174 - - [14/Sep/2022:13:21:05 -0700] "GET /PDFContent/01%20TSB/02%20Class%20VII/Hindi/ques%20&%20ans/?C=N%3BO%3DD HTTP/1.1" 200 729 "https://brainbox.co.in/PDFContent/01%20TSB/02%20Class%20VII/Hindi/ques%20&%20ans/?C=M%3BO%3DA" "Mozilla/5.0 (Linux; Android 7.0;) AppleWebKit/537.36 (KHTML, like Gecko) Mobile Safari/537.36 (compatible; PetalBot;+https://webmaster.petalsearch.com/site/petalbot)" "brainbox.co.in"
51.222.253.3 - - [14/Sep/2022:13:24:47 -0700] "GET /PDFContent/01%20TSB/04%20Class%20IX/Physics/?C=S;O=A HTTP/1.1" 200 353 "-" "Mozilla/5.0 (compatible; AhrefsBot/7.0; +http://ahrefs.com/robot/)" "brainbox.co.in"
114.119.145.187 - - [14/Sep/2022:13:26:42 -0700] "GET /PDFContent/Beetle/CLASS%20IV/ENGLISH%20SEM%202/Lesson%203%20-%20The%20Emperor%E2%80%99s%20New%20Clothes.pdf HTTP/1.1" 200 155207 "https://brainbox.co.in/PDFContent/Beetle/CLASS%20IV/ENGLISH%20SEM%202/" "Mozilla/5.0 (Linux; Android 7.0;) AppleWebKit/537.36 (KHTML, like Gecko) Mobile Safari/537.36 (compatible; PetalBot;+https://webmaster.petalsearch.com/site/petalbot)" "brainbox.co.in"
