114.119.145.187 - - [13/Sep/2022:17:03:45 -0700] "GET /PDFContent/Beetle/CLASS%20IV/ENGLISH/?C=M%3BO%3DA HTTP/1.1" 200 686 "https://brainbox.co.in/PDFContent/Beetle/CLASS%20IV/ENGLISH/?C=S%3BO%3DA" "Mozilla/5.0 (Linux; Android 7.0;) AppleWebKit/537.36 (KHTML, like Gecko) Mobile Safari/537.36 (compatible; PetalBot;+https://webmaster.petalsearch.com/site/petalbot)" "brainbox.co.in"
51.222.253.20 - - [13/Sep/2022:17:09:14 -0700] "GET /PDFContent/03%20CBSE/03%20Class%20VIII/Sup%20English/?C=M;O=A HTTP/1.1" 200 429 "-" "Mozilla/5.0 (compatible; AhrefsBot/7.0; +http://ahrefs.com/robot/)" "brainbox.co.in"
114.119.145.174 - - [13/Sep/2022:17:09:42 -0700] "GET /PDFContent/01%20TSB/02%20Class%20VII/Hindi/word%20meaning/TSV_VII_LS15_PYARI%20BITIYA_WORD%20MEANING.pdf HTTP/1.1" 200 210677 "https://brainbox.co.in/PDFContent/01%20TSB/02%20Class%20VII/Hindi/word%20meaning/" "Mozilla/5.0 (Linux; Android 7.0;) AppleWebKit/537.36 (KHTML, like Gecko) Mobile Safari/537.36 (compatible; PetalBot;+https://webmaster.petalsearch.com/site/petalbot)" "brainbox.co.in"
114.119.145.174 - - [13/Sep/2022:17:15:43 -0700] "GET /PDFContent/01%20TSB/03%20Class%20VIII/Biology/THE%20WORLD%20OF%20MICRO%20ORGANISMS/ HTTP/1.1" 200 527 "https://brainbox.co.in/PDFContent/01%20TSB/03%20Class%20VIII/Biology/" "Mozilla/5.0 (Linux; Android 7.0;) AppleWebKit/537.36 (KHTML, like Gecko) Mobile Safari/537.36 (compatible; PetalBot;+https://webmaster.petalsearch.com/site/petalbot)" "brainbox.co.in"
51.222.253.11 - - [13/Sep/2022:17:16:33 -0700] "GET /PDFContent/01%20TSB/01%20Class%20VI/Telugu/?C=D;O=A HTTP/1.1" 200 423 "-" "Mozilla/5.0 (compatible; AhrefsBot/7.0; +http://ahrefs.com/robot/)" "brainbox.co.in"
114.119.145.175 - - [13/Sep/2022:17:21:24 -0700] "GET /PDFContent/03%20CBSE/05%20Class%20X/Telugu/?C=M%3BO%3DA HTTP/1.1" 200 353 "https://brainbox.co.in/PDFContent/03%20CBSE/05%20Class%20X/Telugu/?C=S%3BO%3DA" "Mozilla/5.0 (Linux; Android 7.0;) AppleWebKit/537.36 (KHTML, like Gecko) Mobile Safari/537.36 (compatible; PetalBot;+https://webmaster.petalsearch.com/site/petalbot)" "brainbox.co.in"
54.36.148.216 - - [13/Sep/2022:17:23:58 -0700] "GET /robots.txt HTTP/1.1" 404 88 "-" "Mozilla/5.0 (compatible; AhrefsBot/7.0; +http://ahrefs.com/robot/)" "brainbox.co.in"
51.222.253.18 - - [13/Sep/2022:17:23:59 -0700] "GET /PDFContent/01%20TSB/05%20Class%20X/Telugu/ HTTP/1.1" 200 352 "-" "Mozilla/5.0 (compatible; AhrefsBot/7.0; +http://ahrefs.com/robot/)" "brainbox.co.in"
114.119.145.187 - - [13/Sep/2022:17:26:46 -0700] "GET /PDFContent/03%20CBSE/04%20Class%20IX/Maths/LINEAR%20EQUATIONS%20IN%20TWO%20VARIABLES/?C=D%3BO%3DA HTTP/1.1" 200 846 "https://brainbox.co.in/PDFContent/03%20CBSE/04%20Class%20IX/Maths/LINEAR%20EQUATIONS%20IN%20TWO%20VARIABLES/" "Mozilla/5.0 (Linux; Android 7.0;) AppleWebKit/537.36 (KHTML, like Gecko) Mobile Safari/537.36 (compatible; PetalBot;+https://webmaster.petalsearch.com/site/petalbot)" "brainbox.co.in"
51.222.253.18 - - [13/Sep/2022:17:31:04 -0700] "GET /PDFContent/02%20APSB/03%20Class%20VIII/Telugu/?C=N;O=D HTTP/1.1" 200 353 "-" "Mozilla/5.0 (compatible; AhrefsBot/7.0; +http://ahrefs.com/robot/)" "brainbox.co.in"
114.119.135.132 - - [13/Sep/2022:17:32:05 -0700] "GET /PDFContent/Beetle/CLASS%20I/EVS/?C=D%3BO%3DA HTTP/1.1" 200 620 "https://brainbox.co.in/PDFContent/Beetle/CLASS%20I/EVS/?C=M%3BO%3DA" "Mozilla/5.0 (Linux; Android 7.0;) AppleWebKit/537.36 (KHTML, like Gecko) Mobile Safari/537.36 (compatible; PetalBot;+https://webmaster.petalsearch.com/site/petalbot)" "brainbox.co.in"
114.119.145.163 - - [13/Sep/2022:17:37:21 -0700] "GET /PDFContent/03%20CBSE/03%20Class%20VIII/Physics/Sound/Mathematical%20Representation%20of%20Wave HTTP/1.1" 404 88 "https://brainboxschool.com/material/CBSE/VIII/Physics/SOUND.html" "Mozilla/5.0 (Linux; Android 7.0;) AppleWebKit/537.36 (KHTML, like Gecko) Mobile Safari/537.36 (compatible; PetalBot;+https://webmaster.petalsearch.com/site/petalbot)" "brainbox.co.in"
51.222.253.5 - - [13/Sep/2022:17:37:56 -0700] "GET /PDFContent/03%20CBSE/05%20Class%20X/Sanskrit/?C=S;O=A HTTP/1.1" 200 354 "-" "Mozilla/5.0 (compatible; AhrefsBot/7.0; +http://ahrefs.com/robot/)" "brainbox.co.in"
114.119.145.174 - - [13/Sep/2022:17:42:37 -0700] "GET /PDFContent/SPECIAL%20CROUSE/Part%201%20Grammar%20Essentials/?C=N%3BO%3DD HTTP/1.1" 200 456 "https://brainbox.co.in/PDFContent/SPECIAL%20CROUSE/Part%201%20Grammar%20Essentials/?C=M%3BO%3DA" "Mozilla/5.0 (Linux; Android 7.0;) AppleWebKit/537.36 (KHTML, like Gecko) Mobile Safari/537.36 (compatible; PetalBot;+https://webmaster.petalsearch.com/site/petalbot)" "brainbox.co.in"
51.222.253.13 - - [13/Sep/2022:17:45:02 -0700] "GET /PDFContent/SPECIAL%20CROUSE/Part%201%20Grammar%20Essentials/STD_IV/?C=M;O=D HTTP/1.1" 200 688 "-" "Mozilla/5.0 (compatible; AhrefsBot/7.0; +http://ahrefs.com/robot/)" "brainbox.co.in"
114.119.145.169 - - [13/Sep/2022:17:47:56 -0700] "GET /PDFContent/04%20ICSE/03%20Class%20VIII/Chemistry/?C=S%3BO%3DA HTTP/1.1" 200 356 "https://brainbox.co.in/PDFContent/04%20ICSE/03%20Class%20VIII/Chemistry/?C=N%3BO%3DD" "Mozilla/5.0 (Linux; Android 7.0;) AppleWebKit/537.36 (KHTML, like Gecko) Mobile Safari/537.36 (compatible; PetalBot;+https://webmaster.petalsearch.com/site/petalbot)" "brainbox.co.in"
51.222.253.12 - - [13/Sep/2022:17:52:32 -0700] "GET /PDFContent/Beetle/?C=N;O=D HTTP/1.1" 200 429 "-" "Mozilla/5.0 (compatible; AhrefsBot/7.0; +http://ahrefs.com/robot/)" "brainbox.co.in"
13.57.19.130 - - [13/Sep/2022:17:52:47 -0700] "GET /~richard/templates/beez/US/uk/paypal/login.htm HTTP/1.1" 404 73 "-" "Mozilla/5.0 (Macintosh; Intel Mac OS X 10_10_5) AppleWebKit/537.36 (KHTML, like Gecko) Chrome/52.0.2743.116 Safari/537.36" "brainbox.co.in"
114.119.145.174 - - [13/Sep/2022:17:53:12 -0700] "GET /PDFContent/01%20TSB/03%20Class%20VIII/English/LS3B/ HTTP/1.1" 200 542 "https://brainbox.co.in/PDFContent/01%20TSB/03%20Class%20VIII/English/" "Mozilla/5.0 (Linux; Android 7.0;) AppleWebKit/537.36 (KHTML, like Gecko) Mobile Safari/537.36 (compatible; PetalBot;+https://webmaster.petalsearch.com/site/petalbot)" "brainbox.co.in"
114.119.145.174 - - [13/Sep/2022:17:58:36 -0700] "GET /PDFContent/03%20CBSE/05%20Class%20X/Biology/LIFE%20PROCESSES/Life%20Processes_T08_Transportaion%20in%20plants.pdf HTTP/1.1" 200 388456 "https://brainbox.co.in/PDFContent/03%20CBSE/05%20Class%20X/Biology/LIFE%20PROCESSES/?C=D%3BO%3DA" "Mozilla/5.0 (Linux; Android 7.0;) AppleWebKit/537.36 (KHTML, like Gecko) Mobile Safari/537.36 (compatible; PetalBot;+https://webmaster.petalsearch.com/site/petalbot)" "brainbox.co.in"
51.222.253.19 - - [13/Sep/2022:17:59:47 -0700] "GET /PDFContent/02%20APSB/01%20Class%20VI/?C=M;O=D HTTP/1.1" 200 462 "-" "Mozilla/5.0 (compatible; AhrefsBot/7.0; +http://ahrefs.com/robot/)" "brainbox.co.in"
114.119.145.174 - - [13/Sep/2022:18:03:56 -0700] "GET /PDFContent/03%20CBSE/06%20Class%20XI/Biology/MINERAL%20NUTRITION/Mineral%20Nutrition_T05_Role%20of%20macro%20and%20micronutrients.pdf HTTP/1.1" 200 270594 "https://brainbox.co.in/PDFContent/03%20CBSE/06%20Class%20XI/Biology/MINERAL%20NUTRITION/?C=S%3BO%3DA" "Mozilla/5.0 (Linux; Android 7.0;) AppleWebKit/537.36 (KHTML, like Gecko) Mobile Safari/537.36 (compatible; PetalBot;+https://webmaster.petalsearch.com/site/petalbot)" "brainbox.co.in"
51.222.253.15 - - [13/Sep/2022:18:07:14 -0700] "GET /PDFContent/04%20ICSE/04%20Class%20IX/Maths/?C=N;O=D HTTP/1.1" 200 349 "-" "Mozilla/5.0 (compatible; AhrefsBot/7.0; +http://ahrefs.com/robot/)" "brainbox.co.in"
114.119.145.163 - - [13/Sep/2022:18:09:13 -0700] "GET /PDFContent/03%20CBSE/04%20Class%20IX/Maths/LINEAR%20EQUATIONS%20IN%20TWO%20VARIABLES/CBSE_IX_MATHS_LS04_LINEAR%20EQUATIONS%20IN%20%20TWO%20VARIABLES_ANY%20PAIR%20OF%20LINES%20IN%20THE%20SAME%20PLANE.pdf HTTP/1.1" 200 351943 "https://brainbox.co.in/PDFContent/03%20CBSE/04%20Class%20IX/Maths/LINEAR%20EQUATIONS%20IN%20TWO%20VARIABLES/?C=N%3BO%3DD" "Mozilla/5.0 (Linux; Android 7.0;) AppleWebKit/537.36 (KHTML, like Gecko) Mobile Safari/537.36 (compatible; PetalBot;+https://webmaster.petalsearch.com/site/petalbot)" "brainbox.co.in"
114.119.145.187 - - [13/Sep/2022:18:14:36 -0700] "GET /PDFContent/03%20CBSE/05%20Class%20X/Hindi/Kshitij/LS02/CBSE_X_HINDI_LS02_TULASIDAS_Introduction.pdf HTTP/1.1" 200 609293 "https://brainbox.co.in/PDFContent/03%20CBSE/05%20Class%20X/Hindi/Kshitij/LS02/" "Mozilla/5.0 (Linux; Android 7.0;) AppleWebKit/537.36 (KHTML, like Gecko) Mobile Safari/537.36 (compatible; PetalBot;+https://webmaster.petalsearch.com/site/petalbot)" "brainbox.co.in"
114.119.145.174 - - [13/Sep/2022:18:20:00 -0700] "GET /PDFContent/04%20ICSE/07%20Class%20XII/Sanskrit/?C=M%3BO%3DA HTTP/1.1" 200 355 "https://brainbox.co.in/PDFContent/04%20ICSE/07%20Class%20XII/Sanskrit/?C=D%3BO%3DA" "Mozilla/5.0 (Linux; Android 7.0;) AppleWebKit/537.36 (KHTML, like Gecko) Mobile Safari/537.36 (compatible; PetalBot;+https://webmaster.petalsearch.com/site/petalbot)" "brainbox.co.in"
51.222.253.2 - - [13/Sep/2022:18:22:40 -0700] "GET /PDFContent/01%20TSB/01%20Class%20VI/English/GRANND%20CONTEST/?C=S;O=D HTTP/1.1" 200 515 "-" "Mozilla/5.0 (compatible; AhrefsBot/7.0; +http://ahrefs.com/robot/)" "brainbox.co.in"
114.119.145.169 - - [13/Sep/2022:18:25:26 -0700] "GET /PDFContent/03%20CBSE/02%20Class%20VII/Science/TEXTBOOK%20EXAMPLES/CBSE_Science_VII_Electric%20Current%20And%20It's%20Current_Examples_D14.pdf HTTP/1.1" 200 522404 "https://brainbox.co.in/PDFContent/03%20CBSE/02%20Class%20VII/Science/TEXTBOOK%20EXAMPLES/?C=D%3BO%3DA" "Mozilla/5.0 (Linux; Android 7.0;) AppleWebKit/537.36 (KHTML, like Gecko) Mobile Safari/537.36 (compatible; PetalBot;+https://webmaster.petalsearch.com/site/petalbot)" "brainbox.co.in"
114.119.145.169 - - [13/Sep/2022:18:30:52 -0700] "GET /PDFContent/03%20CBSE/02%20Class%20VII/Science/TEXTBOOK%20EXAMPLES/CBSE_Science_VII_Acids%20,Bases%20And%20Salts%20_Text%20Book%20Exercises.pdf HTTP/1.1" 200 379165 "https://brainbox.co.in/PDFContent/03%20CBSE/02%20Class%20VII/Science/TEXTBOOK%20EXAMPLES/?C=D%3BO%3DA" "Mozilla/5.0 (Linux; Android 7.0;) AppleWebKit/537.36 (KHTML, like Gecko) Mobile Safari/537.36 (compatible; PetalBot;+https://webmaster.petalsearch.com/site/petalbot)" "brainbox.co.in"
114.119.145.163 - - [13/Sep/2022:18:36:19 -0700] "GET /PDFContent/01%20TSB/02%20Class%20VII/Hindi/Glossary/TSB_VII_LS16_KABIR%20KE%20DOHE_GLOSSARY.pdf HTTP/1.1" 200 717945 "https://brainbox.co.in/PDFContent/01%20TSB/02%20Class%20VII/Hindi/Glossary/?C=M%3BO%3DA" "Mozilla/5.0 (Linux; Android 7.0;) AppleWebKit/537.36 (KHTML, like Gecko) Mobile Safari/537.36 (compatible; PetalBot;+https://webmaster.petalsearch.com/site/petalbot)" "brainbox.co.in"
51.222.253.1 - - [13/Sep/2022:18:37:33 -0700] "GET /PDFContent/03%20CBSE/04%20Class%20IX/Telugu/?C=M;O=A HTTP/1.1" 200 354 "-" "Mozilla/5.0 (compatible; AhrefsBot/7.0; +http://ahrefs.com/robot/)" "brainbox.co.in"
114.119.145.163 - - [13/Sep/2022:18:41:48 -0700] "GET /PDFContent/03%20CBSE/04%20Class%20IX/Maths/CBSE_IX_MATHS_%20LS12_HERON'S%20FORMULA_AREA%20OF%20QUADRILATERAL%20IF%20YOU%20KNOW%20HEIGHT%20OF%20THE%20TRIANGLES.pdf HTTP/1.1" 200 597245 "https://brainbox.co.in/PDFContent/03%20CBSE/04%20Class%20IX/Maths/?C=M%3BO%3DA" "Mozilla/5.0 (Linux; Android 7.0;) AppleWebKit/537.36 (KHTML, like Gecko) Mobile Safari/537.36 (compatible; PetalBot;+https://webmaster.petalsearch.com/site/petalbot)" "brainbox.co.in"
51.222.253.9 - - [13/Sep/2022:18:50:48 -0700] "GET /PDFContent/02%20APSB/03%20Class%20VIII/?C=S;O=D HTTP/1.1" 200 463 "-" "Mozilla/5.0 (compatible; AhrefsBot/7.0; +http://ahrefs.com/robot/)" "brainbox.co.in"
114.119.145.160 - - [13/Sep/2022:18:52:57 -0700] "GET /PDFContent/01%20TSB/05%20Class%20X/Biology/RESPIRATION/?C=S%3BO%3DA HTTP/1.1" 200 497 "https://brainbox.co.in/PDFContent/01%20TSB/05%20Class%20X/Biology/RESPIRATION/" "Mozilla/5.0 (Linux; Android 7.0;) AppleWebKit/537.36 (KHTML, like Gecko) Mobile Safari/537.36 (compatible; PetalBot;+https://webmaster.petalsearch.com/site/petalbot)" "brainbox.co.in"
114.119.145.163 - - [13/Sep/2022:18:58:06 -0700] "GET /PDFContent/04%20ICSE/03%20Class%20VIII/Chemistry/?C=D%3BO%3DA HTTP/1.1" 200 356 "https://brainbox.co.in/PDFContent/04%20ICSE/03%20Class%20VIII/Chemistry/?C=N%3BO%3DD" "Mozilla/5.0 (Linux; Android 7.0;) AppleWebKit/537.36 (KHTML, like Gecko) Mobile Safari/537.36 (compatible; PetalBot;+https://webmaster.petalsearch.com/site/petalbot)" "brainbox.co.in"
114.119.145.174 - - [13/Sep/2022:19:03:33 -0700] "GET /PDFContent/03%20CBSE/04%20Class%20IX/Biology/Tissues/?C=D%3BO%3DA HTTP/1.1" 200 638 "https://brainbox.co.in/PDFContent/03%20CBSE/04%20Class%20IX/Biology/Tissues/?C=M%3BO%3DA" "Mozilla/5.0 (Linux; Android 7.0;) AppleWebKit/537.36 (KHTML, like Gecko) Mobile Safari/537.36 (compatible; PetalBot;+https://webmaster.petalsearch.com/site/petalbot)" "brainbox.co.in"
51.222.253.16 - - [13/Sep/2022:19:05:52 -0700] "GET /PDFContent/03%20CBSE/06%20Class%20XI/English/?C=D;O=A HTTP/1.1" 200 354 "-" "Mozilla/5.0 (compatible; AhrefsBot/7.0; +http://ahrefs.com/robot/)" "brainbox.co.in"
114.119.145.175 - - [13/Sep/2022:19:09:04 -0700] "GET /PDFContent/03%20CBSE/04%20Class%20IX/Maths/POLYNOMIALS/CBSE_IX_MATHS_LS02_POLYNOMIALS_CONSTANT%20POLYNOMIAL.pdf HTTP/1.1" 200 254262 "https://brainbox.co.in/PDFContent/03%20CBSE/04%20Class%20IX/Maths/POLYNOMIALS/?C=D%3BO%3DA" "Mozilla/5.0 (Linux; Android 7.0;) AppleWebKit/537.36 (KHTML, like Gecko) Mobile Safari/537.36 (compatible; PetalBot;+https://webmaster.petalsearch.com/site/petalbot)" "brainbox.co.in"
114.119.135.132 - - [13/Sep/2022:19:14:28 -0700] "GET /PDFContent/03%20CBSE/03%20Class%20VIII/Maths/CBSE_VIII_MATHS_LS02_LINEAR%20EQUATIONS%20IN%20ONE%20VARIABLE_SUMMARY.pdf HTTP/1.1" 200 267552 "https://brainbox.co.in/PDFContent/03%20CBSE/03%20Class%20VIII/Maths/?C=N%3BO%3DD" "Mozilla/5.0 (Linux; Android 7.0;) AppleWebKit/537.36 (KHTML, like Gecko) Mobile Safari/537.36 (compatible; PetalBot;+https://webmaster.petalsearch.com/site/petalbot)" "brainbox.co.in"
139.59.42.141 - - [13/Sep/2022:19:14:56 -0700] "HEAD / HTTP/1.1" 200 - "https://www.bing.com" "Mozilla/5.0 (Windows NT 6.3; WOW64) AppleWebKit/537.36 (KHTML, like Gecko) Chrome/41.0.2225.0 Safari/537.36" "brainbox.co.in"
139.59.42.141 - - [13/Sep/2022:19:14:57 -0700] "GET /wp-login.php HTTP/1.1" 404 88 "http://brainbox.co.in" "Mozilla/5.0 (Windows NT 6.3; WOW64) AppleWebKit/537.36 (KHTML, like Gecko) Chrome/41.0.2225.0 Safari/537.36" "brainbox.co.in"
139.59.42.141 - - [13/Sep/2022:19:15:54 -0700] "GET /wp/wp-login.php HTTP/1.1" 404 88 "http://brainbox.co.in" "Mozilla/5.0 (Windows NT 6.3; WOW64) AppleWebKit/537.36 (KHTML, like Gecko) Chrome/41.0.2225.0 Safari/537.36" "brainbox.co.in"
114.119.145.163 - - [13/Sep/2022:19:19:59 -0700] "GET /PDFContent/03%20CBSE/03%20Class%20VIII/Physics/SOME%20NATURAL%20PHENOMENA/?C=N%3BO%3DD HTTP/1.1" 200 547 "https://brainbox.co.in/PDFContent/03%20CBSE/03%20Class%20VIII/Physics/SOME%20NATURAL%20PHENOMENA/" "Mozilla/5.0 (Linux; Android 7.0;) AppleWebKit/537.36 (KHTML, like Gecko) Mobile Safari/537.36 (compatible; PetalBot;+https://webmaster.petalsearch.com/site/petalbot)" "brainbox.co.in"
114.119.145.174 - - [13/Sep/2022:19:25:32 -0700] "GET /PDFContent/SPECIAL%20CROUSE/Part%201%20Grammar%20Essentials/STD_IV/UNIT%202%20%E2%80%93%20THE%20PANCAKE.pdf HTTP/1.1" 200 485215 "https://brainbox.co.in/PDFContent/SPECIAL%20CROUSE/Part%201%20Grammar%20Essentials/STD_IV/?C=D%3BO%3DA" "Mozilla/5.0 (Linux; Android 7.0;) AppleWebKit/537.36 (KHTML, like Gecko) Mobile Safari/537.36 (compatible; PetalBot;+https://webmaster.petalsearch.com/site/petalbot)" "brainbox.co.in"
114.119.135.132 - - [13/Sep/2022:19:31:03 -0700] "GET /PDFContent/04%20ICSE/07%20Class%20XII/Maths/?C=N%3BO%3DD HTTP/1.1" 200 354 "https://brainbox.co.in/PDFContent/04%20ICSE/07%20Class%20XII/Maths/?C=S%3BO%3DA" "Mozilla/5.0 (Linux; Android 7.0;) AppleWebKit/537.36 (KHTML, like Gecko) Mobile Safari/537.36 (compatible; PetalBot;+https://webmaster.petalsearch.com/site/petalbot)" "brainbox.co.in"
51.222.253.18 - - [13/Sep/2022:19:32:33 -0700] "GET /PDFContent/04%20ICSE/06%20Class%20XI/Hindi/?C=N;O=D HTTP/1.1" 200 351 "-" "Mozilla/5.0 (compatible; AhrefsBot/7.0; +http://ahrefs.com/robot/)" "brainbox.co.in"
114.119.145.175 - - [13/Sep/2022:19:36:32 -0700] "GET /PDFContent/04%20ICSE/02%20Class%20VII/Chemistry/?C=S%3BO%3DA HTTP/1.1" 200 355 "https://brainbox.co.in/PDFContent/04%20ICSE/02%20Class%20VII/Chemistry/?C=D%3BO%3DA" "Mozilla/5.0 (Linux; Android 7.0;) AppleWebKit/537.36 (KHTML, like Gecko) Mobile Safari/537.36 (compatible; PetalBot;+https://webmaster.petalsearch.com/site/petalbot)" "brainbox.co.in"
114.119.145.174 - - [13/Sep/2022:19:42:07 -0700] "GET /PDFContent/03%20CBSE/05%20Class%20X/Hindi/CBSE_X_HINDI_LS03_SAANA%20HATH%20JODI_SUMMARY.pdf HTTP/1.1" 200 335939 "https://brainbox.co.in/PDFContent/03%20CBSE/05%20Class%20X/Hindi/" "Mozilla/5.0 (Linux; Android 7.0;) AppleWebKit/537.36 (KHTML, like Gecko) Mobile Safari/537.36 (compatible; PetalBot;+https://webmaster.petalsearch.com/site/petalbot)" "brainbox.co.in"
114.119.135.132 - - [13/Sep/2022:19:47:38 -0700] "GET /PDFContent/03%20CBSE/07%20Class%20XII/Maths/CBSE_XII_MATHS_LS12_LINEAR%20PROGRAMMING_%20INTRODUCTION.pdf HTTP/1.1" 200 405112 "https://brainbox.co.in/PDFContent/03%20CBSE/07%20Class%20XII/Maths/?C=D%3BO%3DA" "Mozilla/5.0 (Linux; Android 7.0;) AppleWebKit/537.36 (KHTML, like Gecko) Mobile Safari/537.36 (compatible; PetalBot;+https://webmaster.petalsearch.com/site/petalbot)" "brainbox.co.in"
114.119.145.160 - - [13/Sep/2022:19:53:14 -0700] "GET /PDFContent/02%20APSB/02%20Class%20VII/Physics/?C=D%3BO%3DA HTTP/1.1" 200 353 "https://brainbox.co.in/PDFContent/02%20APSB/02%20Class%20VII/Physics/?C=S%3BO%3DA" "Mozilla/5.0 (Linux; Android 7.0;) AppleWebKit/537.36 (KHTML, like Gecko) Mobile Safari/537.36 (compatible; PetalBot;+https://webmaster.petalsearch.com/site/petalbot)" "brainbox.co.in"
51.222.253.5 - - [13/Sep/2022:19:57:39 -0700] "GET /PDFContent/02%20APSB/06%20Class%20XI/Maths/ HTTP/1.1" 200 352 "-" "Mozilla/5.0 (compatible; AhrefsBot/7.0; +http://ahrefs.com/robot/)" "brainbox.co.in"
114.119.145.163 - - [13/Sep/2022:19:58:50 -0700] "GET /PDFContent/03%20CBSE/06%20Class%20XI/Chemistry/HYDROCARBONS/?C=D%3BO%3DA HTTP/1.1" 200 724 "https://brainbox.co.in/PDFContent/03%20CBSE/06%20Class%20XI/Chemistry/HYDROCARBONS/?C=M%3BO%3DA" "Mozilla/5.0 (Linux; Android 7.0;) AppleWebKit/537.36 (KHTML, like Gecko) Mobile Safari/537.36 (compatible; PetalBot;+https://webmaster.petalsearch.com/site/petalbot)" "brainbox.co.in"
114.119.145.169 - - [13/Sep/2022:20:04:32 -0700] "GET /PDFContent/03%20CBSE/07%20Class%20XII/Maths/?C=S%3BO%3DA HTTP/1.1" 200 748 "https://brainbox.co.in/PDFContent/03%20CBSE/07%20Class%20XII/Maths/?C=D%3BO%3DA" "Mozilla/5.0 (Linux; Android 7.0;) AppleWebKit/537.36 (KHTML, like Gecko) Mobile Safari/537.36 (compatible; PetalBot;+https://webmaster.petalsearch.com/site/petalbot)" "brainbox.co.in"
114.119.145.174 - - [13/Sep/2022:20:10:24 -0700] "GET /PDFContent/03%20CBSE/04%20Class%20IX/Physics/Motion/Prob.05 HTTP/1.1" 200 233085 "https://brainboxschool.com/material/CBSE/IX/Physics/MOTION.html" "Mozilla/5.0 (Linux; Android 7.0;) AppleWebKit/537.36 (KHTML, like Gecko) Mobile Safari/537.36 (compatible; PetalBot;+https://webmaster.petalsearch.com/site/petalbot)" "brainbox.co.in"
114.119.145.160 - - [13/Sep/2022:20:16:16 -0700] "GET /PDFContent/03%20CBSE/04%20Class%20IX/Chemistry/STRUCTURE%20OF%20ATOM/Structure%20of%20atom_V1_Introduction.pdf HTTP/1.1" 200 271969 "https://brainbox.co.in/PDFContent/03%20CBSE/04%20Class%20IX/Chemistry/STRUCTURE%20OF%20ATOM/?C=S%3BO%3DA" "Mozilla/5.0 (Linux; Android 7.0;) AppleWebKit/537.36 (KHTML, like Gecko) Mobile Safari/537.36 (compatible; PetalBot;+https://webmaster.petalsearch.com/site/petalbot)" "brainbox.co.in"
114.119.145.175 - - [13/Sep/2022:20:21:44 -0700] "GET /PDFContent/01%20TSB/03%20Class%20VIII/English/TSBoard_English_VIII_LS3B_Morals.pdf.pdf HTTP/1.1" 200 91657 "https://brainbox.co.in/PDFContent/01%20TSB/03%20Class%20VIII/English/" "Mozilla/5.0 (Linux; Android 7.0;) AppleWebKit/537.36 (KHTML, like Gecko) Mobile Safari/537.36 (compatible; PetalBot;+https://webmaster.petalsearch.com/site/petalbot)" "brainbox.co.in"
51.222.253.20 - - [13/Sep/2022:20:23:08 -0700] "GET /PDFContent/03%20CBSE/06%20Class%20XI/English/?C=M;O=A HTTP/1.1" 200 354 "-" "Mozilla/5.0 (compatible; AhrefsBot/7.0; +http://ahrefs.com/robot/)" "brainbox.co.in"
114.119.135.132 - - [13/Sep/2022:20:27:13 -0700] "GET /PDFContent/03%20CBSE/07%20Class%20XII/English/?C=N%3BO%3DD HTTP/1.1" 200 355 "https://brainbox.co.in/PDFContent/03%20CBSE/07%20Class%20XII/English/?C=S%3BO%3DA" "Mozilla/5.0 (Linux; Android 7.0;) AppleWebKit/537.36 (KHTML, like Gecko) Mobile Safari/537.36 (compatible; PetalBot;+https://webmaster.petalsearch.com/site/petalbot)" "brainbox.co.in"
114.119.135.132 - - [13/Sep/2022:20:32:45 -0700] "GET /PDFContent/02%20APSB/06%20Class%20XI/Telugu/?C=M%3BO%3DA HTTP/1.1" 200 355 "https://brainbox.co.in/PDFContent/02%20APSB/06%20Class%20XI/Telugu/?C=N%3BO%3DD" "Mozilla/5.0 (Linux; Android 7.0;) AppleWebKit/537.36 (KHTML, like Gecko) Mobile Safari/537.36 (compatible; PetalBot;+https://webmaster.petalsearch.com/site/petalbot)" "brainbox.co.in"
114.119.145.175 - - [13/Sep/2022:20:38:19 -0700] "GET /PDFContent/03%20CBSE/06%20Class%20XI/Maths/CBSE_XI_MATHS_LS07_PERMUTATION%20&COMBINATION_SUMMARY.pdf HTTP/1.1" 200 424570 "https://brainbox.co.in/PDFContent/03%20CBSE/06%20Class%20XI/Maths/?C=N%3BO%3DD" "Mozilla/5.0 (Linux; Android 7.0;) AppleWebKit/537.36 (KHTML, like Gecko) Mobile Safari/537.36 (compatible; PetalBot;+https://webmaster.petalsearch.com/site/petalbot)" "brainbox.co.in"
114.119.145.163 - - [13/Sep/2022:20:44:03 -0700] "GET /PDFContent/01%20TSB/05%20Class%20X/English/THE%20STOREYED%20HOUSE%20P1/TSB_X_ENGLISH_LS05A_THE%20STOREYED%20HOUSE%20P1_EXTRA%20QUESTIONS%20AND%20ANSWERS.pdf HTTP/1.1" 200 233229 "https://brainbox.co.in/PDFContent/01%20TSB/05%20Class%20X/English/THE%20STOREYED%20HOUSE%20P1/?C=D%3BO%3DA" "Mozilla/5.0 (Linux; Android 7.0;) AppleWebKit/537.36 (KHTML, like Gecko) Mobile Safari/537.36 (compatible; PetalBot;+https://webmaster.petalsearch.com/site/petalbot)" "brainbox.co.in"
114.119.145.169 - - [13/Sep/2022:20:49:41 -0700] "GET /PDFContent/02%20APSB/05%20Class%20X/Chemistry/?C=N%3BO%3DD HTTP/1.1" 200 355 "https://brainbox.co.in/PDFContent/02%20APSB/05%20Class%20X/Chemistry/?C=D%3BO%3DA" "Mozilla/5.0 (Linux; Android 7.0;) AppleWebKit/537.36 (KHTML, like Gecko) Mobile Safari/537.36 (compatible; PetalBot;+https://webmaster.petalsearch.com/site/petalbot)" "brainbox.co.in"
51.222.253.8 - - [13/Sep/2022:20:52:31 -0700] "GET /PDFContent/02%20APSB/03%20Class%20VIII/Chemistry/?C=N;O=D HTTP/1.1" 200 355 "-" "Mozilla/5.0 (compatible; AhrefsBot/7.0; +http://ahrefs.com/robot/)" "brainbox.co.in"
114.119.145.169 - - [13/Sep/2022:20:55:23 -0700] "GET /PDFContent/03%20CBSE/03%20Class%20VIII/Chemistry/Metals%20&%20Non-Metals/Physical%20properties%20of%20Metals HTTP/1.1" 200 223456 "https://brainboxschool.com/material/CBSE/VIII/Chemistry/METALS_&_NON-METALS.html" "Mozilla/5.0 (Linux; Android 7.0;) AppleWebKit/537.36 (KHTML, like Gecko) Mobile Safari/537.36 (compatible; PetalBot;+https://webmaster.petalsearch.com/site/petalbot)" "brainbox.co.in"
114.119.145.163 - - [13/Sep/2022:21:01:02 -0700] "GET /PDFContent/01%20TSB/03%20Class%20VIII/Hindi/?C=N%3BO%3DD HTTP/1.1" 200 353 "https://brainbox.co.in/PDFContent/01%20TSB/03%20Class%20VIII/Hindi/?C=D%3BO%3DA" "Mozilla/5.0 (Linux; Android 7.0;) AppleWebKit/537.36 (KHTML, like Gecko) Mobile Safari/537.36 (compatible; PetalBot;+https://webmaster.petalsearch.com/site/petalbot)" "brainbox.co.in"
114.119.145.160 - - [13/Sep/2022:21:06:50 -0700] "GET /PDFContent/03%20CBSE/04%20Class%20IX/Biology/CBSE_lX_BIOLOGY_LS07_DIVERSTY%20IN%20LIVING%20ORGANISMS_QUESTION%20&%20ANSWERS.pdf HTTP/1.1" 200 454646 "https://brainbox.co.in/PDFContent/03%20CBSE/04%20Class%20IX/Biology/?C=D%3BO%3DA" "Mozilla/5.0 (Linux; Android 7.0;) AppleWebKit/537.36 (KHTML, like Gecko) Mobile Safari/537.36 (compatible; PetalBot;+https://webmaster.petalsearch.com/site/petalbot)" "brainbox.co.in"
114.119.135.132 - - [13/Sep/2022:21:12:33 -0700] "GET /PDFContent/03%20CBSE/02%20Class%20VII/Science/TEXTBOOK%20EXAMPLES/CBSE_Science_VII_Physical%20and%20Chemical%20Changes%20_Examples_D06.pdf HTTP/1.1" 200 312180 "https://brainbox.co.in/PDFContent/03%20CBSE/02%20Class%20VII/Science/TEXTBOOK%20EXAMPLES/?C=D%3BO%3DA" "Mozilla/5.0 (Linux; Android 7.0;) AppleWebKit/537.36 (KHTML, like Gecko) Mobile Safari/537.36 (compatible; PetalBot;+https://webmaster.petalsearch.com/site/petalbot)" "brainbox.co.in"
114.119.145.187 - - [13/Sep/2022:21:18:33 -0700] "GET /PDFContent/01%20TSB/03%20Class%20VIII/English/LS8A/?C=N%3BO%3DD HTTP/1.1" 200 527 "https://brainbox.co.in/PDFContent/01%20TSB/03%20Class%20VIII/English/LS8A/?C=M%3BO%3DA" "Mozilla/5.0 (Linux; Android 7.0;) AppleWebKit/537.36 (KHTML, like Gecko) Mobile Safari/537.36 (compatible; PetalBot;+https://webmaster.petalsearch.com/site/petalbot)" "brainbox.co.in"
51.222.253.11 - - [13/Sep/2022:21:20:54 -0700] "GET /PDFContent/02%20APSB/03%20Class%20VIII/English/?C=N;O=D HTTP/1.1" 200 353 "-" "Mozilla/5.0 (compatible; AhrefsBot/7.0; +http://ahrefs.com/robot/)" "brainbox.co.in"
114.119.145.175 - - [13/Sep/2022:21:24:14 -0700] "GET /PDFContent/03%20CBSE/06%20Class%20XI/Maths/SETS/Sets_Examples1%20&%20Example2.pdf HTTP/1.1" 200 203151 "https://brainbox.co.in/PDFContent/03%20CBSE/06%20Class%20XI/Maths/SETS/?C=D%3BO%3DA" "Mozilla/5.0 (Linux; Android 7.0;) AppleWebKit/537.36 (KHTML, like Gecko) Mobile Safari/537.36 (compatible; PetalBot;+https://webmaster.petalsearch.com/site/petalbot)" "brainbox.co.in"
114.119.135.132 - - [13/Sep/2022:21:29:54 -0700] "GET /PDFContent/02%20APSB/02%20Class%20VII/?C=D%3BO%3DA HTTP/1.1" 200 463 "https://brainbox.co.in/PDFContent/02%20APSB/02%20Class%20VII/?C=D%3BO%3DA" "Mozilla/5.0 (Linux; Android 7.0;) AppleWebKit/537.36 (KHTML, like Gecko) Mobile Safari/537.36 (compatible; PetalBot;+https://webmaster.petalsearch.com/site/petalbot)" "brainbox.co.in"
114.119.135.132 - - [13/Sep/2022:21:35:32 -0700] "GET /PDFContent/03%20CBSE/04%20Class%20IX/Chemistry/ATOMS%20AND%20MOLECULES/Atoms%20&%20Molecules_Matter%20and%20Laws%20of%20Chemical%20Combination_P1,P2.pdf HTTP/1.1" 200 159092 "https://brainbox.co.in/PDFContent/03%20CBSE/04%20Class%20IX/Chemistry/ATOMS%20AND%20MOLECULES/?C=N%3BO%3DD" "Mozilla/5.0 (Linux; Android 7.0;) AppleWebKit/537.36 (KHTML, like Gecko) Mobile Safari/537.36 (compatible; PetalBot;+https://webmaster.petalsearch.com/site/petalbot)" "brainbox.co.in"
5.255.253.153 - - [13/Sep/2022:21:38:17 -0700] "GET /robots.txt HTTP/1.1" 404 73 "-" "Mozilla/5.0 (compatible; YandexBot/3.0; +http://yandex.com/bots)" "brainbox.co.in"
5.255.253.180 - - [13/Sep/2022:21:38:21 -0700] "GET /PDFContent/01%20TSB/05%20Class%20X/English/THE%20STOREYED%20HOUSE%20P2/TSB_X_ENGLISH_LS05B_THE%20STOREYED%20HOUSE%20P2_ASSIGNMENT.pdf HTTP/1.1" 200 332678 "-" "Mozilla/5.0 (compatible; YandexBot/3.0; +http://yandex.com/bots)" "brainbox.co.in"
114.119.145.163 - - [13/Sep/2022:21:42:10 -0700] "GET /PDFContent/03%20CBSE/07%20Class%20XII/Biology/?C=N%3BO%3DD HTTP/1.1" 200 1044 "https://brainbox.co.in/PDFContent/03%20CBSE/07%20Class%20XII/Biology/?C=D%3BO%3DA" "Mozilla/5.0 (Linux; Android 7.0;) AppleWebKit/537.36 (KHTML, like Gecko) Mobile Safari/537.36 (compatible; PetalBot;+https://webmaster.petalsearch.com/site/petalbot)" "brainbox.co.in"
35.196.86.133 - - [13/Sep/2022:21:46:05 -0700] "GET /robots.txt HTTP/1.1" 404 88 "-" "ZoominfoBot (zoominfobot at zoominfo dot com)" "brainbox.co.in"
35.196.86.133 - - [13/Sep/2022:21:46:06 -0700] "GET / HTTP/1.1" 200 432 "-" "ZoominfoBot (zoominfobot at zoominfo dot com)" "brainbox.co.in"
51.222.253.15 - - [13/Sep/2022:21:46:09 -0700] "GET /PDFContent/04%20ICSE/01%20Class%20VI/?C=S;O=A HTTP/1.1" 200 463 "-" "Mozilla/5.0 (compatible; AhrefsBot/7.0; +http://ahrefs.com/robot/)" "brainbox.co.in"
114.119.145.169 - - [13/Sep/2022:21:47:11 -0700] "GET /PDFContent/01%20TSB/02%20Class%20VII/Hindi/word%20meaning/TSV_VII_LS09_CHUTTI%20PATRA_WORD%20MEANING.pdf HTTP/1.1" 200 171172 "https://brainbox.co.in/PDFContent/01%20TSB/02%20Class%20VII/Hindi/word%20meaning/" "Mozilla/5.0 (Linux; Android 7.0;) AppleWebKit/537.36 (KHTML, like Gecko) Mobile Safari/537.36 (compatible; PetalBot;+https://webmaster.petalsearch.com/site/petalbot)" "brainbox.co.in"
54.219.250.21 - - [13/Sep/2022:21:52:58 -0700] "GET /~richard/templates/beez/US/uk/paypal/login.htm HTTP/1.1" 404 73 "-" "Mozilla/5.0 (Macintosh; Intel Mac OS X 10_10_5) AppleWebKit/537.36 (KHTML, like Gecko) Chrome/52.0.2743.116 Safari/537.36" "brainbox.co.in"
114.119.145.169 - - [13/Sep/2022:21:53:01 -0700] "GET /PDFContent/03%20CBSE/05%20Class%20X/Chemistry/?C=M%3BO%3DA HTTP/1.1" 200 465 "https://brainbox.co.in/PDFContent/03%20CBSE/05%20Class%20X/Chemistry/?C=S%3BO%3DA" "Mozilla/5.0 (Linux; Android 7.0;) AppleWebKit/537.36 (KHTML, like Gecko) Mobile Safari/537.36 (compatible; PetalBot;+https://webmaster.petalsearch.com/site/petalbot)" "brainbox.co.in"
114.119.145.163 - - [13/Sep/2022:21:58:48 -0700] "GET /PDFContent/03%20CBSE/05%20Class%20X/Hindi/SPARSH/LS15/?C=S%3BO%3DA HTTP/1.1" 200 539 "https://brainbox.co.in/PDFContent/03%20CBSE/05%20Class%20X/Hindi/SPARSH/LS15/?C=D%3BO%3DA" "Mozilla/5.0 (Linux; Android 7.0;) AppleWebKit/537.36 (KHTML, like Gecko) Mobile Safari/537.36 (compatible; PetalBot;+https://webmaster.petalsearch.com/site/petalbot)" "brainbox.co.in"
51.222.253.5 - - [13/Sep/2022:22:01:03 -0700] "GET /PDFContent/02%20APSB/03%20Class%20VIII/Physics/?C=N;O=D HTTP/1.1" 200 353 "-" "Mozilla/5.0 (compatible; AhrefsBot/7.0; +http://ahrefs.com/robot/)" "brainbox.co.in"
114.119.145.175 - - [13/Sep/2022:22:04:35 -0700] "GET /PDFContent/03%20CBSE/05%20Class%20X/Maths/COORDINATE%20GEOMETRY/Coordinate%20Geometry_T09A_Centroid%20of%20a%20triangle_Example.pdf HTTP/1.1" 200 135301 "https://brainbox.co.in/PDFContent/03%20CBSE/05%20Class%20X/Maths/COORDINATE%20GEOMETRY/" "Mozilla/5.0 (Linux; Android 7.0;) AppleWebKit/537.36 (KHTML, like Gecko) Mobile Safari/537.36 (compatible; PetalBot;+https://webmaster.petalsearch.com/site/petalbot)" "brainbox.co.in"
114.119.145.169 - - [13/Sep/2022:22:10:29 -0700] "GET /PDFContent/03%20CBSE/04%20Class%20IX/Maths/CBSE_IX_MATHS_LS03_COORDINATE%20GEOMETRY/Coordinate%20Geometry_T07_Solved%20Problem%201.pdf HTTP/1.1" 200 253206 "https://brainbox.co.in/PDFContent/03%20CBSE/04%20Class%20IX/Maths/CBSE_IX_MATHS_LS03_COORDINATE%20GEOMETRY/?C=S%3BO%3DA" "Mozilla/5.0 (Linux; Android 7.0;) AppleWebKit/537.36 (KHTML, like Gecko) Mobile Safari/537.36 (compatible; PetalBot;+https://webmaster.petalsearch.com/site/petalbot)" "brainbox.co.in"
51.222.253.15 - - [13/Sep/2022:22:15:36 -0700] "GET /PDFContent/01%20TSB/01%20Class%20VI/Maths/?C=M;O=A HTTP/1.1" 200 414 "-" "Mozilla/5.0 (compatible; AhrefsBot/7.0; +http://ahrefs.com/robot/)" "brainbox.co.in"
114.119.145.169 - - [13/Sep/2022:22:16:10 -0700] "GET /PDFContent/01%20TSB/?C=S%3BO%3DA HTTP/1.1" 200 504 "https://brainbox.co.in/PDFContent/01%20TSB/?C=M%3BO%3DA" "Mozilla/5.0 (Linux; Android 7.0;) AppleWebKit/537.36 (KHTML, like Gecko) Mobile Safari/537.36 (compatible; PetalBot;+https://webmaster.petalsearch.com/site/petalbot)" "brainbox.co.in"
114.119.145.163 - - [13/Sep/2022:22:22:04 -0700] "GET /MyERP/?C=M%3BO%3DA HTTP/1.1" 200 312 "https://brainbox.co.in/MyERP/" "Mozilla/5.0 (Linux; Android 7.0;) AppleWebKit/537.36 (KHTML, like Gecko) Mobile Safari/537.36 (compatible; PetalBot;+https://webmaster.petalsearch.com/site/petalbot)" "brainbox.co.in"
3.14.66.67 - - [13/Sep/2022:22:23:11 -0700] "GET /~richard/templates/beez/US/uk/paypal/login.htm HTTP/1.1" 404 73 "-" "Mozilla/5.0 (Macintosh; Intel Mac OS X 10_10_5) AppleWebKit/537.36 (KHTML, like Gecko) Chrome/52.0.2743.116 Safari/537.36" "brainbox.co.in"
114.119.152.221 - - [13/Sep/2022:22:24:40 -0700] "GET /robots.txt HTTP/1.1" 404 88 "-" "Mozilla/5.0 (compatible;PetalBot;+https://webmaster.petalsearch.com/site/petalbot)" "brainbox.co.in"
114.119.145.169 - - [13/Sep/2022:22:27:42 -0700] "GET /PDFContent/03%20CBSE/04%20Class%20IX/Biology/Tissues/CBSE_IX_Biology_Tissues_Connective%20tissues HTTP/1.1" 200 211835 "https://brainboxschool.com/material/CBSE/IX/Biology/TISSUES.html" "Mozilla/5.0 (Linux; Android 7.0;) AppleWebKit/537.36 (KHTML, like Gecko) Mobile Safari/537.36 (compatible; PetalBot;+https://webmaster.petalsearch.com/site/petalbot)" "brainbox.co.in"
51.222.253.13 - - [13/Sep/2022:22:31:53 -0700] "GET /PDFContent/02%20APSB/06%20Class%20XI/?C=D;O=D HTTP/1.1" 200 462 "-" "Mozilla/5.0 (compatible; AhrefsBot/7.0; +http://ahrefs.com/robot/)" "brainbox.co.in"
114.119.145.169 - - [13/Sep/2022:22:33:27 -0700] "GET /PDFContent/Beetle/CLASS%20IV/SOCAIL%20SEM%202/LESSON%202.%20MINERAL%20RESOUCES%20OF%20INDIA.pdf HTTP/1.1" 200 82967 "https://brainbox.co.in/PDFContent/Beetle/CLASS%20IV/SOCAIL%20SEM%202/?C=M%3BO%3DA" "Mozilla/5.0 (Linux; Android 7.0;) AppleWebKit/537.36 (KHTML, like Gecko) Mobile Safari/537.36 (compatible; PetalBot;+https://webmaster.petalsearch.com/site/petalbot)" "brainbox.co.in"
114.119.145.169 - - [13/Sep/2022:22:39:47 -0700] "GET /PDFContent/03%20CBSE/07%20Class%20XII/Chemistry/SOLUTIONS/Solutions_T02_Expressing%20Concentrations.pdf HTTP/1.1" 200 117126 "https://brainbox.co.in/PDFContent/03%20CBSE/07%20Class%20XII/Chemistry/SOLUTIONS/" "Mozilla/5.0 (Linux; Android 7.0;) AppleWebKit/537.36 (KHTML, like Gecko) Mobile Safari/537.36 (compatible; PetalBot;+https://webmaster.petalsearch.com/site/petalbot)" "brainbox.co.in"
51.222.253.7 - - [13/Sep/2022:22:42:36 -0700] "GET /PDFContent/04%20ICSE/01%20Class%20VI/?C=D;O=A HTTP/1.1" 200 463 "-" "Mozilla/5.0 (compatible; AhrefsBot/7.0; +http://ahrefs.com/robot/)" "brainbox.co.in"
114.119.145.169 - - [13/Sep/2022:22:45:53 -0700] "GET /PDFContent/01%20TSB/03%20Class%20VIII/English/LS5B/ HTTP/1.1" 200 536 "https://brainbox.co.in/PDFContent/01%20TSB/03%20Class%20VIII/English/" "Mozilla/5.0 (Linux; Android 7.0;) AppleWebKit/537.36 (KHTML, like Gecko) Mobile Safari/537.36 (compatible; PetalBot;+https://webmaster.petalsearch.com/site/petalbot)" "brainbox.co.in"
51.222.253.15 - - [13/Sep/2022:22:54:55 -0700] "GET /PDFContent/01%20TSB/04%20Class%20IX/Biology/?C=M;O=D HTTP/1.1" 200 462 "-" "Mozilla/5.0 (compatible; AhrefsBot/7.0; +http://ahrefs.com/robot/)" "brainbox.co.in"
114.119.145.175 - - [13/Sep/2022:23:03:37 -0700] "GET /PDFContent/01%20TSB/03%20Class%20VIII/English/TSBoard_English_VIII_LS3A_Characters.pdf HTTP/1.1" 200 181352 "https://brainboxschool.com/material/TSB/VIII/English/3A_The_Selfish_Giant.html" "Mozilla/5.0 (Linux; Android 7.0;) AppleWebKit/537.36 (KHTML, like Gecko) Mobile Safari/537.36 (compatible; PetalBot;+https://webmaster.petalsearch.com/site/petalbot)" "brainbox.co.in"
51.222.253.2 - - [13/Sep/2022:23:07:09 -0700] "GET /PDFContent/03%20CBSE/03%20Class%20VIII/Sup%20English/?C=S;O=A HTTP/1.1" 200 430 "-" "Mozilla/5.0 (compatible; AhrefsBot/7.0; +http://ahrefs.com/robot/)" "brainbox.co.in"
114.119.145.160 - - [13/Sep/2022:23:09:20 -0700] "GET /PDFContent/01%20TSB/03%20Class%20VIII/English/LS2B/New/?C=D%3BO%3DA HTTP/1.1" 200 516 "https://brainbox.co.in/PDFContent/01%20TSB/03%20Class%20VIII/English/LS2B/New/?C=S%3BO%3DA" "Mozilla/5.0 (Linux; Android 7.0;) AppleWebKit/537.36 (KHTML, like Gecko) Mobile Safari/537.36 (compatible; PetalBot;+https://webmaster.petalsearch.com/site/petalbot)" "brainbox.co.in"
114.119.145.175 - - [13/Sep/2022:23:15:21 -0700] "GET /PDFContent/SPECIAL%20CROUSE/Part%201%20Grammar%20Essentials/STD_VII/?C=S%3BO%3DA HTTP/1.1" 200 501 "https://brainbox.co.in/PDFContent/SPECIAL%20CROUSE/Part%201%20Grammar%20Essentials/STD_VII/?C=N%3BO%3DD" "Mozilla/5.0 (Linux; Android 7.0;) AppleWebKit/537.36 (KHTML, like Gecko) Mobile Safari/537.36 (compatible; PetalBot;+https://webmaster.petalsearch.com/site/petalbot)" "brainbox.co.in"
51.222.253.6 - - [13/Sep/2022:23:19:17 -0700] "GET /PDFContent/01%20TSB/01%20Class%20VI/Telugu/?C=M;O=A HTTP/1.1" 200 423 "-" "Mozilla/5.0 (compatible; AhrefsBot/7.0; +http://ahrefs.com/robot/)" "brainbox.co.in"
114.119.145.174 - - [13/Sep/2022:23:21:03 -0700] "GET /PDFContent/03%20CBSE/04%20Class%20IX/Maths/POLYNOMIALS/CBSE_IX_MATHS_LS02_POLYNOMIALS_DIFFERENCE%20BETWEEN%20ZERO%20POLYNOMIAL%20AND%20ZERO%20OF%20THE%20POLYNOMIAL.pdf HTTP/1.1" 200 245875 "https://brainbox.co.in/PDFContent/03%20CBSE/04%20Class%20IX/Maths/POLYNOMIALS/?C=D%3BO%3DA" "Mozilla/5.0 (Linux; Android 7.0;) AppleWebKit/537.36 (KHTML, like Gecko) Mobile Safari/537.36 (compatible; PetalBot;+https://webmaster.petalsearch.com/site/petalbot)" "brainbox.co.in"
51.222.253.1 - - [13/Sep/2022:23:30:46 -0700] "GET /PDFContent/02%20APSB/02%20Class%20VII/Sanskrit/?C=M;O=A HTTP/1.1" 200 354 "-" "Mozilla/5.0 (compatible; AhrefsBot/7.0; +http://ahrefs.com/robot/)" "brainbox.co.in"
114.119.145.175 - - [13/Sep/2022:23:32:38 -0700] "GET /PDFContent/03%20CBSE/07%20Class%20XII/Biology/CBSE_XII_BIOLOGY_LS03_%20HUMAN%20REPRODUCTION_FEMALE%20REPRODUCTIVE%20SYSTYEM.pdf HTTP/1.1" 200 724934 "https://brainbox.co.in/PDFContent/03%20CBSE/07%20Class%20XII/Biology/?C=D%3BO%3DA" "Mozilla/5.0 (Linux; Android 7.0;) AppleWebKit/537.36 (KHTML, like Gecko) Mobile Safari/537.36 (compatible; PetalBot;+https://webmaster.petalsearch.com/site/petalbot)" "brainbox.co.in"
114.119.145.163 - - [13/Sep/2022:23:38:19 -0700] "GET /PDFContent/03%20CBSE/05%20Class%20X/Hindi/Kshitij/LS01/CBSE_X_HINDI_LS01_SURDAS_INTRODUCTION.pdf HTTP/1.1" 200 564525 "https://brainbox.co.in/PDFContent/03%20CBSE/05%20Class%20X/Hindi/Kshitij/LS01/" "Mozilla/5.0 (Linux; Android 7.0;) AppleWebKit/537.36 (KHTML, like Gecko) Mobile Safari/537.36 (compatible; PetalBot;+https://webmaster.petalsearch.com/site/petalbot)" "brainbox.co.in"
51.222.253.17 - - [13/Sep/2022:23:42:47 -0700] "GET /PDFContent/01%20TSB/01%20Class%20VI/Telugu/?C=S;O=A HTTP/1.1" 200 423 "-" "Mozilla/5.0 (compatible; AhrefsBot/7.0; +http://ahrefs.com/robot/)" "brainbox.co.in"
114.119.145.163 - - [13/Sep/2022:23:44:04 -0700] "GET /PDFContent/SPECIAL%20CROUSE/Part%201%20Grammar%20Essentials/STD_VI/UNIT-1.pdf HTTP/1.1" 200 314323 "https://brainbox.co.in/PDFContent/SPECIAL%20CROUSE/Part%201%20Grammar%20Essentials/STD_VI/" "Mozilla/5.0 (Linux; Android 7.0;) AppleWebKit/537.36 (KHTML, like Gecko) Mobile Safari/537.36 (compatible; PetalBot;+https://webmaster.petalsearch.com/site/petalbot)" "brainbox.co.in"
114.119.145.175 - - [13/Sep/2022:23:50:00 -0700] "GET /PDFContent/Beetle/CLASS%20V/SOCIAL/SEM%202/ HTTP/1.1" 200 719 "https://brainbox.co.in/PDFContent/Beetle/CLASS%20V/SOCIAL/?C=N%3BO%3DD" "Mozilla/5.0 (Linux; Android 7.0;) AppleWebKit/537.36 (KHTML, like Gecko) Mobile Safari/537.36 (compatible; PetalBot;+https://webmaster.petalsearch.com/site/petalbot)" "brainbox.co.in"
188.165.212.137 - - [13/Sep/2022:23:53:51 -0700] "GET /robots.txt HTTP/1.1" 404 73 "-" "Mozilla/5.0 (compatible; MJ12bot/v1.4.8; http://mj12bot.com/)" "brainbox.co.in"
188.165.212.137 - - [13/Sep/2022:23:53:54 -0700] "GET /PDFContent/SPECIAL%20CROUSE/Part%201%20Grammar%20Essentials/?C=D;O=D HTTP/1.1" 200 456 "-" "Mozilla/5.0 (compatible; MJ12bot/v1.4.8; http://mj12bot.com/)" "brainbox.co.in"
188.165.212.137 - - [13/Sep/2022:23:53:56 -0700] "GET /PDFContent/SPECIAL%20CROUSE/Part%201%20Grammar%20Essentials/?C=M;O=D HTTP/1.1" 200 456 "-" "Mozilla/5.0 (compatible; MJ12bot/v1.4.8; http://mj12bot.com/)" "brainbox.co.in"
188.165.212.137 - - [13/Sep/2022:23:54:00 -0700] "GET /PDFContent/SPECIAL%20CROUSE/Part%201%20Grammar%20Essentials/?C=N;O=A HTTP/1.1" 200 456 "-" "Mozilla/5.0 (compatible; MJ12bot/v1.4.8; http://mj12bot.com/)" "brainbox.co.in"
188.165.212.137 - - [13/Sep/2022:23:54:03 -0700] "GET /PDFContent/SPECIAL%20CROUSE/Part%201%20Grammar%20Essentials/?C=S;O=D HTTP/1.1" 200 456 "-" "Mozilla/5.0 (compatible; MJ12bot/v1.4.8; http://mj12bot.com/)" "brainbox.co.in"
188.165.212.137 - - [13/Sep/2022:23:54:06 -0700] "GET /PDFContent/SPECIAL%20CROUSE/Part%204%20MECHANICS%20OF%20WRITING/?C=D;O=D HTTP/1.1" 200 565 "-" "Mozilla/5.0 (compatible; MJ12bot/v1.4.8; http://mj12bot.com/)" "brainbox.co.in"
188.165.212.137 - - [13/Sep/2022:23:54:09 -0700] "GET /PDFContent/SPECIAL%20CROUSE/Part%204%20MECHANICS%20OF%20WRITING/?C=M;O=D HTTP/1.1" 200 565 "-" "Mozilla/5.0 (compatible; MJ12bot/v1.4.8; http://mj12bot.com/)" "brainbox.co.in"
188.165.212.137 - - [13/Sep/2022:23:54:13 -0700] "GET /PDFContent/SPECIAL%20CROUSE/Part%204%20MECHANICS%20OF%20WRITING/?C=N;O=A HTTP/1.1" 200 570 "-" "Mozilla/5.0 (compatible; MJ12bot/v1.4.8; http://mj12bot.com/)" "brainbox.co.in"
188.165.212.137 - - [13/Sep/2022:23:54:16 -0700] "GET /PDFContent/SPECIAL%20CROUSE/Part%204%20MECHANICS%20OF%20WRITING/?C=S;O=D HTTP/1.1" 200 566 "-" "Mozilla/5.0 (compatible; MJ12bot/v1.4.8; http://mj12bot.com/)" "brainbox.co.in"
188.165.212.137 - - [13/Sep/2022:23:54:19 -0700] "GET /SchoolERP/doc/html/_sources/bookmarks.txt HTTP/1.1" 200 1108 "-" "Mozilla/5.0 (compatible; MJ12bot/v1.4.8; http://mj12bot.com/)" "brainbox.co.in"
188.165.212.137 - - [13/Sep/2022:23:54:21 -0700] "GET /SchoolERP/doc/html/_sources/charts.txt HTTP/1.1" 200 1533 "-" "Mozilla/5.0 (compatible; MJ12bot/v1.4.8; http://mj12bot.com/)" "brainbox.co.in"
188.165.212.137 - - [13/Sep/2022:23:54:24 -0700] "GET /SchoolERP/doc/html/_sources/config.txt HTTP/1.1" 200 29466 "-" "Mozilla/5.0 (compatible; MJ12bot/v1.4.8; http://mj12bot.com/)" "brainbox.co.in"
188.165.212.137 - - [13/Sep/2022:23:54:27 -0700] "GET /SchoolERP/doc/html/_sources/copyright.txt HTTP/1.1" 200 877 "-" "Mozilla/5.0 (compatible; MJ12bot/v1.4.8; http://mj12bot.com/)" "brainbox.co.in"
188.165.212.137 - - [13/Sep/2022:23:54:30 -0700] "GET /SchoolERP/doc/html/_sources/credits.txt HTTP/1.1" 200 9842 "-" "Mozilla/5.0 (compatible; MJ12bot/v1.4.8; http://mj12bot.com/)" "brainbox.co.in"
188.165.212.137 - - [13/Sep/2022:23:54:32 -0700] "GET /SchoolERP/doc/html/_sources/developers.txt HTTP/1.1" 200 257 "-" "Mozilla/5.0 (compatible; MJ12bot/v1.4.8; http://mj12bot.com/)" "brainbox.co.in"
188.165.212.137 - - [13/Sep/2022:23:54:34 -0700] "GET /SchoolERP/doc/html/_sources/faq.txt HTTP/1.1" 200 29938 "-" "Mozilla/5.0 (compatible; MJ12bot/v1.4.8; http://mj12bot.com/)" "brainbox.co.in"
188.165.212.137 - - [13/Sep/2022:23:54:37 -0700] "GET /SchoolERP/doc/html/_sources/glossary.txt HTTP/1.1" 200 4464 "-" "Mozilla/5.0 (compatible; MJ12bot/v1.4.8; http://mj12bot.com/)" "brainbox.co.in"
188.165.212.137 - - [13/Sep/2022:23:54:39 -0700] "GET /SchoolERP/doc/html/_sources/import_export.txt HTTP/1.1" 200 4161 "-" "Mozilla/5.0 (compatible; MJ12bot/v1.4.8; http://mj12bot.com/)" "brainbox.co.in"
188.165.212.137 - - [13/Sep/2022:23:54:42 -0700] "GET /SchoolERP/doc/html/_sources/intro.txt HTTP/1.1" 200 1483 "-" "Mozilla/5.0 (compatible; MJ12bot/v1.4.8; http://mj12bot.com/)" "brainbox.co.in"
188.165.212.137 - - [13/Sep/2022:23:54:44 -0700] "GET /SchoolERP/doc/html/_sources/other.txt HTTP/1.1" 200 519 "-" "Mozilla/5.0 (compatible; MJ12bot/v1.4.8; http://mj12bot.com/)" "brainbox.co.in"
188.165.212.137 - - [13/Sep/2022:23:54:47 -0700] "GET /SchoolERP/doc/html/_sources/privileges.txt HTTP/1.1" 200 1383 "-" "Mozilla/5.0 (compatible; MJ12bot/v1.4.8; http://mj12bot.com/)" "brainbox.co.in"
188.165.212.137 - - [13/Sep/2022:23:54:48 -0700] "GET /SchoolERP/doc/html/_sources/relations.txt HTTP/1.1" 200 1429 "-" "Mozilla/5.0 (compatible; MJ12bot/v1.4.8; http://mj12bot.com/)" "brainbox.co.in"
188.165.212.137 - - [13/Sep/2022:23:54:50 -0700] "GET /SchoolERP/doc/html/_sources/require.txt HTTP/1.1" 200 833 "-" "Mozilla/5.0 (compatible; MJ12bot/v1.4.8; http://mj12bot.com/)" "brainbox.co.in"
51.222.253.18 - - [13/Sep/2022:23:54:51 -0700] "GET /PDFContent/04%20ICSE/04%20Class%20IX/Hindi/?C=N;O=D HTTP/1.1" 200 349 "-" "Mozilla/5.0 (compatible; AhrefsBot/7.0; +http://ahrefs.com/robot/)" "brainbox.co.in"
188.165.212.137 - - [13/Sep/2022:23:54:52 -0700] "GET /SchoolERP/doc/html/_sources/security.txt HTTP/1.1" 200 2054 "-" "Mozilla/5.0 (compatible; MJ12bot/v1.4.8; http://mj12bot.com/)" "brainbox.co.in"
188.165.212.137 - - [13/Sep/2022:23:54:55 -0700] "GET /SchoolERP/doc/html/_sources/settings.txt HTTP/1.1" 200 497 "-" "Mozilla/5.0 (compatible; MJ12bot/v1.4.8; http://mj12bot.com/)" "brainbox.co.in"
188.165.212.137 - - [13/Sep/2022:23:54:57 -0700] "GET /SchoolERP/doc/html/_sources/setup.txt HTTP/1.1" 200 13832 "-" "Mozilla/5.0 (compatible; MJ12bot/v1.4.8; http://mj12bot.com/)" "brainbox.co.in"
188.165.212.137 - - [13/Sep/2022:23:54:59 -0700] "GET /SchoolERP/doc/html/_sources/themes.txt HTTP/1.1" 200 1228 "-" "Mozilla/5.0 (compatible; MJ12bot/v1.4.8; http://mj12bot.com/)" "brainbox.co.in"
188.165.212.137 - - [13/Sep/2022:23:55:02 -0700] "GET /SchoolERP/doc/html/_sources/transformations.txt HTTP/1.1" 200 2639 "-" "Mozilla/5.0 (compatible; MJ12bot/v1.4.8; http://mj12bot.com/)" "brainbox.co.in"
188.165.212.137 - - [13/Sep/2022:23:55:04 -0700] "GET /SchoolERP/doc/html/_sources/two_factor.txt HTTP/1.1" 200 1283 "-" "Mozilla/5.0 (compatible; MJ12bot/v1.4.8; http://mj12bot.com/)" "brainbox.co.in"
188.165.212.137 - - [13/Sep/2022:23:55:06 -0700] "GET /SchoolERP/doc/html/_sources/user.txt HTTP/1.1" 200 144 "-" "Mozilla/5.0 (compatible; MJ12bot/v1.4.8; http://mj12bot.com/)" "brainbox.co.in"
188.165.212.137 - - [13/Sep/2022:23:55:09 -0700] "GET /SchoolERP/doc/html/_sources/vendors.txt HTTP/1.1" 200 633 "-" "Mozilla/5.0 (compatible; MJ12bot/v1.4.8; http://mj12bot.com/)" "brainbox.co.in"
188.165.212.137 - - [13/Sep/2022:23:55:12 -0700] "GET /robots.txt HTTP/1.1" 404 73 "-" "Mozilla/5.0 (compatible; MJ12bot/v1.4.8; http://mj12bot.com/)" "www.brainbox.co.in"
188.165.212.137 - - [13/Sep/2022:23:55:17 -0700] "GET /?C=D;O=A// HTTP/1.1" 200 432 "-" "Mozilla/5.0 (compatible; MJ12bot/v1.4.8; http://mj12bot.com/)" "www.brainbox.co.in"
188.165.212.137 - - [13/Sep/2022:23:55:19 -0700] "GET /?C=D;O=A/// HTTP/1.1" 200 432 "-" "Mozilla/5.0 (compatible; MJ12bot/v1.4.8; http://mj12bot.com/)" "www.brainbox.co.in"
188.165.212.137 - - [13/Sep/2022:23:55:24 -0700] "GET /?C=D;O=D// HTTP/1.1" 200 432 "-" "Mozilla/5.0 (compatible; MJ12bot/v1.4.8; http://mj12bot.com/)" "www.brainbox.co.in"
188.165.212.137 - - [13/Sep/2022:23:55:26 -0700] "GET /?C=D;O=D// HTTP/1.1" 200 432 "-" "Mozilla/5.0 (compatible; MJ12bot/v1.4.8; http://mj12bot.com/)" "www.brainbox.co.in"
188.165.212.137 - - [13/Sep/2022:23:55:31 -0700] "GET /?C=M;O=A// HTTP/1.1" 200 431 "-" "Mozilla/5.0 (compatible; MJ12bot/v1.4.8; http://mj12bot.com/)" "www.brainbox.co.in"
188.165.212.137 - - [13/Sep/2022:23:55:33 -0700] "GET /?C=M;O=A/// HTTP/1.1" 200 431 "-" "Mozilla/5.0 (compatible; MJ12bot/v1.4.8; http://mj12bot.com/)" "www.brainbox.co.in"
188.165.212.137 - - [13/Sep/2022:23:55:37 -0700] "GET /?C=M;O=D// HTTP/1.1" 200 431 "-" "Mozilla/5.0 (compatible; MJ12bot/v1.4.8; http://mj12bot.com/)" "www.brainbox.co.in"
188.165.212.137 - - [13/Sep/2022:23:55:39 -0700] "GET /?C=M;O=D// HTTP/1.1" 200 431 "-" "Mozilla/5.0 (compatible; MJ12bot/v1.4.8; http://mj12bot.com/)" "www.brainbox.co.in"
188.165.212.137 - - [13/Sep/2022:23:55:44 -0700] "GET /?C=N;O=A// HTTP/1.1" 200 432 "-" "Mozilla/5.0 (compatible; MJ12bot/v1.4.8; http://mj12bot.com/)" "www.brainbox.co.in"
188.165.212.137 - - [13/Sep/2022:23:55:46 -0700] "GET /?C=N;O=A// HTTP/1.1" 200 432 "-" "Mozilla/5.0 (compatible; MJ12bot/v1.4.8; http://mj12bot.com/)" "www.brainbox.co.in"
188.165.212.137 - - [13/Sep/2022:23:55:51 -0700] "GET /?C=N;O=D// HTTP/1.1" 200 432 "-" "Mozilla/5.0 (compatible; MJ12bot/v1.4.8; http://mj12bot.com/)" "www.brainbox.co.in"
188.165.212.137 - - [13/Sep/2022:23:55:52 -0700] "GET /?C=N;O=D/// HTTP/1.1" 200 432 "-" "Mozilla/5.0 (compatible; MJ12bot/v1.4.8; http://mj12bot.com/)" "www.brainbox.co.in"
188.165.212.137 - - [13/Sep/2022:23:55:56 -0700] "GET /?C=S;O=A// HTTP/1.1" 200 432 "-" "Mozilla/5.0 (compatible; MJ12bot/v1.4.8; http://mj12bot.com/)" "www.brainbox.co.in"
188.165.212.137 - - [13/Sep/2022:23:56:00 -0700] "GET /?C=S;O=A// HTTP/1.1" 200 432 "-" "Mozilla/5.0 (compatible; MJ12bot/v1.4.8; http://mj12bot.com/)" "www.brainbox.co.in"
114.119.145.163 - - [13/Sep/2022:23:56:03 -0700] "GET /PDFContent/03%20CBSE/02%20Class%20VII/Science/FIBRE%20TO%20FABRIC/?C=S%3BO%3DA HTTP/1.1" 200 621 "https://brainbox.co.in/PDFContent/03%20CBSE/02%20Class%20VII/Science/FIBRE%20TO%20FABRIC/?C=N%3BO%3DD" "Mozilla/5.0 (Linux; Android 7.0;) AppleWebKit/537.36 (KHTML, like Gecko) Mobile Safari/537.36 (compatible; PetalBot;+https://webmaster.petalsearch.com/site/petalbot)" "brainbox.co.in"
188.165.212.137 - - [13/Sep/2022:23:56:04 -0700] "GET /?C=S;O=D// HTTP/1.1" 200 432 "-" "Mozilla/5.0 (compatible; MJ12bot/v1.4.8; http://mj12bot.com/)" "www.brainbox.co.in"
188.165.212.137 - - [13/Sep/2022:23:56:06 -0700] "GET /?C=S;O=D// HTTP/1.1" 200 432 "-" "Mozilla/5.0 (compatible; MJ12bot/v1.4.8; http://mj12bot.com/)" "www.brainbox.co.in"
188.165.212.137 - - [13/Sep/2022:23:56:10 -0700] "GET /MyERP/?C=D;O=D HTTP/1.1" 200 310 "-" "Mozilla/5.0 (compatible; MJ12bot/v1.4.8; http://mj12bot.com/)" "www.brainbox.co.in"
188.165.212.137 - - [13/Sep/2022:23:56:13 -0700] "GET /MyERP/?C=D;O=D HTTP/1.1" 200 310 "-" "Mozilla/5.0 (compatible; MJ12bot/v1.4.8; http://mj12bot.com/)" "www.brainbox.co.in"
188.165.212.137 - - [13/Sep/2022:23:56:18 -0700] "GET /MyERP/?C=M;O=D HTTP/1.1" 200 310 "-" "Mozilla/5.0 (compatible; MJ12bot/v1.4.8; http://mj12bot.com/)" "www.brainbox.co.in"
188.165.212.137 - - [13/Sep/2022:23:56:20 -0700] "GET /MyERP/?C=M;O=D HTTP/1.1" 200 310 "-" "Mozilla/5.0 (compatible; MJ12bot/v1.4.8; http://mj12bot.com/)" "www.brainbox.co.in"
188.165.212.137 - - [13/Sep/2022:23:56:24 -0700] "GET /MyERP/?C=N;O=A HTTP/1.1" 200 312 "-" "Mozilla/5.0 (compatible; MJ12bot/v1.4.8; http://mj12bot.com/)" "www.brainbox.co.in"
188.165.212.137 - - [13/Sep/2022:23:56:26 -0700] "GET /MyERP/?C=N;O=A HTTP/1.1" 200 312 "-" "Mozilla/5.0 (compatible; MJ12bot/v1.4.8; http://mj12bot.com/)" "www.brainbox.co.in"
188.165.212.137 - - [13/Sep/2022:23:56:29 -0700] "GET /MyERP/?C=S;O=D HTTP/1.1" 200 310 "-" "Mozilla/5.0 (compatible; MJ12bot/v1.4.8; http://mj12bot.com/)" "www.brainbox.co.in"
