188.165.212.137 - - [13/Sep/2022:23:56:31 -0700] "GET /MyERP/?C=S;O=D HTTP/1.1" 200 310 "-" "Mozilla/5.0 (compatible; MJ12bot/v1.4.8; http://mj12bot.com/)" "www.brainbox.co.in"
188.165.212.137 - - [13/Sep/2022:23:56:33 -0700] "GET /SchoolERP/doc/html/_sources/bookmarks.txt HTTP/1.1" 200 1108 "-" "Mozilla/5.0 (compatible; MJ12bot/v1.4.8; http://mj12bot.com/)" "www.brainbox.co.in"
188.165.212.137 - - [13/Sep/2022:23:56:35 -0700] "GET /SchoolERP/doc/html/_sources/charts.txt HTTP/1.1" 200 1533 "-" "Mozilla/5.0 (compatible; MJ12bot/v1.4.8; http://mj12bot.com/)" "www.brainbox.co.in"
188.165.212.137 - - [13/Sep/2022:23:56:38 -0700] "GET /SchoolERP/doc/html/_sources/config.txt HTTP/1.1" 200 29466 "-" "Mozilla/5.0 (compatible; MJ12bot/v1.4.8; http://mj12bot.com/)" "www.brainbox.co.in"
188.165.212.137 - - [13/Sep/2022:23:56:41 -0700] "GET /SchoolERP/doc/html/_sources/config.txt HTTP/1.1" 200 29466 "-" "Mozilla/5.0 (compatible; MJ12bot/v1.4.8; http://mj12bot.com/)" "www.brainbox.co.in"
188.165.212.137 - - [13/Sep/2022:23:56:43 -0700] "GET /SchoolERP/doc/html/_sources/copyright.txt HTTP/1.1" 200 877 "-" "Mozilla/5.0 (compatible; MJ12bot/v1.4.8; http://mj12bot.com/)" "www.brainbox.co.in"
188.165.212.137 - - [13/Sep/2022:23:56:45 -0700] "GET /SchoolERP/doc/html/_sources/credits.txt HTTP/1.1" 200 9842 "-" "Mozilla/5.0 (compatible; MJ12bot/v1.4.8; http://mj12bot.com/)" "www.brainbox.co.in"
188.165.212.137 - - [13/Sep/2022:23:56:47 -0700] "GET /SchoolERP/doc/html/_sources/developers.txt HTTP/1.1" 200 257 "-" "Mozilla/5.0 (compatible; MJ12bot/v1.4.8; http://mj12bot.com/)" "www.brainbox.co.in"
188.165.212.137 - - [13/Sep/2022:23:56:49 -0700] "GET /SchoolERP/doc/html/_sources/faq.txt HTTP/1.1" 200 29938 "-" "Mozilla/5.0 (compatible; MJ12bot/v1.4.8; http://mj12bot.com/)" "www.brainbox.co.in"
188.165.212.137 - - [13/Sep/2022:23:56:52 -0700] "GET /SchoolERP/doc/html/_sources/glossary.txt HTTP/1.1" 200 4464 "-" "Mozilla/5.0 (compatible; MJ12bot/v1.4.8; http://mj12bot.com/)" "www.brainbox.co.in"
188.165.212.137 - - [13/Sep/2022:23:56:54 -0700] "GET /SchoolERP/doc/html/_sources/import_export.txt HTTP/1.1" 200 4161 "-" "Mozilla/5.0 (compatible; MJ12bot/v1.4.8; http://mj12bot.com/)" "www.brainbox.co.in"
188.165.212.137 - - [13/Sep/2022:23:56:58 -0700] "GET /SchoolERP/doc/html/_sources/index.txt HTTP/1.1" 200 349 "-" "Mozilla/5.0 (compatible; MJ12bot/v1.4.8; http://mj12bot.com/)" "www.brainbox.co.in"
188.165.212.137 - - [13/Sep/2022:23:57:00 -0700] "GET /SchoolERP/doc/html/_sources/index.txt HTTP/1.1" 200 349 "-" "Mozilla/5.0 (compatible; MJ12bot/v1.4.8; http://mj12bot.com/)" "www.brainbox.co.in"
188.165.212.137 - - [13/Sep/2022:23:57:04 -0700] "GET /SchoolERP/doc/html/_sources/intro.txt HTTP/1.1" 200 1483 "-" "Mozilla/5.0 (compatible; MJ12bot/v1.4.8; http://mj12bot.com/)" "www.brainbox.co.in"
188.165.212.137 - - [13/Sep/2022:23:57:07 -0700] "GET /SchoolERP/doc/html/_sources/intro.txt HTTP/1.1" 200 1483 "-" "Mozilla/5.0 (compatible; MJ12bot/v1.4.8; http://mj12bot.com/)" "www.brainbox.co.in"
188.165.212.137 - - [13/Sep/2022:23:57:09 -0700] "GET /SchoolERP/doc/html/_sources/other.txt HTTP/1.1" 200 519 "-" "Mozilla/5.0 (compatible; MJ12bot/v1.4.8; http://mj12bot.com/)" "www.brainbox.co.in"
188.165.212.137 - - [13/Sep/2022:23:57:11 -0700] "GET /SchoolERP/doc/html/_sources/privileges.txt HTTP/1.1" 200 1383 "-" "Mozilla/5.0 (compatible; MJ12bot/v1.4.8; http://mj12bot.com/)" "www.brainbox.co.in"
188.165.212.137 - - [13/Sep/2022:23:57:13 -0700] "GET /SchoolERP/doc/html/_sources/relations.txt HTTP/1.1" 200 1429 "-" "Mozilla/5.0 (compatible; MJ12bot/v1.4.8; http://mj12bot.com/)" "www.brainbox.co.in"
188.165.212.137 - - [13/Sep/2022:23:57:16 -0700] "GET /SchoolERP/doc/html/_sources/require.txt HTTP/1.1" 200 833 "-" "Mozilla/5.0 (compatible; MJ12bot/v1.4.8; http://mj12bot.com/)" "www.brainbox.co.in"
188.165.212.137 - - [13/Sep/2022:23:57:19 -0700] "GET /SchoolERP/doc/html/_sources/security.txt HTTP/1.1" 200 2054 "-" "Mozilla/5.0 (compatible; MJ12bot/v1.4.8; http://mj12bot.com/)" "www.brainbox.co.in"
188.165.212.137 - - [13/Sep/2022:23:57:25 -0700] "GET /SchoolERP/doc/html/_sources/settings.txt HTTP/1.1" 200 497 "-" "Mozilla/5.0 (compatible; MJ12bot/v1.4.8; http://mj12bot.com/)" "www.brainbox.co.in"
188.165.212.137 - - [13/Sep/2022:23:57:29 -0700] "GET /SchoolERP/doc/html/_sources/setup.txt HTTP/1.1" 200 13832 "-" "Mozilla/5.0 (compatible; MJ12bot/v1.4.8; http://mj12bot.com/)" "www.brainbox.co.in"
188.165.212.137 - - [13/Sep/2022:23:57:33 -0700] "GET /SchoolERP/doc/html/_sources/themes.txt HTTP/1.1" 200 1228 "-" "Mozilla/5.0 (compatible; MJ12bot/v1.4.8; http://mj12bot.com/)" "www.brainbox.co.in"
188.165.212.137 - - [13/Sep/2022:23:57:37 -0700] "GET /SchoolERP/doc/html/_sources/transformations.txt HTTP/1.1" 200 2639 "-" "Mozilla/5.0 (compatible; MJ12bot/v1.4.8; http://mj12bot.com/)" "www.brainbox.co.in"
188.165.212.137 - - [13/Sep/2022:23:57:41 -0700] "GET /SchoolERP/doc/html/_sources/two_factor.txt HTTP/1.1" 200 1283 "-" "Mozilla/5.0 (compatible; MJ12bot/v1.4.8; http://mj12bot.com/)" "www.brainbox.co.in"
188.165.212.137 - - [13/Sep/2022:23:57:44 -0700] "GET /SchoolERP/doc/html/_sources/user.txt HTTP/1.1" 200 144 "-" "Mozilla/5.0 (compatible; MJ12bot/v1.4.8; http://mj12bot.com/)" "www.brainbox.co.in"
188.165.212.137 - - [13/Sep/2022:23:57:48 -0700] "GET /SchoolERP/doc/html/_sources/vendors.txt HTTP/1.1" 200 633 "-" "Mozilla/5.0 (compatible; MJ12bot/v1.4.8; http://mj12bot.com/)" "www.brainbox.co.in"
188.165.212.137 - - [13/Sep/2022:23:57:57 -0700] "GET /SchoolERP/doc/html/bookmarks.html HTTP/1.1" 200 2948 "-" "Mozilla/5.0 (compatible; MJ12bot/v1.4.8; http://mj12bot.com/)" "www.brainbox.co.in"
188.165.212.137 - - [13/Sep/2022:23:58:04 -0700] "GET /SchoolERP/doc/html/bookmarks.html HTTP/1.1" 200 2948 "-" "Mozilla/5.0 (compatible; MJ12bot/v1.4.8; http://mj12bot.com/)" "www.brainbox.co.in"
188.165.212.137 - - [13/Sep/2022:23:58:12 -0700] "GET /SchoolERP/doc/html/charts.html HTTP/1.1" 200 3411 "-" "Mozilla/5.0 (compatible; MJ12bot/v1.4.8; http://mj12bot.com/)" "www.brainbox.co.in"
188.165.212.137 - - [13/Sep/2022:23:58:18 -0700] "GET /SchoolERP/doc/html/charts.html HTTP/1.1" 200 3411 "-" "Mozilla/5.0 (compatible; MJ12bot/v1.4.8; http://mj12bot.com/)" "www.brainbox.co.in"
188.165.212.137 - - [13/Sep/2022:23:58:28 -0700] "GET /SchoolERP/doc/html/config.html HTTP/1.1" 200 45243 "-" "Mozilla/5.0 (compatible; MJ12bot/v1.4.8; http://mj12bot.com/)" "www.brainbox.co.in"
188.165.212.137 - - [13/Sep/2022:23:58:32 -0700] "GET /SchoolERP/doc/html/config.html HTTP/1.1" 200 45243 "-" "Mozilla/5.0 (compatible; MJ12bot/v1.4.8; http://mj12bot.com/)" "www.brainbox.co.in"
188.165.212.137 - - [13/Sep/2022:23:58:43 -0700] "GET /SchoolERP/doc/html/copyright.html HTTP/1.1" 200 2308 "-" "Mozilla/5.0 (compatible; MJ12bot/v1.4.8; http://mj12bot.com/)" "www.brainbox.co.in"
188.165.212.137 - - [13/Sep/2022:23:58:46 -0700] "GET /SchoolERP/doc/html/copyright.html HTTP/1.1" 200 2308 "-" "Mozilla/5.0 (compatible; MJ12bot/v1.4.8; http://mj12bot.com/)" "www.brainbox.co.in"
188.165.212.137 - - [13/Sep/2022:23:58:54 -0700] "GET /SchoolERP/doc/html/credits.html HTTP/1.1" 200 12146 "-" "Mozilla/5.0 (compatible; MJ12bot/v1.4.8; http://mj12bot.com/)" "www.brainbox.co.in"
188.165.212.137 - - [13/Sep/2022:23:58:57 -0700] "GET /SchoolERP/doc/html/credits.html HTTP/1.1" 200 12146 "-" "Mozilla/5.0 (compatible; MJ12bot/v1.4.8; http://mj12bot.com/)" "www.brainbox.co.in"
188.165.212.137 - - [13/Sep/2022:23:59:02 -0700] "GET /SchoolERP/doc/html/developers.html HTTP/1.1" 200 1605 "-" "Mozilla/5.0 (compatible; MJ12bot/v1.4.8; http://mj12bot.com/)" "www.brainbox.co.in"
188.165.212.137 - - [13/Sep/2022:23:59:06 -0700] "GET /SchoolERP/doc/html/developers.html HTTP/1.1" 200 1605 "-" "Mozilla/5.0 (compatible; MJ12bot/v1.4.8; http://mj12bot.com/)" "www.brainbox.co.in"
188.165.212.137 - - [13/Sep/2022:23:59:13 -0700] "GET /SchoolERP/doc/html/faq.html HTTP/1.1" 200 48806 "-" "Mozilla/5.0 (compatible; MJ12bot/v1.4.8; http://mj12bot.com/)" "www.brainbox.co.in"
188.165.212.137 - - [13/Sep/2022:23:59:21 -0700] "GET /SchoolERP/doc/html/faq.html HTTP/1.1" 200 48806 "-" "Mozilla/5.0 (compatible; MJ12bot/v1.4.8; http://mj12bot.com/)" "www.brainbox.co.in"
188.165.212.137 - - [13/Sep/2022:23:59:34 -0700] "GET /SchoolERP/doc/html/genindex.html HTTP/1.1" 200 16241 "-" "Mozilla/5.0 (compatible; MJ12bot/v1.4.8; http://mj12bot.com/)" "www.brainbox.co.in"
188.165.212.137 - - [13/Sep/2022:23:59:41 -0700] "GET /SchoolERP/doc/html/genindex.html HTTP/1.1" 200 16241 "-" "Mozilla/5.0 (compatible; MJ12bot/v1.4.8; http://mj12bot.com/)" "www.brainbox.co.in"
188.165.212.137 - - [13/Sep/2022:23:59:50 -0700] "GET /SchoolERP/doc/html/glossary.html HTTP/1.1" 200 6836 "-" "Mozilla/5.0 (compatible; MJ12bot/v1.4.8; http://mj12bot.com/)" "www.brainbox.co.in"
188.165.212.137 - - [13/Sep/2022:23:59:55 -0700] "GET /SchoolERP/doc/html/glossary.html HTTP/1.1" 200 6836 "-" "Mozilla/5.0 (compatible; MJ12bot/v1.4.8; http://mj12bot.com/)" "www.brainbox.co.in"
188.165.212.137 - - [14/Sep/2022:00:00:06 -0700] "GET /SchoolERP/doc/html/import_export.html HTTP/1.1" 200 6790 "-" "Mozilla/5.0 (compatible; MJ12bot/v1.4.8; http://mj12bot.com/)" "www.brainbox.co.in"
188.165.212.137 - - [14/Sep/2022:00:00:09 -0700] "GET /SchoolERP/doc/html/import_export.html HTTP/1.1" 200 6790 "-" "Mozilla/5.0 (compatible; MJ12bot/v1.4.8; http://mj12bot.com/)" "www.brainbox.co.in"
188.165.212.137 - - [14/Sep/2022:00:00:15 -0700] "GET /SchoolERP/doc/html/intro.html HTTP/1.1" 200 3301 "-" "Mozilla/5.0 (compatible; MJ12bot/v1.4.8; http://mj12bot.com/)" "www.brainbox.co.in"
188.165.212.137 - - [14/Sep/2022:00:00:18 -0700] "GET /SchoolERP/doc/html/intro.html HTTP/1.1" 200 3301 "-" "Mozilla/5.0 (compatible; MJ12bot/v1.4.8; http://mj12bot.com/)" "www.brainbox.co.in"
188.165.212.137 - - [14/Sep/2022:00:00:25 -0700] "GET /SchoolERP/doc/html/other.html HTTP/1.1" 200 2074 "-" "Mozilla/5.0 (compatible; MJ12bot/v1.4.8; http://mj12bot.com/)" "www.brainbox.co.in"
188.165.212.137 - - [14/Sep/2022:00:00:28 -0700] "GET /SchoolERP/doc/html/other.html HTTP/1.1" 200 2074 "-" "Mozilla/5.0 (compatible; MJ12bot/v1.4.8; http://mj12bot.com/)" "www.brainbox.co.in"
188.165.212.137 - - [14/Sep/2022:00:00:35 -0700] "GET /SchoolERP/doc/html/privileges.html HTTP/1.1" 200 3080 "-" "Mozilla/5.0 (compatible; MJ12bot/v1.4.8; http://mj12bot.com/)" "www.brainbox.co.in"
188.165.212.137 - - [14/Sep/2022:00:00:38 -0700] "GET /SchoolERP/doc/html/privileges.html HTTP/1.1" 200 3080 "-" "Mozilla/5.0 (compatible; MJ12bot/v1.4.8; http://mj12bot.com/)" "www.brainbox.co.in"
188.165.212.137 - - [14/Sep/2022:00:00:44 -0700] "GET /SchoolERP/doc/html/relations.html HTTP/1.1" 200 3208 "-" "Mozilla/5.0 (compatible; MJ12bot/v1.4.8; http://mj12bot.com/)" "www.brainbox.co.in"
188.165.212.137 - - [14/Sep/2022:00:00:48 -0700] "GET /SchoolERP/doc/html/relations.html HTTP/1.1" 200 3208 "-" "Mozilla/5.0 (compatible; MJ12bot/v1.4.8; http://mj12bot.com/)" "www.brainbox.co.in"
188.165.212.137 - - [14/Sep/2022:00:00:57 -0700] "GET /SchoolERP/doc/html/require.html HTTP/1.1" 200 2506 "-" "Mozilla/5.0 (compatible; MJ12bot/v1.4.8; http://mj12bot.com/)" "www.brainbox.co.in"
188.165.212.137 - - [14/Sep/2022:00:01:00 -0700] "GET /SchoolERP/doc/html/require.html HTTP/1.1" 200 2506 "-" "Mozilla/5.0 (compatible; MJ12bot/v1.4.8; http://mj12bot.com/)" "www.brainbox.co.in"
188.165.212.137 - - [14/Sep/2022:00:01:09 -0700] "GET /SchoolERP/doc/html/search.html HTTP/1.1" 200 1293 "-" "Mozilla/5.0 (compatible; MJ12bot/v1.4.8; http://mj12bot.com/)" "www.brainbox.co.in"
188.165.212.137 - - [14/Sep/2022:00:01:12 -0700] "GET /SchoolERP/doc/html/search.html HTTP/1.1" 200 1293 "-" "Mozilla/5.0 (compatible; MJ12bot/v1.4.8; http://mj12bot.com/)" "www.brainbox.co.in"
188.165.212.137 - - [14/Sep/2022:00:01:20 -0700] "GET /SchoolERP/doc/html/security.html HTTP/1.1" 200 3809 "-" "Mozilla/5.0 (compatible; MJ12bot/v1.4.8; http://mj12bot.com/)" "www.brainbox.co.in"
188.165.212.137 - - [14/Sep/2022:00:01:24 -0700] "GET /SchoolERP/doc/html/security.html HTTP/1.1" 200 3809 "-" "Mozilla/5.0 (compatible; MJ12bot/v1.4.8; http://mj12bot.com/)" "www.brainbox.co.in"
188.165.212.137 - - [14/Sep/2022:00:01:30 -0700] "GET /SchoolERP/doc/html/settings.html HTTP/1.1" 200 1962 "-" "Mozilla/5.0 (compatible; MJ12bot/v1.4.8; http://mj12bot.com/)" "www.brainbox.co.in"
188.165.212.137 - - [14/Sep/2022:00:01:35 -0700] "GET /SchoolERP/doc/html/settings.html HTTP/1.1" 200 1962 "-" "Mozilla/5.0 (compatible; MJ12bot/v1.4.8; http://mj12bot.com/)" "www.brainbox.co.in"
188.165.212.137 - - [14/Sep/2022:00:01:44 -0700] "GET /SchoolERP/doc/html/setup.html HTTP/1.1" 200 23067 "-" "Mozilla/5.0 (compatible; MJ12bot/v1.4.8; http://mj12bot.com/)" "www.brainbox.co.in"
188.165.212.137 - - [14/Sep/2022:00:01:49 -0700] "GET /SchoolERP/doc/html/setup.html HTTP/1.1" 200 23067 "-" "Mozilla/5.0 (compatible; MJ12bot/v1.4.8; http://mj12bot.com/)" "www.brainbox.co.in"
188.165.212.137 - - [14/Sep/2022:00:01:54 -0700] "GET /SchoolERP/doc/html/themes.html HTTP/1.1" 200 3026 "-" "Mozilla/5.0 (compatible; MJ12bot/v1.4.8; http://mj12bot.com/)" "www.brainbox.co.in"
114.119.145.169 - - [14/Sep/2022:00:01:58 -0700] "GET /PDFContent/03%20CBSE/05%20Class%20X/Maths/CBSE_X_MATHS_LS04_QUADRATIC%20EQUATIONS_Relation%20Between%20The%20Roots%20And%20Coefficients_P11.pdf HTTP/1.1" 200 277661 "https://brainbox.co.in/PDFContent/03%20CBSE/05%20Class%20X/Maths/?C=D%3BO%3DA" "Mozilla/5.0 (Linux; Android 7.0;) AppleWebKit/537.36 (KHTML, like Gecko) Mobile Safari/537.36 (compatible; PetalBot;+https://webmaster.petalsearch.com/site/petalbot)" "brainbox.co.in"
188.165.212.137 - - [14/Sep/2022:00:02:00 -0700] "GET /SchoolERP/doc/html/transformations.html HTTP/1.1" 200 4373 "-" "Mozilla/5.0 (compatible; MJ12bot/v1.4.8; http://mj12bot.com/)" "www.brainbox.co.in"
188.165.212.137 - - [14/Sep/2022:00:02:04 -0700] "GET /SchoolERP/doc/html/transformations.html HTTP/1.1" 200 4373 "-" "Mozilla/5.0 (compatible; MJ12bot/v1.4.8; http://mj12bot.com/)" "www.brainbox.co.in"
188.165.212.137 - - [14/Sep/2022:00:02:13 -0700] "GET /SchoolERP/doc/html/two_factor.html HTTP/1.1" 200 2954 "-" "Mozilla/5.0 (compatible; MJ12bot/v1.4.8; http://mj12bot.com/)" "www.brainbox.co.in"
188.165.212.137 - - [14/Sep/2022:00:02:16 -0700] "GET /SchoolERP/doc/html/two_factor.html HTTP/1.1" 200 2954 "-" "Mozilla/5.0 (compatible; MJ12bot/v1.4.8; http://mj12bot.com/)" "www.brainbox.co.in"
188.165.212.137 - - [14/Sep/2022:00:02:40 -0700] "GET /SchoolERP/doc/html/user.html HTTP/1.1" 200 2121 "-" "Mozilla/5.0 (compatible; MJ12bot/v1.4.8; http://mj12bot.com/)" "www.brainbox.co.in"
188.165.212.137 - - [14/Sep/2022:00:02:44 -0700] "GET /SchoolERP/doc/html/user.html HTTP/1.1" 200 2121 "-" "Mozilla/5.0 (compatible; MJ12bot/v1.4.8; http://mj12bot.com/)" "www.brainbox.co.in"
188.165.212.137 - - [14/Sep/2022:00:02:50 -0700] "GET /SchoolERP/doc/html/vendors.html HTTP/1.1" 200 2082 "-" "Mozilla/5.0 (compatible; MJ12bot/v1.4.8; http://mj12bot.com/)" "www.brainbox.co.in"
188.165.212.137 - - [14/Sep/2022:00:02:55 -0700] "GET /SchoolERP/doc/html/vendors.html HTTP/1.1" 200 2082 "-" "Mozilla/5.0 (compatible; MJ12bot/v1.4.8; http://mj12bot.com/)" "www.brainbox.co.in"
188.165.212.137 - - [14/Sep/2022:00:03:02 -0700] "GET /Videos/?C=D;O=A// HTTP/1.1" 404 88 "-" "Mozilla/5.0 (compatible; MJ12bot/v1.4.8; http://mj12bot.com/)" "www.brainbox.co.in"
188.165.212.137 - - [14/Sep/2022:00:03:06 -0700] "GET /Videos/?C=D;O=A// HTTP/1.1" 404 88 "-" "Mozilla/5.0 (compatible; MJ12bot/v1.4.8; http://mj12bot.com/)" "www.brainbox.co.in"
188.165.212.137 - - [14/Sep/2022:00:03:13 -0700] "GET /Videos/?C=D;O=D// HTTP/1.1" 404 88 "-" "Mozilla/5.0 (compatible; MJ12bot/v1.4.8; http://mj12bot.com/)" "www.brainbox.co.in"
188.165.212.137 - - [14/Sep/2022:00:03:15 -0700] "GET /Videos/?C=D;O=D// HTTP/1.1" 404 88 "-" "Mozilla/5.0 (compatible; MJ12bot/v1.4.8; http://mj12bot.com/)" "www.brainbox.co.in"
188.165.212.137 - - [14/Sep/2022:00:03:24 -0700] "GET /Videos/?C=M;O=A// HTTP/1.1" 404 88 "-" "Mozilla/5.0 (compatible; MJ12bot/v1.4.8; http://mj12bot.com/)" "www.brainbox.co.in"
188.165.212.137 - - [14/Sep/2022:00:03:27 -0700] "GET /Videos/?C=M;O=A// HTTP/1.1" 404 88 "-" "Mozilla/5.0 (compatible; MJ12bot/v1.4.8; http://mj12bot.com/)" "www.brainbox.co.in"
188.165.212.137 - - [14/Sep/2022:00:03:33 -0700] "GET /Videos/?C=M;O=D// HTTP/1.1" 404 88 "-" "Mozilla/5.0 (compatible; MJ12bot/v1.4.8; http://mj12bot.com/)" "www.brainbox.co.in"
188.165.212.137 - - [14/Sep/2022:00:03:36 -0700] "GET /Videos/?C=M;O=D// HTTP/1.1" 404 88 "-" "Mozilla/5.0 (compatible; MJ12bot/v1.4.8; http://mj12bot.com/)" "www.brainbox.co.in"
188.165.212.137 - - [14/Sep/2022:00:03:45 -0700] "GET /Videos/?C=N;O=A// HTTP/1.1" 404 88 "-" "Mozilla/5.0 (compatible; MJ12bot/v1.4.8; http://mj12bot.com/)" "www.brainbox.co.in"
188.165.212.137 - - [14/Sep/2022:00:03:50 -0700] "GET /Videos/?C=N;O=A// HTTP/1.1" 404 88 "-" "Mozilla/5.0 (compatible; MJ12bot/v1.4.8; http://mj12bot.com/)" "www.brainbox.co.in"
188.165.212.137 - - [14/Sep/2022:00:03:56 -0700] "GET /Videos/?C=N;O=D// HTTP/1.1" 404 88 "-" "Mozilla/5.0 (compatible; MJ12bot/v1.4.8; http://mj12bot.com/)" "www.brainbox.co.in"
188.165.212.137 - - [14/Sep/2022:00:03:59 -0700] "GET /Videos/?C=N;O=D// HTTP/1.1" 404 88 "-" "Mozilla/5.0 (compatible; MJ12bot/v1.4.8; http://mj12bot.com/)" "www.brainbox.co.in"
188.165.212.137 - - [14/Sep/2022:00:04:05 -0700] "GET /Videos/?C=S;O=A// HTTP/1.1" 404 88 "-" "Mozilla/5.0 (compatible; MJ12bot/v1.4.8; http://mj12bot.com/)" "www.brainbox.co.in"
188.165.212.137 - - [14/Sep/2022:00:04:09 -0700] "GET /Videos/?C=S;O=A// HTTP/1.1" 404 88 "-" "Mozilla/5.0 (compatible; MJ12bot/v1.4.8; http://mj12bot.com/)" "www.brainbox.co.in"
188.165.212.137 - - [14/Sep/2022:00:04:15 -0700] "GET /Videos/?C=S;O=D// HTTP/1.1" 404 88 "-" "Mozilla/5.0 (compatible; MJ12bot/v1.4.8; http://mj12bot.com/)" "www.brainbox.co.in"
188.165.212.137 - - [14/Sep/2022:00:04:21 -0700] "GET /Videos/?C=S;O=D// HTTP/1.1" 404 88 "-" "Mozilla/5.0 (compatible; MJ12bot/v1.4.8; http://mj12bot.com/)" "www.brainbox.co.in"
114.119.145.160 - - [14/Sep/2022:00:08:06 -0700] "GET /PDFContent/03%20CBSE/02%20Class%20VII/Science/TEXTBOOK%20EXAMPLES/CLASS_VII_TEXT%20BOOK%20EXCERCISES_HEAT_TEXT%20BOOK%20EXCERCISES.pdf HTTP/1.1" 200 306343 "https://brainbox.co.in/PDFContent/03%20CBSE/02%20Class%20VII/Science/TEXTBOOK%20EXAMPLES/?C=D%3BO%3DA" "Mozilla/5.0 (Linux; Android 7.0;) AppleWebKit/537.36 (KHTML, like Gecko) Mobile Safari/537.36 (compatible; PetalBot;+https://webmaster.petalsearch.com/site/petalbot)" "brainbox.co.in"
51.222.253.8 - - [14/Sep/2022:00:09:27 -0700] "GET /PDFContent/01%20TSB/06%20Class%20XI/Sanskrit/?C=D;O=A HTTP/1.1" 200 354 "-" "Mozilla/5.0 (compatible; AhrefsBot/7.0; +http://ahrefs.com/robot/)" "brainbox.co.in"
114.119.145.160 - - [14/Sep/2022:00:13:50 -0700] "GET /PDFContent/04%20ICSE/07%20Class%20XII/Telugu/?C=N%3BO%3DD HTTP/1.1" 200 355 "https://brainbox.co.in/PDFContent/04%20ICSE/07%20Class%20XII/Telugu/" "Mozilla/5.0 (Linux; Android 7.0;) AppleWebKit/537.36 (KHTML, like Gecko) Mobile Safari/537.36 (compatible; PetalBot;+https://webmaster.petalsearch.com/site/petalbot)" "brainbox.co.in"
114.119.145.163 - - [14/Sep/2022:00:19:38 -0700] "GET /PDFContent/04%20ICSE/04%20Class%20IX/Hindi/?C=N%3BO%3DD HTTP/1.1" 200 350 "https://brainbox.co.in/PDFContent/04%20ICSE/04%20Class%20IX/Hindi/?C=D%3BO%3DA" "Mozilla/5.0 (Linux; Android 7.0;) AppleWebKit/537.36 (KHTML, like Gecko) Mobile Safari/537.36 (compatible; PetalBot;+https://webmaster.petalsearch.com/site/petalbot)" "brainbox.co.in"
51.222.253.8 - - [14/Sep/2022:00:22:48 -0700] "GET /PDFContent/04%20ICSE/01%20Class%20VI/English/ HTTP/1.1" 200 353 "-" "Mozilla/5.0 (compatible; AhrefsBot/7.0; +http://ahrefs.com/robot/)" "brainbox.co.in"
147.78.47.249 - - [14/Sep/2022:00:24:22 -0700] "GET /_ignition/health-check/ HTTP/1.1" 404 88 "http://brainbox.co.in/_ignition/health-check/" "Mozilla/5.0 (Windows NT 10.0; Win64; x64) AppleWebKit/537.36 (KHTML, like Gecko) Chrome/105.0.0.0 Safari/537.36" "brainbox.co.in"
147.78.47.249 - - [14/Sep/2022:00:24:25 -0700] "GET /public/_ignition/health-check/ HTTP/1.1" 404 88 "http://brainbox.co.in/public/_ignition/health-check/" "Mozilla/5.0 (Windows NT 10.0; Win64; x64) AppleWebKit/537.36 (KHTML, like Gecko) Chrome/105.0.0.0 Safari/537.36" "brainbox.co.in"
147.78.47.249 - - [14/Sep/2022:00:24:27 -0700] "GET /wp-includes/wlwmanifest.xml HTTP/1.1" 404 88 "http://brainbox.co.in/wp-includes/wlwmanifest.xml" "Mozilla/5.0 (Windows NT 10.0; Win64; x64) AppleWebKit/537.36 (KHTML, like Gecko) Chrome/105.0.0.0 Safari/537.36" "brainbox.co.in"
114.119.145.174 - - [14/Sep/2022:00:25:29 -0700] "GET /PDFContent/03%20CBSE/03%20Class%20VIII/Chemistry/CHEMICAL%20EFFECTS%20OF%20ELECTRIC%20CURRENT/Chemical%20Effects%20of%20Electric%20current_Classification%20of%20Materials_T01.pdf HTTP/1.1" 200 125964 "https://brainbox.co.in/PDFContent/03%20CBSE/03%20Class%20VIII/Chemistry/CHEMICAL%20EFFECTS%20OF%20ELECTRIC%20CURRENT/" "Mozilla/5.0 (Linux; Android 7.0;) AppleWebKit/537.36 (KHTML, like Gecko) Mobile Safari/537.36 (compatible; PetalBot;+https://webmaster.petalsearch.com/site/petalbot)" "brainbox.co.in"
114.119.145.175 - - [14/Sep/2022:00:31:45 -0700] "GET /PDFContent/01%20TSB/03%20Class%20VIII/Telugu/?C=S%3BO%3DA HTTP/1.1" 200 404 "https://brainbox.co.in/PDFContent/01%20TSB/03%20Class%20VIII/Telugu/?C=D%3BO%3DA" "Mozilla/5.0 (Linux; Android 7.0;) AppleWebKit/537.36 (KHTML, like Gecko) Mobile Safari/537.36 (compatible; PetalBot;+https://webmaster.petalsearch.com/site/petalbot)" "brainbox.co.in"
51.222.253.8 - - [14/Sep/2022:00:35:48 -0700] "GET /PDFContent/04%20ICSE/01%20Class%20VI/Maths/ HTTP/1.1" 200 352 "-" "Mozilla/5.0 (compatible; AhrefsBot/7.0; +http://ahrefs.com/robot/)" "brainbox.co.in"
114.119.145.174 - - [14/Sep/2022:00:37:42 -0700] "GET /PDFContent/01%20TSB/03%20Class%20VIII/English/LS6C/TSB_VIII_ENGLISH_LS06C_MAESTRO%20WITH%20A%20MISSION_Glossary.pdf HTTP/1.1" 200 251975 "https://brainbox.co.in/PDFContent/01%20TSB/03%20Class%20VIII/English/LS6C/" "Mozilla/5.0 (Linux; Android 7.0;) AppleWebKit/537.36 (KHTML, like Gecko) Mobile Safari/537.36 (compatible; PetalBot;+https://webmaster.petalsearch.com/site/petalbot)" "brainbox.co.in"
114.119.145.163 - - [14/Sep/2022:00:43:01 -0700] "GET /PDFContent/03%20CBSE/06%20Class%20XI/Maths/QUADRATIC%20EQUATIONS/ HTTP/1.1" 200 781 "https://brainbox.co.in/PDFContent/03%20CBSE/06%20Class%20XI/Maths/?C=N%3BO%3DD" "Mozilla/5.0 (Linux; Android 7.0;) AppleWebKit/537.36 (KHTML, like Gecko) Mobile Safari/537.36 (compatible; PetalBot;+https://webmaster.petalsearch.com/site/petalbot)" "brainbox.co.in"
51.222.253.9 - - [14/Sep/2022:00:48:04 -0700] "GET /PDFContent/04%20ICSE/01%20Class%20VI/Physics/ HTTP/1.1" 200 353 "-" "Mozilla/5.0 (compatible; AhrefsBot/7.0; +http://ahrefs.com/robot/)" "brainbox.co.in"
114.119.145.187 - - [14/Sep/2022:00:48:52 -0700] "GET /taskdiary/?C=S%3BO%3DA HTTP/1.1" 200 314 "https://brainbox.co.in/taskdiary/?C=M%3BO%3DA" "Mozilla/5.0 (Linux; Android 7.0;) AppleWebKit/537.36 (KHTML, like Gecko) Mobile Safari/537.36 (compatible; PetalBot;+https://webmaster.petalsearch.com/site/petalbot)" "brainbox.co.in"
51.222.253.9 - - [14/Sep/2022:00:54:38 -0700] "GET /PDFContent/04%20ICSE/01%20Class%20VI/Chemistry/ HTTP/1.1" 200 355 "-" "Mozilla/5.0 (compatible; AhrefsBot/7.0; +http://ahrefs.com/robot/)" "brainbox.co.in"
114.119.145.175 - - [14/Sep/2022:00:54:43 -0700] "GET /PDFContent/03%20CBSE/04%20Class%20IX/Biology/?C=M%3BO%3DA HTTP/1.1" 200 917 "https://brainbox.co.in/PDFContent/03%20CBSE/04%20Class%20IX/Biology/?C=D%3BO%3DA" "Mozilla/5.0 (Linux; Android 7.0;) AppleWebKit/537.36 (KHTML, like Gecko) Mobile Safari/537.36 (compatible; PetalBot;+https://webmaster.petalsearch.com/site/petalbot)" "brainbox.co.in"
114.119.145.163 - - [14/Sep/2022:01:00:29 -0700] "GET /PDFContent/03%20CBSE/03%20Class%20VIII/Biology/Reproduction%20in%20Animals/Female%20Reproductive%20system.pdf HTTP/1.1" 200 450125 "https://brainbox.co.in/PDFContent/03%20CBSE/03%20Class%20VIII/Biology/Reproduction%20in%20Animals/?C=N%3BO%3DD" "Mozilla/5.0 (Linux; Android 7.0;) AppleWebKit/537.36 (KHTML, like Gecko) Mobile Safari/537.36 (compatible; PetalBot;+https://webmaster.petalsearch.com/site/petalbot)" "brainbox.co.in"
51.222.253.9 - - [14/Sep/2022:01:01:05 -0700] "GET /PDFContent/01%20TSB/05%20Class%20X/English/OR%20WILL%20THE%20DREAMER%20WAKE/?C=N;O=D HTTP/1.1" 200 542 "-" "Mozilla/5.0 (compatible; AhrefsBot/7.0; +http://ahrefs.com/robot/)" "brainbox.co.in"
114.119.145.160 - - [14/Sep/2022:01:06:15 -0700] "GET /PDFContent/01%20TSB/02%20Class%20VII/Science/ACIDS%20AND%20BASES/?C=M%3BO%3DA HTTP/1.1" 200 511 "https://brainbox.co.in/PDFContent/01%20TSB/02%20Class%20VII/Science/ACIDS%20AND%20BASES/?C=D%3BO%3DA" "Mozilla/5.0 (Linux; Android 7.0;) AppleWebKit/537.36 (KHTML, like Gecko) Mobile Safari/537.36 (compatible; PetalBot;+https://webmaster.petalsearch.com/site/petalbot)" "brainbox.co.in"
51.222.253.19 - - [14/Sep/2022:01:06:30 -0700] "GET /PDFContent/01%20TSB/06%20Class%20XI/Sanskrit/?C=M;O=A HTTP/1.1" 200 354 "-" "Mozilla/5.0 (compatible; AhrefsBot/7.0; +http://ahrefs.com/robot/)" "brainbox.co.in"
51.222.253.2 - - [14/Sep/2022:01:17:34 -0700] "GET /PDFContent/SPECIAL%20CROUSE/Part%201%20Grammar%20Essentials/STD_III/?C=N;O=D HTTP/1.1" 200 668 "-" "Mozilla/5.0 (compatible; AhrefsBot/7.0; +http://ahrefs.com/robot/)" "brainbox.co.in"
114.119.145.174 - - [14/Sep/2022:01:17:52 -0700] "GET /PDFContent/03%20CBSE/06%20Class%20XI/Chemistry/HYDROCARBONS/Hydrocarbons_T06_Preparation%20of%20alkanes.pdf HTTP/1.1" 200 273895 "https://brainbox.co.in/PDFContent/03%20CBSE/06%20Class%20XI/Chemistry/HYDROCARBONS/?C=M%3BO%3DA" "Mozilla/5.0 (Linux; Android 7.0;) AppleWebKit/537.36 (KHTML, like Gecko) Mobile Safari/537.36 (compatible; PetalBot;+https://webmaster.petalsearch.com/site/petalbot)" "brainbox.co.in"
114.119.145.169 - - [14/Sep/2022:01:23:32 -0700] "GET /PDFContent/02%20APSB/05%20Class%20X/Hindi/?C=D%3BO%3DA HTTP/1.1" 200 351 "https://brainbox.co.in/PDFContent/02%20APSB/05%20Class%20X/Hindi/" "Mozilla/5.0 (Linux; Android 7.0;) AppleWebKit/537.36 (KHTML, like Gecko) Mobile Safari/537.36 (compatible; PetalBot;+https://webmaster.petalsearch.com/site/petalbot)" "brainbox.co.in"
51.222.253.4 - - [14/Sep/2022:01:23:37 -0700] "GET /PDFContent/01%20TSB/05%20Class%20X/Chemistry/ HTTP/1.1" 200 354 "-" "Mozilla/5.0 (compatible; AhrefsBot/7.0; +http://ahrefs.com/robot/)" "brainbox.co.in"
51.222.253.4 - - [14/Sep/2022:01:29:54 -0700] "GET /PDFContent/01%20TSB/05%20Class%20X/Maths/ HTTP/1.1" 200 351 "-" "Mozilla/5.0 (compatible; AhrefsBot/7.0; +http://ahrefs.com/robot/)" "brainbox.co.in"
114.119.145.169 - - [14/Sep/2022:01:29:57 -0700] "GET /PDFContent/Beetle/CLASS%20II/EVS/ HTTP/1.1" 200 649 "https://brainbox.co.in/PDFContent/Beetle/CLASS%20II/?C=S%3BO%3DA" "Mozilla/5.0 (Linux; Android 7.0;) AppleWebKit/537.36 (KHTML, like Gecko) Mobile Safari/537.36 (compatible; PetalBot;+https://webmaster.petalsearch.com/site/petalbot)" "brainbox.co.in"
114.119.145.169 - - [14/Sep/2022:01:35:30 -0700] "GET /PDFContent/Beetle/CLASS%20II/ENGLISH%20SEM%202/Lesson%205%20-%20A%20visit%20to%20fairyland.pdf HTTP/1.1" 200 133104 "https://brainbox.co.in/PDFContent/Beetle/CLASS%20II/ENGLISH%20SEM%202/?C=M%3BO%3DA" "Mozilla/5.0 (Linux; Android 7.0;) AppleWebKit/537.36 (KHTML, like Gecko) Mobile Safari/537.36 (compatible; PetalBot;+https://webmaster.petalsearch.com/site/petalbot)" "brainbox.co.in"
51.222.253.12 - - [14/Sep/2022:01:36:20 -0700] "GET /PDFContent/01%20TSB/05%20Class%20X/English/THE%20STOREYED%20HOUSE%20P1/?C=N;O=D HTTP/1.1" 200 546 "-" "Mozilla/5.0 (compatible; AhrefsBot/7.0; +http://ahrefs.com/robot/)" "brainbox.co.in"
114.119.145.174 - - [14/Sep/2022:01:41:30 -0700] "GET /PDFContent/03%20CBSE/06%20Class%20XI/Maths/?C=S%3BO%3DA HTTP/1.1" 200 944 "https://brainbox.co.in/PDFContent/03%20CBSE/06%20Class%20XI/Maths/?C=N%3BO%3DD" "Mozilla/5.0 (Linux; Android 7.0;) AppleWebKit/537.36 (KHTML, like Gecko) Mobile Safari/537.36 (compatible; PetalBot;+https://webmaster.petalsearch.com/site/petalbot)" "brainbox.co.in"
51.222.253.19 - - [14/Sep/2022:01:42:36 -0700] "GET /PDFContent/02%20APSB/06%20Class%20XI/?C=M;O=D HTTP/1.1" 200 462 "-" "Mozilla/5.0 (compatible; AhrefsBot/7.0; +http://ahrefs.com/robot/)" "brainbox.co.in"
114.119.145.160 - - [14/Sep/2022:01:47:34 -0700] "GET /PDFContent/03%20CBSE/04%20Class%20IX/Biology/Fundamental%20Unit%20of%20Life/Shape%20and%20Size%20of%20Cell HTTP/1.1" 200 244467 "https://brainboxschool.com/material/CBSE/IX/Biology/THE_FUNDAMENTAL_UNIT_OF_LIFE.html" "Mozilla/5.0 (Linux; Android 7.0;) AppleWebKit/537.36 (KHTML, like Gecko) Mobile Safari/537.36 (compatible; PetalBot;+https://webmaster.petalsearch.com/site/petalbot)" "brainbox.co.in"
51.222.253.19 - - [14/Sep/2022:01:47:39 -0700] "GET /robots.txt HTTP/1.1" 404 88 "-" "Mozilla/5.0 (compatible; AhrefsBot/7.0; +http://ahrefs.com/robot/)" "brainbox.co.in"
114.119.145.169 - - [14/Sep/2022:01:52:24 -0700] "GET /PDFContent/03%20CBSE/07%20Class%20XII/Maths/CBSE_XII_MATHS_LS12_LINEAR%20PROGRAMMING_EXAMPLE_4.pdf HTTP/1.1" 200 292448 "https://brainbox.co.in/PDFContent/03%20CBSE/07%20Class%20XII/Maths/?C=D%3BO%3DA" "Mozilla/5.0 (Linux; Android 7.0;) AppleWebKit/537.36 (KHTML, like Gecko) Mobile Safari/537.36 (compatible; PetalBot;+https://webmaster.petalsearch.com/site/petalbot)" "brainbox.co.in"
54.176.56.147 - - [14/Sep/2022:01:52:34 -0700] "GET /~richard/templates/beez/US/uk/paypal/login.htm HTTP/1.1" 404 73 "-" "Mozilla/5.0 (Macintosh; Intel Mac OS X 10_10_5) AppleWebKit/537.36 (KHTML, like Gecko) Chrome/52.0.2743.116 Safari/537.36" "brainbox.co.in"
114.119.145.175 - - [14/Sep/2022:01:57:58 -0700] "GET /PDFContent/Beetle/CLASS%20V/MATHEMATICS/SEM%202/ HTTP/1.1" 200 608 "https://brainbox.co.in/PDFContent/Beetle/CLASS%20V/MATHEMATICS/?C=M%3BO%3DA" "Mozilla/5.0 (Linux; Android 7.0;) AppleWebKit/537.36 (KHTML, like Gecko) Mobile Safari/537.36 (compatible; PetalBot;+https://webmaster.petalsearch.com/site/petalbot)" "brainbox.co.in"
51.222.253.6 - - [14/Sep/2022:02:00:29 -0700] "GET /PDFContent/01%20TSB/06%20Class%20XI/Sanskrit/?C=S;O=A HTTP/1.1" 200 354 "-" "Mozilla/5.0 (compatible; AhrefsBot/7.0; +http://ahrefs.com/robot/)" "brainbox.co.in"
114.119.145.175 - - [14/Sep/2022:02:03:38 -0700] "GET /PDFContent/Beetle/CLASS%20I/EVS/Lesson%207.%20my%20school.pdf HTTP/1.1" 200 91605 "https://brainbox.co.in/PDFContent/Beetle/CLASS%20I/EVS/?C=M%3BO%3DA" "Mozilla/5.0 (Linux; Android 7.0;) AppleWebKit/537.36 (KHTML, like Gecko) Mobile Safari/537.36 (compatible; PetalBot;+https://webmaster.petalsearch.com/site/petalbot)" "brainbox.co.in"
114.119.145.169 - - [14/Sep/2022:02:09:13 -0700] "GET /PDFContent/03%20CBSE/07%20Class%20XII/Physics/CURRENT%20ELECTRICITY/ HTTP/1.1" 200 650 "https://brainbox.co.in/PDFContent/03%20CBSE/07%20Class%20XII/Physics/?C=D%3BO%3DA" "Mozilla/5.0 (Linux; Android 7.0;) AppleWebKit/537.36 (KHTML, like Gecko) Mobile Safari/537.36 (compatible; PetalBot;+https://webmaster.petalsearch.com/site/petalbot)" "brainbox.co.in"
51.222.253.1 - - [14/Sep/2022:02:11:38 -0700] "GET /PDFContent/02%20APSB/01%20Class%20VI/Chemistry/?C=M;O=A HTTP/1.1" 200 355 "-" "Mozilla/5.0 (compatible; AhrefsBot/7.0; +http://ahrefs.com/robot/)" "brainbox.co.in"
114.119.135.132 - - [14/Sep/2022:02:15:02 -0700] "GET /PDFContent/03%20CBSE/02%20Class%20VII/English/CBSEBoard_English_VII_LS2_KEYPOINTS.pdf HTTP/1.1" 200 198858 "https://brainbox.co.in/PDFContent/03%20CBSE/02%20Class%20VII/English/?C=S%3BO%3DA" "Mozilla/5.0 (Linux; Android 7.0;) AppleWebKit/537.36 (KHTML, like Gecko) Mobile Safari/537.36 (compatible; PetalBot;+https://webmaster.petalsearch.com/site/petalbot)" "brainbox.co.in"
114.119.145.163 - - [14/Sep/2022:02:20:39 -0700] "GET /PDFContent/02%20APSB/04%20Class%20IX/Sanskrit/ HTTP/1.1" 200 355 "https://brainbox.co.in/PDFContent/02%20APSB/04%20Class%20IX/?C=M%3BO%3DA" "Mozilla/5.0 (Linux; Android 7.0;) AppleWebKit/537.36 (KHTML, like Gecko) Mobile Safari/537.36 (compatible; PetalBot;+https://webmaster.petalsearch.com/site/petalbot)" "brainbox.co.in"
51.222.253.4 - - [14/Sep/2022:02:22:44 -0700] "GET /PDFContent/02%20APSB/06%20Class%20XI/?C=S;O=D HTTP/1.1" 200 462 "-" "Mozilla/5.0 (compatible; AhrefsBot/7.0; +http://ahrefs.com/robot/)" "brainbox.co.in"
114.119.145.187 - - [14/Sep/2022:02:26:12 -0700] "GET /PDFContent/01%20TSB/02%20Class%20VII/English/TSBoard_English_VII_LS2A_Questions_and_Answers.pdf HTTP/1.1" 200 199349 "https://brainbox.co.in/PDFContent/01%20TSB/02%20Class%20VII/English/?C=S%3BO%3DA" "Mozilla/5.0 (Linux; Android 7.0;) AppleWebKit/537.36 (KHTML, like Gecko) Mobile Safari/537.36 (compatible; PetalBot;+https://webmaster.petalsearch.com/site/petalbot)" "brainbox.co.in"
114.119.145.163 - - [14/Sep/2022:02:31:58 -0700] "GET /PDFContent/03%20CBSE/06%20Class%20XI/Chemistry/?C=S%3BO%3DA HTTP/1.1" 200 485 "https://brainbox.co.in/PDFContent/03%20CBSE/06%20Class%20XI/Chemistry/" "Mozilla/5.0 (Linux; Android 7.0;) AppleWebKit/537.36 (KHTML, like Gecko) Mobile Safari/537.36 (compatible; PetalBot;+https://webmaster.petalsearch.com/site/petalbot)" "brainbox.co.in"
51.222.253.8 - - [14/Sep/2022:02:33:46 -0700] "GET /PDFContent/02%20APSB/04%20Class%20IX/?C=S;O=D HTTP/1.1" 200 462 "-" "Mozilla/5.0 (compatible; AhrefsBot/7.0; +http://ahrefs.com/robot/)" "brainbox.co.in"
114.119.145.163 - - [14/Sep/2022:02:37:28 -0700] "GET /PDFContent/02%20APSB/06%20Class%20XI/Hindi/ HTTP/1.1" 200 353 "https://brainbox.co.in/PDFContent/02%20APSB/06%20Class%20XI/?C=D%3BO%3DA" "Mozilla/5.0 (Linux; Android 7.0;) AppleWebKit/537.36 (KHTML, like Gecko) Mobile Safari/537.36 (compatible; PetalBot;+https://webmaster.petalsearch.com/site/petalbot)" "brainbox.co.in"
114.119.145.169 - - [14/Sep/2022:02:48:46 -0700] "GET /PDFContent/04%20ICSE/02%20Class%20VII/Hindi/?C=D%3BO%3DA HTTP/1.1" 200 353 "https://brainbox.co.in/PDFContent/04%20ICSE/02%20Class%20VII/Hindi/?C=N%3BO%3DD" "Mozilla/5.0 (Linux; Android 7.0;) AppleWebKit/537.36 (KHTML, like Gecko) Mobile Safari/537.36 (compatible; PetalBot;+https://webmaster.petalsearch.com/site/petalbot)" "brainbox.co.in"
114.119.145.169 - - [14/Sep/2022:02:54:14 -0700] "GET /PDFContent/03%20CBSE/04%20Class%20IX/Chemistry/STRUCTURE%20OF%20ATOM/ HTTP/1.1" 200 634 "https://brainbox.co.in/PDFContent/03%20CBSE/04%20Class%20IX/Chemistry/?C=S%3BO%3DA" "Mozilla/5.0 (Linux; Android 7.0;) AppleWebKit/537.36 (KHTML, like Gecko) Mobile Safari/537.36 (compatible; PetalBot;+https://webmaster.petalsearch.com/site/petalbot)" "brainbox.co.in"
51.222.253.16 - - [14/Sep/2022:02:58:45 -0700] "GET /PDFContent/SPECIAL%20CROUSE/Part%201%20Grammar%20Essentials/STD_IX/?C=N;O=A HTTP/1.1" 200 501 "-" "Mozilla/5.0 (compatible; AhrefsBot/7.0; +http://ahrefs.com/robot/)" "brainbox.co.in"
114.119.145.175 - - [14/Sep/2022:02:59:48 -0700] "GET /PDFContent/01%20TSB/03%20Class%20VIII/Biology/THE%20WORLD%20OF%20MICRO%20ORGANISMS/The%20World%20of%20Microorganisms_T02_Harmful%20Microorganisms.pdf HTTP/1.1" 200 583972 "https://brainbox.co.in/PDFContent/01%20TSB/03%20Class%20VIII/Biology/THE%20WORLD%20OF%20MICRO%20ORGANISMS/?C=D%3BO%3DA" "Mozilla/5.0 (Linux; Android 7.0;) AppleWebKit/537.36 (KHTML, like Gecko) Mobile Safari/537.36 (compatible; PetalBot;+https://webmaster.petalsearch.com/site/petalbot)" "brainbox.co.in"
114.119.145.175 - - [14/Sep/2022:03:05:16 -0700] "GET /PDFContent/02%20APSB/02%20Class%20VII/Sanskrit/ HTTP/1.1" 200 354 "https://brainbox.co.in/PDFContent/02%20APSB/02%20Class%20VII/?C=D%3BO%3DA" "Mozilla/5.0 (Linux; Android 7.0;) AppleWebKit/537.36 (KHTML, like Gecko) Mobile Safari/537.36 (compatible; PetalBot;+https://webmaster.petalsearch.com/site/petalbot)" "brainbox.co.in"
66.249.79.64 - - [14/Sep/2022:03:07:59 -0700] "GET /robots.txt HTTP/1.1" 404 88 "-" "Mozilla/5.0 (compatible; Googlebot/2.1; +http://www.google.com/bot.html)" "brainbox.co.in"
66.249.79.92 - - [14/Sep/2022:03:08:28 -0700] "GET /ads.txt HTTP/1.1" 404 88 "-" "Mozilla/5.0 (compatible; Googlebot/2.1; +http://www.google.com/bot.html)" "brainbox.co.in"
114.119.145.169 - - [14/Sep/2022:03:10:57 -0700] "GET /PDFContent/01%20TSB/03%20Class%20VIII/English/LS7A/TSB_VIII_ENGLISH_LS07A_BONSAILIFE_P1_assignmnet.pdf HTTP/1.1" 200 231511 "https://brainbox.co.in/PDFContent/01%20TSB/03%20Class%20VIII/English/LS7A/?C=M%3BO%3DA" "Mozilla/5.0 (Linux; Android 7.0;) AppleWebKit/537.36 (KHTML, like Gecko) Mobile Safari/537.36 (compatible; PetalBot;+https://webmaster.petalsearch.com/site/petalbot)" "brainbox.co.in"
114.119.145.169 - - [14/Sep/2022:03:16:22 -0700] "GET /PDFContent/03%20CBSE/04%20Class%20IX/Maths/?C=M%3BO%3DA HTTP/1.1" 200 941 "https://brainbox.co.in/PDFContent/03%20CBSE/04%20Class%20IX/Maths/?C=S%3BO%3DA" "Mozilla/5.0 (Linux; Android 7.0;) AppleWebKit/537.36 (KHTML, like Gecko) Mobile Safari/537.36 (compatible; PetalBot;+https://webmaster.petalsearch.com/site/petalbot)" "brainbox.co.in"
114.119.135.132 - - [14/Sep/2022:03:21:59 -0700] "GET /PDFContent/03%20CBSE/04%20Class%20IX/Maths/LINEAR%20EQUATIONS%20IN%20TWO%20VARIABLES/CBSE_IX_MATHS_LS04_LINEAR%20EQUATIONS%20IN%20%20TWO%20VARIABLES_EQUATION%20OF%20LINES%20PARALLEL%20TO%20Y-AXIS_A.pdf HTTP/1.1" 200 461141 "https://brainbox.co.in/PDFContent/03%20CBSE/04%20Class%20IX/Maths/LINEAR%20EQUATIONS%20IN%20TWO%20VARIABLES/?C=N%3BO%3DD" "Mozilla/5.0 (Linux; Android 7.0;) AppleWebKit/537.36 (KHTML, like Gecko) Mobile Safari/537.36 (compatible; PetalBot;+https://webmaster.petalsearch.com/site/petalbot)" "brainbox.co.in"
114.119.145.169 - - [14/Sep/2022:03:28:04 -0700] "GET /PDFContent/03%20CBSE/07%20Class%20XII/Physics/CURRENT%20ELECTRICITY/Current%20Electricity_T08_Combination%20of%20resistors.pdf HTTP/1.1" 200 344701 "https://brainbox.co.in/PDFContent/03%20CBSE/07%20Class%20XII/Physics/CURRENT%20ELECTRICITY/?C=D%3BO%3DA" "Mozilla/5.0 (Linux; Android 7.0;) AppleWebKit/537.36 (KHTML, like Gecko) Mobile Safari/537.36 (compatible; PetalBot;+https://webmaster.petalsearch.com/site/petalbot)" "brainbox.co.in"
114.119.145.174 - - [14/Sep/2022:03:33:15 -0700] "GET /PDFContent/03%20CBSE/04%20Class%20IX/Telugu/?C=M%3BO%3DA HTTP/1.1" 200 354 "https://brainbox.co.in/PDFContent/03%20CBSE/04%20Class%20IX/Telugu/?C=N%3BO%3DD" "Mozilla/5.0 (Linux; Android 7.0;) AppleWebKit/537.36 (KHTML, like Gecko) Mobile Safari/537.36 (compatible; PetalBot;+https://webmaster.petalsearch.com/site/petalbot)" "brainbox.co.in"
114.119.145.160 - - [14/Sep/2022:03:38:54 -0700] "GET /PDFContent/03%20CBSE/02%20Class%20VII/Science/ELECTRIC%20CURRENT%20AND%20ITS%20EFFECTS/?C=M%3BO%3DA HTTP/1.1" 200 630 "https://brainbox.co.in/PDFContent/03%20CBSE/02%20Class%20VII/Science/ELECTRIC%20CURRENT%20AND%20ITS%20EFFECTS/?C=D%3BO%3DA" "Mozilla/5.0 (Linux; Android 7.0;) AppleWebKit/537.36 (KHTML, like Gecko) Mobile Safari/537.36 (compatible; PetalBot;+https://webmaster.petalsearch.com/site/petalbot)" "brainbox.co.in"
114.119.145.163 - - [14/Sep/2022:03:44:27 -0700] "GET /PDFContent/Beetle/CLASS%20V/MATHEMATICS/SEM%201/Lesson%205.%20Decimals.pdf HTTP/1.1" 200 112975 "https://brainbox.co.in/PDFContent/Beetle/CLASS%20V/MATHEMATICS/SEM%201/?C=D%3BO%3DA" "Mozilla/5.0 (Linux; Android 7.0;) AppleWebKit/537.36 (KHTML, like Gecko) Mobile Safari/537.36 (compatible; PetalBot;+https://webmaster.petalsearch.com/site/petalbot)" "brainbox.co.in"
51.222.253.4 - - [14/Sep/2022:03:47:26 -0700] "GET /PDFContent/SPECIAL%20CROUSE/Part%201%20Grammar%20Essentials/STD_V/?C=S;O=D HTTP/1.1" 200 497 "-" "Mozilla/5.0 (compatible; AhrefsBot/7.0; +http://ahrefs.com/robot/)" "brainbox.co.in"
114.119.145.175 - - [14/Sep/2022:03:50:03 -0700] "GET /PDFContent/01%20TSB/02%20Class%20VII/?C=D%3BO%3DA HTTP/1.1" 200 505 "https://brainbox.co.in/PDFContent/01%20TSB/02%20Class%20VII/" "Mozilla/5.0 (Linux; Android 7.0;) AppleWebKit/537.36 (KHTML, like Gecko) Mobile Safari/537.36 (compatible; PetalBot;+https://webmaster.petalsearch.com/site/petalbot)" "brainbox.co.in"
114.119.145.174 - - [14/Sep/2022:03:55:38 -0700] "GET /PDFContent/02%20APSB/07%20Class%20XII/Sanskrit/ HTTP/1.1" 200 356 "https://brainbox.co.in/PDFContent/02%20APSB/07%20Class%20XII/?C=M%3BO%3DA" "Mozilla/5.0 (Linux; Android 7.0;) AppleWebKit/537.36 (KHTML, like Gecko) Mobile Safari/537.36 (compatible; PetalBot;+https://webmaster.petalsearch.com/site/petalbot)" "brainbox.co.in"
114.119.145.187 - - [14/Sep/2022:04:01:19 -0700] "GET /PDFContent/04%20ICSE/06%20Class%20XI/Telugu/?C=M%3BO%3DA HTTP/1.1" 200 355 "https://brainbox.co.in/PDFContent/04%20ICSE/06%20Class%20XI/Telugu/?C=S%3BO%3DA" "Mozilla/5.0 (Linux; Android 7.0;) AppleWebKit/537.36 (KHTML, like Gecko) Mobile Safari/537.36 (compatible; PetalBot;+https://webmaster.petalsearch.com/site/petalbot)" "brainbox.co.in"
114.119.145.169 - - [14/Sep/2022:04:07:06 -0700] "GET /PDFContent/03%20CBSE/07%20Class%20XII/Maths/PROBABILITY/?C=N%3BO%3DD HTTP/1.1" 200 649 "https://brainbox.co.in/PDFContent/03%20CBSE/07%20Class%20XII/Maths/PROBABILITY/" "Mozilla/5.0 (Linux; Android 7.0;) AppleWebKit/537.36 (KHTML, like Gecko) Mobile Safari/537.36 (compatible; PetalBot;+https://webmaster.petalsearch.com/site/petalbot)" "brainbox.co.in"
114.119.145.169 - - [14/Sep/2022:04:12:39 -0700] "GET /PDFContent/01%20TSB/02%20Class%20VII/Hindi/word%20meaning/TSV_VII_LS07_AASMAN%20GIRA_WORD%20MEANING.pdf HTTP/1.1" 200 282677 "https://brainbox.co.in/PDFContent/01%20TSB/02%20Class%20VII/Hindi/word%20meaning/" "Mozilla/5.0 (Linux; Android 7.0;) AppleWebKit/537.36 (KHTML, like Gecko) Mobile Safari/537.36 (compatible; PetalBot;+https://webmaster.petalsearch.com/site/petalbot)" "brainbox.co.in"
157.55.39.192 - - [14/Sep/2022:04:14:27 -0700] "GET /PDFContent/01%20TSB/03%20Class%20VIII/English/LS1A/TSBoard_English_VIII_LS1A_Characters_explained.pdf HTTP/1.1" 200 176930 "-" "Mozilla/5.0 (compatible; bingbot/2.0; +http://www.bing.com/bingbot.htm)" "brainbox.co.in"
114.119.135.132 - - [14/Sep/2022:04:18:14 -0700] "GET /PDFContent/01%20TSB/03%20Class%20VIII/English/LS1C/?C=D%3BO%3DA HTTP/1.1" 200 518 "https://brainbox.co.in/PDFContent/01%20TSB/03%20Class%20VIII/English/LS1C/?C=M%3BO%3DA" "Mozilla/5.0 (Linux; Android 7.0;) AppleWebKit/537.36 (KHTML, like Gecko) Mobile Safari/537.36 (compatible; PetalBot;+https://webmaster.petalsearch.com/site/petalbot)" "brainbox.co.in"
114.119.145.174 - - [14/Sep/2022:04:24:01 -0700] "GET /PDFContent/01%20TSB/03%20Class%20VIII/English/LS2A/New/TSB_VIII_ENGLISH_LS02A_OLIVER%20ASKS%20FOR%20MORE_CHARACTERS%20EXPLAINED.pdf HTTP/1.1" 200 349007 "https://brainbox.co.in/PDFContent/01%20TSB/03%20Class%20VIII/English/LS2A/New/?C=S%3BO%3DA" "Mozilla/5.0 (Linux; Android 7.0;) AppleWebKit/537.36 (KHTML, like Gecko) Mobile Safari/537.36 (compatible; PetalBot;+https://webmaster.petalsearch.com/site/petalbot)" "brainbox.co.in"
114.119.145.169 - - [14/Sep/2022:04:29:41 -0700] "GET /PDFContent/02%20APSB/01%20Class%20VI/Physics/?C=D%3BO%3DA HTTP/1.1" 200 353 "https://brainbox.co.in/PDFContent/02%20APSB/01%20Class%20VI/Physics/?C=N%3BO%3DD" "Mozilla/5.0 (Linux; Android 7.0;) AppleWebKit/537.36 (KHTML, like Gecko) Mobile Safari/537.36 (compatible; PetalBot;+https://webmaster.petalsearch.com/site/petalbot)" "brainbox.co.in"
114.119.145.169 - - [14/Sep/2022:04:35:12 -0700] "GET /PDFContent/01%20TSB/03%20Class%20VIII/English/LS1C/TSBoard_English_VIII_LS1C_Questions_and_answers.pdf HTTP/1.1" 200 186062 "https://brainbox.co.in/PDFContent/01%20TSB/03%20Class%20VIII/English/LS1C/?C=M%3BO%3DA" "Mozilla/5.0 (Linux; Android 7.0;) AppleWebKit/537.36 (KHTML, like Gecko) Mobile Safari/537.36 (compatible; PetalBot;+https://webmaster.petalsearch.com/site/petalbot)" "brainbox.co.in"
114.119.145.163 - - [14/Sep/2022:04:40:46 -0700] "GET /PDFContent/04%20ICSE/06%20Class%20XI/English/ HTTP/1.1" 200 354 "https://brainbox.co.in/PDFContent/04%20ICSE/06%20Class%20XI/?C=D%3BO%3DA" "Mozilla/5.0 (Linux; Android 7.0;) AppleWebKit/537.36 (KHTML, like Gecko) Mobile Safari/537.36 (compatible; PetalBot;+https://webmaster.petalsearch.com/site/petalbot)" "brainbox.co.in"
114.119.145.169 - - [14/Sep/2022:04:46:41 -0700] "GET /PDFContent/03%20CBSE/06%20Class%20XI/Physics/GRAVITATION/ HTTP/1.1" 200 701 "https://brainbox.co.in/PDFContent/03%20CBSE/06%20Class%20XI/Physics/?C=D%3BO%3DA" "Mozilla/5.0 (Linux; Android 7.0;) AppleWebKit/537.36 (KHTML, like Gecko) Mobile Safari/537.36 (compatible; PetalBot;+https://webmaster.petalsearch.com/site/petalbot)" "brainbox.co.in"
114.119.145.169 - - [14/Sep/2022:04:52:11 -0700] "GET /PDFContent/03%20CBSE/03%20Class%20VIII/Biology/Cell%20Structures/Plastid.pdf HTTP/1.1" 200 254972 "https://brainbox.co.in/PDFContent/03%20CBSE/03%20Class%20VIII/Biology/Cell%20Structures/?C=N%3BO%3DD" "Mozilla/5.0 (Linux; Android 7.0;) AppleWebKit/537.36 (KHTML, like Gecko) Mobile Safari/537.36 (compatible; PetalBot;+https://webmaster.petalsearch.com/site/petalbot)" "brainbox.co.in"
114.119.145.174 - - [14/Sep/2022:04:57:42 -0700] "GET /PDFContent/03%20CBSE/04%20Class%20IX/Chemistry/ATOMS%20AND%20MOLECULES/Atoms%20&%20Molecules_Chemical%20Formula_P7,%20P8.pdf HTTP/1.1" 200 162205 "https://brainbox.co.in/PDFContent/03%20CBSE/04%20Class%20IX/Chemistry/ATOMS%20AND%20MOLECULES/?C=N%3BO%3DD" "Mozilla/5.0 (Linux; Android 7.0;) AppleWebKit/537.36 (KHTML, like Gecko) Mobile Safari/537.36 (compatible; PetalBot;+https://webmaster.petalsearch.com/site/petalbot)" "brainbox.co.in"
114.119.145.174 - - [14/Sep/2022:05:03:22 -0700] "GET /PDFContent/03%20CBSE/03%20Class%20VIII/Maths/ALGEBRAIC%20EXPRESSIONS%20AND%20IDENTITIES/CBSE_VIII_MATHS_LS09_ALGEBRAIC%20EXPRESSION%20OF%20IDENTITIES_PRODUCT%20OF%20SIGNS%20FOR%20POSITIVE%20&%20NEGATIVE%20NUMBERS.pdf HTTP/1.1" 200 355996 "https://brainbox.co.in/PDFContent/03%20CBSE/03%20Class%20VIII/Maths/ALGEBRAIC%20EXPRESSIONS%20AND%20IDENTITIES/?C=M%3BO%3DA" "Mozilla/5.0 (Linux; Android 7.0;) AppleWebKit/537.36 (KHTML, like Gecko) Mobile Safari/537.36 (compatible; PetalBot;+https://webmaster.petalsearch.com/site/petalbot)" "brainbox.co.in"
114.119.145.169 - - [14/Sep/2022:05:09:02 -0700] "GET /PDFContent/01%20TSB/04%20Class%20IX/Chemistry/?C=M%3BO%3DA HTTP/1.1" 200 354 "https://brainbox.co.in/PDFContent/01%20TSB/04%20Class%20IX/Chemistry/?C=S%3BO%3DA" "Mozilla/5.0 (Linux; Android 7.0;) AppleWebKit/537.36 (KHTML, like Gecko) Mobile Safari/537.36 (compatible; PetalBot;+https://webmaster.petalsearch.com/site/petalbot)" "brainbox.co.in"
157.55.39.221 - - [14/Sep/2022:05:10:49 -0700] "GET /PDFContent/03%20CBSE/06%20Class%20XI/Biology/CBSE_XI_BIOLOGY_LS16_DIGESTIVE%20SYSTEM_SMALL%20INTESTINE.pdf HTTP/1.1" 404 88 "-" "Mozilla/5.0 (compatible; bingbot/2.0; +http://www.bing.com/bingbot.htm)" "brainbox.co.in"
114.119.145.163 - - [14/Sep/2022:05:14:43 -0700] "GET /PDFContent/03%20CBSE/04%20Class%20IX/Chemistry/STRUCTURE%20OF%20ATOM/Structure%20of%20atom_V6,V7%20&V8_Discovery%20of%20neutrons.pdf HTTP/1.1" 200 269476 "https://brainbox.co.in/PDFContent/03%20CBSE/04%20Class%20IX/Chemistry/STRUCTURE%20OF%20ATOM/?C=S%3BO%3DA" "Mozilla/5.0 (Linux; Android 7.0;) AppleWebKit/537.36 (KHTML, like Gecko) Mobile Safari/537.36 (compatible; PetalBot;+https://webmaster.petalsearch.com/site/petalbot)" "brainbox.co.in"
114.119.135.132 - - [14/Sep/2022:05:20:35 -0700] "GET /PDFContent/03%20CBSE/06%20Class%20XI/Physics/MOTION%20IN%20STRAIGHT%20LINE/ HTTP/1.1" 200 829 "https://brainbox.co.in/PDFContent/03%20CBSE/06%20Class%20XI/Physics/?C=D%3BO%3DA" "Mozilla/5.0 (Linux; Android 7.0;) AppleWebKit/537.36 (KHTML, like Gecko) Mobile Safari/537.36 (compatible; PetalBot;+https://webmaster.petalsearch.com/site/petalbot)" "brainbox.co.in"
51.222.253.5 - - [14/Sep/2022:05:22:48 -0700] "GET /PDFContent/01%20TSB/06%20Class%20XI/Chemistry/?C=N;O=D HTTP/1.1" 200 353 "-" "Mozilla/5.0 (compatible; AhrefsBot/7.0; +http://ahrefs.com/robot/)" "brainbox.co.in"
35.185.69.173 - - [14/Sep/2022:05:24:08 -0700] "GET /robots.txt HTTP/1.1" 404 88 "-" "ZoominfoBot (zoominfobot at zoominfo dot com)" "www.brainbox.co.in"
35.185.69.173 - - [14/Sep/2022:05:24:08 -0700] "GET /robots.txt HTTP/1.1" 404 88 "-" "ZoominfoBot (zoominfobot at zoominfo dot com)" "www.brainbox.co.in"
35.185.69.173 - - [14/Sep/2022:05:24:08 -0700] "GET / HTTP/1.1" 200 432 "-" "ZoominfoBot (zoominfobot at zoominfo dot com)" "www.brainbox.co.in"
213.136.92.207 - - [14/Sep/2022:05:25:22 -0700] "GET /robots.txt HTTP/1.1" 404 73 "-" "Mozilla/5.0 (compatible; MJ12bot/v1.4.8; http://mj12bot.com/)" "brainbox.co.in"
213.136.92.207 - - [14/Sep/2022:05:25:30 -0700] "GET /PDFContent/03%20CBSE/06%20Class%20XI/Maths/COMPLEX%20NUMBERS%20AND%20QUADRATIC%20EQUATIONS/Complex%20Numbers%20&%20Quadratic%20Equations_T07_De%20Moivre%E2%80%99s%20theorem.pdf HTTP/1.1" 200 260747 "-" "Mozilla/5.0 (compatible; MJ12bot/v1.4.8; http://mj12bot.com/)" "brainbox.co.in"
213.136.92.207 - - [14/Sep/2022:05:25:42 -0700] "GET /PDFContent/Beetle/CLASS%20I/ENGLISH%201-2/Lesson%204%20%E2%80%90%20Neha%20learns%20a%20lesson.pdf HTTP/1.1" 200 145295 "-" "Mozilla/5.0 (compatible; MJ12bot/v1.4.8; http://mj12bot.com/)" "brainbox.co.in"
114.119.135.132 - - [14/Sep/2022:05:25:47 -0700] "GET /PDFContent/Beetle/CLASS%20IV/SCIENCE/Lesson%202.%20Adaptions%20in%20plant.pdf HTTP/1.1" 200 124813 "https://brainbox.co.in/PDFContent/Beetle/CLASS%20IV/SCIENCE/?C=M%3BO%3DA" "Mozilla/5.0 (Linux; Android 7.0;) AppleWebKit/537.36 (KHTML, like Gecko) Mobile Safari/537.36 (compatible; PetalBot;+https://webmaster.petalsearch.com/site/petalbot)" "brainbox.co.in"
213.136.92.207 - - [14/Sep/2022:05:25:57 -0700] "GET /PDFContent/Beetle/CLASS%20I/ENGLISH%201-2/Lesson%205%20%E2%80%90%20A%20birthday%20party.pdf HTTP/1.1" 200 144254 "-" "Mozilla/5.0 (compatible; MJ12bot/v1.4.8; http://mj12bot.com/)" "brainbox.co.in"
213.136.92.207 - - [14/Sep/2022:05:26:14 -0700] "GET /PDFContent/Beetle/CLASS%20I/ENGLISH/Lesson%205%20%E2%80%90%20Tenali%20Raman%20And%20The%20Thieves.pdf HTTP/1.1" 200 99880 "-" "Mozilla/5.0 (compatible; MJ12bot/v1.4.8; http://mj12bot.com/)" "brainbox.co.in"
213.136.92.207 - - [14/Sep/2022:05:26:26 -0700] "GET /PDFContent/Beetle/CLASS%20I/ENGLISH/Lesson%207%20%E2%80%90%20The%20wish.pdf HTTP/1.1" 200 76025 "-" "Mozilla/5.0 (compatible; MJ12bot/v1.4.8; http://mj12bot.com/)" "brainbox.co.in"
