51.222.253.2 - - [07/Sep/2022:17:17:14 -0700] "GET /PDFContent/02%20APSB/06%20Class%20XI/English/?C=N;O=D HTTP/1.1" 200 352 "-" "Mozilla/5.0 (compatible; AhrefsBot/7.0; +http://ahrefs.com/robot/)" "brainbox.co.in"
54.215.229.162 - - [07/Sep/2022:17:53:16 -0700] "GET /~richard/templates/beez/US/uk/paypal/login.htm HTTP/1.1" 404 73 "-" "Mozilla/5.0 (Macintosh; Intel Mac OS X 10_10_5) AppleWebKit/537.36 (KHTML, like Gecko) Chrome/52.0.2743.116 Safari/537.36" "brainbox.co.in"
51.222.253.8 - - [07/Sep/2022:18:03:16 -0700] "GET /PDFContent/Beetle/CLASS%20V/ENGLISH/ HTTP/1.1" 200 403 "-" "Mozilla/5.0 (compatible; AhrefsBot/7.0; +http://ahrefs.com/robot/)" "brainbox.co.in"
87.250.224.62 - - [07/Sep/2022:18:17:16 -0700] "GET /PDFContent/01%20TSB/05%20Class%20X/English/6A,ENVIRONMENT/TSB_X_ENGLISH_LS06A_ENVIRONMENT_INTRODUCTION.pdf HTTP/1.1" 200 326150 "-" "Mozilla/5.0 (compatible; YandexBot/3.0; +http://yandex.com/bots)" "brainbox.co.in"
51.222.253.6 - - [07/Sep/2022:18:46:21 -0700] "GET /PDFContent/02%20APSB/06%20Class%20XI/English/?C=N;O=A HTTP/1.1" 200 354 "-" "Mozilla/5.0 (compatible; AhrefsBot/7.0; +http://ahrefs.com/robot/)" "brainbox.co.in"
51.222.253.3 - - [07/Sep/2022:19:08:00 -0700] "GET /PDFContent/02%20APSB/05%20Class%20X/Telugu/?C=S;O=A HTTP/1.1" 200 353 "-" "Mozilla/5.0 (compatible; AhrefsBot/7.0; +http://ahrefs.com/robot/)" "brainbox.co.in"
3.134.252.103 - - [07/Sep/2022:19:26:39 -0700] "GET /~richard/templates/beez/US/uk/paypal/login.htm HTTP/1.1" 404 73 "-" "Mozilla/5.0 (Macintosh; Intel Mac OS X 10_10_5) AppleWebKit/537.36 (KHTML, like Gecko) Chrome/52.0.2743.116 Safari/537.36" "brainbox.co.in"
51.222.253.5 - - [07/Sep/2022:19:32:49 -0700] "GET /PDFContent/SPECIAL%20CROUSE/?C=M;O=A HTTP/1.1" 200 437 "-" "Mozilla/5.0 (compatible; AhrefsBot/7.0; +http://ahrefs.com/robot/)" "brainbox.co.in"
51.222.253.18 - - [07/Sep/2022:19:54:05 -0700] "GET /PDFContent/Beetle/CLASS%20II/ENGLISH/ HTTP/1.1" 200 624 "-" "Mozilla/5.0 (compatible; AhrefsBot/7.0; +http://ahrefs.com/robot/)" "brainbox.co.in"
51.222.253.14 - - [07/Sep/2022:20:15:52 -0700] "GET /PDFContent/03%20CBSE/07%20Class%20XII/Maths/CBSE_XII_MATHS_LS08_APPLICATION%20OF%20INTEGRALS/?C=N;O=D HTTP/1.1" 200 554 "-" "Mozilla/5.0 (compatible; AhrefsBot/7.0; +http://ahrefs.com/robot/)" "brainbox.co.in"
51.222.253.19 - - [07/Sep/2022:20:28:32 -0700] "GET /PDFContent/01%20TSB/01%20Class%20VI/English/?C=D;O=A HTTP/1.1" 200 430 "-" "Mozilla/5.0 (compatible; AhrefsBot/7.0; +http://ahrefs.com/robot/)" "brainbox.co.in"
20.25.144.67 - - [07/Sep/2022:20:32:59 -0700] "GET /dup-installer/main.installer.php HTTP/1.1" 404 88 "http://brainbox.co.in/dup-installer/main.installer.php" "-" "brainbox.co.in"
51.222.253.6 - - [07/Sep/2022:20:40:51 -0700] "GET /PDFContent/03%20CBSE/04%20Class%20IX/Maths/HERON'S%20FORMULA/?C=N;O=D HTTP/1.1" 200 460 "-" "Mozilla/5.0 (compatible; AhrefsBot/7.0; +http://ahrefs.com/robot/)" "brainbox.co.in"
51.222.253.4 - - [07/Sep/2022:20:53:20 -0700] "GET /PDFContent/04%20ICSE/05%20Class%20X/Sanskrit/?C=S;O=A HTTP/1.1" 200 354 "-" "Mozilla/5.0 (compatible; AhrefsBot/7.0; +http://ahrefs.com/robot/)" "brainbox.co.in"
114.119.145.175 - - [07/Sep/2022:20:57:18 -0700] "GET /PDFContent/03%20CBSE/04%20Class%20IX/Chemistry/STRUCTURE%20OF%20ATOM/Structure%20of%20atom_V6,V7%20&V8_Discovery%20of%20neutrons.pdf HTTP/1.1" 200 269476 "https://brainbox.co.in/PDFContent/03%20CBSE/04%20Class%20IX/Chemistry/STRUCTURE%20OF%20ATOM/?C=S%3BO%3DA" "Mozilla/5.0 (Linux; Android 7.0;) AppleWebKit/537.36 (KHTML, like Gecko) Mobile Safari/537.36 (compatible; PetalBot;+https://webmaster.petalsearch.com/site/petalbot)" "brainbox.co.in"
114.119.145.169 - - [07/Sep/2022:21:02:16 -0700] "GET /PDFContent/03%20CBSE/06%20Class%20XI/Telugu/?C=S%3BO%3DA HTTP/1.1" 200 355 "https://brainbox.co.in/PDFContent/03%20CBSE/06%20Class%20XI/Telugu/?C=M%3BO%3DA" "Mozilla/5.0 (Linux; Android 7.0;) AppleWebKit/537.36 (KHTML, like Gecko) Mobile Safari/537.36 (compatible; PetalBot;+https://webmaster.petalsearch.com/site/petalbot)" "brainbox.co.in"
51.222.253.19 - - [07/Sep/2022:21:05:17 -0700] "GET /PDFContent/?C=M;O=A HTTP/1.1" 200 1004 "-" "Mozilla/5.0 (compatible; AhrefsBot/7.0; +http://ahrefs.com/robot/)" "brainbox.co.in"
114.119.145.160 - - [07/Sep/2022:21:07:18 -0700] "GET /PDFContent/01%20TSB/03%20Class%20VIII/English/LS2A/New/TSB_VIII_ENGLISH_LS02A_OLIVER%20ASKS%20FOR%20MORE_GLOSSARY.pdf HTTP/1.1" 200 515298 "https://brainbox.co.in/PDFContent/01%20TSB/03%20Class%20VIII/English/LS2A/New/" "Mozilla/5.0 (Linux; Android 7.0;) AppleWebKit/537.36 (KHTML, like Gecko) Mobile Safari/537.36 (compatible; PetalBot;+https://webmaster.petalsearch.com/site/petalbot)" "brainbox.co.in"
114.119.145.163 - - [07/Sep/2022:21:12:18 -0700] "GET /PDFContent/04%20ICSE/04%20Class%20IX/English/ HTTP/1.1" 200 352 "https://brainbox.co.in/PDFContent/04%20ICSE/04%20Class%20IX/?C=M%3BO%3DA" "Mozilla/5.0 (Linux; Android 7.0;) AppleWebKit/537.36 (KHTML, like Gecko) Mobile Safari/537.36 (compatible; PetalBot;+https://webmaster.petalsearch.com/site/petalbot)" "brainbox.co.in"
51.222.253.11 - - [07/Sep/2022:21:15:26 -0700] "GET /PDFContent/Beetle/CLASS%20III/MATHEMATICS/ HTTP/1.1" 200 405 "-" "Mozilla/5.0 (compatible; AhrefsBot/7.0; +http://ahrefs.com/robot/)" "brainbox.co.in"
114.119.145.187 - - [07/Sep/2022:21:17:16 -0700] "GET /PDFContent/03%20CBSE/06%20Class%20XI/Maths/COMPLEX%20NUMBERS%20AND%20QUADRATIC%20EQUATIONS/ HTTP/1.1" 200 720 "https://brainbox.co.in/PDFContent/03%20CBSE/06%20Class%20XI/Maths/?C=N%3BO%3DD" "Mozilla/5.0 (Linux; Android 7.0;) AppleWebKit/537.36 (KHTML, like Gecko) Mobile Safari/537.36 (compatible; PetalBot;+https://webmaster.petalsearch.com/site/petalbot)" "brainbox.co.in"
114.119.145.169 - - [07/Sep/2022:21:22:17 -0700] "GET /PDFContent/02%20APSB/01%20Class%20VI/Maths/?C=D%3BO%3DA HTTP/1.1" 200 352 "https://brainbox.co.in/PDFContent/02%20APSB/01%20Class%20VI/Maths/?C=D%3BO%3DA" "Mozilla/5.0 (Linux; Android 7.0;) AppleWebKit/537.36 (KHTML, like Gecko) Mobile Safari/537.36 (compatible; PetalBot;+https://webmaster.petalsearch.com/site/petalbot)" "brainbox.co.in"
51.222.253.20 - - [07/Sep/2022:21:26:28 -0700] "GET /PDFContent/02%20APSB/05%20Class%20X/Hindi/?C=S;O=A HTTP/1.1" 200 351 "-" "Mozilla/5.0 (compatible; AhrefsBot/7.0; +http://ahrefs.com/robot/)" "brainbox.co.in"
114.119.145.169 - - [07/Sep/2022:21:27:17 -0700] "GET /PDFContent/01%20TSB/01%20Class%20VI/Maths/01%20KNOWING%20OUR%20NUMBERS/_ HTTP/1.1" 200 533266 "https://brainbox.co.in/PDFContent/01%20TSB/01%20Class%20VI/Maths/01%20KNOWING%20OUR%20NUMBERS/" "Mozilla/5.0 (Linux; Android 7.0;) AppleWebKit/537.36 (KHTML, like Gecko) Mobile Safari/537.36 (compatible; PetalBot;+https://webmaster.petalsearch.com/site/petalbot)" "brainbox.co.in"
114.119.145.160 - - [07/Sep/2022:21:32:18 -0700] "GET /PDFContent/01%20TSB/05%20Class%20X/Biology/NUTRITION/Nutrition_T04_Nutritions%20in%20animals.pdf HTTP/1.1" 200 420529 "https://brainbox.co.in/PDFContent/01%20TSB/05%20Class%20X/Biology/NUTRITION/?C=S%3BO%3DA" "Mozilla/5.0 (Linux; Android 7.0;) AppleWebKit/537.36 (KHTML, like Gecko) Mobile Safari/537.36 (compatible; PetalBot;+https://webmaster.petalsearch.com/site/petalbot)" "brainbox.co.in"
51.222.253.7 - - [07/Sep/2022:21:36:58 -0700] "GET /PDFContent/01%20TSB/01%20Class%20VI/English/GRANND%20CONTEST/ HTTP/1.1" 200 515 "-" "Mozilla/5.0 (compatible; AhrefsBot/7.0; +http://ahrefs.com/robot/)" "brainbox.co.in"
114.119.135.132 - - [07/Sep/2022:21:37:16 -0700] "GET /PDFContent/03%20CBSE/04%20Class%20IX/Maths/POLYNOMIALS/CBSE_IX_MATHS_LS02_POLYNOMIALS_CLASSIFICATION%20OF%20POLYNOMIALS.pdf HTTP/1.1" 200 260124 "https://brainbox.co.in/PDFContent/03%20CBSE/04%20Class%20IX/Maths/POLYNOMIALS/?C=D%3BO%3DA" "Mozilla/5.0 (Linux; Android 7.0;) AppleWebKit/537.36 (KHTML, like Gecko) Mobile Safari/537.36 (compatible; PetalBot;+https://webmaster.petalsearch.com/site/petalbot)" "brainbox.co.in"
51.222.253.3 - - [07/Sep/2022:21:41:59 -0700] "GET /PDFContent/01%20TSB/05%20Class%20X/Biology/TRANSPORTATION/?C=M;O=A HTTP/1.1" 200 481 "-" "Mozilla/5.0 (compatible; AhrefsBot/7.0; +http://ahrefs.com/robot/)" "brainbox.co.in"
114.119.145.175 - - [07/Sep/2022:21:42:16 -0700] "GET /PDFContent/03%20CBSE/05%20Class%20X/Chemistry/?C=N%3BO%3DD HTTP/1.1" 200 465 "https://brainbox.co.in/PDFContent/03%20CBSE/05%20Class%20X/Chemistry/?C=S%3BO%3DA" "Mozilla/5.0 (Linux; Android 7.0;) AppleWebKit/537.36 (KHTML, like Gecko) Mobile Safari/537.36 (compatible; PetalBot;+https://webmaster.petalsearch.com/site/petalbot)" "brainbox.co.in"
51.222.253.7 - - [07/Sep/2022:21:47:08 -0700] "GET /PDFContent/01%20TSB/01%20Class%20VI/English/ HTTP/1.1" 200 430 "-" "Mozilla/5.0 (compatible; AhrefsBot/7.0; +http://ahrefs.com/robot/)" "brainbox.co.in"
114.119.135.132 - - [07/Sep/2022:21:47:16 -0700] "GET /PDFContent/03%20CBSE/07%20Class%20XII/Physics/ELECTRIC%20CHARGES%20AND%20FIELDS/ HTTP/1.1" 200 687 "https://brainbox.co.in/PDFContent/03%20CBSE/07%20Class%20XII/Physics/?C=D%3BO%3DA" "Mozilla/5.0 (Linux; Android 7.0;) AppleWebKit/537.36 (KHTML, like Gecko) Mobile Safari/537.36 (compatible; PetalBot;+https://webmaster.petalsearch.com/site/petalbot)" "brainbox.co.in"
51.222.253.13 - - [07/Sep/2022:21:52:14 -0700] "GET /PDFContent/04%20ICSE/06%20Class%20XI/Sanskrit/?C=M;O=A HTTP/1.1" 200 355 "-" "Mozilla/5.0 (compatible; AhrefsBot/7.0; +http://ahrefs.com/robot/)" "brainbox.co.in"
114.119.145.169 - - [07/Sep/2022:21:52:18 -0700] "GET /PDFContent/03%20CBSE/04%20Class%20IX/Maths/POLYNOMIALS/CBSE_IX_MATHS_LS02_POLYNOMIALS_FUNDAMENTAL%20THEOREM%20OF%20ALGEBRA.pdf HTTP/1.1" 200 187199 "https://brainbox.co.in/PDFContent/03%20CBSE/04%20Class%20IX/Maths/POLYNOMIALS/?C=D%3BO%3DA" "Mozilla/5.0 (Linux; Android 7.0;) AppleWebKit/537.36 (KHTML, like Gecko) Mobile Safari/537.36 (compatible; PetalBot;+https://webmaster.petalsearch.com/site/petalbot)" "brainbox.co.in"
54.193.254.80 - - [07/Sep/2022:21:52:56 -0700] "GET /~richard/templates/beez/US/uk/paypal/login.htm HTTP/1.1" 404 73 "-" "Mozilla/5.0 (Macintosh; Intel Mac OS X 10_10_5) AppleWebKit/537.36 (KHTML, like Gecko) Chrome/52.0.2743.116 Safari/537.36" "brainbox.co.in"
114.119.145.163 - - [07/Sep/2022:21:57:18 -0700] "GET /PDFContent/03%20CBSE/07%20Class%20XII/Maths/PROBABILITY/ HTTP/1.1" 200 649 "https://brainbox.co.in/PDFContent/03%20CBSE/07%20Class%20XII/Maths/?C=N%3BO%3DD" "Mozilla/5.0 (Linux; Android 7.0;) AppleWebKit/537.36 (KHTML, like Gecko) Mobile Safari/537.36 (compatible; PetalBot;+https://webmaster.petalsearch.com/site/petalbot)" "brainbox.co.in"
51.222.253.14 - - [07/Sep/2022:21:57:22 -0700] "GET /PDFContent/04%20ICSE/06%20Class%20XI/Sanskrit/?C=S;O=A HTTP/1.1" 200 355 "-" "Mozilla/5.0 (compatible; AhrefsBot/7.0; +http://ahrefs.com/robot/)" "brainbox.co.in"
183.83.136.165 - - [07/Sep/2022:21:59:24 -0700] "GET /PDFContent//03%20CBSE/05%20Class%20X/Physics/REFLECTION%20AND%20REFRACTION/CBSE_X_PHYSCIS_LS10_REFLECTION%20&%20REFRACTION_REFLECTION%20AND%20REFRACTION_A.pdf HTTP/1.1" 200 404532 "https://brainboxschool.com/" "Mozilla/5.0 (Windows NT 10.0; Win64; x64) AppleWebKit/537.36 (KHTML, like Gecko) Chrome/105.0.0.0 Safari/537.36" "brainbox.co.in"
51.222.253.15 - - [07/Sep/2022:22:02:12 -0700] "GET /PDFContent/01%20TSB/01%20Class%20VI/English/GRANND%20CONTEST/?C=S;O=A HTTP/1.1" 200 514 "-" "Mozilla/5.0 (compatible; AhrefsBot/7.0; +http://ahrefs.com/robot/)" "brainbox.co.in"
114.119.145.175 - - [07/Sep/2022:22:02:16 -0700] "GET /PDFContent/01%20TSB/04%20Class%20IX/Biology/ANIMAL%20BEHAVIOUR/?C=M%3BO%3DA HTTP/1.1" 200 530 "https://brainbox.co.in/PDFContent/01%20TSB/04%20Class%20IX/Biology/ANIMAL%20BEHAVIOUR/?C=M%3BO%3DA" "Mozilla/5.0 (Linux; Android 7.0;) AppleWebKit/537.36 (KHTML, like Gecko) Mobile Safari/537.36 (compatible; PetalBot;+https://webmaster.petalsearch.com/site/petalbot)" "brainbox.co.in"
51.222.253.16 - - [07/Sep/2022:22:07:12 -0700] "GET /PDFContent/01%20TSB/05%20Class%20X/English/THE%20STOREYED%20HOUSE%20P2/?C=M;O=A HTTP/1.1" 200 549 "-" "Mozilla/5.0 (compatible; AhrefsBot/7.0; +http://ahrefs.com/robot/)" "brainbox.co.in"
114.119.145.169 - - [07/Sep/2022:22:07:16 -0700] "GET /PDFContent/Beetle/CLASS%20II/ENGLISH%20SEM%202/Lesson%202%20-%20My%20neighbour.pdf HTTP/1.1" 200 134439 "https://brainbox.co.in/PDFContent/Beetle/CLASS%20II/ENGLISH%20SEM%202/?C=M%3BO%3DA" "Mozilla/5.0 (Linux; Android 7.0;) AppleWebKit/537.36 (KHTML, like Gecko) Mobile Safari/537.36 (compatible; PetalBot;+https://webmaster.petalsearch.com/site/petalbot)" "brainbox.co.in"
114.119.145.169 - - [07/Sep/2022:22:12:17 -0700] "GET /PDFContent/03%20CBSE/02%20Class%20VII/Hindi/Ques%20&%20Ans/CBSC_VII_LS03_MAIN%20HOON%20ROBOT%20_QUES%20&%20ANS.pdf HTTP/1.1" 200 568835 "https://brainbox.co.in/PDFContent/03%20CBSE/02%20Class%20VII/Hindi/Ques%20&%20Ans/?C=D%3BO%3DA" "Mozilla/5.0 (Linux; Android 7.0;) AppleWebKit/537.36 (KHTML, like Gecko) Mobile Safari/537.36 (compatible; PetalBot;+https://webmaster.petalsearch.com/site/petalbot)" "brainbox.co.in"
51.222.253.14 - - [07/Sep/2022:22:12:55 -0700] "GET /PDFContent/01%20TSB/05%20Class%20X/Biology/TRANSPORTATION/?C=D;O=A HTTP/1.1" 200 479 "-" "Mozilla/5.0 (compatible; AhrefsBot/7.0; +http://ahrefs.com/robot/)" "brainbox.co.in"
183.83.136.165 - - [07/Sep/2022:22:14:45 -0700] "GET /PDFContent/03%20CBSE/03%20Class%20VIII/Physics/Force1 HTTP/1.1" 200 411922 "https://brainboxschool.com/" "Mozilla/5.0 (Windows NT 10.0; Win64; x64) AppleWebKit/537.36 (KHTML, like Gecko) Chrome/105.0.0.0 Safari/537.36" "brainbox.co.in"
114.119.145.163 - - [07/Sep/2022:22:17:18 -0700] "GET /PDFContent/03%20CBSE/05%20Class%20X/Physics/REFLECTION%20AND%20REFRACTION/CBSE_X_PHYSCIS_LS10_REFLECTION%20&%20REFRACTION_FORMATION%20OF%20IMAGES%20DUE%20TO%20SPHERICAL%20MIRRORS.pdf HTTP/1.1" 200 385979 "https://brainboxschool.com/material/CBSE/X/Physics/REFLECTION_&_REFRACTION.html" "Mozilla/5.0 (Linux; Android 7.0;) AppleWebKit/537.36 (KHTML, like Gecko) Mobile Safari/537.36 (compatible; PetalBot;+https://webmaster.petalsearch.com/site/petalbot)" "brainbox.co.in"
51.222.253.20 - - [07/Sep/2022:22:19:07 -0700] "GET /PDFContent/03%20CBSE/07%20Class%20XII/Chemistry/?C=S;O=D HTTP/1.1" 200 430 "-" "Mozilla/5.0 (compatible; AhrefsBot/7.0; +http://ahrefs.com/robot/)" "brainbox.co.in"
114.119.135.132 - - [07/Sep/2022:22:22:39 -0700] "GET /PDFContent/03%20CBSE/03%20Class%20VIII/Physics/Sound/ HTTP/1.1" 404 88 "https://brainbox.co.in/PDFContent/03%20CBSE/03%20Class%20VIII/Physics/?C=S%3BO%3DA" "Mozilla/5.0 (Linux; Android 7.0;) AppleWebKit/537.36 (KHTML, like Gecko) Mobile Safari/537.36 (compatible; PetalBot;+https://webmaster.petalsearch.com/site/petalbot)" "brainbox.co.in"
114.119.135.132 - - [07/Sep/2022:22:22:29 -0700] "GET /PDFContent/03%20CBSE/03%20Class%20VIII/Physics/Sound/ HTTP/1.1" 404 88 "https://brainbox.co.in/PDFContent/03%20CBSE/03%20Class%20VIII/Physics/?C=S%3BO%3DA" "Mozilla/5.0 (Linux; Android 7.0;) AppleWebKit/537.36 (KHTML, like Gecko) Mobile Safari/537.36 (compatible; PetalBot;+https://webmaster.petalsearch.com/site/petalbot)" "brainbox.co.in"
51.222.253.17 - - [07/Sep/2022:22:25:48 -0700] "GET /PDFContent/01%20TSB/05%20Class%20X/English/THE%20STOREYED%20HOUSE%20P2/?C=D;O=A HTTP/1.1" 200 548 "-" "Mozilla/5.0 (compatible; AhrefsBot/7.0; +http://ahrefs.com/robot/)" "brainbox.co.in"
114.119.145.175 - - [07/Sep/2022:22:27:17 -0700] "GET /PDFContent/01%20TSB/07%20Class%20XII/Hindi/ HTTP/1.1" 200 353 "https://brainbox.co.in/PDFContent/01%20TSB/07%20Class%20XII/" "Mozilla/5.0 (Linux; Android 7.0;) AppleWebKit/537.36 (KHTML, like Gecko) Mobile Safari/537.36 (compatible; PetalBot;+https://webmaster.petalsearch.com/site/petalbot)" "brainbox.co.in"
51.222.253.11 - - [07/Sep/2022:22:33:00 -0700] "GET /PDFContent/04%20ICSE/07%20Class%20XII/Telugu/?C=M;O=A HTTP/1.1" 200 355 "-" "Mozilla/5.0 (compatible; AhrefsBot/7.0; +http://ahrefs.com/robot/)" "brainbox.co.in"
114.119.145.187 - - [07/Sep/2022:22:37:18 -0700] "GET /PDFContent/01%20TSB/06%20Class%20XI/Maths/LOCUS/Locus_T05_Distance%20between%20any%20two%20points%20in%20the%20xy%20-%20plane.pdf HTTP/1.1" 200 266328 "https://brainbox.co.in/PDFContent/01%20TSB/06%20Class%20XI/Maths/LOCUS/?C=S%3BO%3DA" "Mozilla/5.0 (Linux; Android 7.0;) AppleWebKit/537.36 (KHTML, like Gecko) Mobile Safari/537.36 (compatible; PetalBot;+https://webmaster.petalsearch.com/site/petalbot)" "brainbox.co.in"
51.222.253.17 - - [07/Sep/2022:22:38:36 -0700] "GET /PDFContent/04%20ICSE/06%20Class%20XI/Sanskrit/?C=D;O=A HTTP/1.1" 200 355 "-" "Mozilla/5.0 (compatible; AhrefsBot/7.0; +http://ahrefs.com/robot/)" "brainbox.co.in"
114.119.145.169 - - [07/Sep/2022:22:42:16 -0700] "GET /PDFContent/01%20TSB/03%20Class%20VIII/English/LS3B/TSB_VIII_ENGLISH_LS3B_THE%20SELFISH%20GIANT%20P2_GLOSSARY.pdf HTTP/1.1" 200 499869 "https://brainbox.co.in/PDFContent/01%20TSB/03%20Class%20VIII/English/LS3B/?C=D%3BO%3DA" "Mozilla/5.0 (Linux; Android 7.0;) AppleWebKit/537.36 (KHTML, like Gecko) Mobile Safari/537.36 (compatible; PetalBot;+https://webmaster.petalsearch.com/site/petalbot)" "brainbox.co.in"
51.222.253.2 - - [07/Sep/2022:22:43:30 -0700] "GET /PDFContent/04%20ICSE/05%20Class%20X/Sanskrit/?C=M;O=A HTTP/1.1" 200 354 "-" "Mozilla/5.0 (compatible; AhrefsBot/7.0; +http://ahrefs.com/robot/)" "brainbox.co.in"
114.119.145.174 - - [07/Sep/2022:22:47:17 -0700] "GET /PDFContent/03%20CBSE/04%20Class%20IX/Biology/Fundamental%20Unit%20of%20Life/Types%20of%20organism%20based%20on%20nucleus%20organisation(Prokary)%20-1 HTTP/1.1" 200 192255 "https://brainboxschool.com/material/CBSE/IX/Biology/THE_FUNDAMENTAL_UNIT_OF_LIFE.html" "Mozilla/5.0 (Linux; Android 7.0;) AppleWebKit/537.36 (KHTML, like Gecko) Mobile Safari/537.36 (compatible; PetalBot;+https://webmaster.petalsearch.com/site/petalbot)" "brainbox.co.in"
51.222.253.11 - - [07/Sep/2022:22:48:50 -0700] "GET /PDFContent/04%20ICSE/05%20Class%20X/Sanskrit/?C=D;O=A HTTP/1.1" 200 354 "-" "Mozilla/5.0 (compatible; AhrefsBot/7.0; +http://ahrefs.com/robot/)" "brainbox.co.in"
114.119.145.169 - - [07/Sep/2022:22:52:16 -0700] "GET /PDFContent/03%20CBSE/03%20Class%20VIII/Maths/ALGEBRAIC%20EXPRESSIONS%20AND%20IDENTITIES/CBSE_VIII_MATHS_LS09_ALGEBRAIC%20EXPRESSION%20OF%20IDENTITIES_PRODUCT%20OF%20SIGNS%20FOR%20POSITIVE%20&%20NEGATIVE%20NUMBERS.pdf HTTP/1.1" 200 355996 "https://brainbox.co.in/PDFContent/03%20CBSE/03%20Class%20VIII/Maths/ALGEBRAIC%20EXPRESSIONS%20AND%20IDENTITIES/?C=D%3BO%3DA" "Mozilla/5.0 (Linux; Android 7.0;) AppleWebKit/537.36 (KHTML, like Gecko) Mobile Safari/537.36 (compatible; PetalBot;+https://webmaster.petalsearch.com/site/petalbot)" "brainbox.co.in"
51.222.253.13 - - [07/Sep/2022:22:54:09 -0700] "GET /PDFContent/01%20TSB/05%20Class%20X/English/THE%20STOREYED%20HOUSE%20P2/?C=S;O=A HTTP/1.1" 200 548 "-" "Mozilla/5.0 (compatible; AhrefsBot/7.0; +http://ahrefs.com/robot/)" "brainbox.co.in"
114.119.145.163 - - [07/Sep/2022:22:57:16 -0700] "GET /PDFContent/03%20CBSE/02%20Class%20VII/Chemistry/?C=N%3BO%3DD HTTP/1.1" 200 355 "https://brainbox.co.in/PDFContent/03%20CBSE/02%20Class%20VII/Chemistry/?C=N%3BO%3DD" "Mozilla/5.0 (Linux; Android 7.0;) AppleWebKit/537.36 (KHTML, like Gecko) Mobile Safari/537.36 (compatible; PetalBot;+https://webmaster.petalsearch.com/site/petalbot)" "brainbox.co.in"
51.222.253.3 - - [07/Sep/2022:23:00:27 -0700] "GET /PDFContent/03%20CBSE/04%20Class%20IX/Sanskrit/?C=D;O=A HTTP/1.1" 200 354 "-" "Mozilla/5.0 (compatible; AhrefsBot/7.0; +http://ahrefs.com/robot/)" "brainbox.co.in"
51.222.253.11 - - [07/Sep/2022:23:05:39 -0700] "GET /PDFContent/03%20CBSE/04%20Class%20IX/Sanskrit/?C=M;O=A HTTP/1.1" 200 354 "-" "Mozilla/5.0 (compatible; AhrefsBot/7.0; +http://ahrefs.com/robot/)" "brainbox.co.in"
114.119.145.163 - - [07/Sep/2022:23:09:33 -0700] "GET /PDFContent/03%20CBSE/05%20Class%20X/Hindi/CBSE_X_HINDI_LS12_YASHPAL-LAKHNAVI%20ANDAAZ_GLOSARRY.pdf HTTP/1.1" 200 711335 "https://brainbox.co.in/PDFContent/03%20CBSE/05%20Class%20X/Hindi/?C=S%3BO%3DA" "Mozilla/5.0 (Linux; Android 7.0;) AppleWebKit/537.36 (KHTML, like Gecko) Mobile Safari/537.36 (compatible; PetalBot;+https://webmaster.petalsearch.com/site/petalbot)" "brainbox.co.in"
51.222.253.19 - - [07/Sep/2022:23:10:55 -0700] "GET /PDFContent/01%20TSB/01%20Class%20VI/Telugu/VARSHAM/?C=N;O=A HTTP/1.1" 200 464 "-" "Mozilla/5.0 (compatible; AhrefsBot/7.0; +http://ahrefs.com/robot/)" "brainbox.co.in"
114.119.145.169 - - [07/Sep/2022:23:14:31 -0700] "GET /PDFContent/01%20TSB/03%20Class%20VIII/English/LS1A/?C=M%3BO%3DA HTTP/1.1" 200 607 "https://brainbox.co.in/PDFContent/01%20TSB/03%20Class%20VIII/English/LS1A/?C=D%3BO%3DA" "Mozilla/5.0 (Linux; Android 7.0;) AppleWebKit/537.36 (KHTML, like Gecko) Mobile Safari/537.36 (compatible; PetalBot;+https://webmaster.petalsearch.com/site/petalbot)" "brainbox.co.in"
51.222.253.13 - - [07/Sep/2022:23:15:35 -0700] "GET /PDFContent/01%20TSB/05%20Class%20X/Physics/?C=S;O=A HTTP/1.1" 200 352 "-" "Mozilla/5.0 (compatible; AhrefsBot/7.0; +http://ahrefs.com/robot/)" "brainbox.co.in"
66.249.79.64 - - [07/Sep/2022:23:16:00 -0700] "GET /robots.txt HTTP/1.1" 404 88 "-" "Mozilla/5.0 (compatible; Googlebot/2.1; +http://www.google.com/bot.html)" "brainbox.co.in"
114.119.145.175 - - [07/Sep/2022:23:19:32 -0700] "GET /PDFContent/01%20TSB/04%20Class%20IX/?C=M%3BO%3DA HTTP/1.1" 200 498 "https://brainbox.co.in/PDFContent/01%20TSB/04%20Class%20IX/?C=N%3BO%3DD" "Mozilla/5.0 (Linux; Android 7.0;) AppleWebKit/537.36 (KHTML, like Gecko) Mobile Safari/537.36 (compatible; PetalBot;+https://webmaster.petalsearch.com/site/petalbot)" "brainbox.co.in"
51.222.253.8 - - [07/Sep/2022:23:20:17 -0700] "GET /PDFContent/Beetle/CLASS%20II/MATHEMATICS%20SEM%202/ HTTP/1.1" 200 676 "-" "Mozilla/5.0 (compatible; AhrefsBot/7.0; +http://ahrefs.com/robot/)" "brainbox.co.in"
114.119.145.169 - - [07/Sep/2022:23:24:31 -0700] "GET /PDFContent/03%20CBSE/04%20Class%20IX/Maths/LINEAR%20EQUATIONS%20IN%20TWO%20VARIABLES/CBSE_IX_MATHS_LS04_LINEAR%20EQUATIONS%20IN%20%20TWO%20VARIABLES_GRAPH%20OF%20LINEAR%20EQVATION%20IN%20TWO%20VARIABLES.pdf HTTP/1.1" 200 490464 "https://brainbox.co.in/PDFContent/03%20CBSE/04%20Class%20IX/Maths/LINEAR%20EQUATIONS%20IN%20TWO%20VARIABLES/?C=N%3BO%3DD" "Mozilla/5.0 (Linux; Android 7.0;) AppleWebKit/537.36 (KHTML, like Gecko) Mobile Safari/537.36 (compatible; PetalBot;+https://webmaster.petalsearch.com/site/petalbot)" "brainbox.co.in"
51.222.253.11 - - [07/Sep/2022:23:25:05 -0700] "GET /PDFContent/SPECIAL%20CROUSE/Part%201%20Grammar%20Essentials/STD_III/?C=D;O=A HTTP/1.1" 200 671 "-" "Mozilla/5.0 (compatible; AhrefsBot/7.0; +http://ahrefs.com/robot/)" "brainbox.co.in"
114.119.145.169 - - [07/Sep/2022:23:29:31 -0700] "GET /PDFContent/Beetle/CLASS%20IV/MATHEMATICS/Lesson%201.%20Large%20Numbers.pdf HTTP/1.1" 200 116099 "https://brainbox.co.in/PDFContent/Beetle/CLASS%20IV/MATHEMATICS/" "Mozilla/5.0 (Linux; Android 7.0;) AppleWebKit/537.36 (KHTML, like Gecko) Mobile Safari/537.36 (compatible; PetalBot;+https://webmaster.petalsearch.com/site/petalbot)" "brainbox.co.in"
51.222.253.18 - - [07/Sep/2022:23:30:04 -0700] "GET /PDFContent/03%20CBSE/04%20Class%20IX/Sanskrit/?C=S;O=A HTTP/1.1" 200 354 "-" "Mozilla/5.0 (compatible; AhrefsBot/7.0; +http://ahrefs.com/robot/)" "brainbox.co.in"
114.119.145.163 - - [07/Sep/2022:23:34:32 -0700] "GET /PDFContent/03%20CBSE/03%20Class%20VIII/Biology/Cell%20Structures/?C=N%3BO%3DD HTTP/1.1" 200 768 "https://brainbox.co.in/PDFContent/03%20CBSE/03%20Class%20VIII/Biology/Cell%20Structures/?C=D%3BO%3DA" "Mozilla/5.0 (Linux; Android 7.0;) AppleWebKit/537.36 (KHTML, like Gecko) Mobile Safari/537.36 (compatible; PetalBot;+https://webmaster.petalsearch.com/site/petalbot)" "brainbox.co.in"
51.222.253.18 - - [07/Sep/2022:23:35:27 -0700] "GET /PDFContent/SPECIAL%20CROUSE/Part%201%20Grammar%20Essentials/STD_III/?C=M;O=A HTTP/1.1" 200 670 "-" "Mozilla/5.0 (compatible; AhrefsBot/7.0; +http://ahrefs.com/robot/)" "brainbox.co.in"
114.119.145.163 - - [07/Sep/2022:23:39:32 -0700] "GET /PDFContent/01%20TSB/03%20Class%20VIII/English/LS8C/?C=N%3BO%3DD HTTP/1.1" 200 549 "https://brainbox.co.in/PDFContent/01%20TSB/03%20Class%20VIII/English/LS8C/" "Mozilla/5.0 (Linux; Android 7.0;) AppleWebKit/537.36 (KHTML, like Gecko) Mobile Safari/537.36 (compatible; PetalBot;+https://webmaster.petalsearch.com/site/petalbot)" "brainbox.co.in"
51.222.253.19 - - [07/Sep/2022:23:40:25 -0700] "GET /PDFContent/04%20ICSE/07%20Class%20XII/Telugu/?C=D;O=A HTTP/1.1" 200 355 "-" "Mozilla/5.0 (compatible; AhrefsBot/7.0; +http://ahrefs.com/robot/)" "brainbox.co.in"
114.119.145.174 - - [07/Sep/2022:23:44:32 -0700] "GET /PDFContent/SPECIAL%20CROUSE/Part%201%20Grammar%20Essentials/STD_VII/?C=N%3BO%3DD HTTP/1.1" 200 501 "https://brainbox.co.in/PDFContent/SPECIAL%20CROUSE/Part%201%20Grammar%20Essentials/STD_VII/?C=S%3BO%3DA" "Mozilla/5.0 (Linux; Android 7.0;) AppleWebKit/537.36 (KHTML, like Gecko) Mobile Safari/537.36 (compatible; PetalBot;+https://webmaster.petalsearch.com/site/petalbot)" "brainbox.co.in"
51.222.253.1 - - [07/Sep/2022:23:45:35 -0700] "GET /PDFContent/04%20ICSE/07%20Class%20XII/Telugu/?C=S;O=A HTTP/1.1" 200 355 "-" "Mozilla/5.0 (compatible; AhrefsBot/7.0; +http://ahrefs.com/robot/)" "brainbox.co.in"
114.119.145.169 - - [07/Sep/2022:23:49:32 -0700] "GET /PDFContent/02%20APSB/05%20Class%20X/Hindi/ HTTP/1.1" 200 351 "https://brainbox.co.in/PDFContent/02%20APSB/05%20Class%20X/?C=D%3BO%3DA" "Mozilla/5.0 (Linux; Android 7.0;) AppleWebKit/537.36 (KHTML, like Gecko) Mobile Safari/537.36 (compatible; PetalBot;+https://webmaster.petalsearch.com/site/petalbot)" "brainbox.co.in"
51.222.253.14 - - [07/Sep/2022:23:51:49 -0700] "GET /PDFContent/01%20TSB/?C=S;O=A HTTP/1.1" 200 504 "-" "Mozilla/5.0 (compatible; AhrefsBot/7.0; +http://ahrefs.com/robot/)" "brainbox.co.in"
114.119.145.163 - - [07/Sep/2022:23:54:32 -0700] "GET /PDFContent/Beetle/CLASS%20IV/MATHEMATICS/ HTTP/1.1" 200 556 "https://brainbox.co.in/PDFContent/Beetle/CLASS%20IV/?C=M%3BO%3DA" "Mozilla/5.0 (Linux; Android 7.0;) AppleWebKit/537.36 (KHTML, like Gecko) Mobile Safari/537.36 (compatible; PetalBot;+https://webmaster.petalsearch.com/site/petalbot)" "brainbox.co.in"
51.222.253.3 - - [07/Sep/2022:23:58:07 -0700] "GET /PDFContent/01%20TSB/03%20Class%20VIII/Biology/THE%20WORLD%20OF%20MICRO%20ORGANISMS/?C=M;O=D HTTP/1.1" 200 525 "-" "Mozilla/5.0 (compatible; AhrefsBot/7.0; +http://ahrefs.com/robot/)" "brainbox.co.in"
114.119.145.163 - - [07/Sep/2022:23:59:32 -0700] "GET /PDFContent/03%20CBSE/03%20Class%20VIII/Biology/?C=S%3BO%3DA HTTP/1.1" 200 838 "https://brainbox.co.in/PDFContent/03%20CBSE/03%20Class%20VIII/Biology/" "Mozilla/5.0 (Linux; Android 7.0;) AppleWebKit/537.36 (KHTML, like Gecko) Mobile Safari/537.36 (compatible; PetalBot;+https://webmaster.petalsearch.com/site/petalbot)" "brainbox.co.in"
3.131.152.127 - - [08/Sep/2022:00:02:30 -0700] "GET /~richard/templates/beez/US/uk/paypal/login.htm HTTP/1.1" 404 73 "-" "Mozilla/5.0 (Macintosh; Intel Mac OS X 10_10_5) AppleWebKit/537.36 (KHTML, like Gecko) Chrome/52.0.2743.116 Safari/537.36" "brainbox.co.in"
51.222.253.1 - - [08/Sep/2022:00:04:28 -0700] "GET /PDFContent/Beetle/CLASS%20II/MATHEMATICS%20SEM%202/?C=M;O=A HTTP/1.1" 200 676 "-" "Mozilla/5.0 (compatible; AhrefsBot/7.0; +http://ahrefs.com/robot/)" "brainbox.co.in"
114.119.145.163 - - [08/Sep/2022:00:04:32 -0700] "GET /PDFContent/03%20CBSE/02%20Class%20VII/Science/ACIDS%20BASES%20AND%20SALTS/?C=N%3BO%3DD HTTP/1.1" 200 530 "https://brainbox.co.in/PDFContent/03%20CBSE/02%20Class%20VII/Science/ACIDS%20BASES%20AND%20SALTS/?C=D%3BO%3DA" "Mozilla/5.0 (Linux; Android 7.0;) AppleWebKit/537.36 (KHTML, like Gecko) Mobile Safari/537.36 (compatible; PetalBot;+https://webmaster.petalsearch.com/site/petalbot)" "brainbox.co.in"
114.119.145.187 - - [08/Sep/2022:00:09:35 -0700] "GET /PDFContent/Beetle/CLASS%20IV/?C=M%3BO%3DA HTTP/1.1" 200 504 "https://brainbox.co.in/PDFContent/Beetle/CLASS%20IV/" "Mozilla/5.0 (Linux; Android 7.0;) AppleWebKit/537.36 (KHTML, like Gecko) Mobile Safari/537.36 (compatible; PetalBot;+https://webmaster.petalsearch.com/site/petalbot)" "brainbox.co.in"
51.222.253.19 - - [08/Sep/2022:00:10:20 -0700] "GET /PDFContent/Beetle/CLASS%20V/?C=D;O=A HTTP/1.1" 200 433 "-" "Mozilla/5.0 (compatible; AhrefsBot/7.0; +http://ahrefs.com/robot/)" "brainbox.co.in"
114.119.145.174 - - [08/Sep/2022:00:14:32 -0700] "GET /PDFContent/03%20CBSE/03%20Class%20VIII/Chemistry/Combustion%20and%20Flames/CBSE_VIII_CHEMISTRY_COMBUSTION%20&%20FLAMES_Flame HTTP/1.1" 200 361560 "https://brainboxschool.com/material/CBSE/VIII/Chemistry/COMBUSTION_AND_FLAME.html" "Mozilla/5.0 (Linux; Android 7.0;) AppleWebKit/537.36 (KHTML, like Gecko) Mobile Safari/537.36 (compatible; PetalBot;+https://webmaster.petalsearch.com/site/petalbot)" "brainbox.co.in"
51.222.253.13 - - [08/Sep/2022:00:15:25 -0700] "GET /PDFContent/SPECIAL%20CROUSE/Part%201%20Grammar%20Essentials/STD_VIII/ HTTP/1.1" 200 512 "-" "Mozilla/5.0 (compatible; AhrefsBot/7.0; +http://ahrefs.com/robot/)" "brainbox.co.in"
114.119.145.163 - - [08/Sep/2022:00:19:33 -0700] "GET /PDFContent/03%20CBSE/05%20Class%20X/Maths/CBSE_X_MATHS_LS04_QUADRATIC%20EQUATIONS_Relation%20Between%20The%20Roots%20And%20Coefficients_P11.pdf HTTP/1.1" 200 277661 "https://brainbox.co.in/PDFContent/03%20CBSE/05%20Class%20X/Maths/?C=D%3BO%3DA" "Mozilla/5.0 (Linux; Android 7.0;) AppleWebKit/537.36 (KHTML, like Gecko) Mobile Safari/537.36 (compatible; PetalBot;+https://webmaster.petalsearch.com/site/petalbot)" "brainbox.co.in"
51.222.253.9 - - [08/Sep/2022:00:20:57 -0700] "GET /PDFContent/03%20CBSE/04%20Class%20IX/Sanskrit/?C=N;O=A HTTP/1.1" 200 354 "-" "Mozilla/5.0 (compatible; AhrefsBot/7.0; +http://ahrefs.com/robot/)" "brainbox.co.in"
114.119.145.163 - - [08/Sep/2022:00:24:34 -0700] "GET /PDFContent/01%20TSB/03%20Class%20VIII/English/LS7C/TSB_VIII_ENGLISH_LS07C_%20I%20CAN%20TAKE%20CARE%20OF%20MYSELF_Introduction.pdf HTTP/1.1" 200 393020 "https://brainbox.co.in/PDFContent/01%20TSB/03%20Class%20VIII/English/LS7C/?C=N%3BO%3DD" "Mozilla/5.0 (Linux; Android 7.0;) AppleWebKit/537.36 (KHTML, like Gecko) Mobile Safari/537.36 (compatible; PetalBot;+https://webmaster.petalsearch.com/site/petalbot)" "brainbox.co.in"
51.222.253.3 - - [08/Sep/2022:00:26:29 -0700] "GET /PDFContent/01%20TSB/?C=D;O=A HTTP/1.1" 200 504 "-" "Mozilla/5.0 (compatible; AhrefsBot/7.0; +http://ahrefs.com/robot/)" "brainbox.co.in"
114.119.135.132 - - [08/Sep/2022:00:29:39 -0700] "GET /PDFContent/03%20CBSE/02%20Class%20VII/Science/WATER%20A%20PRECIOUS%20RESOURCE/CBSE_VII_LS16_WATER%20A%20PRECIOUS%20RESOURCE_P2.pdf HTTP/1.1" 200 99418 "https://brainbox.co.in/PDFContent/03%20CBSE/02%20Class%20VII/Science/WATER%20A%20PRECIOUS%20RESOURCE/" "Mozilla/5.0 (Linux; Android 7.0;) AppleWebKit/537.36 (KHTML, like Gecko) Mobile Safari/537.36 (compatible; PetalBot;+https://webmaster.petalsearch.com/site/petalbot)" "brainbox.co.in"
114.119.145.160 - - [08/Sep/2022:00:34:35 -0700] "GET /PDFContent/03%20CBSE/04%20Class%20IX/Physics/Motion/Displacement%20Time%20Graph HTTP/1.1" 200 423124 "https://brainboxschool.com/material/CBSE/IX/Physics/MOTION.html" "Mozilla/5.0 (Linux; Android 7.0;) AppleWebKit/537.36 (KHTML, like Gecko) Mobile Safari/537.36 (compatible; PetalBot;+https://webmaster.petalsearch.com/site/petalbot)" "brainbox.co.in"
51.222.253.12 - - [08/Sep/2022:00:38:27 -0700] "GET /PDFContent/02%20APSB/05%20Class%20X/Hindi/?C=N;O=A HTTP/1.1" 200 351 "-" "Mozilla/5.0 (compatible; AhrefsBot/7.0; +http://ahrefs.com/robot/)" "brainbox.co.in"
114.119.145.160 - - [08/Sep/2022:00:39:33 -0700] "GET /PDFContent/03%20CBSE/05%20Class%20X/Maths/COORDINATE%20GEOMETRY/?C=S%3BO%3DA HTTP/1.1" 200 698 "https://brainbox.co.in/PDFContent/03%20CBSE/05%20Class%20X/Maths/COORDINATE%20GEOMETRY/?C=M%3BO%3DA" "Mozilla/5.0 (Linux; Android 7.0;) AppleWebKit/537.36 (KHTML, like Gecko) Mobile Safari/537.36 (compatible; PetalBot;+https://webmaster.petalsearch.com/site/petalbot)" "brainbox.co.in"
114.119.145.169 - - [08/Sep/2022:00:44:33 -0700] "GET /PDFContent/01%20TSB/04%20Class%20IX/Biology/Challenging%20in%20Improving%20Agricultural/?C=S%3BO%3DA HTTP/1.1" 200 731 "https://brainbox.co.in/PDFContent/01%20TSB/04%20Class%20IX/Biology/Challenging%20in%20Improving%20Agricultural/?C=S%3BO%3DA" "Mozilla/5.0 (Linux; Android 7.0;) AppleWebKit/537.36 (KHTML, like Gecko) Mobile Safari/537.36 (compatible; PetalBot;+https://webmaster.petalsearch.com/site/petalbot)" "brainbox.co.in"
51.222.253.1 - - [08/Sep/2022:00:49:18 -0700] "GET /PDFContent/Beetle/CLASS%20II/ENGLISH%20SEM%202/ HTTP/1.1" 200 615 "-" "Mozilla/5.0 (compatible; AhrefsBot/7.0; +http://ahrefs.com/robot/)" "brainbox.co.in"
114.119.145.187 - - [08/Sep/2022:00:49:34 -0700] "GET /PDFContent/Beetle/CLASS%20V/SCIENCE/ HTTP/1.1" 200 398 "https://brainbox.co.in/PDFContent/Beetle/CLASS%20V/SCIENCE/SEM2/" "Mozilla/5.0 (Linux; Android 7.0;) AppleWebKit/537.36 (KHTML, like Gecko) Mobile Safari/537.36 (compatible; PetalBot;+https://webmaster.petalsearch.com/site/petalbot)" "brainbox.co.in"
114.119.145.163 - - [08/Sep/2022:00:54:34 -0700] "GET /PDFContent/03%20CBSE/04%20Class%20IX/Chemistry/STRUCTURE%20OF%20ATOM/Structure%20of%20atom_V10_Isotopes.pdf HTTP/1.1" 200 169494 "https://brainbox.co.in/PDFContent/03%20CBSE/04%20Class%20IX/Chemistry/STRUCTURE%20OF%20ATOM/?C=S%3BO%3DA" "Mozilla/5.0 (Linux; Android 7.0;) AppleWebKit/537.36 (KHTML, like Gecko) Mobile Safari/537.36 (compatible; PetalBot;+https://webmaster.petalsearch.com/site/petalbot)" "brainbox.co.in"
114.119.145.187 - - [08/Sep/2022:00:59:42 -0700] "GET /PDFContent/03%20CBSE/04%20Class%20IX/Maths/POLYNOMIALS/CBSE_IX_MATHS_LS02_POLYNOMIALS_LINEAR%20POLYNOMIAL.pdf HTTP/1.1" 200 351819 "https://brainbox.co.in/PDFContent/03%20CBSE/04%20Class%20IX/Maths/POLYNOMIALS/?C=D%3BO%3DA" "Mozilla/5.0 (Linux; Android 7.0;) AppleWebKit/537.36 (KHTML, like Gecko) Mobile Safari/537.36 (compatible; PetalBot;+https://webmaster.petalsearch.com/site/petalbot)" "brainbox.co.in"
114.119.145.160 - - [08/Sep/2022:01:04:33 -0700] "GET /PDFContent/03%20CBSE/05%20Class%20X/Hindi/Kshitij/?C=S%3BO%3DA HTTP/1.1" 200 437 "https://brainbox.co.in/PDFContent/03%20CBSE/05%20Class%20X/Hindi/Kshitij/" "Mozilla/5.0 (Linux; Android 7.0;) AppleWebKit/537.36 (KHTML, like Gecko) Mobile Safari/537.36 (compatible; PetalBot;+https://webmaster.petalsearch.com/site/petalbot)" "brainbox.co.in"
114.119.145.175 - - [08/Sep/2022:01:09:42 -0700] "GET /PDFContent/03%20CBSE/02%20Class%20VII/Science/NUTRITION%20IN%20PLANTS/?C=S%3BO%3DA HTTP/1.1" 200 461 "https://brainbox.co.in/PDFContent/03%20CBSE/02%20Class%20VII/Science/NUTRITION%20IN%20PLANTS/?C=N%3BO%3DD" "Mozilla/5.0 (Linux; Android 7.0;) AppleWebKit/537.36 (KHTML, like Gecko) Mobile Safari/537.36 (compatible; PetalBot;+https://webmaster.petalsearch.com/site/petalbot)" "brainbox.co.in"
51.222.253.3 - - [08/Sep/2022:01:09:48 -0700] "GET /PDFContent/03%20CBSE/04%20Class%20IX/Physics/Work%20and%20Energy/?C=N;O=D HTTP/1.1" 200 532 "-" "Mozilla/5.0 (compatible; AhrefsBot/7.0; +http://ahrefs.com/robot/)" "brainbox.co.in"
51.222.253.5 - - [08/Sep/2022:01:29:58 -0700] "GET /PDFContent/Beetle/CLASS%20V/?C=M;O=A HTTP/1.1" 200 433 "-" "Mozilla/5.0 (compatible; AhrefsBot/7.0; +http://ahrefs.com/robot/)" "brainbox.co.in"
51.222.253.20 - - [08/Sep/2022:01:50:47 -0700] "GET /PDFContent/01%20TSB/05%20Class%20X/English/6A,ENVIRONMENT/?C=D;O=A HTTP/1.1" 200 518 "-" "Mozilla/5.0 (compatible; AhrefsBot/7.0; +http://ahrefs.com/robot/)" "brainbox.co.in"
54.219.86.3 - - [08/Sep/2022:01:52:17 -0700] "GET /~richard/templates/beez/US/uk/paypal/login.htm HTTP/1.1" 404 73 "-" "Mozilla/5.0 (Macintosh; Intel Mac OS X 10_10_5) AppleWebKit/537.36 (KHTML, like Gecko) Chrome/52.0.2743.116 Safari/537.36" "brainbox.co.in"
51.222.253.9 - - [08/Sep/2022:02:10:47 -0700] "GET /PDFContent/SPECIAL%20CROUSE/Part%201%20Grammar%20Essentials/?C=S;O=A HTTP/1.1" 200 456 "-" "Mozilla/5.0 (compatible; AhrefsBot/7.0; +http://ahrefs.com/robot/)" "brainbox.co.in"
51.222.253.3 - - [08/Sep/2022:02:30:45 -0700] "GET /PDFContent/01%20TSB/05%20Class%20X/English/6A,ENVIRONMENT/?C=M;O=A HTTP/1.1" 200 518 "-" "Mozilla/5.0 (compatible; AhrefsBot/7.0; +http://ahrefs.com/robot/)" "brainbox.co.in"
51.222.253.3 - - [08/Sep/2022:02:51:14 -0700] "GET /PDFContent/04%20ICSE/07%20Class%20XII/Hindi/?C=D;O=A HTTP/1.1" 200 354 "-" "Mozilla/5.0 (compatible; AhrefsBot/7.0; +http://ahrefs.com/robot/)" "brainbox.co.in"
51.222.253.3 - - [08/Sep/2022:03:15:54 -0700] "GET /PDFContent/Beetle/CLASS%20III/?C=S;O=A HTTP/1.1" 200 435 "-" "Mozilla/5.0 (compatible; AhrefsBot/7.0; +http://ahrefs.com/robot/)" "brainbox.co.in"
51.222.253.4 - - [08/Sep/2022:03:37:30 -0700] "GET /PDFContent/01%20TSB/02%20Class%20VII/English/01LS4A/?C=D;O=A HTTP/1.1" 200 474 "-" "Mozilla/5.0 (compatible; AhrefsBot/7.0; +http://ahrefs.com/robot/)" "brainbox.co.in"
51.222.253.6 - - [08/Sep/2022:03:48:47 -0700] "GET /robots.txt HTTP/1.1" 404 88 "-" "Mozilla/5.0 (compatible; AhrefsBot/7.0; +http://ahrefs.com/robot/)" "brainbox.co.in"
51.222.253.7 - - [08/Sep/2022:03:48:48 -0700] "GET /PDFContent/04%20ICSE/07%20Class%20XII/Hindi/?C=S;O=A HTTP/1.1" 200 354 "-" "Mozilla/5.0 (compatible; AhrefsBot/7.0; +http://ahrefs.com/robot/)" "brainbox.co.in"
114.119.145.175 - - [08/Sep/2022:03:51:22 -0700] "GET / HTTP/1.1" 200 432 "-" "Mozilla/5.0 (Linux; Android 7.0;) AppleWebKit/537.36 (KHTML, like Gecko) Mobile Safari/537.36 (compatible; PetalBot;+https://webmaster.petalsearch.com/site/petalbot)" "brainbox.co.in"
114.119.145.174 - - [08/Sep/2022:03:56:19 -0700] "GET /PDFContent/03%20CBSE/04%20Class%20IX/Biology/CBSE_lX_BIOLOGY_LS07_DIVERSTY%20IN%20LIVING%20ORGANISMS_QUESTION%20&%20ANSWERS.pdf HTTP/1.1" 200 454646 "https://brainbox.co.in/PDFContent/03%20CBSE/04%20Class%20IX/Biology/?C=M%3BO%3DA" "Mozilla/5.0 (Linux; Android 7.0;) AppleWebKit/537.36 (KHTML, like Gecko) Mobile Safari/537.36 (compatible; PetalBot;+https://webmaster.petalsearch.com/site/petalbot)" "brainbox.co.in"
51.222.253.10 - - [08/Sep/2022:03:59:09 -0700] "GET /PDFContent/04%20ICSE/07%20Class%20XII/Hindi/?C=M;O=A HTTP/1.1" 200 354 "-" "Mozilla/5.0 (compatible; AhrefsBot/7.0; +http://ahrefs.com/robot/)" "brainbox.co.in"
114.119.145.174 - - [08/Sep/2022:04:01:28 -0700] "GET /PDFContent/03%20CBSE/04%20Class%20IX/Biology/Tissues/CBSE_IX_Biology_Tissues_Permanent%20tissue HTTP/1.1" 200 161205 "https://brainboxschool.com/material/CBSE/IX/Biology/TISSUES.html" "Mozilla/5.0 (Linux; Android 7.0;) AppleWebKit/537.36 (KHTML, like Gecko) Mobile Safari/537.36 (compatible; PetalBot;+https://webmaster.petalsearch.com/site/petalbot)" "brainbox.co.in"
51.222.253.14 - - [08/Sep/2022:04:04:40 -0700] "GET /PDFContent/01%20TSB/05%20Class%20X/English/6A,ENVIRONMENT/?C=S;O=A HTTP/1.1" 200 517 "-" "Mozilla/5.0 (compatible; AhrefsBot/7.0; +http://ahrefs.com/robot/)" "brainbox.co.in"
114.119.145.174 - - [08/Sep/2022:04:06:19 -0700] "GET /PDFContent/01%20TSB/03%20Class%20VIII/English/LS3A/TSB_VIII_ENGLISH_LS3A_%20THE%20SELFISH%20GIANT%20P1_INTRODUCTION.pdf HTTP/1.1" 200 348772 "https://brainbox.co.in/PDFContent/01%20TSB/03%20Class%20VIII/English/LS3A/?C=M%3BO%3DA" "Mozilla/5.0 (Linux; Android 7.0;) AppleWebKit/537.36 (KHTML, like Gecko) Mobile Safari/537.36 (compatible; PetalBot;+https://webmaster.petalsearch.com/site/petalbot)" "brainbox.co.in"
51.222.253.5 - - [08/Sep/2022:04:10:25 -0700] "GET /PDFContent/SPECIAL%20CROUSE/Part%201%20Grammar%20Essentials/STD_III/ HTTP/1.1" 200 671 "-" "Mozilla/5.0 (compatible; AhrefsBot/7.0; +http://ahrefs.com/robot/)" "brainbox.co.in"
114.119.145.175 - - [08/Sep/2022:04:11:32 -0700] "GET /PDFContent/01%20TSB/03%20Class%20VIII/English/LS5A/?C=M%3BO%3DA HTTP/1.1" 200 536 "https://brainbox.co.in/PDFContent/01%20TSB/03%20Class%20VIII/English/LS5A/?C=D%3BO%3DA" "Mozilla/5.0 (Linux; Android 7.0;) AppleWebKit/537.36 (KHTML, like Gecko) Mobile Safari/537.36 (compatible; PetalBot;+https://webmaster.petalsearch.com/site/petalbot)" "brainbox.co.in"
51.222.253.14 - - [08/Sep/2022:04:15:16 -0700] "GET /PDFContent/01%20TSB/02%20Class%20VII/Hindi/word%20meaning/?C=S;O=A HTTP/1.1" 200 917 "-" "Mozilla/5.0 (compatible; AhrefsBot/7.0; +http://ahrefs.com/robot/)" "brainbox.co.in"
114.119.145.174 - - [08/Sep/2022:04:16:22 -0700] "GET /PDFContent/Beetle/CLASS%20V/MATHEMATICS/SEM%202/Lesson%203.%20Measurement.pdf HTTP/1.1" 200 133747 "https://brainbox.co.in/PDFContent/Beetle/CLASS%20V/MATHEMATICS/SEM%202/?C=N%3BO%3DD" "Mozilla/5.0 (Linux; Android 7.0;) AppleWebKit/537.36 (KHTML, like Gecko) Mobile Safari/537.36 (compatible; PetalBot;+https://webmaster.petalsearch.com/site/petalbot)" "brainbox.co.in"
51.222.253.1 - - [08/Sep/2022:04:20:36 -0700] "GET /PDFContent/01%20TSB/02%20Class%20VII/Hindi/word%20meaning/?C=D;O=A HTTP/1.1" 200 920 "-" "Mozilla/5.0 (compatible; AhrefsBot/7.0; +http://ahrefs.com/robot/)" "brainbox.co.in"
139.59.230.191 - - [08/Sep/2022:04:21:13 -0700] "GET //wp-includes/ID3/license.txt HTTP/1.1" 404 73 "-" "Mozilla/5.0 (Windows NT 10.0; Win64; x64) AppleWebKit/537.36 (KHTML, like Gecko) Chrome/95.0.4638.69 Safari/537.36" "brainbox.co.in"
139.59.230.191 - - [08/Sep/2022:04:21:14 -0700] "GET //feed/ HTTP/1.1" 404 73 "-" "Mozilla/5.0 (Windows NT 10.0; Win64; x64) AppleWebKit/537.36 (KHTML, like Gecko) Chrome/95.0.4638.69 Safari/537.36" "brainbox.co.in"
139.59.230.191 - - [08/Sep/2022:04:21:16 -0700] "GET //blog/wp-includes/wlwmanifest.xml HTTP/1.1" 404 73 "-" "Mozilla/5.0 (Windows NT 10.0; Win64; x64) AppleWebKit/537.36 (KHTML, like Gecko) Chrome/95.0.4638.69 Safari/537.36" "brainbox.co.in"
139.59.230.191 - - [08/Sep/2022:04:21:17 -0700] "GET //web/wp-includes/wlwmanifest.xml HTTP/1.1" 404 73 "-" "Mozilla/5.0 (Windows NT 10.0; Win64; x64) AppleWebKit/537.36 (KHTML, like Gecko) Chrome/95.0.4638.69 Safari/537.36" "brainbox.co.in"
139.59.230.191 - - [08/Sep/2022:04:21:18 -0700] "GET //wordpress/wp-includes/wlwmanifest.xml HTTP/1.1" 404 73 "-" "Mozilla/5.0 (Windows NT 10.0; Win64; x64) AppleWebKit/537.36 (KHTML, like Gecko) Chrome/95.0.4638.69 Safari/537.36" "brainbox.co.in"
139.59.230.191 - - [08/Sep/2022:04:21:19 -0700] "GET //wp/wp-includes/wlwmanifest.xml HTTP/1.1" 404 73 "-" "Mozilla/5.0 (Windows NT 10.0; Win64; x64) AppleWebKit/537.36 (KHTML, like Gecko) Chrome/95.0.4638.69 Safari/537.36" "brainbox.co.in"
114.119.145.174 - - [08/Sep/2022:04:21:19 -0700] "GET /PDFContent/03%20CBSE/04%20Class%20IX/Biology/?C=M%3BO%3DA HTTP/1.1" 200 917 "https://brainbox.co.in/PDFContent/03%20CBSE/04%20Class%20IX/Biology/?C=N%3BO%3DD" "Mozilla/5.0 (Linux; Android 7.0;) AppleWebKit/537.36 (KHTML, like Gecko) Mobile Safari/537.36 (compatible; PetalBot;+https://webmaster.petalsearch.com/site/petalbot)" "brainbox.co.in"
139.59.230.191 - - [08/Sep/2022:04:21:20 -0700] "GET //2020/wp-includes/wlwmanifest.xml HTTP/1.1" 404 73 "-" "Mozilla/5.0 (Windows NT 10.0; Win64; x64) AppleWebKit/537.36 (KHTML, like Gecko) Chrome/95.0.4638.69 Safari/537.36" "brainbox.co.in"
139.59.230.191 - - [08/Sep/2022:04:21:21 -0700] "GET //2019/wp-includes/wlwmanifest.xml HTTP/1.1" 404 73 "-" "Mozilla/5.0 (Windows NT 10.0; Win64; x64) AppleWebKit/537.36 (KHTML, like Gecko) Chrome/95.0.4638.69 Safari/537.36" "brainbox.co.in"
139.59.230.191 - - [08/Sep/2022:04:21:22 -0700] "GET //2021/wp-includes/wlwmanifest.xml HTTP/1.1" 404 73 "-" "Mozilla/5.0 (Windows NT 10.0; Win64; x64) AppleWebKit/537.36 (KHTML, like Gecko) Chrome/95.0.4638.69 Safari/537.36" "brainbox.co.in"
139.59.230.191 - - [08/Sep/2022:04:21:23 -0700] "GET //shop/wp-includes/wlwmanifest.xml HTTP/1.1" 404 73 "-" "Mozilla/5.0 (Windows NT 10.0; Win64; x64) AppleWebKit/537.36 (KHTML, like Gecko) Chrome/95.0.4638.69 Safari/537.36" "brainbox.co.in"
139.59.230.191 - - [08/Sep/2022:04:21:24 -0700] "GET //wp1/wp-includes/wlwmanifest.xml HTTP/1.1" 404 73 "-" "Mozilla/5.0 (Windows NT 10.0; Win64; x64) AppleWebKit/537.36 (KHTML, like Gecko) Chrome/95.0.4638.69 Safari/537.36" "brainbox.co.in"
139.59.230.191 - - [08/Sep/2022:04:21:26 -0700] "GET //test/wp-includes/wlwmanifest.xml HTTP/1.1" 404 73 "-" "Mozilla/5.0 (Windows NT 10.0; Win64; x64) AppleWebKit/537.36 (KHTML, like Gecko) Chrome/95.0.4638.69 Safari/537.36" "brainbox.co.in"
139.59.230.191 - - [08/Sep/2022:04:21:27 -0700] "GET //site/wp-includes/wlwmanifest.xml HTTP/1.1" 404 73 "-" "Mozilla/5.0 (Windows NT 10.0; Win64; x64) AppleWebKit/537.36 (KHTML, like Gecko) Chrome/95.0.4638.69 Safari/537.36" "brainbox.co.in"
139.59.230.191 - - [08/Sep/2022:04:21:27 -0700] "GET //cms/wp-includes/wlwmanifest.xml HTTP/1.1" 404 73 "-" "Mozilla/5.0 (Windows NT 10.0; Win64; x64) AppleWebKit/537.36 (KHTML, like Gecko) Chrome/95.0.4638.69 Safari/537.36" "brainbox.co.in"
51.222.253.1 - - [08/Sep/2022:04:25:28 -0700] "GET /PDFContent/01%20TSB/02%20Class%20VII/Hindi/word%20meaning/?C=M;O=A HTTP/1.1" 200 923 "-" "Mozilla/5.0 (compatible; AhrefsBot/7.0; +http://ahrefs.com/robot/)" "brainbox.co.in"
114.119.145.169 - - [08/Sep/2022:04:26:20 -0700] "GET /PDFContent/03%20CBSE/04%20Class%20IX/Maths/LINEAR%20EQUATIONS%20IN%20TWO%20VARIABLES/CBSE_IX_MATHS_LS04_LINEAR%20EQUATIONS%20IN%20%20TWO%20VARIABLES_METHODS%20TO%20SOLVE%20SIMULANEOUS%20LINEAR%20EQUATIONS.pdf HTTP/1.1" 200 285543 "https://brainbox.co.in/PDFContent/03%20CBSE/04%20Class%20IX/Maths/LINEAR%20EQUATIONS%20IN%20TWO%20VARIABLES/?C=N%3BO%3DD" "Mozilla/5.0 (Linux; Android 7.0;) AppleWebKit/537.36 (KHTML, like Gecko) Mobile Safari/537.36 (compatible; PetalBot;+https://webmaster.petalsearch.com/site/petalbot)" "brainbox.co.in"
51.222.253.13 - - [08/Sep/2022:04:30:32 -0700] "GET /PDFContent/SPECIAL%20CROUSE/Part%201%20Grammar%20Essentials/STD_IX/?C=N;O=D HTTP/1.1" 200 499 "-" "Mozilla/5.0 (compatible; AhrefsBot/7.0; +http://ahrefs.com/robot/)" "brainbox.co.in"
114.119.145.169 - - [08/Sep/2022:04:31:28 -0700] "GET /PDFContent/03%20CBSE/03%20Class%20VIII/Biology/Cell%20Structures/Prokaryotes%20and%20Eukaryotes.pdf HTTP/1.1" 200 222479 "https://brainbox.co.in/PDFContent/03%20CBSE/03%20Class%20VIII/Biology/Cell%20Structures/?C=D%3BO%3DA" "Mozilla/5.0 (Linux; Android 7.0;) AppleWebKit/537.36 (KHTML, like Gecko) Mobile Safari/537.36 (compatible; PetalBot;+https://webmaster.petalsearch.com/site/petalbot)" "brainbox.co.in"
51.222.253.11 - - [08/Sep/2022:04:35:32 -0700] "GET /PDFContent/04%20ICSE/06%20Class%20XI/Telugu/?C=M;O=A HTTP/1.1" 200 355 "-" "Mozilla/5.0 (compatible; AhrefsBot/7.0; +http://ahrefs.com/robot/)" "brainbox.co.in"
114.119.135.132 - - [08/Sep/2022:04:36:23 -0700] "GET /PDFContent/03%20CBSE/05%20Class%20X/Hindi/Kshitij/LS02/CBSE_X_HINDI_LS02_TULASIDAS_Summary.pdf HTTP/1.1" 200 542658 "https://brainbox.co.in/PDFContent/03%20CBSE/05%20Class%20X/Hindi/Kshitij/LS02/" "Mozilla/5.0 (Linux; Android 7.0;) AppleWebKit/537.36 (KHTML, like Gecko) Mobile Safari/537.36 (compatible; PetalBot;+https://webmaster.petalsearch.com/site/petalbot)" "brainbox.co.in"
51.222.253.9 - - [08/Sep/2022:04:40:43 -0700] "GET /PDFContent/02%20APSB/04%20Class%20IX/Sanskrit/?C=N;O=D HTTP/1.1" 200 353 "-" "Mozilla/5.0 (compatible; AhrefsBot/7.0; +http://ahrefs.com/robot/)" "brainbox.co.in"
114.119.145.160 - - [08/Sep/2022:04:41:24 -0700] "GET /PDFContent/03%20CBSE/04%20Class%20IX/Biology/Fundamental%20Unit%20of%20Life/?C=S%3BO%3DA HTTP/1.1" 200 961 "https://brainbox.co.in/PDFContent/03%20CBSE/04%20Class%20IX/Biology/Fundamental%20Unit%20of%20Life/?C=M%3BO%3DA" "Mozilla/5.0 (Linux; Android 7.0;) AppleWebKit/537.36 (KHTML, like Gecko) Mobile Safari/537.36 (compatible; PetalBot;+https://webmaster.petalsearch.com/site/petalbot)" "brainbox.co.in"
51.222.253.16 - - [08/Sep/2022:04:45:49 -0700] "GET /PDFContent/03%20CBSE/07%20Class%20XII/Sanskrit/?C=S;O=A HTTP/1.1" 200 356 "-" "Mozilla/5.0 (compatible; AhrefsBot/7.0; +http://ahrefs.com/robot/)" "brainbox.co.in"
114.119.145.169 - - [08/Sep/2022:04:46:22 -0700] "GET /PDFContent/01%20TSB/02%20Class%20VII/Hindi/Glossary/TSB_VII_LS17_SAHSI%20SUNITA_GLOSSARY.pdf HTTP/1.1" 200 611646 "https://brainbox.co.in/PDFContent/01%20TSB/02%20Class%20VII/Hindi/Glossary/?C=M%3BO%3DA" "Mozilla/5.0 (Linux; Android 7.0;) AppleWebKit/537.36 (KHTML, like Gecko) Mobile Safari/537.36 (compatible; PetalBot;+https://webmaster.petalsearch.com/site/petalbot)" "brainbox.co.in"
51.222.253.9 - - [08/Sep/2022:04:51:11 -0700] "GET /PDFContent/03%20CBSE/07%20Class%20XII/?C=D;O=A HTTP/1.1" 200 513 "-" "Mozilla/5.0 (compatible; AhrefsBot/7.0; +http://ahrefs.com/robot/)" "brainbox.co.in"
114.119.145.174 - - [08/Sep/2022:04:52:44 -0700] "GET /PDFContent/03%20CBSE/03%20Class%20VIII/Physics/Stars%20&%20Evolution/CBSE_VIII_PHYSICS_STARS%20&%20EVOLUTION_Moon%20&%20Star HTTP/1.1" 200 208556 "https://brainboxschool.com/material/CBSE/VIII/Physics/STARS_AND_EVOLUTION.html" "Mozilla/5.0 (Linux; Android 7.0;) AppleWebKit/537.36 (KHTML, like Gecko) Mobile Safari/537.36 (compatible; PetalBot;+https://webmaster.petalsearch.com/site/petalbot)" "brainbox.co.in"
114.119.145.163 - - [08/Sep/2022:04:56:22 -0700] "GET /PDFContent/Beetle/CLASS%20IV/ENGLISH/?C=S%3BO%3DA HTTP/1.1" 200 686 "https://brainbox.co.in/PDFContent/Beetle/CLASS%20IV/ENGLISH/?C=S%3BO%3DA" "Mozilla/5.0 (Linux; Android 7.0;) AppleWebKit/537.36 (KHTML, like Gecko) Mobile Safari/537.36 (compatible; PetalBot;+https://webmaster.petalsearch.com/site/petalbot)" "brainbox.co.in"
51.222.253.12 - - [08/Sep/2022:04:56:30 -0700] "GET /PDFContent/03%20CBSE/07%20Class%20XII/Sanskrit/?C=D;O=A HTTP/1.1" 200 356 "-" "Mozilla/5.0 (compatible; AhrefsBot/7.0; +http://ahrefs.com/robot/)" "brainbox.co.in"
157.55.39.193 - - [08/Sep/2022:04:59:16 -0700] "GET /PDFContent/01%20TSB/04%20Class%20IX/ HTTP/1.1" 200 498 "-" "Mozilla/5.0 AppleWebKit/537.36 (KHTML, like Gecko; compatible; bingbot/2.0; +http://www.bing.com/bingbot.htm) Chrome/103.0.5060.134 Safari/537.36" "brainbox.co.in"
114.119.145.187 - - [08/Sep/2022:05:01:32 -0700] "GET /PDFContent/03%20CBSE/07%20Class%20XII/Maths/CBSE_XII_MATHS_LS08_APPLICATION%20OF%20INTEGRALS/Applications%20of%20Integrals_T03_Prob%201,2%20&%203.pdf HTTP/1.1" 200 293098 "https://brainbox.co.in/PDFContent/03%20CBSE/07%20Class%20XII/Maths/CBSE_XII_MATHS_LS08_APPLICATION%20OF%20INTEGRALS/?C=N%3BO%3DD" "Mozilla/5.0 (Linux; Android 7.0;) AppleWebKit/537.36 (KHTML, like Gecko) Mobile Safari/537.36 (compatible; PetalBot;+https://webmaster.petalsearch.com/site/petalbot)" "brainbox.co.in"
