51.222.253.19 - - [08/Sep/2022:05:01:44 -0700] "GET /PDFContent/03%20CBSE/06%20Class%20XI/?C=S;O=A HTTP/1.1" 200 521 "-" "Mozilla/5.0 (compatible; AhrefsBot/7.0; +http://ahrefs.com/robot/)" "brainbox.co.in"
114.119.145.169 - - [08/Sep/2022:05:06:22 -0700] "GET /PDFContent/03%20CBSE/04%20Class%20IX/Maths/CBSE_IX_MATHS_LS03_COORDINATE%20GEOMETRY/Coordinate%20Geometry_T07_Solved%20Problem%201.pdf HTTP/1.1" 200 253206 "https://brainbox.co.in/PDFContent/03%20CBSE/04%20Class%20IX/Maths/CBSE_IX_MATHS_LS03_COORDINATE%20GEOMETRY/?C=S%3BO%3DA" "Mozilla/5.0 (Linux; Android 7.0;) AppleWebKit/537.36 (KHTML, like Gecko) Mobile Safari/537.36 (compatible; PetalBot;+https://webmaster.petalsearch.com/site/petalbot)" "brainbox.co.in"
51.222.253.6 - - [08/Sep/2022:05:06:37 -0700] "GET /PDFContent/Beetle/CLASS%20V/?C=S;O=A HTTP/1.1" 200 433 "-" "Mozilla/5.0 (compatible; AhrefsBot/7.0; +http://ahrefs.com/robot/)" "brainbox.co.in"
114.119.145.169 - - [08/Sep/2022:05:11:22 -0700] "GET /PDFContent/03%20CBSE/07%20Class%20XII/Chemistry/SOLID%20STATE/Solid%20State_T07_PACKING%20EFFICIENCY(CCP).pdf HTTP/1.1" 200 228505 "https://brainbox.co.in/PDFContent/03%20CBSE/07%20Class%20XII/Chemistry/SOLID%20STATE/?C=S%3BO%3DA" "Mozilla/5.0 (Linux; Android 7.0;) AppleWebKit/537.36 (KHTML, like Gecko) Mobile Safari/537.36 (compatible; PetalBot;+https://webmaster.petalsearch.com/site/petalbot)" "brainbox.co.in"
51.222.253.19 - - [08/Sep/2022:05:11:31 -0700] "GET /PDFContent/01%20TSB/01%20Class%20VI/Physics/?C=S;O=A HTTP/1.1" 200 352 "-" "Mozilla/5.0 (compatible; AhrefsBot/7.0; +http://ahrefs.com/robot/)" "brainbox.co.in"
51.222.253.10 - - [08/Sep/2022:05:15:51 -0700] "GET /PDFContent/03%20CBSE/07%20Class%20XII/Sanskrit/?C=M;O=A HTTP/1.1" 200 356 "-" "Mozilla/5.0 (compatible; AhrefsBot/7.0; +http://ahrefs.com/robot/)" "brainbox.co.in"
114.119.145.175 - - [08/Sep/2022:05:16:22 -0700] "GET /PDFContent/02%20APSB/01%20Class%20VI/Maths/ HTTP/1.1" 200 352 "https://brainbox.co.in/PDFContent/02%20APSB/01%20Class%20VI/?C=M%3BO%3DA" "Mozilla/5.0 (Linux; Android 7.0;) AppleWebKit/537.36 (KHTML, like Gecko) Mobile Safari/537.36 (compatible; PetalBot;+https://webmaster.petalsearch.com/site/petalbot)" "brainbox.co.in"
51.222.253.6 - - [08/Sep/2022:05:19:49 -0700] "GET /PDFContent/04%20ICSE/06%20Class%20XI/Telugu/?C=D;O=A HTTP/1.1" 200 355 "-" "Mozilla/5.0 (compatible; AhrefsBot/7.0; +http://ahrefs.com/robot/)" "brainbox.co.in"
114.119.145.163 - - [08/Sep/2022:05:21:20 -0700] "GET /PDFContent/Beetle/CLASS%20I/ENGLISH/Poem%20-%20What%20is%20pink.pdf HTTP/1.1" 200 52213 "https://brainbox.co.in/PDFContent/Beetle/CLASS%20I/ENGLISH/?C=S%3BO%3DA" "Mozilla/5.0 (Linux; Android 7.0;) AppleWebKit/537.36 (KHTML, like Gecko) Mobile Safari/537.36 (compatible; PetalBot;+https://webmaster.petalsearch.com/site/petalbot)" "brainbox.co.in"
51.222.253.17 - - [08/Sep/2022:05:24:11 -0700] "GET /PDFContent/04%20ICSE/06%20Class%20XI/Telugu/?C=S;O=A HTTP/1.1" 200 355 "-" "Mozilla/5.0 (compatible; AhrefsBot/7.0; +http://ahrefs.com/robot/)" "brainbox.co.in"
114.119.145.169 - - [08/Sep/2022:05:26:26 -0700] "GET /PDFContent/Beetle/CLASS%20V/ENGLISH/?C=N%3BO%3DD HTTP/1.1" 200 403 "https://brainbox.co.in/PDFContent/Beetle/CLASS%20V/ENGLISH/" "Mozilla/5.0 (Linux; Android 7.0;) AppleWebKit/537.36 (KHTML, like Gecko) Mobile Safari/537.36 (compatible; PetalBot;+https://webmaster.petalsearch.com/site/petalbot)" "brainbox.co.in"
51.222.253.16 - - [08/Sep/2022:05:28:44 -0700] "GET /PDFContent/Beetle/CLASS%20I/ENGLISH%201-2/?C=M;O=D HTTP/1.1" 200 621 "-" "Mozilla/5.0 (compatible; AhrefsBot/7.0; +http://ahrefs.com/robot/)" "brainbox.co.in"
114.119.135.132 - - [08/Sep/2022:05:31:31 -0700] "GET /PDFContent/03%20CBSE/06%20Class%20XI/Maths/CBSE_XI_MATHS_LS07_PERMUTATION%20&COMBINATION_SUMMARY.pdf HTTP/1.1" 200 424570 "https://brainbox.co.in/PDFContent/03%20CBSE/06%20Class%20XI/Maths/?C=N%3BO%3DD" "Mozilla/5.0 (Linux; Android 7.0;) AppleWebKit/537.36 (KHTML, like Gecko) Mobile Safari/537.36 (compatible; PetalBot;+https://webmaster.petalsearch.com/site/petalbot)" "brainbox.co.in"
51.222.253.15 - - [08/Sep/2022:05:33:29 -0700] "GET /PDFContent/04%20ICSE/06%20Class%20XI/Chemistry/?C=M;O=A HTTP/1.1" 200 356 "-" "Mozilla/5.0 (compatible; AhrefsBot/7.0; +http://ahrefs.com/robot/)" "brainbox.co.in"
114.119.145.175 - - [08/Sep/2022:05:36:23 -0700] "GET /PDFContent/01%20TSB/03%20Class%20VIII/English/LS5A/ HTTP/1.1" 200 536 "https://brainbox.co.in/PDFContent/01%20TSB/03%20Class%20VIII/English/" "Mozilla/5.0 (Linux; Android 7.0;) AppleWebKit/537.36 (KHTML, like Gecko) Mobile Safari/537.36 (compatible; PetalBot;+https://webmaster.petalsearch.com/site/petalbot)" "brainbox.co.in"
51.222.253.2 - - [08/Sep/2022:05:38:50 -0700] "GET /PDFContent/03%20CBSE/06%20Class%20XI/Maths/ HTTP/1.1" 200 944 "-" "Mozilla/5.0 (compatible; AhrefsBot/7.0; +http://ahrefs.com/robot/)" "brainbox.co.in"
114.119.145.163 - - [08/Sep/2022:05:41:22 -0700] "GET /PDFContent/03%20CBSE/05%20Class%20X/Hindi/CBSE_X_HINDI_LS01_MAATAA%20KAA%20ANCHAL_QESTION%20&%20ANSWERS.pdf HTTP/1.1" 200 675666 "https://brainbox.co.in/PDFContent/03%20CBSE/05%20Class%20X/Hindi/?C=S%3BO%3DA" "Mozilla/5.0 (Linux; Android 7.0;) AppleWebKit/537.36 (KHTML, like Gecko) Mobile Safari/537.36 (compatible; PetalBot;+https://webmaster.petalsearch.com/site/petalbot)" "brainbox.co.in"
51.222.253.5 - - [08/Sep/2022:05:44:06 -0700] "GET /PDFContent/04%20ICSE/06%20Class%20XI/English/?C=S;O=A HTTP/1.1" 200 354 "-" "Mozilla/5.0 (compatible; AhrefsBot/7.0; +http://ahrefs.com/robot/)" "brainbox.co.in"
114.119.145.169 - - [08/Sep/2022:05:46:23 -0700] "GET /PDFContent/03%20CBSE/02%20Class%20VII/Sanskrit/?C=M%3BO%3DA HTTP/1.1" 200 355 "https://brainbox.co.in/PDFContent/03%20CBSE/02%20Class%20VII/Sanskrit/?C=N%3BO%3DD" "Mozilla/5.0 (Linux; Android 7.0;) AppleWebKit/537.36 (KHTML, like Gecko) Mobile Safari/537.36 (compatible; PetalBot;+https://webmaster.petalsearch.com/site/petalbot)" "brainbox.co.in"
51.222.253.15 - - [08/Sep/2022:05:48:55 -0700] "GET /PDFContent/04%20ICSE/?C=D;O=A HTTP/1.1" 200 458 "-" "Mozilla/5.0 (compatible; AhrefsBot/7.0; +http://ahrefs.com/robot/)" "brainbox.co.in"
114.119.145.169 - - [08/Sep/2022:05:51:25 -0700] "GET /PDFContent/02%20APSB/07%20Class%20XII/Sanskrit/ HTTP/1.1" 200 356 "https://brainbox.co.in/PDFContent/02%20APSB/07%20Class%20XII/?C=S%3BO%3DA" "Mozilla/5.0 (Linux; Android 7.0;) AppleWebKit/537.36 (KHTML, like Gecko) Mobile Safari/537.36 (compatible; PetalBot;+https://webmaster.petalsearch.com/site/petalbot)" "brainbox.co.in"
54.176.244.90 - - [08/Sep/2022:05:52:37 -0700] "GET /~richard/templates/beez/US/uk/paypal/login.htm HTTP/1.1" 404 73 "-" "Mozilla/5.0 (Macintosh; Intel Mac OS X 10_10_5) AppleWebKit/537.36 (KHTML, like Gecko) Chrome/52.0.2743.116 Safari/537.36" "brainbox.co.in"
51.222.253.10 - - [08/Sep/2022:05:53:58 -0700] "GET /PDFContent/SPECIAL%20CROUSE/Part%201%20Grammar%20Essentials/?C=D;O=A HTTP/1.1" 200 456 "-" "Mozilla/5.0 (compatible; AhrefsBot/7.0; +http://ahrefs.com/robot/)" "brainbox.co.in"
51.222.253.8 - - [08/Sep/2022:05:59:05 -0700] "GET /PDFContent/01%20TSB/03%20Class%20VIII/English/LS7B/?C=S;O=D HTTP/1.1" 200 523 "-" "Mozilla/5.0 (compatible; AhrefsBot/7.0; +http://ahrefs.com/robot/)" "brainbox.co.in"
51.222.253.6 - - [08/Sep/2022:06:03:49 -0700] "GET /PDFContent/01%20TSB/03%20Class%20VIII/English/LS4B/?C=S;O=D HTTP/1.1" 200 497 "-" "Mozilla/5.0 (compatible; AhrefsBot/7.0; +http://ahrefs.com/robot/)" "brainbox.co.in"
51.222.253.1 - - [08/Sep/2022:06:08:42 -0700] "GET /PDFContent/SPECIAL%20CROUSE/Part%201%20Grammar%20Essentials/?C=M;O=A HTTP/1.1" 200 456 "-" "Mozilla/5.0 (compatible; AhrefsBot/7.0; +http://ahrefs.com/robot/)" "brainbox.co.in"
51.222.253.14 - - [08/Sep/2022:06:14:03 -0700] "GET /PDFContent/04%20ICSE/06%20Class%20XI/English/?C=M;O=A HTTP/1.1" 200 354 "-" "Mozilla/5.0 (compatible; AhrefsBot/7.0; +http://ahrefs.com/robot/)" "brainbox.co.in"
51.222.253.14 - - [08/Sep/2022:06:19:10 -0700] "GET /PDFContent/01%20TSB/05%20Class%20X/English/THE%20STOREYED%20HOUSE%20P1/?C=D;O=A HTTP/1.1" 200 548 "-" "Mozilla/5.0 (compatible; AhrefsBot/7.0; +http://ahrefs.com/robot/)" "brainbox.co.in"
65.108.125.120 - - [08/Sep/2022:06:19:47 -0700] "GET /robots.txt HTTP/1.1" 404 73 "-" "Mozilla/5.0 (compatible; MJ12bot/v1.4.8; http://mj12bot.com/)" "brainbox.co.in"
65.108.125.120 - - [08/Sep/2022:06:19:49 -0700] "GET /PDFContent/03%20CBSE/06%20Class%20XI/Maths/COMPLEX%20NUMBERS%20AND%20QUADRATIC%20EQUATIONS/Complex%20Numbers%20&%20Quadratic%20Equations_T07_De%20Moivre%E2%80%99s%20theorem.pdf HTTP/1.1" 200 260747 "-" "Mozilla/5.0 (compatible; MJ12bot/v1.4.8; http://mj12bot.com/)" "brainbox.co.in"
65.108.125.120 - - [08/Sep/2022:06:19:51 -0700] "GET /PDFContent/Beetle/CLASS%20I/ENGLISH%201-2/Lesson%204%20%E2%80%90%20Neha%20learns%20a%20lesson.pdf HTTP/1.1" 200 145295 "-" "Mozilla/5.0 (compatible; MJ12bot/v1.4.8; http://mj12bot.com/)" "brainbox.co.in"
65.108.125.120 - - [08/Sep/2022:06:19:54 -0700] "GET /PDFContent/Beetle/CLASS%20I/ENGLISH%201-2/Lesson%205%20%E2%80%90%20A%20birthday%20party.pdf HTTP/1.1" 200 144254 "-" "Mozilla/5.0 (compatible; MJ12bot/v1.4.8; http://mj12bot.com/)" "brainbox.co.in"
65.108.125.120 - - [08/Sep/2022:06:19:56 -0700] "GET /PDFContent/Beetle/CLASS%20I/ENGLISH/Lesson%205%20%E2%80%90%20Tenali%20Raman%20And%20The%20Thieves.pdf HTTP/1.1" 200 99880 "-" "Mozilla/5.0 (compatible; MJ12bot/v1.4.8; http://mj12bot.com/)" "brainbox.co.in"
65.108.125.120 - - [08/Sep/2022:06:19:59 -0700] "GET /PDFContent/Beetle/CLASS%20I/ENGLISH/Lesson%207%20%E2%80%90%20The%20wish.pdf HTTP/1.1" 200 76025 "-" "Mozilla/5.0 (compatible; MJ12bot/v1.4.8; http://mj12bot.com/)" "brainbox.co.in"
65.108.125.120 - - [08/Sep/2022:06:20:01 -0700] "GET /PDFContent/Beetle/CLASS%20III/ENGLISH/SEM%201/Lesson%206%20-%20Tinku%E2%80%99s%20kite.pdf HTTP/1.1" 200 105553 "-" "Mozilla/5.0 (compatible; MJ12bot/v1.4.8; http://mj12bot.com/)" "brainbox.co.in"
65.108.125.120 - - [08/Sep/2022:06:20:03 -0700] "GET /PDFContent/Beetle/CLASS%20III/SOCIAL/SEM%201/Lesson%203.%20The%20earth%E2%80%99s%20neighbours.pdf HTTP/1.1" 200 92501 "-" "Mozilla/5.0 (compatible; MJ12bot/v1.4.8; http://mj12bot.com/)" "brainbox.co.in"
65.108.125.120 - - [08/Sep/2022:06:20:05 -0700] "GET /PDFContent/Beetle/CLASS%20IV/ENGLISH%20SEM%202/Lesson%203%20-%20The%20Emperor%E2%80%99s%20New%20Clothes.pdf HTTP/1.1" 200 155207 "-" "Mozilla/5.0 (compatible; MJ12bot/v1.4.8; http://mj12bot.com/)" "brainbox.co.in"
65.108.125.120 - - [08/Sep/2022:06:20:07 -0700] "GET /PDFContent/Beetle/CLASS%20IV/ENGLISH%20SEM%202/Lesson%205%20-%20Mother%E2%80%99s%20Love.pdf HTTP/1.1" 200 132907 "-" "Mozilla/5.0 (compatible; MJ12bot/v1.4.8; http://mj12bot.com/)" "brainbox.co.in"
65.108.125.120 - - [08/Sep/2022:06:20:10 -0700] "GET /PDFContent/Beetle/CLASS%20IV/ENGLISH/Lesson%205%20%E2%80%90%20Tenali%20Raman%20And%20The%20Thieves.pdf HTTP/1.1" 200 99880 "-" "Mozilla/5.0 (compatible; MJ12bot/v1.4.8; http://mj12bot.com/)" "brainbox.co.in"
65.108.125.120 - - [08/Sep/2022:06:20:12 -0700] "GET /PDFContent/Beetle/CLASS%20IV/ENGLISH/Lesson%207%20%E2%80%90%20The%20wish.pdf HTTP/1.1" 200 76025 "-" "Mozilla/5.0 (compatible; MJ12bot/v1.4.8; http://mj12bot.com/)" "brainbox.co.in"
65.108.125.120 - - [08/Sep/2022:06:20:14 -0700] "GET /PDFContent/Beetle/CLASS%20V/ENGLISH/SEM%202/Lesson%203%20-%20The%20Bishop%E2%80%99s%20candlesticks.pdf HTTP/1.1" 200 203410 "-" "Mozilla/5.0 (compatible; MJ12bot/v1.4.8; http://mj12bot.com/)" "brainbox.co.in"
65.108.125.120 - - [08/Sep/2022:06:20:17 -0700] "GET /PDFContent/Beetle/CLASS%20V/ENGLISH/SEM%202/Lesson%204%20-%20Mullah%20Nasruddin%E2%80%99s%20Stories.pdf HTTP/1.1" 200 165511 "-" "Mozilla/5.0 (compatible; MJ12bot/v1.4.8; http://mj12bot.com/)" "brainbox.co.in"
65.108.125.120 - - [08/Sep/2022:06:20:18 -0700] "GET /robots.txt HTTP/1.1" 404 73 "-" "Mozilla/5.0 (compatible; MJ12bot/v1.4.8; http://mj12bot.com/)" "www.brainbox.co.in"
65.108.125.120 - - [08/Sep/2022:06:20:20 -0700] "GET /PDFContent/03%20CBSE/06%20Class%20XI/Maths/COMPLEX%20NUMBERS%20AND%20QUADRATIC%20EQUATIONS/Complex%20Numbers%20&%20Quadratic%20Equations_T07_De%20Moivre%E2%80%99s%20theorem.pdf HTTP/1.1" 200 260747 "-" "Mozilla/5.0 (compatible; MJ12bot/v1.4.8; http://mj12bot.com/)" "www.brainbox.co.in"
65.108.125.120 - - [08/Sep/2022:06:20:22 -0700] "GET /PDFContent/Beetle/CLASS%20III/ENGLISH/SEM%201/Lesson%206%20-%20Tinku%E2%80%99s%20kite.pdf HTTP/1.1" 200 105553 "-" "Mozilla/5.0 (compatible; MJ12bot/v1.4.8; http://mj12bot.com/)" "www.brainbox.co.in"
65.108.125.120 - - [08/Sep/2022:06:20:25 -0700] "GET /PDFContent/Beetle/CLASS%20III/SOCIAL/SEM%201/Lesson%203.%20The%20earth%E2%80%99s%20neighbours.pdf HTTP/1.1" 200 92501 "-" "Mozilla/5.0 (compatible; MJ12bot/v1.4.8; http://mj12bot.com/)" "www.brainbox.co.in"
65.108.125.120 - - [08/Sep/2022:06:20:27 -0700] "GET /PDFContent/Beetle/CLASS%20V/ENGLISH/SEM%202/Lesson%203%20-%20The%20Bishop%E2%80%99s%20candlesticks.pdf HTTP/1.1" 200 203410 "-" "Mozilla/5.0 (compatible; MJ12bot/v1.4.8; http://mj12bot.com/)" "www.brainbox.co.in"
65.108.125.120 - - [08/Sep/2022:06:20:29 -0700] "GET /PDFContent/Beetle/CLASS%20V/ENGLISH/SEM%202/Lesson%204%20-%20Mullah%20Nasruddin%E2%80%99s%20Stories.pdf HTTP/1.1" 200 165511 "-" "Mozilla/5.0 (compatible; MJ12bot/v1.4.8; http://mj12bot.com/)" "www.brainbox.co.in"
65.108.125.120 - - [08/Sep/2022:06:20:31 -0700] "GET /PDFContent/SPECIAL%20CROUSE/Part%201%20Grammar%20Essentials/STD_IV/UNIT%201%20%E2%80%93%20EKALAVYA.pdf HTTP/1.1" 200 494500 "-" "Mozilla/5.0 (compatible; MJ12bot/v1.4.8; http://mj12bot.com/)" "www.brainbox.co.in"
65.108.125.120 - - [08/Sep/2022:06:20:34 -0700] "GET /PDFContent/SPECIAL%20CROUSE/Part%201%20Grammar%20Essentials/STD_IV/UNIT%202%20%E2%80%93%20THE%20PANCAKE.pdf HTTP/1.1" 200 485215 "-" "Mozilla/5.0 (compatible; MJ12bot/v1.4.8; http://mj12bot.com/)" "www.brainbox.co.in"
65.108.125.120 - - [08/Sep/2022:06:20:36 -0700] "GET /PDFContent/SPECIAL%20CROUSE/Part%201%20Grammar%20Essentials/STD_IV/UNIT%203%20%E2%80%93%20WHAT%20IS%20A%20TREE.pdf HTTP/1.1" 200 690004 "-" "Mozilla/5.0 (compatible; MJ12bot/v1.4.8; http://mj12bot.com/)" "www.brainbox.co.in"
65.108.125.120 - - [08/Sep/2022:06:20:38 -0700] "GET /PDFContent/SPECIAL%20CROUSE/Part%201%20Grammar%20Essentials/STD_IV/UNIT%204%20%E2%80%93%20THE%20MILLER,%20HIS%20SON%20AND%20DONKEY.pdf HTTP/1.1" 200 491966 "-" "Mozilla/5.0 (compatible; MJ12bot/v1.4.8; http://mj12bot.com/)" "www.brainbox.co.in"
65.108.125.120 - - [08/Sep/2022:06:20:40 -0700] "GET /PDFContent/SPECIAL%20CROUSE/Part%201%20Grammar%20Essentials/STD_IV/UNIT%205%20%E2%80%93%20FUDI%E2%80%99s%20DESERT%20JOURNEY.pdf HTTP/1.1" 200 484885 "-" "Mozilla/5.0 (compatible; MJ12bot/v1.4.8; http://mj12bot.com/)" "www.brainbox.co.in"
65.108.125.120 - - [08/Sep/2022:06:20:42 -0700] "GET /PDFContent/SPECIAL%20CROUSE/Part%201%20Grammar%20Essentials/STD_IV/UNIT%206%20%E2%80%93%20HONESTY.pdf HTTP/1.1" 200 528824 "-" "Mozilla/5.0 (compatible; MJ12bot/v1.4.8; http://mj12bot.com/)" "www.brainbox.co.in"
65.108.125.120 - - [08/Sep/2022:06:20:44 -0700] "GET /PDFContent/SPECIAL%20CROUSE/Part%201%20Grammar%20Essentials/STD_IV/UNIT%207%20%E2%80%93%20THE%20BOY%20AND%20THE%20CATAPULT.pdf HTTP/1.1" 200 660874 "-" "Mozilla/5.0 (compatible; MJ12bot/v1.4.8; http://mj12bot.com/)" "www.brainbox.co.in"
65.108.125.120 - - [08/Sep/2022:06:20:47 -0700] "GET /PDFContent/SPECIAL%20CROUSE/Part%201%20Grammar%20Essentials/STD_IV/UNIT%208%20%E2%80%93%20THE%20UNLUCKY%20FACE.pdf HTTP/1.1" 200 471161 "-" "Mozilla/5.0 (compatible; MJ12bot/v1.4.8; http://mj12bot.com/)" "www.brainbox.co.in"
65.108.125.120 - - [08/Sep/2022:06:20:49 -0700] "GET /PDFContent/SPECIAL%20CROUSE/STD_III/UNIT%201%20%E2%80%93%20TALKING%20TRAIN.pdf HTTP/1.1" 404 88 "-" "Mozilla/5.0 (compatible; MJ12bot/v1.4.8; http://mj12bot.com/)" "www.brainbox.co.in"
65.108.125.120 - - [08/Sep/2022:06:20:50 -0700] "GET /PDFContent/SPECIAL%20CROUSE/STD_III/UNIT%202%20%E2%80%93%20SWAMY%20&%20THE%20MAGIC%20BEANS.pdf HTTP/1.1" 404 88 "-" "Mozilla/5.0 (compatible; MJ12bot/v1.4.8; http://mj12bot.com/)" "www.brainbox.co.in"
65.108.125.120 - - [08/Sep/2022:06:20:52 -0700] "GET /PDFContent/SPECIAL%20CROUSE/STD_III/UNIT%203%20%E2%80%93%20I%20LIKE%20IT%20THIS%20WAY.pdf HTTP/1.1" 404 88 "-" "Mozilla/5.0 (compatible; MJ12bot/v1.4.8; http://mj12bot.com/)" "www.brainbox.co.in"
65.108.125.120 - - [08/Sep/2022:06:20:54 -0700] "GET /PDFContent/SPECIAL%20CROUSE/STD_III/UNIT%204%20%E2%80%93%20THE%20MOUSE%20&%20THE%20PENCIL.pdf HTTP/1.1" 404 88 "-" "Mozilla/5.0 (compatible; MJ12bot/v1.4.8; http://mj12bot.com/)" "www.brainbox.co.in"
65.108.125.120 - - [08/Sep/2022:06:20:55 -0700] "GET /PDFContent/SPECIAL%20CROUSE/STD_III/UNIT%205%20%E2%80%93%20THE%20LITTLE%20RED%20HEN.pdf HTTP/1.1" 404 88 "-" "Mozilla/5.0 (compatible; MJ12bot/v1.4.8; http://mj12bot.com/)" "www.brainbox.co.in"
65.108.125.120 - - [08/Sep/2022:06:20:57 -0700] "GET /PDFContent/SPECIAL%20CROUSE/STD_III/UNIT%206%20%E2%80%93%20MARY%20&%20THE%20THREE%20BEARS.pdf HTTP/1.1" 404 88 "-" "Mozilla/5.0 (compatible; MJ12bot/v1.4.8; http://mj12bot.com/)" "www.brainbox.co.in"
65.108.125.120 - - [08/Sep/2022:06:20:59 -0700] "GET /PDFContent/SPECIAL%20CROUSE/STD_III/UNIT%207%20%E2%80%93%20THE%20ANIMAL%20SCHOOL.pdf HTTP/1.1" 404 88 "-" "Mozilla/5.0 (compatible; MJ12bot/v1.4.8; http://mj12bot.com/)" "www.brainbox.co.in"
65.108.125.120 - - [08/Sep/2022:06:21:01 -0700] "GET /PDFContent/SPECIAL%20CROUSE/STD_III/UNIT%208%20%E2%80%93%20BIRBAL%20OUTWITS%20THE%20CHEAT.pdf HTTP/1.1" 404 88 "-" "Mozilla/5.0 (compatible; MJ12bot/v1.4.8; http://mj12bot.com/)" "www.brainbox.co.in"
65.108.125.120 - - [08/Sep/2022:06:21:03 -0700] "GET /PDFContent/SPECIAL%20CROUSE/STD_IV/UNIT%201%20%E2%80%93%20EKALAVYA.pdf HTTP/1.1" 404 88 "-" "Mozilla/5.0 (compatible; MJ12bot/v1.4.8; http://mj12bot.com/)" "www.brainbox.co.in"
65.108.125.120 - - [08/Sep/2022:06:21:04 -0700] "GET /PDFContent/SPECIAL%20CROUSE/STD_IV/UNIT%202%20%E2%80%93%20THE%20PANCAKE.pdf HTTP/1.1" 404 88 "-" "Mozilla/5.0 (compatible; MJ12bot/v1.4.8; http://mj12bot.com/)" "www.brainbox.co.in"
65.108.125.120 - - [08/Sep/2022:06:21:06 -0700] "GET /PDFContent/SPECIAL%20CROUSE/STD_IV/UNIT%203%20%E2%80%93%20WHAT%20IS%20A%20TREE.pdf HTTP/1.1" 404 88 "-" "Mozilla/5.0 (compatible; MJ12bot/v1.4.8; http://mj12bot.com/)" "www.brainbox.co.in"
65.108.125.120 - - [08/Sep/2022:06:21:08 -0700] "GET /PDFContent/SPECIAL%20CROUSE/STD_IV/UNIT%204%20%E2%80%93%20THE%20MILLER,%20HIS%20SON%20AND%20DONKEY.pdf HTTP/1.1" 404 88 "-" "Mozilla/5.0 (compatible; MJ12bot/v1.4.8; http://mj12bot.com/)" "www.brainbox.co.in"
65.108.125.120 - - [08/Sep/2022:06:21:09 -0700] "GET /PDFContent/SPECIAL%20CROUSE/STD_IV/UNIT%205%20%E2%80%93%20FUDI%E2%80%99s%20DESERT%20JOURNEY.pdf HTTP/1.1" 404 88 "-" "Mozilla/5.0 (compatible; MJ12bot/v1.4.8; http://mj12bot.com/)" "www.brainbox.co.in"
65.108.125.120 - - [08/Sep/2022:06:21:11 -0700] "GET /PDFContent/SPECIAL%20CROUSE/STD_IV/UNIT%206%20%E2%80%93%20HONESTY.pdf HTTP/1.1" 404 88 "-" "Mozilla/5.0 (compatible; MJ12bot/v1.4.8; http://mj12bot.com/)" "www.brainbox.co.in"
65.108.125.120 - - [08/Sep/2022:06:21:13 -0700] "GET /PDFContent/SPECIAL%20CROUSE/STD_IV/UNIT%207%20%E2%80%93%20THE%20BOY%20AND%20THE%20CATAPULT.pdf HTTP/1.1" 404 88 "-" "Mozilla/5.0 (compatible; MJ12bot/v1.4.8; http://mj12bot.com/)" "www.brainbox.co.in"
65.108.125.120 - - [08/Sep/2022:06:21:14 -0700] "GET /PDFContent/SPECIAL%20CROUSE/STD_IV/UNIT%208%20%E2%80%93%20THE%20UNLUCKY%20FACE.pdf HTTP/1.1" 404 88 "-" "Mozilla/5.0 (compatible; MJ12bot/v1.4.8; http://mj12bot.com/)" "www.brainbox.co.in"
51.222.253.4 - - [08/Sep/2022:06:23:58 -0700] "GET /PDFContent/01%20TSB/05%20Class%20X/English/THE%20STOREYED%20HOUSE%20P1/?C=M;O=A HTTP/1.1" 200 548 "-" "Mozilla/5.0 (compatible; AhrefsBot/7.0; +http://ahrefs.com/robot/)" "brainbox.co.in"
51.222.253.8 - - [08/Sep/2022:06:28:53 -0700] "GET /PDFContent/Beetle/CLASS%20III/?C=D;O=A HTTP/1.1" 200 434 "-" "Mozilla/5.0 (compatible; AhrefsBot/7.0; +http://ahrefs.com/robot/)" "brainbox.co.in"
51.222.253.19 - - [08/Sep/2022:06:34:16 -0700] "GET /PDFContent/01%20TSB/05%20Class%20X/English/THE%20STOREYED%20HOUSE%20P1/?C=S;O=A HTTP/1.1" 200 550 "-" "Mozilla/5.0 (compatible; AhrefsBot/7.0; +http://ahrefs.com/robot/)" "brainbox.co.in"
51.222.253.16 - - [08/Sep/2022:06:39:56 -0700] "GET /PDFContent/01%20TSB/01%20Class%20VI/Physics/?C=M;O=A HTTP/1.1" 200 352 "-" "Mozilla/5.0 (compatible; AhrefsBot/7.0; +http://ahrefs.com/robot/)" "brainbox.co.in"
51.222.253.13 - - [08/Sep/2022:06:45:37 -0700] "GET /PDFContent/Beetle/CLASS%20III/?C=M;O=A HTTP/1.1" 200 434 "-" "Mozilla/5.0 (compatible; AhrefsBot/7.0; +http://ahrefs.com/robot/)" "brainbox.co.in"
51.222.253.2 - - [08/Sep/2022:06:51:08 -0700] "GET /PDFContent/02%20APSB/04%20Class%20IX/Hindi/?C=N;O=D HTTP/1.1" 200 351 "-" "Mozilla/5.0 (compatible; AhrefsBot/7.0; +http://ahrefs.com/robot/)" "brainbox.co.in"
51.222.253.17 - - [08/Sep/2022:06:57:39 -0700] "GET /PDFContent/04%20ICSE/06%20Class%20XI/English/?C=D;O=A HTTP/1.1" 200 354 "-" "Mozilla/5.0 (compatible; AhrefsBot/7.0; +http://ahrefs.com/robot/)" "brainbox.co.in"
51.222.253.8 - - [08/Sep/2022:07:03:05 -0700] "GET /PDFContent/SPECIAL%20CROUSE/Part%201%20Grammar%20Essentials/STD_III/?C=S;O=A HTTP/1.1" 200 670 "-" "Mozilla/5.0 (compatible; AhrefsBot/7.0; +http://ahrefs.com/robot/)" "brainbox.co.in"
51.222.253.10 - - [08/Sep/2022:07:06:45 -0700] "GET /PDFContent/01%20TSB/?C=M;O=A HTTP/1.1" 200 509 "-" "Mozilla/5.0 (compatible; AhrefsBot/7.0; +http://ahrefs.com/robot/)" "brainbox.co.in"
51.222.253.20 - - [08/Sep/2022:07:10:32 -0700] "GET /PDFContent/01%20TSB/05%20Class%20X/Biology/TRANSPORTATION/?C=S;O=A HTTP/1.1" 200 481 "-" "Mozilla/5.0 (compatible; AhrefsBot/7.0; +http://ahrefs.com/robot/)" "brainbox.co.in"
51.222.253.19 - - [08/Sep/2022:07:13:48 -0700] "GET /MySQL_Database/ HTTP/1.1" 200 2317 "-" "Mozilla/5.0 (compatible; AhrefsBot/7.0; +http://ahrefs.com/robot/)" "brainbox.co.in"
51.222.253.6 - - [08/Sep/2022:07:13:52 -0700] "GET /MySQL_Database/js/vendor/jquery/jquery.min.js?v=4.8.4 HTTP/1.1" 200 30307 "-" "Mozilla/5.0 (compatible; AhrefsBot/7.0; +http://ahrefs.com/robot/)" "brainbox.co.in"
51.222.253.19 - - [08/Sep/2022:07:13:52 -0700] "GET /MySQL_Database/js/menu-resizer.js?v=4.8.4 HTTP/1.1" 200 2295 "-" "Mozilla/5.0 (compatible; AhrefsBot/7.0; +http://ahrefs.com/robot/)" "brainbox.co.in"
51.222.253.9 - - [08/Sep/2022:07:13:53 -0700] "GET /MySQL_Database/js/vendor/tracekit.js?v=4.8.4 HTTP/1.1" 200 11381 "-" "Mozilla/5.0 (compatible; AhrefsBot/7.0; +http://ahrefs.com/robot/)" "brainbox.co.in"
51.222.253.12 - - [08/Sep/2022:07:13:54 -0700] "GET /MySQL_Database/js/vendor/jquery/jquery.mousewheel.js?v=4.8.4 HTTP/1.1" 200 2550 "-" "Mozilla/5.0 (compatible; AhrefsBot/7.0; +http://ahrefs.com/robot/)" "brainbox.co.in"
51.222.253.19 - - [08/Sep/2022:07:13:54 -0700] "GET /MySQL_Database/js/vendor/codemirror/lib/codemirror.css?v=4.8.4 HTTP/1.1" 200 2531 "-" "Mozilla/5.0 (compatible; AhrefsBot/7.0; +http://ahrefs.com/robot/)" "brainbox.co.in"
51.222.253.4 - - [08/Sep/2022:07:13:55 -0700] "GET /MySQL_Database/js/whitelist.php?v=4.8.4&lang=en HTTP/1.1" 200 57 "-" "Mozilla/5.0 (compatible; AhrefsBot/7.0; +http://ahrefs.com/robot/)" "brainbox.co.in"
51.222.253.11 - - [08/Sep/2022:07:13:56 -0700] "GET /MySQL_Database/js/vendor/codemirror/addon/lint/lint.css?v=4.8.4 HTTP/1.1" 200 1267 "-" "Mozilla/5.0 (compatible; AhrefsBot/7.0; +http://ahrefs.com/robot/)" "brainbox.co.in"
51.222.253.9 - - [08/Sep/2022:07:13:56 -0700] "GET /MySQL_Database/js/common.js?v=4.8.4 HTTP/1.1" 200 4719 "-" "Mozilla/5.0 (compatible; AhrefsBot/7.0; +http://ahrefs.com/robot/)" "brainbox.co.in"
51.222.253.18 - - [08/Sep/2022:07:13:57 -0700] "GET /MySQL_Database/js/functions.js?v=4.8.4 HTTP/1.1" 200 40441 "-" "Mozilla/5.0 (compatible; AhrefsBot/7.0; +http://ahrefs.com/robot/)" "brainbox.co.in"
51.222.253.15 - - [08/Sep/2022:07:13:58 -0700] "GET /MySQL_Database/js/keyhandler.js?v=4.8.4 HTTP/1.1" 200 1071 "-" "Mozilla/5.0 (compatible; AhrefsBot/7.0; +http://ahrefs.com/robot/)" "brainbox.co.in"
51.222.253.18 - - [08/Sep/2022:07:13:59 -0700] "GET /MySQL_Database/js/vendor/codemirror/addon/hint/show-hint.css?v=4.8.4 HTTP/1.1" 200 324 "-" "Mozilla/5.0 (compatible; AhrefsBot/7.0; +http://ahrefs.com/robot/)" "brainbox.co.in"
51.222.253.2 - - [08/Sep/2022:07:14:00 -0700] "GET /MySQL_Database/js/navigation.js?v=4.8.4 HTTP/1.1" 200 11850 "-" "Mozilla/5.0 (compatible; AhrefsBot/7.0; +http://ahrefs.com/robot/)" "brainbox.co.in"
51.222.253.15 - - [08/Sep/2022:07:14:00 -0700] "GET /MySQL_Database/js/vendor/jquery/jquery-ui-timepicker-addon.js?v=4.8.4 HTTP/1.1" 200 18929 "-" "Mozilla/5.0 (compatible; AhrefsBot/7.0; +http://ahrefs.com/robot/)" "brainbox.co.in"
51.222.253.8 - - [08/Sep/2022:07:14:01 -0700] "GET /MySQL_Database/phpmyadmin.css.php?nocache=4819908862ltr&server=1 HTTP/1.1" 200 20760 "-" "Mozilla/5.0 (compatible; AhrefsBot/7.0; +http://ahrefs.com/robot/)" "brainbox.co.in"
51.222.253.6 - - [08/Sep/2022:07:14:03 -0700] "GET /MySQL_Database/js/vendor/js.cookie.js?v=4.8.4 HTTP/1.1" 200 1481 "-" "Mozilla/5.0 (compatible; AhrefsBot/7.0; +http://ahrefs.com/robot/)" "brainbox.co.in"
51.222.253.12 - - [08/Sep/2022:07:14:03 -0700] "GET /MySQL_Database/js/config.js?v=4.8.4 HTTP/1.1" 200 6662 "-" "Mozilla/5.0 (compatible; AhrefsBot/7.0; +http://ahrefs.com/robot/)" "brainbox.co.in"
51.222.253.7 - - [08/Sep/2022:07:14:04 -0700] "GET /MySQL_Database/js/vendor/codemirror/lib/codemirror.js?v=4.8.4 HTTP/1.1" 200 102817 "-" "Mozilla/5.0 (compatible; AhrefsBot/7.0; +http://ahrefs.com/robot/)" "brainbox.co.in"
51.222.253.18 - - [08/Sep/2022:07:14:05 -0700] "GET /MySQL_Database/js/vendor/codemirror/mode/sql/sql.js?v=4.8.4 HTTP/1.1" 200 12538 "-" "Mozilla/5.0 (compatible; AhrefsBot/7.0; +http://ahrefs.com/robot/)" "brainbox.co.in"
51.222.253.1 - - [08/Sep/2022:07:14:05 -0700] "GET /MySQL_Database/themes/pmahomme/jquery/jquery-ui.css HTTP/1.1" 200 8486 "-" "Mozilla/5.0 (compatible; AhrefsBot/7.0; +http://ahrefs.com/robot/)" "brainbox.co.in"
51.222.253.15 - - [08/Sep/2022:07:14:06 -0700] "GET /MySQL_Database/js/vendor/jquery/jquery-ui.min.js?v=4.8.4 HTTP/1.1" 200 67759 "-" "Mozilla/5.0 (compatible; AhrefsBot/7.0; +http://ahrefs.com/robot/)" "brainbox.co.in"
51.222.253.19 - - [08/Sep/2022:07:14:07 -0700] "GET /MySQL_Database/js/messages.php?l=en&v=4.8.4&lang=en HTTP/1.1" 200 8822 "-" "Mozilla/5.0 (compatible; AhrefsBot/7.0; +http://ahrefs.com/robot/)" "brainbox.co.in"
51.222.253.2 - - [08/Sep/2022:07:14:07 -0700] "GET /MySQL_Database/js/cross_framing_protection.js?v=4.8.4 HTTP/1.1" 200 302 "-" "Mozilla/5.0 (compatible; AhrefsBot/7.0; +http://ahrefs.com/robot/)" "brainbox.co.in"
51.222.253.8 - - [08/Sep/2022:07:14:08 -0700] "GET /MySQL_Database/js/vendor/jquery/jquery.debounce-1.0.5.js?v=4.8.4 HTTP/1.1" 200 529 "-" "Mozilla/5.0 (compatible; AhrefsBot/7.0; +http://ahrefs.com/robot/)" "brainbox.co.in"
51.222.253.7 - - [08/Sep/2022:07:14:08 -0700] "GET /MySQL_Database/js/rte.js?v=4.8.4 HTTP/1.1" 200 8385 "-" "Mozilla/5.0 (compatible; AhrefsBot/7.0; +http://ahrefs.com/robot/)" "brainbox.co.in"
51.222.253.1 - - [08/Sep/2022:07:14:09 -0700] "GET /MySQL_Database/js/vendor/codemirror/addon/runmode/runmode.js?v=4.8.4 HTTP/1.1" 200 1039 "-" "Mozilla/5.0 (compatible; AhrefsBot/7.0; +http://ahrefs.com/robot/)" "brainbox.co.in"
51.222.253.19 - - [08/Sep/2022:07:14:10 -0700] "GET /MySQL_Database/js/vendor/codemirror/addon/lint/lint.js?v=4.8.4 HTTP/1.1" 200 2581 "-" "Mozilla/5.0 (compatible; AhrefsBot/7.0; +http://ahrefs.com/robot/)" "brainbox.co.in"
51.222.253.11 - - [08/Sep/2022:07:14:10 -0700] "GET /MySQL_Database/js/ajax.js?v=4.8.4 HTTP/1.1" 200 7651 "-" "Mozilla/5.0 (compatible; AhrefsBot/7.0; +http://ahrefs.com/robot/)" "brainbox.co.in"
51.222.253.5 - - [08/Sep/2022:07:14:11 -0700] "GET /MySQL_Database/js/indexes.js?v=4.8.4 HTTP/1.1" 200 6165 "-" "Mozilla/5.0 (compatible; AhrefsBot/7.0; +http://ahrefs.com/robot/)" "brainbox.co.in"
51.222.253.15 - - [08/Sep/2022:07:14:11 -0700] "GET /MySQL_Database/js/console.js?v=4.8.4 HTTP/1.1" 200 10338 "-" "Mozilla/5.0 (compatible; AhrefsBot/7.0; +http://ahrefs.com/robot/)" "brainbox.co.in"
51.222.253.10 - - [08/Sep/2022:07:14:12 -0700] "GET /MySQL_Database/themes/pmahomme/img/logo_right.png HTTP/1.1" 200 4306 "-" "Mozilla/5.0 (compatible; AhrefsBot/7.0; +http://ahrefs.com/robot/)" "brainbox.co.in"
51.222.253.11 - - [08/Sep/2022:07:14:13 -0700] "GET /MySQL_Database/js/shortcuts_handler.js?v=4.8.4 HTTP/1.1" 200 733 "-" "Mozilla/5.0 (compatible; AhrefsBot/7.0; +http://ahrefs.com/robot/)" "brainbox.co.in"
51.222.253.20 - - [08/Sep/2022:07:14:13 -0700] "GET /MySQL_Database/themes/pmahomme/css/printview.css?v=4.8.4 HTTP/1.1" 200 1024 "-" "Mozilla/5.0 (compatible; AhrefsBot/7.0; +http://ahrefs.com/robot/)" "brainbox.co.in"
51.222.253.6 - - [08/Sep/2022:07:14:14 -0700] "GET /MySQL_Database/js/vendor/jquery/jquery.event.drag-2.2.js?v=4.8.4 HTTP/1.1" 200 4237 "-" "Mozilla/5.0 (compatible; AhrefsBot/7.0; +http://ahrefs.com/robot/)" "brainbox.co.in"
51.222.253.5 - - [08/Sep/2022:07:14:23 -0700] "GET /MySQL_Database/js/vendor/codemirror/addon/hint/show-hint.js?v=4.8.4 HTTP/1.1" 200 4546 "-" "Mozilla/5.0 (compatible; AhrefsBot/7.0; +http://ahrefs.com/robot/)" "brainbox.co.in"
51.222.253.2 - - [08/Sep/2022:07:14:24 -0700] "GET /MySQL_Database/js/vendor/sprintf.js?v=4.8.4 HTTP/1.1" 200 2549 "-" "Mozilla/5.0 (compatible; AhrefsBot/7.0; +http://ahrefs.com/robot/)" "brainbox.co.in"
51.222.253.2 - - [08/Sep/2022:07:14:25 -0700] "GET /MySQL_Database/js/vendor/jquery/jquery.validate.js?v=4.8.4 HTTP/1.1" 200 13046 "-" "Mozilla/5.0 (compatible; AhrefsBot/7.0; +http://ahrefs.com/robot/)" "brainbox.co.in"
51.222.253.19 - - [08/Sep/2022:07:14:26 -0700] "GET /MySQL_Database/js/page_settings.js?v=4.8.4 HTTP/1.1" 200 639 "-" "Mozilla/5.0 (compatible; AhrefsBot/7.0; +http://ahrefs.com/robot/)" "brainbox.co.in"
51.222.253.2 - - [08/Sep/2022:07:14:27 -0700] "GET /MySQL_Database/js/doclinks.js?v=4.8.4 HTTP/1.1" 200 3763 "-" "Mozilla/5.0 (compatible; AhrefsBot/7.0; +http://ahrefs.com/robot/)" "brainbox.co.in"
51.222.253.18 - - [08/Sep/2022:07:14:28 -0700] "GET /MySQL_Database/js/error_report.js?v=4.8.4 HTTP/1.1" 200 2513 "-" "Mozilla/5.0 (compatible; AhrefsBot/7.0; +http://ahrefs.com/robot/)" "brainbox.co.in"
51.222.253.4 - - [08/Sep/2022:07:14:28 -0700] "GET /MySQL_Database/js/vendor/jquery/jquery.ba-hashchange-1.3.js?v=4.8.4 HTTP/1.1" 200 5333 "-" "Mozilla/5.0 (compatible; AhrefsBot/7.0; +http://ahrefs.com/robot/)" "brainbox.co.in"
51.222.253.9 - - [08/Sep/2022:07:14:29 -0700] "GET /MySQL_Database/themes/dot.gif HTTP/1.1" 200 43 "-" "Mozilla/5.0 (compatible; AhrefsBot/7.0; +http://ahrefs.com/robot/)" "brainbox.co.in"
51.222.253.3 - - [08/Sep/2022:07:14:30 -0700] "GET /MySQL_Database/js/codemirror/addon/lint/sql-lint.js?v=4.8.4 HTTP/1.1" 200 433 "-" "Mozilla/5.0 (compatible; AhrefsBot/7.0; +http://ahrefs.com/robot/)" "brainbox.co.in"
51.222.253.2 - - [08/Sep/2022:07:14:30 -0700] "GET /MySQL_Database/js/vendor/codemirror/addon/hint/sql-hint.js?v=4.8.4 HTTP/1.1" 200 2635 "-" "Mozilla/5.0 (compatible; AhrefsBot/7.0; +http://ahrefs.com/robot/)" "brainbox.co.in"
51.222.253.18 - - [08/Sep/2022:07:14:31 -0700] "GET /MySQL_Database/js/vendor/jquery/jquery-migrate.js?v=4.8.4 HTTP/1.1" 200 5811 "-" "Mozilla/5.0 (compatible; AhrefsBot/7.0; +http://ahrefs.com/robot/)" "brainbox.co.in"
66.249.79.64 - - [08/Sep/2022:07:15:51 -0700] "GET /robots.txt HTTP/1.1" 404 88 "-" "Mozilla/5.0 (compatible; Googlebot/2.1; +http://www.google.com/bot.html)" "brainbox.co.in"
51.222.253.2 - - [08/Sep/2022:07:16:53 -0700] "GET /PDFContent/SPECIAL%20CROUSE/Part%201%20Grammar%20Essentials/STD_VII/ HTTP/1.1" 200 501 "-" "Mozilla/5.0 (compatible; AhrefsBot/7.0; +http://ahrefs.com/robot/)" "brainbox.co.in"
51.222.253.20 - - [08/Sep/2022:07:20:51 -0700] "GET /PDFContent/04%20ICSE/06%20Class%20XI/Chemistry/?C=S;O=A HTTP/1.1" 200 356 "-" "Mozilla/5.0 (compatible; AhrefsBot/7.0; +http://ahrefs.com/robot/)" "brainbox.co.in"
51.222.253.6 - - [08/Sep/2022:07:25:28 -0700] "GET /PDFContent/04%20ICSE/06%20Class%20XI/Chemistry/?C=D;O=A HTTP/1.1" 200 356 "-" "Mozilla/5.0 (compatible; AhrefsBot/7.0; +http://ahrefs.com/robot/)" "brainbox.co.in"
51.222.253.18 - - [08/Sep/2022:07:30:44 -0700] "GET /PDFContent/04%20ICSE/?C=M;O=A HTTP/1.1" 200 458 "-" "Mozilla/5.0 (compatible; AhrefsBot/7.0; +http://ahrefs.com/robot/)" "brainbox.co.in"
114.119.145.163 - - [08/Sep/2022:07:33:08 -0700] "GET /PDFContent/04%20ICSE/04%20Class%20IX/Hindi/?C=D%3BO%3DA HTTP/1.1" 200 350 "https://brainbox.co.in/PDFContent/04%20ICSE/04%20Class%20IX/Hindi/" "Mozilla/5.0 (Linux; Android 7.0;) AppleWebKit/537.36 (KHTML, like Gecko) Mobile Safari/537.36 (compatible; PetalBot;+https://webmaster.petalsearch.com/site/petalbot)" "brainbox.co.in"
51.222.253.18 - - [08/Sep/2022:07:35:29 -0700] "GET /PDFContent/04%20ICSE/?C=S;O=A HTTP/1.1" 200 458 "-" "Mozilla/5.0 (compatible; AhrefsBot/7.0; +http://ahrefs.com/robot/)" "brainbox.co.in"
114.119.145.174 - - [08/Sep/2022:07:38:05 -0700] "GET /PDFContent/03%20CBSE/05%20Class%20X/Maths/CBSE_X_MATHS_LS02_POLYNOMIALS_SHAPES%20OF%20GRAPHS.pdf HTTP/1.1" 200 514528 "https://brainbox.co.in/PDFContent/03%20CBSE/05%20Class%20X/Maths/?C=D%3BO%3DA" "Mozilla/5.0 (Linux; Android 7.0;) AppleWebKit/537.36 (KHTML, like Gecko) Mobile Safari/537.36 (compatible; PetalBot;+https://webmaster.petalsearch.com/site/petalbot)" "brainbox.co.in"
51.222.253.12 - - [08/Sep/2022:07:43:03 -0700] "GET /PDFContent/03%20CBSE/07%20Class%20XII/Sanskrit/?C=N;O=A HTTP/1.1" 200 356 "-" "Mozilla/5.0 (compatible; AhrefsBot/7.0; +http://ahrefs.com/robot/)" "brainbox.co.in"
114.119.145.163 - - [08/Sep/2022:07:43:03 -0700] "GET /PDFContent/03%20CBSE/03%20Class%20VIII/English/?C=M%3BO%3DA HTTP/1.1" 200 400 "https://brainbox.co.in/PDFContent/03%20CBSE/03%20Class%20VIII/English/?C=N%3BO%3DD" "Mozilla/5.0 (Linux; Android 7.0;) AppleWebKit/537.36 (KHTML, like Gecko) Mobile Safari/537.36 (compatible; PetalBot;+https://webmaster.petalsearch.com/site/petalbot)" "brainbox.co.in"
51.222.253.16 - - [08/Sep/2022:07:47:48 -0700] "GET /PDFContent/03%20CBSE/06%20Class%20XI/Chemistry/ HTTP/1.1" 200 485 "-" "Mozilla/5.0 (compatible; AhrefsBot/7.0; +http://ahrefs.com/robot/)" "brainbox.co.in"
114.119.145.160 - - [08/Sep/2022:07:48:09 -0700] "GET /PDFContent/03%20CBSE/05%20Class%20X/Biology/LIFE%20PROCESSES/Life%20Processes_T06_Aerobic%20&%20Anaerobic%20respiration.pdf HTTP/1.1" 200 365518 "https://brainbox.co.in/PDFContent/03%20CBSE/05%20Class%20X/Biology/LIFE%20PROCESSES/?C=D%3BO%3DA" "Mozilla/5.0 (Linux; Android 7.0;) AppleWebKit/537.36 (KHTML, like Gecko) Mobile Safari/537.36 (compatible; PetalBot;+https://webmaster.petalsearch.com/site/petalbot)" "brainbox.co.in"
114.119.145.163 - - [08/Sep/2022:07:53:05 -0700] "GET /PDFContent/01%20TSB/03%20Class%20VIII/Telugu/?C=S%3BO%3DA HTTP/1.1" 200 404 "https://brainbox.co.in/PDFContent/01%20TSB/03%20Class%20VIII/Telugu/?C=D%3BO%3DA" "Mozilla/5.0 (Linux; Android 7.0;) AppleWebKit/537.36 (KHTML, like Gecko) Mobile Safari/537.36 (compatible; PetalBot;+https://webmaster.petalsearch.com/site/petalbot)" "brainbox.co.in"
51.222.253.20 - - [08/Sep/2022:07:57:53 -0700] "GET /PDFContent/01%20TSB/02%20Class%20VII/Science/FOOD%20COMPONENTS/?C=M;O=A HTTP/1.1" 200 560 "-" "Mozilla/5.0 (compatible; AhrefsBot/7.0; +http://ahrefs.com/robot/)" "brainbox.co.in"
114.119.145.174 - - [08/Sep/2022:07:58:05 -0700] "GET /PDFContent/03%20CBSE/06%20Class%20XI/Biology/Cell-The%20unit%20of%20life/T05%20Plastids.pdf HTTP/1.1" 200 400583 "https://brainbox.co.in/PDFContent/03%20CBSE/06%20Class%20XI/Biology/Cell-The%20unit%20of%20life/?C=S%3BO%3DA" "Mozilla/5.0 (Linux; Android 7.0;) AppleWebKit/537.36 (KHTML, like Gecko) Mobile Safari/537.36 (compatible; PetalBot;+https://webmaster.petalsearch.com/site/petalbot)" "brainbox.co.in"
114.119.145.187 - - [08/Sep/2022:08:03:07 -0700] "GET /PDFContent/01%20TSB/02%20Class%20VII/English/?C=S%3BO%3DA HTTP/1.1" 200 944 "https://brainbox.co.in/PDFContent/01%20TSB/02%20Class%20VII/English/?C=M%3BO%3DA" "Mozilla/5.0 (Linux; Android 7.0;) AppleWebKit/537.36 (KHTML, like Gecko) Mobile Safari/537.36 (compatible; PetalBot;+https://webmaster.petalsearch.com/site/petalbot)" "brainbox.co.in"
114.119.145.169 - - [08/Sep/2022:08:08:04 -0700] "GET /PDFContent/03%20CBSE/02%20Class%20VII/English/CBSEBoard_English_VII_LS1_Characters_explained1.pdf HTTP/1.1" 200 406890 "https://brainbox.co.in/PDFContent/03%20CBSE/02%20Class%20VII/English/?C=S%3BO%3DA" "Mozilla/5.0 (Linux; Android 7.0;) AppleWebKit/537.36 (KHTML, like Gecko) Mobile Safari/537.36 (compatible; PetalBot;+https://webmaster.petalsearch.com/site/petalbot)" "brainbox.co.in"
51.222.253.12 - - [08/Sep/2022:08:09:14 -0700] "GET /PDFContent/Beetle/CLASS%20II/?C=D;O=A HTTP/1.1" 200 463 "-" "Mozilla/5.0 (compatible; AhrefsBot/7.0; +http://ahrefs.com/robot/)" "brainbox.co.in"
149.56.150.149 - - [08/Sep/2022:08:11:53 -0700] "GET / HTTP/1.1" 200 1155 "-" "Mozilla/5.0 (Windows NT 6.3; Win64; x64) AppleWebKit/537.36 (KHTML, like Gecko) Chrome/60.0.3112.90 Safari/537.36 React.org" "www.brainbox.co.in"
149.56.150.149 - - [08/Sep/2022:08:11:54 -0700] "GET /robots.txt HTTP/1.1" 404 73 "-" "Mozilla/5.0 (Windows NT 6.3; Win64; x64) AppleWebKit/537.36 (KHTML, like Gecko) Chrome/60.0.3112.90 Safari/537.36 React.org" "www.brainbox.co.in"
149.56.150.149 - - [08/Sep/2022:08:11:54 -0700] "GET /sitemap.xml HTTP/1.1" 404 73 "-" "Mozilla/5.0 (Windows NT 6.3; Win64; x64) AppleWebKit/537.36 (KHTML, like Gecko) Chrome/60.0.3112.90 Safari/537.36 React.org" "www.brainbox.co.in"
149.56.150.149 - - [08/Sep/2022:08:11:55 -0700] "GET / HTTP/1.1" 200 1155 "-" "Mozilla/5.0 (Windows NT 6.3; Win64; x64) AppleWebKit/537.36 (KHTML, like Gecko) Chrome/60.0.3112.90 Safari/537.36 React.org" "www.brainbox.co.in"
149.56.150.149 - - [08/Sep/2022:08:11:56 -0700] "GET /?C=N;O=D HTTP/1.1" 200 1155 "-" "Mozilla/5.0 (Windows NT 6.3; Win64; x64) AppleWebKit/537.36 (KHTML, like Gecko) Chrome/60.0.3112.90 Safari/537.36 React.org" "www.brainbox.co.in"
149.56.150.149 - - [08/Sep/2022:08:11:57 -0700] "GET /?C=M;O=A HTTP/1.1" 200 1155 "-" "Mozilla/5.0 (Windows NT 6.3; Win64; x64) AppleWebKit/537.36 (KHTML, like Gecko) Chrome/60.0.3112.90 Safari/537.36 React.org" "www.brainbox.co.in"
149.56.150.149 - - [08/Sep/2022:08:11:58 -0700] "GET /?C=S;O=A HTTP/1.1" 200 1155 "-" "Mozilla/5.0 (Windows NT 6.3; Win64; x64) AppleWebKit/537.36 (KHTML, like Gecko) Chrome/60.0.3112.90 Safari/537.36 React.org" "www.brainbox.co.in"
149.56.150.149 - - [08/Sep/2022:08:11:59 -0700] "GET /?C=D;O=A HTTP/1.1" 200 1155 "-" "Mozilla/5.0 (Windows NT 6.3; Win64; x64) AppleWebKit/537.36 (KHTML, like Gecko) Chrome/60.0.3112.90 Safari/537.36 React.org" "www.brainbox.co.in"
149.56.150.149 - - [08/Sep/2022:08:12:00 -0700] "GET /MyERP/ HTTP/1.1" 200 548 "-" "Mozilla/5.0 (Windows NT 6.3; Win64; x64) AppleWebKit/537.36 (KHTML, like Gecko) Chrome/60.0.3112.90 Safari/537.36 React.org" "www.brainbox.co.in"
149.56.150.149 - - [08/Sep/2022:08:12:01 -0700] "GET /MySQL_Database/ HTTP/1.1" 200 9441 "-" "Mozilla/5.0 (Windows NT 6.3; Win64; x64) AppleWebKit/537.36 (KHTML, like Gecko) Chrome/60.0.3112.90 Safari/537.36 React.org" "www.brainbox.co.in"
149.56.150.149 - - [08/Sep/2022:08:12:03 -0700] "GET /PDFContent/ HTTP/1.1" 200 4997 "-" "Mozilla/5.0 (Windows NT 6.3; Win64; x64) AppleWebKit/537.36 (KHTML, like Gecko) Chrome/60.0.3112.90 Safari/537.36 React.org" "www.brainbox.co.in"
149.56.150.149 - - [08/Sep/2022:08:12:04 -0700] "GET /SchoolERP/ HTTP/1.1" 200 9436 "-" "Mozilla/5.0 (Windows NT 6.3; Win64; x64) AppleWebKit/537.36 (KHTML, like Gecko) Chrome/60.0.3112.90 Safari/537.36 React.org" "www.brainbox.co.in"
149.56.150.149 - - [08/Sep/2022:08:12:08 -0700] "GET /taskdiary/ HTTP/1.1" 200 556 "-" "Mozilla/5.0 (Windows NT 6.3; Win64; x64) AppleWebKit/537.36 (KHTML, like Gecko) Chrome/60.0.3112.90 Safari/537.36 React.org" "www.brainbox.co.in"
149.56.150.149 - - [08/Sep/2022:08:12:09 -0700] "GET /ads.txt HTTP/1.1" 404 73 "-" "Mozilla/5.0 (Windows NT 6.3; Win64; x64) AppleWebKit/537.36 (KHTML, like Gecko) Chrome/60.0.3112.90 Safari/537.36 React.org" "www.brainbox.co.in"
149.56.150.149 - - [08/Sep/2022:08:12:09 -0700] "GET / HTTP/1.1" 200 1155 "-" "Mozilla/5.0 (Linux; Android 5.1.1; SM-G925F Build/LMY47X) AppleWebKit/537.36 (KHTML, like Gecko) Chrome/45.0.2454.94 Mobile Safari/537.36" "www.brainbox.co.in"
144.217.135.179 - - [08/Sep/2022:08:12:17 -0700] "GET / HTTP/1.1" 200 432 "-" "Mozilla/5.0 (compatible; Dataprovider.com)" "www.brainbox.co.in"
114.119.145.174 - - [08/Sep/2022:08:13:07 -0700] "GET /PDFContent/04%20ICSE/05%20Class%20X/Hindi/?C=M%3BO%3DA HTTP/1.1" 200 351 "https://brainbox.co.in/PDFContent/04%20ICSE/05%20Class%20X/Hindi/" "Mozilla/5.0 (Linux; Android 7.0;) AppleWebKit/537.36 (KHTML, like Gecko) Mobile Safari/537.36 (compatible; PetalBot;+https://webmaster.petalsearch.com/site/petalbot)" "brainbox.co.in"
114.119.145.163 - - [08/Sep/2022:08:18:06 -0700] "GET /PDFContent/01%20TSB/03%20Class%20VIII/English/LS5C/?C=S%3BO%3DA HTTP/1.1" 200 535 "https://brainbox.co.in/PDFContent/01%20TSB/03%20Class%20VIII/English/LS5C/" "Mozilla/5.0 (Linux; Android 7.0;) AppleWebKit/537.36 (KHTML, like Gecko) Mobile Safari/537.36 (compatible; PetalBot;+https://webmaster.petalsearch.com/site/petalbot)" "brainbox.co.in"
51.222.253.4 - - [08/Sep/2022:08:20:45 -0700] "GET /PDFContent/03%20CBSE/07%20Class%20XII/Hindi/?C=D;O=A HTTP/1.1" 200 354 "-" "Mozilla/5.0 (compatible; AhrefsBot/7.0; +http://ahrefs.com/robot/)" "brainbox.co.in"
114.119.145.160 - - [08/Sep/2022:08:23:07 -0700] "GET /PDFContent/03%20CBSE/03%20Class%20VIII/Physics/Light/?C=D%3BO%3DA HTTP/1.1" 200 519 "https://brainbox.co.in/PDFContent/03%20CBSE/03%20Class%20VIII/Physics/Light/" "Mozilla/5.0 (Linux; Android 7.0;) AppleWebKit/537.36 (KHTML, like Gecko) Mobile Safari/537.36 (compatible; PetalBot;+https://webmaster.petalsearch.com/site/petalbot)" "brainbox.co.in"
114.119.145.175 - - [08/Sep/2022:08:28:08 -0700] "GET /PDFContent/01%20TSB/05%20Class%20X/English/A%20TALE%20OF%20THREE%20VILLAGES/?C=D%3BO%3DA HTTP/1.1" 200 544 "https://brainbox.co.in/PDFContent/01%20TSB/05%20Class%20X/English/A%20TALE%20OF%20THREE%20VILLAGES/" "Mozilla/5.0 (Linux; Android 7.0;) AppleWebKit/537.36 (KHTML, like Gecko) Mobile Safari/537.36 (compatible; PetalBot;+https://webmaster.petalsearch.com/site/petalbot)" "brainbox.co.in"
51.222.253.7 - - [08/Sep/2022:08:31:21 -0700] "GET /PDFContent/03%20CBSE/07%20Class%20XII/Hindi/?C=M;O=A HTTP/1.1" 200 354 "-" "Mozilla/5.0 (compatible; AhrefsBot/7.0; +http://ahrefs.com/robot/)" "brainbox.co.in"
114.119.135.132 - - [08/Sep/2022:08:38:06 -0700] "GET /PDFContent/03%20CBSE/07%20Class%20XII/Chemistry/SOLID%20STATE/Solid%20State_T09_PACKING%20EFFICIENCY(SAMPLE%20CUBIC).pdf HTTP/1.1" 200 219531 "https://brainbox.co.in/PDFContent/03%20CBSE/07%20Class%20XII/Chemistry/SOLID%20STATE/?C=S%3BO%3DA" "Mozilla/5.0 (Linux; Android 7.0;) AppleWebKit/537.36 (KHTML, like Gecko) Mobile Safari/537.36 (compatible; PetalBot;+https://webmaster.petalsearch.com/site/petalbot)" "brainbox.co.in"
51.222.253.11 - - [08/Sep/2022:08:42:48 -0700] "GET /PDFContent/03%20CBSE/07%20Class%20XII/Hindi/?C=S;O=A HTTP/1.1" 200 354 "-" "Mozilla/5.0 (compatible; AhrefsBot/7.0; +http://ahrefs.com/robot/)" "brainbox.co.in"
114.119.145.163 - - [08/Sep/2022:08:43:09 -0700] "GET /PDFContent/02%20APSB/07%20Class%20XII/English/?C=N%3BO%3DD HTTP/1.1" 200 355 "https://brainbox.co.in/PDFContent/02%20APSB/07%20Class%20XII/English/?C=S%3BO%3DA" "Mozilla/5.0 (Linux; Android 7.0;) AppleWebKit/537.36 (KHTML, like Gecko) Mobile Safari/537.36 (compatible; PetalBot;+https://webmaster.petalsearch.com/site/petalbot)" "brainbox.co.in"
114.119.135.132 - - [08/Sep/2022:08:48:10 -0700] "GET /PDFContent/03%20CBSE/02%20Class%20VII/English/CBSEBoard_English_VII_LS3_Introduction_Desert.pdf HTTP/1.1" 200 185908 "https://brainbox.co.in/PDFContent/03%20CBSE/02%20Class%20VII/English/?C=S%3BO%3DA" "Mozilla/5.0 (Linux; Android 7.0;) AppleWebKit/537.36 (KHTML, like Gecko) Mobile Safari/537.36 (compatible; PetalBot;+https://webmaster.petalsearch.com/site/petalbot)" "brainbox.co.in"
114.119.145.175 - - [08/Sep/2022:08:53:08 -0700] "GET /PDFContent/01%20TSB/02%20Class%20VII/Hindi/word%20meaning/TSV_VII_LS07_AASMAN%20GIRA_WORD%20MEANING.pdf HTTP/1.1" 200 282677 "https://brainbox.co.in/PDFContent/01%20TSB/02%20Class%20VII/Hindi/word%20meaning/" "Mozilla/5.0 (Linux; Android 7.0;) AppleWebKit/537.36 (KHTML, like Gecko) Mobile Safari/537.36 (compatible; PetalBot;+https://webmaster.petalsearch.com/site/petalbot)" "brainbox.co.in"
51.222.253.4 - - [08/Sep/2022:08:54:45 -0700] "GET /PDFContent/Beetle/CLASS%20II/?C=M;O=A HTTP/1.1" 200 466 "-" "Mozilla/5.0 (compatible; AhrefsBot/7.0; +http://ahrefs.com/robot/)" "brainbox.co.in"
114.119.145.187 - - [08/Sep/2022:08:58:06 -0700] "GET /PDFContent/01%20TSB/03%20Class%20VIII/English/LS2B/New/TSB_VIII_ENGLISH_LS02B_THE%20CRY%20OF%20CHILDREN_SUMMARY.pdf HTTP/1.1" 200 438934 "https://brainbox.co.in/PDFContent/01%20TSB/03%20Class%20VIII/English/LS2B/New/?C=N%3BO%3DD" "Mozilla/5.0 (Linux; Android 7.0;) AppleWebKit/537.36 (KHTML, like Gecko) Mobile Safari/537.36 (compatible; PetalBot;+https://webmaster.petalsearch.com/site/petalbot)" "brainbox.co.in"
114.119.145.174 - - [08/Sep/2022:09:03:09 -0700] "GET /PDFContent/03%20CBSE/05%20Class%20X/Physics/REFLECTION%20AND%20REFRACTION/CBSE_X_PHYSCIS_LS10_REFLECTION%20&%20REFRACTION_FORMATION%20OF%20IMAGE%20DUE%20TO%20CONVEX%20MIRROR.pdf HTTP/1.1" 200 334698 "https://brainboxschool.com/material/CBSE/X/Physics/REFLECTION_&_REFRACTION.html" "Mozilla/5.0 (Linux; Android 7.0;) AppleWebKit/537.36 (KHTML, like Gecko) Mobile Safari/537.36 (compatible; PetalBot;+https://webmaster.petalsearch.com/site/petalbot)" "brainbox.co.in"
51.222.253.5 - - [08/Sep/2022:09:04:29 -0700] "GET /PDFContent/Beetle/CLASS%20II/?C=S;O=A HTTP/1.1" 200 463 "-" "Mozilla/5.0 (compatible; AhrefsBot/7.0; +http://ahrefs.com/robot/)" "brainbox.co.in"
114.119.145.174 - - [08/Sep/2022:09:08:08 -0700] "GET /PDFContent/04%20ICSE/07%20Class%20XII/Sanskrit/?C=S%3BO%3DA HTTP/1.1" 200 355 "https://brainbox.co.in/PDFContent/04%20ICSE/07%20Class%20XII/Sanskrit/?C=N%3BO%3DD" "Mozilla/5.0 (Linux; Android 7.0;) AppleWebKit/537.36 (KHTML, like Gecko) Mobile Safari/537.36 (compatible; PetalBot;+https://webmaster.petalsearch.com/site/petalbot)" "brainbox.co.in"
203.112.72.51 - - [08/Sep/2022:09:10:46 -0700] "GET /wp-login.php HTTP/1.1" 404 88 "http://brainbox.co.in/wp-login.php" "Mozilla/5.0 (Windows NT 10.0; Win64; x64; rv:96.0) Gecko/20100101 Firefox/96" "brainbox.co.in"
114.119.145.160 - - [08/Sep/2022:09:13:10 -0700] "GET /PDFContent/03%20CBSE/05%20Class%20X/Maths/CBSE_X_MATHS_LS04_QUADRATIC%20EQUATIONS_QUADRATIC%20EXPRESSION.pdf HTTP/1.1" 200 370395 "https://brainbox.co.in/PDFContent/03%20CBSE/05%20Class%20X/Maths/?C=D%3BO%3DA" "Mozilla/5.0 (Linux; Android 7.0;) AppleWebKit/537.36 (KHTML, like Gecko) Mobile Safari/537.36 (compatible; PetalBot;+https://webmaster.petalsearch.com/site/petalbot)" "brainbox.co.in"
51.222.253.7 - - [08/Sep/2022:09:14:15 -0700] "GET /PDFContent/Beetle/CLASS%20II/MATHEMATICS/ HTTP/1.1" 200 491 "-" "Mozilla/5.0 (compatible; AhrefsBot/7.0; +http://ahrefs.com/robot/)" "brainbox.co.in"
114.119.135.132 - - [08/Sep/2022:09:18:05 -0700] "GET /PDFContent/03%20CBSE/02%20Class%20VII/Science/HEAT/CBSE_VII_TRANSFER%20OF%20HEAT.MOB.pdf HTTP/1.1" 200 343935 "https://brainbox.co.in/PDFContent/03%20CBSE/02%20Class%20VII/Science/HEAT/?C=S%3BO%3DA" "Mozilla/5.0 (Linux; Android 7.0;) AppleWebKit/537.36 (KHTML, like Gecko) Mobile Safari/537.36 (compatible; PetalBot;+https://webmaster.petalsearch.com/site/petalbot)" "brainbox.co.in"
114.119.145.169 - - [08/Sep/2022:09:23:07 -0700] "GET /PDFContent/03%20CBSE/06%20Class%20XI/Physics/GRAVITATION/ HTTP/1.1" 200 701 "https://brainbox.co.in/PDFContent/03%20CBSE/06%20Class%20XI/Physics/?C=D%3BO%3DA" "Mozilla/5.0 (Linux; Android 7.0;) AppleWebKit/537.36 (KHTML, like Gecko) Mobile Safari/537.36 (compatible; PetalBot;+https://webmaster.petalsearch.com/site/petalbot)" "brainbox.co.in"
51.222.253.12 - - [08/Sep/2022:09:27:51 -0700] "GET /PDFContent/04%20ICSE/06%20Class%20XI/Chemistry/?C=N;O=A HTTP/1.1" 200 356 "-" "Mozilla/5.0 (compatible; AhrefsBot/7.0; +http://ahrefs.com/robot/)" "brainbox.co.in"
114.119.145.174 - - [08/Sep/2022:09:28:09 -0700] "GET /PDFContent/01%20TSB/05%20Class%20X/Biology/NUTRITION/?C=N%3BO%3DD HTTP/1.1" 200 516 "https://brainbox.co.in/PDFContent/01%20TSB/05%20Class%20X/Biology/NUTRITION/?C=S%3BO%3DA" "Mozilla/5.0 (Linux; Android 7.0;) AppleWebKit/537.36 (KHTML, like Gecko) Mobile Safari/537.36 (compatible; PetalBot;+https://webmaster.petalsearch.com/site/petalbot)" "brainbox.co.in"
114.119.135.132 - - [08/Sep/2022:09:33:05 -0700] "GET /PDFContent/03%20CBSE/03%20Class%20VIII/Physics/Sound/Mathematical%20Representation%20of%20Wave.pdf HTTP/1.1" 404 88 "https://brainbox.co.in/PDFContent/03%20CBSE/03%20Class%20VIII/Physics/Sound/?C=D%3BO%3DA" "Mozilla/5.0 (Linux; Android 7.0;) AppleWebKit/537.36 (KHTML, like Gecko) Mobile Safari/537.36 (compatible; PetalBot;+https://webmaster.petalsearch.com/site/petalbot)" "brainbox.co.in"
51.222.253.3 - - [08/Sep/2022:09:40:49 -0700] "GET /PDFContent/03%20CBSE/06%20Class%20XI/ HTTP/1.1" 200 521 "-" "Mozilla/5.0 (compatible; AhrefsBot/7.0; +http://ahrefs.com/robot/)" "brainbox.co.in"
3.101.13.112 - - [08/Sep/2022:09:52:57 -0700] "GET /~richard/templates/beez/US/uk/paypal/login.htm HTTP/1.1" 404 73 "-" "Mozilla/5.0 (Macintosh; Intel Mac OS X 10_10_5) AppleWebKit/537.36 (KHTML, like Gecko) Chrome/52.0.2743.116 Safari/537.36" "brainbox.co.in"
51.222.253.11 - - [08/Sep/2022:09:54:24 -0700] "GET /PDFContent/04%20ICSE/07%20Class%20XII/?C=M;O=A HTTP/1.1" 200 464 "-" "Mozilla/5.0 (compatible; AhrefsBot/7.0; +http://ahrefs.com/robot/)" "brainbox.co.in"
20.127.153.232 - - [08/Sep/2022:09:54:36 -0700] "GET / HTTP/1.1" 200 1155 "-" "Mozilla/5.0 (Windows NT 10.0; Win64; x64) AppleWebKit/537.36 (KHTML, like Gecko) Chrome/78.0.3904.108 Safari/537.36" "brainbox.co.in"
