20.127.153.232 - - [08/Sep/2022:09:54:37 -0700] "GET //wp-includes/wlwmanifest.xml HTTP/1.1" 404 73 "-" "Mozilla/5.0 (Windows NT 10.0; Win64; x64) AppleWebKit/537.36 (KHTML, like Gecko) Chrome/78.0.3904.108 Safari/537.36" "brainbox.co.in"
20.127.153.232 - - [08/Sep/2022:09:54:37 -0700] "GET / HTTP/1.1" 200 1155 "-" "Mozilla/5.0 (Windows NT 10.0; Win64; x64) AppleWebKit/537.36 (KHTML, like Gecko) Chrome/78.0.3904.108 Safari/537.36" "brainbox.co.in"
20.127.153.232 - - [08/Sep/2022:09:54:38 -0700] "GET //blog/wp-includes/wlwmanifest.xml HTTP/1.1" 404 73 "-" "Mozilla/5.0 (Windows NT 10.0; Win64; x64) AppleWebKit/537.36 (KHTML, like Gecko) Chrome/78.0.3904.108 Safari/537.36" "brainbox.co.in"
20.127.153.232 - - [08/Sep/2022:09:54:38 -0700] "GET //web/wp-includes/wlwmanifest.xml HTTP/1.1" 404 73 "-" "Mozilla/5.0 (Windows NT 10.0; Win64; x64) AppleWebKit/537.36 (KHTML, like Gecko) Chrome/78.0.3904.108 Safari/537.36" "brainbox.co.in"
20.127.153.232 - - [08/Sep/2022:09:54:38 -0700] "GET //wordpress/wp-includes/wlwmanifest.xml HTTP/1.1" 404 73 "-" "Mozilla/5.0 (Windows NT 10.0; Win64; x64) AppleWebKit/537.36 (KHTML, like Gecko) Chrome/78.0.3904.108 Safari/537.36" "brainbox.co.in"
20.127.153.232 - - [08/Sep/2022:09:54:38 -0700] "GET //website/wp-includes/wlwmanifest.xml HTTP/1.1" 404 73 "-" "Mozilla/5.0 (Windows NT 10.0; Win64; x64) AppleWebKit/537.36 (KHTML, like Gecko) Chrome/78.0.3904.108 Safari/537.36" "brainbox.co.in"
20.127.153.232 - - [08/Sep/2022:09:54:39 -0700] "GET //wp/wp-includes/wlwmanifest.xml HTTP/1.1" 404 73 "-" "Mozilla/5.0 (Windows NT 10.0; Win64; x64) AppleWebKit/537.36 (KHTML, like Gecko) Chrome/78.0.3904.108 Safari/537.36" "brainbox.co.in"
20.127.153.232 - - [08/Sep/2022:09:54:39 -0700] "GET //news/wp-includes/wlwmanifest.xml HTTP/1.1" 404 73 "-" "Mozilla/5.0 (Windows NT 10.0; Win64; x64) AppleWebKit/537.36 (KHTML, like Gecko) Chrome/78.0.3904.108 Safari/537.36" "brainbox.co.in"
20.127.153.232 - - [08/Sep/2022:09:54:39 -0700] "GET //2018/wp-includes/wlwmanifest.xml HTTP/1.1" 404 73 "-" "Mozilla/5.0 (Windows NT 10.0; Win64; x64) AppleWebKit/537.36 (KHTML, like Gecko) Chrome/78.0.3904.108 Safari/537.36" "brainbox.co.in"
20.127.153.232 - - [08/Sep/2022:09:54:40 -0700] "GET //2019/wp-includes/wlwmanifest.xml HTTP/1.1" 404 73 "-" "Mozilla/5.0 (Windows NT 10.0; Win64; x64) AppleWebKit/537.36 (KHTML, like Gecko) Chrome/78.0.3904.108 Safari/537.36" "brainbox.co.in"
20.127.153.232 - - [08/Sep/2022:09:54:40 -0700] "GET //shop/wp-includes/wlwmanifest.xml HTTP/1.1" 404 73 "-" "Mozilla/5.0 (Windows NT 10.0; Win64; x64) AppleWebKit/537.36 (KHTML, like Gecko) Chrome/78.0.3904.108 Safari/537.36" "brainbox.co.in"
20.127.153.232 - - [08/Sep/2022:09:54:40 -0700] "GET //wp1/wp-includes/wlwmanifest.xml HTTP/1.1" 404 73 "-" "Mozilla/5.0 (Windows NT 10.0; Win64; x64) AppleWebKit/537.36 (KHTML, like Gecko) Chrome/78.0.3904.108 Safari/537.36" "brainbox.co.in"
20.127.153.232 - - [08/Sep/2022:09:54:40 -0700] "GET //test/wp-includes/wlwmanifest.xml HTTP/1.1" 404 73 "-" "Mozilla/5.0 (Windows NT 10.0; Win64; x64) AppleWebKit/537.36 (KHTML, like Gecko) Chrome/78.0.3904.108 Safari/537.36" "brainbox.co.in"
20.127.153.232 - - [08/Sep/2022:09:54:41 -0700] "GET //media/wp-includes/wlwmanifest.xml HTTP/1.1" 404 73 "-" "Mozilla/5.0 (Windows NT 10.0; Win64; x64) AppleWebKit/537.36 (KHTML, like Gecko) Chrome/78.0.3904.108 Safari/537.36" "brainbox.co.in"
20.127.153.232 - - [08/Sep/2022:09:54:41 -0700] "GET //wp2/wp-includes/wlwmanifest.xml HTTP/1.1" 404 73 "-" "Mozilla/5.0 (Windows NT 10.0; Win64; x64) AppleWebKit/537.36 (KHTML, like Gecko) Chrome/78.0.3904.108 Safari/537.36" "brainbox.co.in"
20.127.153.232 - - [08/Sep/2022:09:54:41 -0700] "GET //site/wp-includes/wlwmanifest.xml HTTP/1.1" 404 73 "-" "Mozilla/5.0 (Windows NT 10.0; Win64; x64) AppleWebKit/537.36 (KHTML, like Gecko) Chrome/78.0.3904.108 Safari/537.36" "brainbox.co.in"
20.127.153.232 - - [08/Sep/2022:09:54:42 -0700] "GET //sito/wp-includes/wlwmanifest.xml HTTP/1.1" 404 73 "-" "Mozilla/5.0 (Windows NT 10.0; Win64; x64) AppleWebKit/537.36 (KHTML, like Gecko) Chrome/78.0.3904.108 Safari/537.36" "brainbox.co.in"
138.246.253.24 - - [08/Sep/2022:10:00:56 -0700] "GET /robots.txt HTTP/1.1" 404 73 "-" "Mozilla/5.0 (Windows NT 10.0; Win64; x64) AppleWebKit/537.36 (KHTML, like Gecko) Chrome/103.0.5060.134 Safari/537.36" "brainbox.co.in"
51.222.253.12 - - [08/Sep/2022:10:07:11 -0700] "GET /PDFContent/04%20ICSE/07%20Class%20XII/?C=S;O=A HTTP/1.1" 200 464 "-" "Mozilla/5.0 (compatible; AhrefsBot/7.0; +http://ahrefs.com/robot/)" "brainbox.co.in"
51.222.253.7 - - [08/Sep/2022:10:20:04 -0700] "GET /PDFContent/03%20CBSE/04%20Class%20IX/Chemistry/ATOMS%20AND%20MOLECULES/?C=N;O=D HTTP/1.1" 200 635 "-" "Mozilla/5.0 (compatible; AhrefsBot/7.0; +http://ahrefs.com/robot/)" "brainbox.co.in"
51.222.253.7 - - [08/Sep/2022:10:32:18 -0700] "GET /PDFContent/01%20TSB/05%20Class%20X/English/OR%20WILL%20THE%20DREAMER%20WAKE/?C=D;O=A HTTP/1.1" 200 545 "-" "Mozilla/5.0 (compatible; AhrefsBot/7.0; +http://ahrefs.com/robot/)" "brainbox.co.in"
51.222.253.8 - - [08/Sep/2022:10:44:24 -0700] "GET /PDFContent/Beetle/CLASS%20II/?C=M;O=D HTTP/1.1" 200 462 "-" "Mozilla/5.0 (compatible; AhrefsBot/7.0; +http://ahrefs.com/robot/)" "brainbox.co.in"
167.94.138.62 - - [08/Sep/2022:10:47:45 -0700] "GET / HTTP/1.1" 200 432 "-" "Mozilla/5.0 (compatible; CensysInspect/1.1; +https://about.censys.io/)" "www.brainbox.co.in"
167.94.138.62 - - [08/Sep/2022:10:47:45 -0700] "GET / HTTP/1.1" 200 432 "-" "Mozilla/5.0 (compatible; CensysInspect/1.1; +https://about.censys.io/)" "www.brainbox.co.in"
167.94.138.62 - - [08/Sep/2022:10:47:46 -0700] "GET /favicon.ico HTTP/1.1" 404 88 "-" "Go-http-client/1.1" "www.brainbox.co.in"
167.94.138.62 - - [08/Sep/2022:10:47:46 -0700] "GET /favicon.ico HTTP/1.1" 404 88 "-" "Go-http-client/1.1" "www.brainbox.co.in"
51.222.253.18 - - [08/Sep/2022:10:54:59 -0700] "GET /PDFContent/04%20ICSE/04%20Class%20IX/Maths/?C=S;O=A HTTP/1.1" 200 351 "-" "Mozilla/5.0 (compatible; AhrefsBot/7.0; +http://ahrefs.com/robot/)" "brainbox.co.in"
114.119.145.174 - - [08/Sep/2022:11:07:35 -0700] "GET /PDFContent/01%20TSB/03%20Class%20VIII/English/LS7A/?C=S%3BO%3DA HTTP/1.1" 200 519 "https://brainbox.co.in/PDFContent/01%20TSB/03%20Class%20VIII/English/LS7A/?C=M%3BO%3DA" "Mozilla/5.0 (Linux; Android 7.0;) AppleWebKit/537.36 (KHTML, like Gecko) Mobile Safari/537.36 (compatible; PetalBot;+https://webmaster.petalsearch.com/site/petalbot)" "brainbox.co.in"
51.222.253.14 - - [08/Sep/2022:11:08:34 -0700] "GET /PDFContent/01%20TSB/04%20Class%20IX/Maths/Biology/?C=M;O=A HTTP/1.1" 200 358 "-" "Mozilla/5.0 (compatible; AhrefsBot/7.0; +http://ahrefs.com/robot/)" "brainbox.co.in"
114.119.145.169 - - [08/Sep/2022:11:12:35 -0700] "GET /PDFContent/01%20TSB/03%20Class%20VIII/English/LS8B/ HTTP/1.1" 200 515 "https://brainbox.co.in/PDFContent/01%20TSB/03%20Class%20VIII/English/" "Mozilla/5.0 (Linux; Android 7.0;) AppleWebKit/537.36 (KHTML, like Gecko) Mobile Safari/537.36 (compatible; PetalBot;+https://webmaster.petalsearch.com/site/petalbot)" "brainbox.co.in"
114.119.145.169 - - [08/Sep/2022:11:17:35 -0700] "GET /PDFContent/02%20APSB/01%20Class%20VI/Physics/?C=D%3BO%3DA HTTP/1.1" 200 353 "https://brainbox.co.in/PDFContent/02%20APSB/01%20Class%20VI/Physics/" "Mozilla/5.0 (Linux; Android 7.0;) AppleWebKit/537.36 (KHTML, like Gecko) Mobile Safari/537.36 (compatible; PetalBot;+https://webmaster.petalsearch.com/site/petalbot)" "brainbox.co.in"
51.222.253.14 - - [08/Sep/2022:11:20:49 -0700] "GET /PDFContent/04%20ICSE/04%20Class%20IX/Hindi/?C=D;O=A HTTP/1.1" 200 350 "-" "Mozilla/5.0 (compatible; AhrefsBot/7.0; +http://ahrefs.com/robot/)" "brainbox.co.in"
114.119.145.175 - - [08/Sep/2022:11:22:34 -0700] "GET /PDFContent/03%20CBSE/04%20Class%20IX/Biology/Tissues/CBSE_IX_Biology_Tissues_Simple%20Cuboidal%20&%20Stratified.pdf HTTP/1.1" 200 177590 "https://brainbox.co.in/PDFContent/03%20CBSE/04%20Class%20IX/Biology/Tissues/?C=M%3BO%3DA" "Mozilla/5.0 (Linux; Android 7.0;) AppleWebKit/537.36 (KHTML, like Gecko) Mobile Safari/537.36 (compatible; PetalBot;+https://webmaster.petalsearch.com/site/petalbot)" "brainbox.co.in"
114.119.145.175 - - [08/Sep/2022:11:27:41 -0700] "GET /PDFContent/01%20TSB/03%20Class%20VIII/Telugu/?C=D%3BO%3DA HTTP/1.1" 200 404 "https://brainbox.co.in/PDFContent/01%20TSB/03%20Class%20VIII/Telugu/?C=S%3BO%3DA" "Mozilla/5.0 (Linux; Android 7.0;) AppleWebKit/537.36 (KHTML, like Gecko) Mobile Safari/537.36 (compatible; PetalBot;+https://webmaster.petalsearch.com/site/petalbot)" "brainbox.co.in"
114.119.145.160 - - [08/Sep/2022:11:32:37 -0700] "GET /PDFContent/01%20TSB/03%20Class%20VIII/English/LS2B/New/?C=D%3BO%3DA HTTP/1.1" 200 516 "https://brainbox.co.in/PDFContent/01%20TSB/03%20Class%20VIII/English/LS2B/New/" "Mozilla/5.0 (Linux; Android 7.0;) AppleWebKit/537.36 (KHTML, like Gecko) Mobile Safari/537.36 (compatible; PetalBot;+https://webmaster.petalsearch.com/site/petalbot)" "brainbox.co.in"
51.222.253.14 - - [08/Sep/2022:11:32:49 -0700] "GET /PDFContent/01%20TSB/05%20Class%20X/Biology/NUTRITION/?C=D;O=A HTTP/1.1" 200 516 "-" "Mozilla/5.0 (compatible; AhrefsBot/7.0; +http://ahrefs.com/robot/)" "brainbox.co.in"
114.119.145.160 - - [08/Sep/2022:11:37:34 -0700] "GET /PDFContent/03%20CBSE/04%20Class%20IX/Maths/LINEAR%20EQUATIONS%20IN%20TWO%20VARIABLES/CBSE_IX_MATHS_LS04_LINEAR%20EQUATIONS%20IN%20%20TWO%20VARIABLES_GRAPHICAL%20SOLUTION%20OF%20%20A%20PAIR%20OF%20%20LINEAR%20SIMULTANEOUS%20EQUATIONS.pdf HTTP/1.1" 200 607207 "https://brainbox.co.in/PDFContent/03%20CBSE/04%20Class%20IX/Maths/LINEAR%20EQUATIONS%20IN%20TWO%20VARIABLES/?C=N%3BO%3DD" "Mozilla/5.0 (Linux; Android 7.0;) AppleWebKit/537.36 (KHTML, like Gecko) Mobile Safari/537.36 (compatible; PetalBot;+https://webmaster.petalsearch.com/site/petalbot)" "brainbox.co.in"
114.119.145.174 - - [08/Sep/2022:11:42:36 -0700] "GET /PDFContent/Beetle/CLASS%20IV/SOCAIL%20SEM%202/LESSON%208.%20OUR%20RIGHTS%20AND%20DUTIES.pdf HTTP/1.1" 200 83704 "https://brainbox.co.in/PDFContent/Beetle/CLASS%20IV/SOCAIL%20SEM%202/?C=M%3BO%3DA" "Mozilla/5.0 (Linux; Android 7.0;) AppleWebKit/537.36 (KHTML, like Gecko) Mobile Safari/537.36 (compatible; PetalBot;+https://webmaster.petalsearch.com/site/petalbot)" "brainbox.co.in"
51.222.253.7 - - [08/Sep/2022:11:45:06 -0700] "GET /PDFContent/04%20ICSE/04%20Class%20IX/Hindi/?C=M;O=A HTTP/1.1" 200 350 "-" "Mozilla/5.0 (compatible; AhrefsBot/7.0; +http://ahrefs.com/robot/)" "brainbox.co.in"
114.119.145.175 - - [08/Sep/2022:11:47:42 -0700] "GET /PDFContent/Beetle/CLASS%20IV/SCIENCE/Lesson%202.%20Adaptions%20in%20plant.pdf HTTP/1.1" 200 124813 "https://brainbox.co.in/PDFContent/Beetle/CLASS%20IV/SCIENCE/" "Mozilla/5.0 (Linux; Android 7.0;) AppleWebKit/537.36 (KHTML, like Gecko) Mobile Safari/537.36 (compatible; PetalBot;+https://webmaster.petalsearch.com/site/petalbot)" "brainbox.co.in"
51.222.253.12 - - [08/Sep/2022:11:51:37 -0700] "GET /PDFContent/03%20CBSE/07%20Class%20XII/Telugu/?C=S;O=A HTTP/1.1" 200 356 "-" "Mozilla/5.0 (compatible; AhrefsBot/7.0; +http://ahrefs.com/robot/)" "brainbox.co.in"
114.119.145.169 - - [08/Sep/2022:11:52:41 -0700] "GET /PDFContent/03%20CBSE/07%20Class%20XII/Physics/ELECTRIC%20CHARGES%20AND%20FIELDS/CBSE_XII_PHYSCIS_LS01_ELECTRIC%20CHARGES%20AND%20FIELDS_PROB_07.pdf HTTP/1.1" 200 190651 "https://brainbox.co.in/PDFContent/03%20CBSE/07%20Class%20XII/Physics/ELECTRIC%20CHARGES%20AND%20FIELDS/" "Mozilla/5.0 (Linux; Android 7.0;) AppleWebKit/537.36 (KHTML, like Gecko) Mobile Safari/537.36 (compatible; PetalBot;+https://webmaster.petalsearch.com/site/petalbot)" "brainbox.co.in"
114.119.145.169 - - [08/Sep/2022:11:57:36 -0700] "GET /PDFContent/03%20CBSE/03%20Class%20VIII/Biology/Fundamental%20Unit%20of%20Life/Plastid.pdf HTTP/1.1" 200 176582 "https://brainbox.co.in/PDFContent/03%20CBSE/03%20Class%20VIII/Biology/Fundamental%20Unit%20of%20Life/?C=N%3BO%3DD" "Mozilla/5.0 (Linux; Android 7.0;) AppleWebKit/537.36 (KHTML, like Gecko) Mobile Safari/537.36 (compatible; PetalBot;+https://webmaster.petalsearch.com/site/petalbot)" "brainbox.co.in"
51.222.253.5 - - [08/Sep/2022:11:58:17 -0700] "GET /PDFContent/01%20TSB/04%20Class%20IX/Maths/Biology/?C=S;O=A HTTP/1.1" 200 358 "-" "Mozilla/5.0 (compatible; AhrefsBot/7.0; +http://ahrefs.com/robot/)" "brainbox.co.in"
114.119.145.163 - - [08/Sep/2022:12:02:40 -0700] "GET /PDFContent/03%20CBSE/02%20Class%20VII/Science/FIBRE%20TO%20FABRIC/?C=S%3BO%3DA HTTP/1.1" 200 621 "https://brainbox.co.in/PDFContent/03%20CBSE/02%20Class%20VII/Science/FIBRE%20TO%20FABRIC/?C=D%3BO%3DA" "Mozilla/5.0 (Linux; Android 7.0;) AppleWebKit/537.36 (KHTML, like Gecko) Mobile Safari/537.36 (compatible; PetalBot;+https://webmaster.petalsearch.com/site/petalbot)" "brainbox.co.in"
51.222.253.10 - - [08/Sep/2022:12:04:33 -0700] "GET /PDFContent/03%20CBSE/02%20Class%20VII/Hindi/?C=M;O=D HTTP/1.1" 200 458 "-" "Mozilla/5.0 (compatible; AhrefsBot/7.0; +http://ahrefs.com/robot/)" "brainbox.co.in"
3.17.185.90 - - [08/Sep/2022:12:06:48 -0700] "GET /~richard/templates/beez/US/uk/paypal/login.htm HTTP/1.1" 404 73 "-" "Mozilla/5.0 (Macintosh; Intel Mac OS X 10_10_5) AppleWebKit/537.36 (KHTML, like Gecko) Chrome/52.0.2743.116 Safari/537.36" "brainbox.co.in"
114.119.145.160 - - [08/Sep/2022:12:07:38 -0700] "GET /PDFContent/01%20TSB/03%20Class%20VIII/English/LS4C/?C=D%3BO%3DA HTTP/1.1" 200 539 "https://brainbox.co.in/PDFContent/01%20TSB/03%20Class%20VIII/English/LS4C/?C=S%3BO%3DA" "Mozilla/5.0 (Linux; Android 7.0;) AppleWebKit/537.36 (KHTML, like Gecko) Mobile Safari/537.36 (compatible; PetalBot;+https://webmaster.petalsearch.com/site/petalbot)" "brainbox.co.in"
51.222.253.5 - - [08/Sep/2022:12:10:38 -0700] "GET /PDFContent/03%20CBSE/07%20Class%20XII/Telugu/?C=D;O=A HTTP/1.1" 200 355 "-" "Mozilla/5.0 (compatible; AhrefsBot/7.0; +http://ahrefs.com/robot/)" "brainbox.co.in"
114.119.145.169 - - [08/Sep/2022:12:12:39 -0700] "GET /PDFContent/02%20APSB/07%20Class%20XII/?C=M%3BO%3DA HTTP/1.1" 200 465 "https://brainbox.co.in/PDFContent/02%20APSB/07%20Class%20XII/?C=S%3BO%3DA" "Mozilla/5.0 (Linux; Android 7.0;) AppleWebKit/537.36 (KHTML, like Gecko) Mobile Safari/537.36 (compatible; PetalBot;+https://webmaster.petalsearch.com/site/petalbot)" "brainbox.co.in"
51.222.253.15 - - [08/Sep/2022:12:17:32 -0700] "GET /PDFContent/01%20TSB/02%20Class%20VII/Science/FOOD%20COMPONENTS/?C=S;O=A HTTP/1.1" 200 561 "-" "Mozilla/5.0 (compatible; AhrefsBot/7.0; +http://ahrefs.com/robot/)" "brainbox.co.in"
114.119.145.169 - - [08/Sep/2022:12:17:46 -0700] "GET /PDFContent/01%20TSB/03%20Class%20VIII/English/LS5A/TSB_VIII_ENGLISH_LS05A_THE%20TREASURE%20WITHIN%20_P1_Personalities.pdf HTTP/1.1" 200 331058 "https://brainbox.co.in/PDFContent/01%20TSB/03%20Class%20VIII/English/LS5A/?C=D%3BO%3DA" "Mozilla/5.0 (Linux; Android 7.0;) AppleWebKit/537.36 (KHTML, like Gecko) Mobile Safari/537.36 (compatible; PetalBot;+https://webmaster.petalsearch.com/site/petalbot)" "brainbox.co.in"
114.119.145.187 - - [08/Sep/2022:12:22:35 -0700] "GET /PDFContent/01%20TSB/02%20Class%20VII/English/TSBoard_English_VII_LS1A_Introduction.pdf.pdf HTTP/1.1" 200 270998 "https://brainbox.co.in/PDFContent/01%20TSB/02%20Class%20VII/English/?C=S%3BO%3DA" "Mozilla/5.0 (Linux; Android 7.0;) AppleWebKit/537.36 (KHTML, like Gecko) Mobile Safari/537.36 (compatible; PetalBot;+https://webmaster.petalsearch.com/site/petalbot)" "brainbox.co.in"
51.222.253.20 - - [08/Sep/2022:12:23:32 -0700] "GET /PDFContent/01%20TSB/05%20Class%20X/Biology/NUTRITION/?C=M;O=A HTTP/1.1" 200 516 "-" "Mozilla/5.0 (compatible; AhrefsBot/7.0; +http://ahrefs.com/robot/)" "brainbox.co.in"
114.119.135.132 - - [08/Sep/2022:12:27:42 -0700] "GET /PDFContent/03%20CBSE/04%20Class%20IX/Biology/Tissues/CBSE_IX_Biology_Tissues_Connective%20tissues HTTP/1.1" 200 211835 "https://brainboxschool.com/material/CBSE/IX/Biology/TISSUES.html" "Mozilla/5.0 (Linux; Android 7.0;) AppleWebKit/537.36 (KHTML, like Gecko) Mobile Safari/537.36 (compatible; PetalBot;+https://webmaster.petalsearch.com/site/petalbot)" "brainbox.co.in"
51.222.253.11 - - [08/Sep/2022:12:30:38 -0700] "GET /PDFContent/03%20CBSE/07%20Class%20XII/Telugu/?C=M;O=A HTTP/1.1" 200 356 "-" "Mozilla/5.0 (compatible; AhrefsBot/7.0; +http://ahrefs.com/robot/)" "brainbox.co.in"
114.119.145.160 - - [08/Sep/2022:12:32:38 -0700] "GET /PDFContent/01%20TSB/02%20Class%20VII/Hindi/ques%20&%20ans/TSB_VII_LS01_MANN%20KARTA%20HAI%20NEW_QUES%20&%20ANS.pdf HTTP/1.1" 200 845941 "https://brainbox.co.in/PDFContent/01%20TSB/02%20Class%20VII/Hindi/ques%20&%20ans/?C=M%3BO%3DA" "Mozilla/5.0 (Linux; Android 7.0;) AppleWebKit/537.36 (KHTML, like Gecko) Mobile Safari/537.36 (compatible; PetalBot;+https://webmaster.petalsearch.com/site/petalbot)" "brainbox.co.in"
114.119.145.160 - - [08/Sep/2022:12:37:35 -0700] "GET /PDFContent/02%20APSB/07%20Class%20XII/Physics/?C=M%3BO%3DA HTTP/1.1" 200 355 "https://brainbox.co.in/PDFContent/02%20APSB/07%20Class%20XII/Physics/" "Mozilla/5.0 (Linux; Android 7.0;) AppleWebKit/537.36 (KHTML, like Gecko) Mobile Safari/537.36 (compatible; PetalBot;+https://webmaster.petalsearch.com/site/petalbot)" "brainbox.co.in"
51.222.253.7 - - [08/Sep/2022:12:38:34 -0700] "GET /PDFContent/01%20TSB/02%20Class%20VII/Science/FOOD%20COMPONENTS/?C=D;O=A HTTP/1.1" 200 561 "-" "Mozilla/5.0 (compatible; AhrefsBot/7.0; +http://ahrefs.com/robot/)" "brainbox.co.in"
114.119.145.174 - - [08/Sep/2022:12:42:37 -0700] "GET /PDFContent/02%20APSB/06%20Class%20XI/Hindi/?C=D%3BO%3DA HTTP/1.1" 200 353 "https://brainbox.co.in/PDFContent/02%20APSB/06%20Class%20XI/Hindi/?C=S%3BO%3DA" "Mozilla/5.0 (Linux; Android 7.0;) AppleWebKit/537.36 (KHTML, like Gecko) Mobile Safari/537.36 (compatible; PetalBot;+https://webmaster.petalsearch.com/site/petalbot)" "brainbox.co.in"
51.222.253.2 - - [08/Sep/2022:12:44:57 -0700] "GET /PDFContent/Beetle/CLASS%20V/SCIENCE/ HTTP/1.1" 200 398 "-" "Mozilla/5.0 (compatible; AhrefsBot/7.0; +http://ahrefs.com/robot/)" "brainbox.co.in"
114.119.145.169 - - [08/Sep/2022:12:47:45 -0700] "GET /PDFContent/SPECIAL%20CROUSE/Part%201%20Grammar%20Essentials/STD_V/UNIT-5.pdf HTTP/1.1" 200 292249 "https://brainbox.co.in/PDFContent/SPECIAL%20CROUSE/Part%201%20Grammar%20Essentials/STD_V/?C=D%3BO%3DA" "Mozilla/5.0 (Linux; Android 7.0;) AppleWebKit/537.36 (KHTML, like Gecko) Mobile Safari/537.36 (compatible; PetalBot;+https://webmaster.petalsearch.com/site/petalbot)" "brainbox.co.in"
51.222.253.17 - - [08/Sep/2022:12:50:30 -0700] "GET /PDFContent/01%20TSB/02%20Class%20VII/Science/HEAT%20-%20MEASUREMENT/?C=D;O=A HTTP/1.1" 200 499 "-" "Mozilla/5.0 (compatible; AhrefsBot/7.0; +http://ahrefs.com/robot/)" "brainbox.co.in"
114.119.135.132 - - [08/Sep/2022:12:52:38 -0700] "GET /PDFContent/03%20CBSE/07%20Class%20XII/Maths/?C=S%3BO%3DA HTTP/1.1" 200 748 "https://brainbox.co.in/PDFContent/03%20CBSE/07%20Class%20XII/Maths/?C=N%3BO%3DD" "Mozilla/5.0 (Linux; Android 7.0;) AppleWebKit/537.36 (KHTML, like Gecko) Mobile Safari/537.36 (compatible; PetalBot;+https://webmaster.petalsearch.com/site/petalbot)" "brainbox.co.in"
51.222.253.19 - - [08/Sep/2022:12:56:15 -0700] "GET /PDFContent/01%20TSB/05%20Class%20X/English/?C=N;O=D HTTP/1.1" 200 608 "-" "Mozilla/5.0 (compatible; AhrefsBot/7.0; +http://ahrefs.com/robot/)" "brainbox.co.in"
114.119.135.132 - - [08/Sep/2022:12:57:37 -0700] "GET /PDFContent/01%20TSB/02%20Class%20VII/Hindi/word%20meaning/ HTTP/1.1" 200 920 "https://brainbox.co.in/PDFContent/01%20TSB/02%20Class%20VII/Hindi/" "Mozilla/5.0 (Linux; Android 7.0;) AppleWebKit/537.36 (KHTML, like Gecko) Mobile Safari/537.36 (compatible; PetalBot;+https://webmaster.petalsearch.com/site/petalbot)" "brainbox.co.in"
51.222.253.19 - - [08/Sep/2022:13:01:59 -0700] "GET /PDFContent/01%20TSB/02%20Class%20VII/Science/HEAT%20-%20MEASUREMENT/?C=S;O=A HTTP/1.1" 200 497 "-" "Mozilla/5.0 (compatible; AhrefsBot/7.0; +http://ahrefs.com/robot/)" "brainbox.co.in"
114.119.145.175 - - [08/Sep/2022:13:02:36 -0700] "GET /PDFContent/01%20TSB/06%20Class%20XI/Maths/ HTTP/1.1" 200 391 "https://brainbox.co.in/PDFContent/01%20TSB/06%20Class%20XI/Maths/LOCUS/?C=N%3BO%3DD" "Mozilla/5.0 (Linux; Android 7.0;) AppleWebKit/537.36 (KHTML, like Gecko) Mobile Safari/537.36 (compatible; PetalBot;+https://webmaster.petalsearch.com/site/petalbot)" "brainbox.co.in"
114.119.145.160 - - [08/Sep/2022:13:07:36 -0700] "GET /PDFContent/Beetle/CLASS%20I/?C=M%3BO%3DA HTTP/1.1" 200 469 "https://brainbox.co.in/PDFContent/Beetle/CLASS%20I/?C=S%3BO%3DA" "Mozilla/5.0 (Linux; Android 7.0;) AppleWebKit/537.36 (KHTML, like Gecko) Mobile Safari/537.36 (compatible; PetalBot;+https://webmaster.petalsearch.com/site/petalbot)" "brainbox.co.in"
51.222.253.10 - - [08/Sep/2022:13:08:03 -0700] "GET /PDFContent/01%20TSB/05%20Class%20X/Hindi/BARASTE%20BADAL/?C=M;O=A HTTP/1.1" 200 469 "-" "Mozilla/5.0 (compatible; AhrefsBot/7.0; +http://ahrefs.com/robot/)" "brainbox.co.in"
51.222.253.20 - - [08/Sep/2022:13:14:20 -0700] "GET /PDFContent/01%20TSB/05%20Class%20X/Hindi/BARASTE%20BADAL/?C=S;O=A HTTP/1.1" 200 469 "-" "Mozilla/5.0 (compatible; AhrefsBot/7.0; +http://ahrefs.com/robot/)" "brainbox.co.in"
51.222.253.9 - - [08/Sep/2022:13:20:41 -0700] "GET /PDFContent/Beetle/CLASS%20IV/SOCAIL%20SEM%202/ HTTP/1.1" 200 704 "-" "Mozilla/5.0 (compatible; AhrefsBot/7.0; +http://ahrefs.com/robot/)" "brainbox.co.in"
51.222.253.10 - - [08/Sep/2022:13:27:03 -0700] "GET /PDFContent/01%20TSB/01%20Class%20VI/English/TELANGANA/ HTTP/1.1" 200 492 "-" "Mozilla/5.0 (compatible; AhrefsBot/7.0; +http://ahrefs.com/robot/)" "brainbox.co.in"
51.222.253.13 - - [08/Sep/2022:13:34:02 -0700] "GET /PDFContent/Beetle/CLASS%20II/EVS%20SEM%202/ HTTP/1.1" 200 668 "-" "Mozilla/5.0 (compatible; AhrefsBot/7.0; +http://ahrefs.com/robot/)" "brainbox.co.in"
51.222.253.10 - - [08/Sep/2022:13:42:01 -0700] "GET /PDFContent/Beetle/CLASS%20IV/SOCIAL/ HTTP/1.1" 200 688 "-" "Mozilla/5.0 (compatible; AhrefsBot/7.0; +http://ahrefs.com/robot/)" "brainbox.co.in"
51.222.253.13 - - [08/Sep/2022:13:49:59 -0700] "GET /PDFContent/01%20TSB/05%20Class%20X/English/OR%20WILL%20THE%20DREAMER%20WAKE/?C=M;O=A HTTP/1.1" 200 545 "-" "Mozilla/5.0 (compatible; AhrefsBot/7.0; +http://ahrefs.com/robot/)" "brainbox.co.in"
54.219.8.190 - - [08/Sep/2022:13:53:15 -0700] "GET /~richard/templates/beez/US/uk/paypal/login.htm HTTP/1.1" 404 73 "-" "Mozilla/5.0 (Macintosh; Intel Mac OS X 10_10_5) AppleWebKit/537.36 (KHTML, like Gecko) Chrome/52.0.2743.116 Safari/537.36" "brainbox.co.in"
51.222.253.2 - - [08/Sep/2022:13:57:23 -0700] "GET /PDFContent/03%20CBSE/04%20Class%20IX/Biology/WHY%20DO%20WE%20FALL%20ILL/?C=N;O=D HTTP/1.1" 200 522 "-" "Mozilla/5.0 (compatible; AhrefsBot/7.0; +http://ahrefs.com/robot/)" "brainbox.co.in"
51.222.253.4 - - [08/Sep/2022:14:04:15 -0700] "GET /PDFContent/01%20TSB/05%20Class%20X/Biology/NUTRITION/?C=S;O=A HTTP/1.1" 200 517 "-" "Mozilla/5.0 (compatible; AhrefsBot/7.0; +http://ahrefs.com/robot/)" "brainbox.co.in"
51.222.253.4 - - [08/Sep/2022:14:10:56 -0700] "GET /PDFContent/03%20CBSE/03%20Class%20VIII/?C=D;O=A HTTP/1.1" 200 551 "-" "Mozilla/5.0 (compatible; AhrefsBot/7.0; +http://ahrefs.com/robot/)" "brainbox.co.in"
94.23.203.86 - - [08/Sep/2022:14:13:49 -0700] "GET /robots.txt HTTP/1.1" 404 73 "-" "Mozilla/5.0 (compatible; MJ12bot/v1.4.8; http://mj12bot.com/)" "brainbox.co.in"
94.23.203.86 - - [08/Sep/2022:14:13:54 -0700] "GET /PDFContent/Beetle/CLASS%20V/SOCIAL/SEM%201/LESSON%201.%20GLOBE%E2%80%90%20A%20MODEL%20OF%20THE%20EARTH.pdf HTTP/1.1" 200 52635 "-" "Mozilla/5.0 (compatible; MJ12bot/v1.4.8; http://mj12bot.com/)" "brainbox.co.in"
94.23.203.86 - - [08/Sep/2022:14:13:58 -0700] "GET /PDFContent/Beetle/CLASS%20V/SOCIAL/SEM%201/LESSON%204.%20EQUATORIAL%20CLIMATE%E2%80%90%20THE%20DEMOCRATIC%20REPUBLIC%20OF.pdf HTTP/1.1" 200 120271 "-" "Mozilla/5.0 (compatible; MJ12bot/v1.4.8; http://mj12bot.com/)" "brainbox.co.in"
94.23.203.86 - - [08/Sep/2022:14:14:03 -0700] "GET /PDFContent/Beetle/CLASS%20V/SOCIAL/SEM%201/LESSON%206.%20FRIGID%20CLIMATE%20%E2%80%93%20GREENLAND.pdf HTTP/1.1" 200 90607 "-" "Mozilla/5.0 (compatible; MJ12bot/v1.4.8; http://mj12bot.com/)" "brainbox.co.in"
94.23.203.86 - - [08/Sep/2022:14:14:06 -0700] "GET /PDFContent/Beetle/CLASS%20V/SOCIAL/SEM%201/LESSON%207.%20TEMPERATE%20CLIMATE%E2%80%90%20GRASSLANDS.pdf HTTP/1.1" 200 118420 "-" "Mozilla/5.0 (compatible; MJ12bot/v1.4.8; http://mj12bot.com/)" "brainbox.co.in"
51.222.253.4 - - [08/Sep/2022:14:16:17 -0700] "GET /PDFContent/03%20CBSE/06%20Class%20XI/Physics/ HTTP/1.1" 200 452 "-" "Mozilla/5.0 (compatible; AhrefsBot/7.0; +http://ahrefs.com/robot/)" "brainbox.co.in"
51.222.253.19 - - [08/Sep/2022:14:22:10 -0700] "GET /PDFContent/01%20TSB/02%20Class%20VII/English/01LS4B/ HTTP/1.1" 200 475 "-" "Mozilla/5.0 (compatible; AhrefsBot/7.0; +http://ahrefs.com/robot/)" "brainbox.co.in"
138.246.253.24 - - [08/Sep/2022:14:23:09 -0700] "GET /robots.txt HTTP/1.1" 404 73 "-" "Mozilla/5.0 (Windows NT 10.0; Win64; x64) AppleWebKit/537.36 (KHTML, like Gecko) Chrome/103.0.5060.134 Safari/537.36" "www.brainbox.co.in"
51.222.253.15 - - [08/Sep/2022:14:28:36 -0700] "GET /PDFContent/04%20ICSE/07%20Class%20XII/Sanskrit/?C=D;O=A HTTP/1.1" 200 355 "-" "Mozilla/5.0 (compatible; AhrefsBot/7.0; +http://ahrefs.com/robot/)" "brainbox.co.in"
213.180.203.21 - - [08/Sep/2022:14:28:56 -0700] "GET /robots.txt HTTP/1.1" 404 73 "-" "Mozilla/5.0 (compatible; YandexBot/3.0; +http://yandex.com/bots)" "brainbox.co.in"
5.255.231.246 - - [08/Sep/2022:14:29:00 -0700] "GET /PDFContent/CBSE_X_HINDI_LS12_YASHPAL-LAKHNAVI%20ANDAAZ_QUSTION%20&%20ANSWES.pdf HTTP/1.1" 200 453128 "-" "Mozilla/5.0 (compatible; YandexBot/3.0; +http://yandex.com/bots)" "brainbox.co.in"
207.46.13.191 - - [08/Sep/2022:14:30:20 -0700] "GET /PDFContent/03%20CBSE/07%20Class%20XII/Biology/CBSE_XII_BIOLOGY_LS03_HUMAN%20REPRODUCTION_IMPLANTATION.pdf HTTP/1.1" 200 761078 "-" "Mozilla/5.0 (compatible; bingbot/2.0; +http://www.bing.com/bingbot.htm)" "brainbox.co.in"
51.222.253.14 - - [08/Sep/2022:14:35:41 -0700] "GET /PDFContent/02%20APSB/04%20Class%20IX/English/?C=N;O=D HTTP/1.1" 200 352 "-" "Mozilla/5.0 (compatible; AhrefsBot/7.0; +http://ahrefs.com/robot/)" "brainbox.co.in"
51.222.253.5 - - [08/Sep/2022:14:41:55 -0700] "GET /PDFContent/04%20ICSE/07%20Class%20XII/Sanskrit/?C=M;O=A HTTP/1.1" 200 355 "-" "Mozilla/5.0 (compatible; AhrefsBot/7.0; +http://ahrefs.com/robot/)" "brainbox.co.in"
51.222.253.6 - - [08/Sep/2022:14:48:10 -0700] "GET /PDFContent/SPECIAL%20CROUSE/Part%201%20Grammar%20Essentials/STD_VII/?C=S;O=A HTTP/1.1" 200 500 "-" "Mozilla/5.0 (compatible; AhrefsBot/7.0; +http://ahrefs.com/robot/)" "brainbox.co.in"
51.222.253.20 - - [08/Sep/2022:14:54:00 -0700] "GET /PDFContent/04%20ICSE/07%20Class%20XII/Sanskrit/?C=S;O=A HTTP/1.1" 200 355 "-" "Mozilla/5.0 (compatible; AhrefsBot/7.0; +http://ahrefs.com/robot/)" "brainbox.co.in"
114.119.145.174 - - [08/Sep/2022:14:54:49 -0700] "GET /PDFContent/03%20CBSE/03%20Class%20VIII/Maths/INTRODUCTION%20TO%20GRAPHS/?C=S%3BO%3DA HTTP/1.1" 200 660 "https://brainbox.co.in/PDFContent/03%20CBSE/03%20Class%20VIII/Maths/INTRODUCTION%20TO%20GRAPHS/?C=S%3BO%3DA" "Mozilla/5.0 (Linux; Android 7.0;) AppleWebKit/537.36 (KHTML, like Gecko) Mobile Safari/537.36 (compatible; PetalBot;+https://webmaster.petalsearch.com/site/petalbot)" "brainbox.co.in"
87.250.224.50 - - [08/Sep/2022:14:56:29 -0700] "GET /PDFContent/CBSE_X_HINDI_LS03_SAANA%20HATH%20JODI_CUE%20WORDS.pdf HTTP/1.1" 200 446959 "-" "Mozilla/5.0 (compatible; YandexBot/3.0; +http://yandex.com/bots)" "brainbox.co.in"
51.222.253.11 - - [08/Sep/2022:14:59:43 -0700] "GET /PDFContent/04%20ICSE/02%20Class%20VII/Telugu/?C=N;O=D HTTP/1.1" 200 353 "-" "Mozilla/5.0 (compatible; AhrefsBot/7.0; +http://ahrefs.com/robot/)" "brainbox.co.in"
114.119.145.175 - - [08/Sep/2022:15:00:22 -0700] "GET /PDFContent/01%20TSB/03%20Class%20VIII/English/LS3B/TSB_VIII_ENGLISH_LS3B_THE%20SELFISH%20GIANT%20P2_QUESTIONS%20&%20ANSWERS.pdf HTTP/1.1" 200 366884 "https://brainbox.co.in/PDFContent/01%20TSB/03%20Class%20VIII/English/LS3B/?C=D%3BO%3DA" "Mozilla/5.0 (Linux; Android 7.0;) AppleWebKit/537.36 (KHTML, like Gecko) Mobile Safari/537.36 (compatible; PetalBot;+https://webmaster.petalsearch.com/site/petalbot)" "brainbox.co.in"
51.222.253.17 - - [08/Sep/2022:15:05:07 -0700] "GET /PDFContent/04%20ICSE/04%20Class%20IX/English/?C=S;O=A HTTP/1.1" 200 352 "-" "Mozilla/5.0 (compatible; AhrefsBot/7.0; +http://ahrefs.com/robot/)" "brainbox.co.in"
114.119.135.132 - - [08/Sep/2022:15:06:16 -0700] "GET /PDFContent/01%20TSB/07%20Class%20XII/Chemistry/?C=N%3BO%3DD HTTP/1.1" 200 356 "https://brainbox.co.in/PDFContent/01%20TSB/07%20Class%20XII/Chemistry/?C=M%3BO%3DA" "Mozilla/5.0 (Linux; Android 7.0;) AppleWebKit/537.36 (KHTML, like Gecko) Mobile Safari/537.36 (compatible; PetalBot;+https://webmaster.petalsearch.com/site/petalbot)" "brainbox.co.in"
51.222.253.15 - - [08/Sep/2022:15:11:03 -0700] "GET /PDFContent/04%20ICSE/07%20Class%20XII/Maths/?C=D;O=A HTTP/1.1" 200 354 "-" "Mozilla/5.0 (compatible; AhrefsBot/7.0; +http://ahrefs.com/robot/)" "brainbox.co.in"
66.249.79.94 - - [08/Sep/2022:15:11:37 -0700] "GET /favicon.ico HTTP/1.1" 404 88 "-" "Googlebot-Image/1.0" "brainbox.co.in"
114.119.145.174 - - [08/Sep/2022:15:12:23 -0700] "GET /PDFContent/01%20TSB/02%20Class%20VII/Science/MOTION%20AND%20TIME/TSB_VII_SCIENCE_LS04_MOTION%20AND%20TIME_EXERCISES.pdf HTTP/1.1" 200 520091 "https://brainbox.co.in/PDFContent/01%20TSB/02%20Class%20VII/Science/MOTION%20AND%20TIME/?C=S%3BO%3DA" "Mozilla/5.0 (Linux; Android 7.0;) AppleWebKit/537.36 (KHTML, like Gecko) Mobile Safari/537.36 (compatible; PetalBot;+https://webmaster.petalsearch.com/site/petalbot)" "brainbox.co.in"
51.222.253.7 - - [08/Sep/2022:15:16:41 -0700] "GET /PDFContent/04%20ICSE/07%20Class%20XII/Maths/?C=M;O=A HTTP/1.1" 200 354 "-" "Mozilla/5.0 (compatible; AhrefsBot/7.0; +http://ahrefs.com/robot/)" "brainbox.co.in"
3.144.214.172 - - [08/Sep/2022:15:17:29 -0700] "GET /~richard/templates/beez/US/uk/paypal/login.htm HTTP/1.1" 404 73 "-" "Mozilla/5.0 (Macintosh; Intel Mac OS X 10_10_5) AppleWebKit/537.36 (KHTML, like Gecko) Chrome/52.0.2743.116 Safari/537.36" "brainbox.co.in"
51.222.253.5 - - [08/Sep/2022:15:23:12 -0700] "GET /PDFContent/04%20ICSE/07%20Class%20XII/Maths/?C=S;O=A HTTP/1.1" 200 354 "-" "Mozilla/5.0 (compatible; AhrefsBot/7.0; +http://ahrefs.com/robot/)" "brainbox.co.in"
114.119.145.174 - - [08/Sep/2022:15:25:39 -0700] "GET /PDFContent/SPECIAL%20CROUSE/Part%201%20Grammar%20Essentials/STD_IV/UNIT%201%20%E2%80%93%20EKALAVYA.pdf HTTP/1.1" 200 494500 "https://brainbox.co.in/PDFContent/SPECIAL%20CROUSE/Part%201%20Grammar%20Essentials/STD_IV/" "Mozilla/5.0 (Linux; Android 7.0;) AppleWebKit/537.36 (KHTML, like Gecko) Mobile Safari/537.36 (compatible; PetalBot;+https://webmaster.petalsearch.com/site/petalbot)" "brainbox.co.in"
51.222.253.17 - - [08/Sep/2022:15:30:02 -0700] "GET /PDFContent/01%20TSB/03%20Class%20VIII/Telugu/SAMUDRAPRAYANAM/?C=D;O=A HTTP/1.1" 200 449 "-" "Mozilla/5.0 (compatible; AhrefsBot/7.0; +http://ahrefs.com/robot/)" "brainbox.co.in"
114.119.145.169 - - [08/Sep/2022:15:33:13 -0700] "GET /PDFContent/03%20CBSE/05%20Class%20X/Hindi/Kshitij/LS02/ HTTP/1.1" 200 506 "https://brainbox.co.in/PDFContent/03%20CBSE/05%20Class%20X/Hindi/Kshitij/?C=S%3BO%3DA" "Mozilla/5.0 (Linux; Android 7.0;) AppleWebKit/537.36 (KHTML, like Gecko) Mobile Safari/537.36 (compatible; PetalBot;+https://webmaster.petalsearch.com/site/petalbot)" "brainbox.co.in"
51.222.253.9 - - [08/Sep/2022:15:37:06 -0700] "GET /PDFContent/01%20TSB/03%20Class%20VIII/?C=D;O=A HTTP/1.1" 200 515 "-" "Mozilla/5.0 (compatible; AhrefsBot/7.0; +http://ahrefs.com/robot/)" "brainbox.co.in"
114.119.145.187 - - [08/Sep/2022:15:41:50 -0700] "GET /PDFContent/03%20CBSE/06%20Class%20XI/Biology/Cell-The%20unit%20of%20life/T07%20Plasma%20membrane.pdf HTTP/1.1" 200 488748 "https://brainbox.co.in/PDFContent/03%20CBSE/06%20Class%20XI/Biology/Cell-The%20unit%20of%20life/?C=S%3BO%3DA" "Mozilla/5.0 (Linux; Android 7.0;) AppleWebKit/537.36 (KHTML, like Gecko) Mobile Safari/537.36 (compatible; PetalBot;+https://webmaster.petalsearch.com/site/petalbot)" "brainbox.co.in"
51.222.253.18 - - [08/Sep/2022:15:44:12 -0700] "GET /PDFContent/04%20ICSE/04%20Class%20IX/Telugu/?C=D;O=A HTTP/1.1" 200 352 "-" "Mozilla/5.0 (compatible; AhrefsBot/7.0; +http://ahrefs.com/robot/)" "brainbox.co.in"
54.36.148.93 - - [08/Sep/2022:15:50:47 -0700] "GET /robots.txt HTTP/1.1" 404 88 "-" "Mozilla/5.0 (compatible; AhrefsBot/7.0; +http://ahrefs.com/robot/)" "brainbox.co.in"
51.222.253.10 - - [08/Sep/2022:15:50:48 -0700] "GET /PDFContent/03%20CBSE/03%20Class%20VIII/?C=M;O=A HTTP/1.1" 200 548 "-" "Mozilla/5.0 (compatible; AhrefsBot/7.0; +http://ahrefs.com/robot/)" "brainbox.co.in"
114.119.145.187 - - [08/Sep/2022:15:51:35 -0700] "GET /PDFContent/01%20TSB/01%20Class%20VI/Maths/ HTTP/1.1" 200 414 "https://brainbox.co.in/PDFContent/01%20TSB/01%20Class%20VI/" "Mozilla/5.0 (Linux; Android 7.0;) AppleWebKit/537.36 (KHTML, like Gecko) Mobile Safari/537.36 (compatible; PetalBot;+https://webmaster.petalsearch.com/site/petalbot)" "brainbox.co.in"
51.222.253.7 - - [08/Sep/2022:15:57:55 -0700] "GET /PDFContent/04%20ICSE/07%20Class%20XII/?C=D;O=A HTTP/1.1" 200 464 "-" "Mozilla/5.0 (compatible; AhrefsBot/7.0; +http://ahrefs.com/robot/)" "brainbox.co.in"
114.119.145.160 - - [08/Sep/2022:16:02:00 -0700] "GET /PDFContent/03%20CBSE/03%20Class%20VIII/Biology/Reproduction%20in%20Animals/Female%20Animals%20basically%20two%20types HTTP/1.1" 200 345794 "https://brainboxschool.com/material/CBSE/VIII/Biology/REPRODUCTION_IN_ANIMALS.html" "Mozilla/5.0 (Linux; Android 7.0;) AppleWebKit/537.36 (KHTML, like Gecko) Mobile Safari/537.36 (compatible; PetalBot;+https://webmaster.petalsearch.com/site/petalbot)" "brainbox.co.in"
51.222.253.19 - - [08/Sep/2022:16:04:31 -0700] "GET /PDFContent/04%20ICSE/04%20Class%20IX/English/?C=D;O=A HTTP/1.1" 200 352 "-" "Mozilla/5.0 (compatible; AhrefsBot/7.0; +http://ahrefs.com/robot/)" "brainbox.co.in"
51.222.253.12 - - [08/Sep/2022:16:12:25 -0700] "GET /PDFContent/04%20ICSE/04%20Class%20IX/English/?C=M;O=A HTTP/1.1" 200 352 "-" "Mozilla/5.0 (compatible; AhrefsBot/7.0; +http://ahrefs.com/robot/)" "brainbox.co.in"
114.119.145.163 - - [08/Sep/2022:16:13:06 -0700] "GET /PDFContent/03%20CBSE/04%20Class%20IX/Biology/Improvement%20in%20Food%20resources/?C=N%3BO%3DD HTTP/1.1" 200 688 "https://brainbox.co.in/PDFContent/03%20CBSE/04%20Class%20IX/Biology/Improvement%20in%20Food%20resources/?C=S%3BO%3DA" "Mozilla/5.0 (Linux; Android 7.0;) AppleWebKit/537.36 (KHTML, like Gecko) Mobile Safari/537.36 (compatible; PetalBot;+https://webmaster.petalsearch.com/site/petalbot)" "brainbox.co.in"
51.222.253.17 - - [08/Sep/2022:16:16:51 -0700] "GET /PDFContent/01%20TSB/03%20Class%20VIII/?C=S;O=A HTTP/1.1" 200 515 "-" "Mozilla/5.0 (compatible; AhrefsBot/7.0; +http://ahrefs.com/robot/)" "brainbox.co.in"
51.222.253.17 - - [08/Sep/2022:16:22:00 -0700] "GET /PDFContent/04%20ICSE/04%20Class%20IX/ HTTP/1.1" 200 462 "-" "Mozilla/5.0 (compatible; AhrefsBot/7.0; +http://ahrefs.com/robot/)" "brainbox.co.in"
114.119.135.132 - - [08/Sep/2022:16:24:38 -0700] "GET /PDFContent/01%20TSB/03%20Class%20VIII/Hindi/?C=D%3BO%3DA HTTP/1.1" 200 353 "https://brainbox.co.in/PDFContent/01%20TSB/03%20Class%20VIII/Hindi/?C=M%3BO%3DA" "Mozilla/5.0 (Linux; Android 7.0;) AppleWebKit/537.36 (KHTML, like Gecko) Mobile Safari/537.36 (compatible; PetalBot;+https://webmaster.petalsearch.com/site/petalbot)" "brainbox.co.in"
51.222.253.8 - - [08/Sep/2022:16:28:28 -0700] "GET /PDFContent/04%20ICSE/07%20Class%20XII/Sanskrit/?C=N;O=A HTTP/1.1" 200 355 "-" "Mozilla/5.0 (compatible; AhrefsBot/7.0; +http://ahrefs.com/robot/)" "brainbox.co.in"
51.222.253.8 - - [08/Sep/2022:16:35:14 -0700] "GET /PDFContent/01%20TSB/04%20Class%20IX/Biology/ANIMAL%20BEHAVIOUR/ HTTP/1.1" 200 530 "-" "Mozilla/5.0 (compatible; AhrefsBot/7.0; +http://ahrefs.com/robot/)" "brainbox.co.in"
114.119.145.163 - - [08/Sep/2022:16:36:50 -0700] "GET /PDFContent/03%20CBSE/02%20Class%20VII/?C=S%3BO%3DA HTTP/1.1" 200 495 "https://brainbox.co.in/PDFContent/03%20CBSE/02%20Class%20VII/?C=N%3BO%3DD" "Mozilla/5.0 (Linux; Android 7.0;) AppleWebKit/537.36 (KHTML, like Gecko) Mobile Safari/537.36 (compatible; PetalBot;+https://webmaster.petalsearch.com/site/petalbot)" "brainbox.co.in"
66.249.79.92 - - [08/Sep/2022:16:39:44 -0700] "GET /ads.txt HTTP/1.1" 404 88 "-" "Mozilla/5.0 (compatible; Googlebot/2.1; +http://www.google.com/bot.html)" "brainbox.co.in"
51.222.253.9 - - [08/Sep/2022:16:48:31 -0700] "GET /PDFContent/Beetle/CLASS%20III/ENGLISH/SEM%201/ HTTP/1.1" 200 756 "-" "Mozilla/5.0 (compatible; AhrefsBot/7.0; +http://ahrefs.com/robot/)" "brainbox.co.in"
114.119.145.175 - - [08/Sep/2022:16:49:07 -0700] "GET /PDFContent/Beetle/CLASS%20II/MATHEMATICS%20SEM%202/Lesson%208.%20Measurement%20of%20mass.pdf HTTP/1.1" 200 608282 "https://brainbox.co.in/PDFContent/Beetle/CLASS%20II/MATHEMATICS%20SEM%202/?C=M%3BO%3DA" "Mozilla/5.0 (Linux; Android 7.0;) AppleWebKit/537.36 (KHTML, like Gecko) Mobile Safari/537.36 (compatible; PetalBot;+https://webmaster.petalsearch.com/site/petalbot)" "brainbox.co.in"
